Oct 27 18:44:15.910444 n-d-815690-2 devstack@placement-api.service[103360]: INFO placement.requestlog [req-85eec9dc-5575-4ecf-84b4-72038f11f512 req-e108e72f-5976-49a3-9cc4-94873c334f42 service placement] 10.222.0.52 "POST /placement/allocations" status: 204 len: 0 microversion: 1.28
Oct 27 18:44:15.911313 n-d-815690-2 devstack@placement-api.service[103360]: [pid: 103360|app: 0|req: 483/954] 10.222.0.52 () {64 vars in 1323 bytes} [Wed Oct 27 18:44:15 2021] POST /placement/allocations => generated 0 bytes in 413 msecs (HTTP/1.1 204) 5 headers in 199 bytes (1 switches on core 0)
Oct 27 18:44:15.939280 n-d-815690-2 devstack@placement-api.service[103361]: DEBUG placement.requestlog [req-85eec9dc-5575-4ecf-84b4-72038f11f512 req-5e473d1e-66be-4e3f-a03d-625d7b6e513f None None] Starting request: 10.222.0.52 "GET /placement/allocation_candidates?limit=1000&resources=DISK_GB%3A1%2CMEMORY_MB%3A1024%2CVCPU%3A1&root_required=%21COMPUTE_STATUS_DISABLED" {{(pid=103361) __call__ /opt/stack/placement/placement/requestlog.py:55}}
Oct 27 18:44:15.990658 n-d-815690-2 devstack@placement-api.service[103361]: DEBUG placement.objects.research_context [req-85eec9dc-5575-4ecf-84b4-72038f11f512 req-5e473d1e-66be-4e3f-a03d-625d7b6e513f service placement] getting providers with 1 DISK_GB {{(pid=103361) __init__ /opt/stack/placement/placement/objects/research_context.py:126}}
Oct 27 18:44:15.998699 n-d-815690-2 devstack@placement-api.service[103361]: DEBUG placement.objects.research_context [req-85eec9dc-5575-4ecf-84b4-72038f11f512 req-5e473d1e-66be-4e3f-a03d-625d7b6e513f service placement] getting providers with 1024 MEMORY_MB {{(pid=103361) __init__ /opt/stack/placement/placement/objects/research_context.py:126}}
Oct 27 18:44:16.006138 n-d-815690-2 devstack@placement-api.service[103361]: DEBUG placement.objects.research_context [req-85eec9dc-5575-4ecf-84b4-72038f11f512 req-5e473d1e-66be-4e3f-a03d-625d7b6e513f service placement] getting providers with 1 VCPU {{(pid=103361) __init__ /opt/stack/placement/placement/objects/research_context.py:126}}
Oct 27 18:44:16.014661 n-d-815690-2 devstack@placement-api.service[103361]: DEBUG placement.objects.research_context [req-85eec9dc-5575-4ecf-84b4-72038f11f512 req-5e473d1e-66be-4e3f-a03d-625d7b6e513f service placement] found 2 providers with available 1 DISK_GB {{(pid=103361) get_provider_ids_matching /opt/stack/placement/placement/objects/research_context.py:549}}
Oct 27 18:44:16.015018 n-d-815690-2 devstack@placement-api.service[103361]: DEBUG placement.objects.research_context [req-85eec9dc-5575-4ecf-84b4-72038f11f512 req-5e473d1e-66be-4e3f-a03d-625d7b6e513f service placement] found 2 providers with available 1024 MEMORY_MB {{(pid=103361) get_provider_ids_matching /opt/stack/placement/placement/objects/research_context.py:549}}
Oct 27 18:44:16.015395 n-d-815690-2 devstack@placement-api.service[103361]: DEBUG placement.objects.research_context [req-85eec9dc-5575-4ecf-84b4-72038f11f512 req-5e473d1e-66be-4e3f-a03d-625d7b6e513f service placement] found 2 providers after filtering by previous result {{(pid=103361) get_provider_ids_matching /opt/stack/placement/placement/objects/research_context.py:580}}
Oct 27 18:44:16.016393 n-d-815690-2 devstack@placement-api.service[103361]: DEBUG placement.objects.research_context [req-85eec9dc-5575-4ecf-84b4-72038f11f512 req-5e473d1e-66be-4e3f-a03d-625d7b6e513f service placement] found 2 providers with available 1 VCPU {{(pid=103361) get_provider_ids_matching /opt/stack/placement/placement/objects/research_context.py:549}}
Oct 27 18:44:16.016847 n-d-815690-2 devstack@placement-api.service[103361]: DEBUG placement.objects.research_context [req-85eec9dc-5575-4ecf-84b4-72038f11f512 req-5e473d1e-66be-4e3f-a03d-625d7b6e513f service placement] found 2 providers after filtering by previous result {{(pid=103361) get_provider_ids_matching /opt/stack/placement/placement/objects/research_context.py:580}}
Oct 27 18:44:16.037883 n-d-815690-2 devstack@placement-api.service[103361]: DEBUG placement.objects.allocation_candidate [req-85eec9dc-5575-4ecf-84b4-72038f11f512 req-5e473d1e-66be-4e3f-a03d-625d7b6e513f service placement] RequestGroup(use_same_provider=False, resources={DISK_GB:1, MEMORY_MB:1024, VCPU:1}, traits=[], aggregates=[]) (suffix '') returned 2 matches {{(pid=103361) _get_by_requests /opt/stack/placement/placement/objects/allocation_candidate.py:145}}
Oct 27 18:44:16.037883 n-d-815690-2 devstack@placement-api.service[103361]: DEBUG placement.objects.allocation_candidate [req-85eec9dc-5575-4ecf-84b4-72038f11f512 req-5e473d1e-66be-4e3f-a03d-625d7b6e513f service placement] Merging candidates yields 2 allocation requests and 2 provider summaries {{(pid=103361) _merge_candidates /opt/stack/placement/placement/objects/allocation_candidate.py:783}}
Oct 27 18:44:16.041504 n-d-815690-2 devstack@placement-api.service[103361]: INFO placement.requestlog [req-85eec9dc-5575-4ecf-84b4-72038f11f512 req-5e473d1e-66be-4e3f-a03d-625d7b6e513f service placement] 10.222.0.52 "GET /placement/allocation_candidates?limit=1000&resources=DISK_GB%3A1%2CMEMORY_MB%3A1024%2CVCPU%3A1&root_required=%21COMPUTE_STATUS_DISABLED" status: 200 len: 1306 microversion: 1.36
Oct 27 18:44:16.042270 n-d-815690-2 devstack@placement-api.service[103361]: [pid: 103361|app: 0|req: 472/955] 10.222.0.52 () {60 vars in 1506 bytes} [Wed Oct 27 18:44:15 2021] GET /placement/allocation_candidates?limit=1000&resources=DISK_GB%3A1%2CMEMORY_MB%3A1024%2CVCPU%3A1&root_required=%21COMPUTE_STATUS_DISABLED => generated 1306 bytes in 103 msecs (HTTP/1.1 200) 8 headers in 297 bytes (1 switches on core 0)
Oct 27 18:44:16.168664 n-d-815690-2 devstack@placement-api.service[103360]: DEBUG placement.requestlog [req-85eec9dc-5575-4ecf-84b4-72038f11f512 req-7ef0d1c9-aa9f-4551-af1c-36fba5a54848 None None] Starting request: 10.222.0.52 "GET /placement/allocations/4031e58c-2edc-47cf-a6be-545bafd3e26a" {{(pid=103360) __call__ /opt/stack/placement/placement/requestlog.py:55}}
Oct 27 18:44:16.186028 n-d-815690-2 devstack@placement-api.service[103360]: INFO placement.requestlog [req-85eec9dc-5575-4ecf-84b4-72038f11f512 req-7ef0d1c9-aa9f-4551-af1c-36fba5a54848 service placement] 10.222.0.52 "GET /placement/allocations/4031e58c-2edc-47cf-a6be-545bafd3e26a" status: 200 len: 19 microversion: 1.28
Oct 27 18:44:16.190149 n-d-815690-2 devstack@placement-api.service[103360]: [pid: 103360|app: 0|req: 484/956] 10.222.0.52 () {60 vars in 1380 bytes} [Wed Oct 27 18:44:16 2021] GET /placement/allocations/4031e58c-2edc-47cf-a6be-545bafd3e26a => generated 19 bytes in 19 msecs (HTTP/1.1 200) 8 headers in 295 bytes (1 switches on core 0)
Oct 27 18:44:16.194255 n-d-815690-2 devstack@placement-api.service[103361]: DEBUG placement.requestlog [req-85eec9dc-5575-4ecf-84b4-72038f11f512 req-105a2afd-bf81-40c3-896a-a81e315ac145 None None] Starting request: 10.222.0.52 "PUT /placement/allocations/4031e58c-2edc-47cf-a6be-545bafd3e26a" {{(pid=103361) __call__ /opt/stack/placement/placement/requestlog.py:55}}
Oct 27 18:44:16.340559 n-d-815690-2 devstack@placement-api.service[103361]: DEBUG placement.handlers.allocation [req-85eec9dc-5575-4ecf-84b4-72038f11f512 req-105a2afd-bf81-40c3-896a-a81e315ac145 service placement] Successfully wrote allocations [, , ] {{(pid=103361) _update_consumers_and_create_allocations /opt/stack/placement/placement/handlers/allocation.py:462}}
Oct 27 18:44:16.446509 n-d-815690-2 devstack@placement-api.service[103361]: INFO placement.requestlog [req-85eec9dc-5575-4ecf-84b4-72038f11f512 req-105a2afd-bf81-40c3-896a-a81e315ac145 service placement] 10.222.0.52 "PUT /placement/allocations/4031e58c-2edc-47cf-a6be-545bafd3e26a" status: 204 len: 0 microversion: 1.36
Oct 27 18:44:16.452232 n-d-815690-2 devstack@placement-api.service[103361]: [pid: 103361|app: 0|req: 473/957] 10.222.0.52 () {64 vars in 1433 bytes} [Wed Oct 27 18:44:16 2021] PUT /placement/allocations/4031e58c-2edc-47cf-a6be-545bafd3e26a => generated 0 bytes in 253 msecs (HTTP/1.1 204) 5 headers in 199 bytes (1 switches on core 0)
Oct 27 18:44:16.906001 n-d-815690-2 devstack@placement-api.service[103360]: DEBUG placement.requestlog [req-85eec9dc-5575-4ecf-84b4-72038f11f512 req-bc1b0c41-afdc-4eee-a68d-fe01290752b4 None None] Starting request: 10.222.0.81 "GET /placement/allocations/4031e58c-2edc-47cf-a6be-545bafd3e26a" {{(pid=103360) __call__ /opt/stack/placement/placement/requestlog.py:55}}
Oct 27 18:44:16.931527 n-d-815690-2 devstack@placement-api.service[103360]: INFO placement.requestlog [req-85eec9dc-5575-4ecf-84b4-72038f11f512 req-bc1b0c41-afdc-4eee-a68d-fe01290752b4 service placement] 10.222.0.81 "GET /placement/allocations/4031e58c-2edc-47cf-a6be-545bafd3e26a" status: 200 len: 259 microversion: 1.28
Oct 27 18:44:16.933042 n-d-815690-2 devstack@placement-api.service[103360]: [pid: 103360|app: 0|req: 485/958] 10.222.0.81 () {60 vars in 1377 bytes} [Wed Oct 27 18:44:16 2021] GET /placement/allocations/4031e58c-2edc-47cf-a6be-545bafd3e26a => generated 259 bytes in 27 msecs (HTTP/1.1 200) 8 headers in 296 bytes (1 switches on core 0)
Oct 27 18:44:22.185758 n-d-815690-2 devstack@placement-api.service[103361]: DEBUG placement.requestlog [req-4496cc97-f63d-4ecf-bcc4-49ca04fc793d req-5993a034-a128-4f82-9d99-aebaea36c546 None None] Starting request: 10.222.0.52 "GET /placement/allocation_candidates?limit=1000&resources=DISK_GB%3A1%2CMEMORY_MB%3A1024%2CVCPU%3A1&root_required=%21COMPUTE_STATUS_DISABLED" {{(pid=103361) __call__ /opt/stack/placement/placement/requestlog.py:55}}
Oct 27 18:44:22.229805 n-d-815690-2 devstack@placement-api.service[103361]: DEBUG placement.objects.research_context [req-4496cc97-f63d-4ecf-bcc4-49ca04fc793d req-5993a034-a128-4f82-9d99-aebaea36c546 service placement] getting providers with 1 DISK_GB {{(pid=103361) __init__ /opt/stack/placement/placement/objects/research_context.py:126}}
Oct 27 18:44:22.237921 n-d-815690-2 devstack@placement-api.service[103361]: DEBUG placement.objects.research_context [req-4496cc97-f63d-4ecf-bcc4-49ca04fc793d req-5993a034-a128-4f82-9d99-aebaea36c546 service placement] getting providers with 1024 MEMORY_MB {{(pid=103361) __init__ /opt/stack/placement/placement/objects/research_context.py:126}}
Oct 27 18:44:22.247446 n-d-815690-2 devstack@placement-api.service[103361]: DEBUG placement.objects.research_context [req-4496cc97-f63d-4ecf-bcc4-49ca04fc793d req-5993a034-a128-4f82-9d99-aebaea36c546 service placement] getting providers with 1 VCPU {{(pid=103361) __init__ /opt/stack/placement/placement/objects/research_context.py:126}}
Oct 27 18:44:22.255295 n-d-815690-2 devstack@placement-api.service[103361]: DEBUG placement.objects.research_context [req-4496cc97-f63d-4ecf-bcc4-49ca04fc793d req-5993a034-a128-4f82-9d99-aebaea36c546 service placement] found 2 providers with available 1 DISK_GB {{(pid=103361) get_provider_ids_matching /opt/stack/placement/placement/objects/research_context.py:549}}
Oct 27 18:44:22.255561 n-d-815690-2 devstack@placement-api.service[103361]: DEBUG placement.objects.research_context [req-4496cc97-f63d-4ecf-bcc4-49ca04fc793d req-5993a034-a128-4f82-9d99-aebaea36c546 service placement] found 2 providers with available 1024 MEMORY_MB {{(pid=103361) get_provider_ids_matching /opt/stack/placement/placement/objects/research_context.py:549}}
Oct 27 18:44:22.255849 n-d-815690-2 devstack@placement-api.service[103361]: DEBUG placement.objects.research_context [req-4496cc97-f63d-4ecf-bcc4-49ca04fc793d req-5993a034-a128-4f82-9d99-aebaea36c546 service placement] found 2 providers after filtering by previous result {{(pid=103361) get_provider_ids_matching /opt/stack/placement/placement/objects/research_context.py:580}}
Oct 27 18:44:22.256083 n-d-815690-2 devstack@placement-api.service[103361]: DEBUG placement.objects.research_context [req-4496cc97-f63d-4ecf-bcc4-49ca04fc793d req-5993a034-a128-4f82-9d99-aebaea36c546 service placement] found 2 providers with available 1 VCPU {{(pid=103361) get_provider_ids_matching /opt/stack/placement/placement/objects/research_context.py:549}}
Oct 27 18:44:22.256443 n-d-815690-2 devstack@placement-api.service[103361]: DEBUG placement.objects.research_context [req-4496cc97-f63d-4ecf-bcc4-49ca04fc793d req-5993a034-a128-4f82-9d99-aebaea36c546 service placement] found 2 providers after filtering by previous result {{(pid=103361) get_provider_ids_matching /opt/stack/placement/placement/objects/research_context.py:580}}
Oct 27 18:44:22.274241 n-d-815690-2 devstack@placement-api.service[103361]: DEBUG placement.objects.allocation_candidate [req-4496cc97-f63d-4ecf-bcc4-49ca04fc793d req-5993a034-a128-4f82-9d99-aebaea36c546 service placement] RequestGroup(use_same_provider=False, resources={DISK_GB:1, MEMORY_MB:1024, VCPU:1}, traits=[], aggregates=[]) (suffix '') returned 2 matches {{(pid=103361) _get_by_requests /opt/stack/placement/placement/objects/allocation_candidate.py:145}}
Oct 27 18:44:22.274777 n-d-815690-2 devstack@placement-api.service[103361]: DEBUG placement.objects.allocation_candidate [req-4496cc97-f63d-4ecf-bcc4-49ca04fc793d req-5993a034-a128-4f82-9d99-aebaea36c546 service placement] Merging candidates yields 2 allocation requests and 2 provider summaries {{(pid=103361) _merge_candidates /opt/stack/placement/placement/objects/allocation_candidate.py:783}}
Oct 27 18:44:22.277042 n-d-815690-2 devstack@placement-api.service[103361]: INFO placement.requestlog [req-4496cc97-f63d-4ecf-bcc4-49ca04fc793d req-5993a034-a128-4f82-9d99-aebaea36c546 service placement] 10.222.0.52 "GET /placement/allocation_candidates?limit=1000&resources=DISK_GB%3A1%2CMEMORY_MB%3A1024%2CVCPU%3A1&root_required=%21COMPUTE_STATUS_DISABLED" status: 200 len: 1309 microversion: 1.36
Oct 27 18:44:22.277825 n-d-815690-2 devstack@placement-api.service[103361]: [pid: 103361|app: 0|req: 474/959] 10.222.0.52 () {60 vars in 1506 bytes} [Wed Oct 27 18:44:22 2021] GET /placement/allocation_candidates?limit=1000&resources=DISK_GB%3A1%2CMEMORY_MB%3A1024%2CVCPU%3A1&root_required=%21COMPUTE_STATUS_DISABLED => generated 1309 bytes in 92 msecs (HTTP/1.1 200) 8 headers in 297 bytes (1 switches on core 0)
Oct 27 18:44:22.346131 n-d-815690-2 devstack@placement-api.service[103360]: DEBUG placement.requestlog [req-4496cc97-f63d-4ecf-bcc4-49ca04fc793d req-23e699e6-e47e-4e72-ba08-0ae149effa30 None None] Starting request: 10.222.0.52 "GET /placement/allocations/4fa3e584-22fb-4900-aa03-a63b2af84bba" {{(pid=103360) __call__ /opt/stack/placement/placement/requestlog.py:55}}
Oct 27 18:44:22.357259 n-d-815690-2 devstack@placement-api.service[103360]: INFO placement.requestlog [req-4496cc97-f63d-4ecf-bcc4-49ca04fc793d req-23e699e6-e47e-4e72-ba08-0ae149effa30 service placement] 10.222.0.52 "GET /placement/allocations/4fa3e584-22fb-4900-aa03-a63b2af84bba" status: 200 len: 19 microversion: 1.28
Oct 27 18:44:22.357590 n-d-815690-2 devstack@placement-api.service[103360]: [pid: 103360|app: 0|req: 486/960] 10.222.0.52 () {60 vars in 1380 bytes} [Wed Oct 27 18:44:22 2021] GET /placement/allocations/4fa3e584-22fb-4900-aa03-a63b2af84bba => generated 19 bytes in 12 msecs (HTTP/1.1 200) 8 headers in 295 bytes (2 switches on core 0)
Oct 27 18:44:22.364669 n-d-815690-2 devstack@placement-api.service[103361]: DEBUG placement.requestlog [req-4496cc97-f63d-4ecf-bcc4-49ca04fc793d req-8df791a1-d5cf-4143-bf2a-50f02a078412 None None] Starting request: 10.222.0.52 "PUT /placement/allocations/4fa3e584-22fb-4900-aa03-a63b2af84bba" {{(pid=103361) __call__ /opt/stack/placement/placement/requestlog.py:55}}
Oct 27 18:44:22.685722 n-d-815690-2 devstack@placement-api.service[103361]: DEBUG placement.handlers.allocation [req-4496cc97-f63d-4ecf-bcc4-49ca04fc793d req-8df791a1-d5cf-4143-bf2a-50f02a078412 service placement] Successfully wrote allocations [, , ] {{(pid=103361) _update_consumers_and_create_allocations /opt/stack/placement/placement/handlers/allocation.py:462}}
Oct 27 18:44:22.773011 n-d-815690-2 devstack@placement-api.service[103361]: INFO placement.requestlog [req-4496cc97-f63d-4ecf-bcc4-49ca04fc793d req-8df791a1-d5cf-4143-bf2a-50f02a078412 service placement] 10.222.0.52 "PUT /placement/allocations/4fa3e584-22fb-4900-aa03-a63b2af84bba" status: 204 len: 0 microversion: 1.36
Oct 27 18:44:22.773639 n-d-815690-2 devstack@placement-api.service[103361]: [pid: 103361|app: 0|req: 475/961] 10.222.0.52 () {64 vars in 1433 bytes} [Wed Oct 27 18:44:22 2021] PUT /placement/allocations/4fa3e584-22fb-4900-aa03-a63b2af84bba => generated 0 bytes in 409 msecs (HTTP/1.1 204) 5 headers in 199 bytes (1 switches on core 0)
Oct 27 18:44:23.672965 n-d-815690-2 devstack@placement-api.service[103360]: DEBUG placement.requestlog [req-4496cc97-f63d-4ecf-bcc4-49ca04fc793d req-19edeff7-feac-4976-b983-c10be954377a None None] Starting request: 10.222.0.93 "GET /placement/allocations/4fa3e584-22fb-4900-aa03-a63b2af84bba" {{(pid=103360) __call__ /opt/stack/placement/placement/requestlog.py:55}}
Oct 27 18:44:23.692656 n-d-815690-2 devstack@placement-api.service[103360]: INFO placement.requestlog [req-4496cc97-f63d-4ecf-bcc4-49ca04fc793d req-19edeff7-feac-4976-b983-c10be954377a service placement] 10.222.0.93 "GET /placement/allocations/4fa3e584-22fb-4900-aa03-a63b2af84bba" status: 200 len: 260 microversion: 1.28
Oct 27 18:44:23.693780 n-d-815690-2 devstack@placement-api.service[103360]: [pid: 103360|app: 0|req: 487/962] 10.222.0.93 () {60 vars in 1377 bytes} [Wed Oct 27 18:44:23 2021] GET /placement/allocations/4fa3e584-22fb-4900-aa03-a63b2af84bba => generated 260 bytes in 20 msecs (HTTP/1.1 200) 8 headers in 296 bytes (1 switches on core 0)
Oct 27 18:44:38.861338 n-d-815690-2 devstack@placement-api.service[103361]: DEBUG placement.requestlog [req-99b4e3ed-7258-481e-b669-d7e74d0e0c95 req-09a3c230-2f75-47ce-99d1-d7e25e7821d6 None None] Starting request: 10.222.0.93 "DELETE /placement/allocations/4fa3e584-22fb-4900-aa03-a63b2af84bba" {{(pid=103361) __call__ /opt/stack/placement/placement/requestlog.py:55}}
Oct 27 18:44:39.026508 n-d-815690-2 devstack@placement-api.service[103361]: DEBUG placement.handlers.allocation [req-99b4e3ed-7258-481e-b669-d7e74d0e0c95 req-09a3c230-2f75-47ce-99d1-d7e25e7821d6 service placement] Successfully deleted allocations [, , ] {{(pid=103361) delete_allocations /opt/stack/placement/placement/handlers/allocation.py:627}}
Oct 27 18:44:39.027032 n-d-815690-2 devstack@placement-api.service[103361]: INFO placement.requestlog [req-99b4e3ed-7258-481e-b669-d7e74d0e0c95 req-09a3c230-2f75-47ce-99d1-d7e25e7821d6 service placement] 10.222.0.93 "DELETE /placement/allocations/4fa3e584-22fb-4900-aa03-a63b2af84bba" status: 204 len: 0 microversion: 1.0
Oct 27 18:44:39.027272 n-d-815690-2 devstack@placement-api.service[103361]: [pid: 103361|app: 0|req: 476/963] 10.222.0.93 () {60 vars in 1355 bytes} [Wed Oct 27 18:44:38 2021] DELETE /placement/allocations/4fa3e584-22fb-4900-aa03-a63b2af84bba => generated 0 bytes in 166 msecs (HTTP/1.1 204) 5 headers in 198 bytes (2 switches on core 0)
Oct 27 18:44:42.210985 n-d-815690-2 devstack@placement-api.service[103360]: DEBUG placement.requestlog [req-85eec9dc-5575-4ecf-84b4-72038f11f512 req-381996cc-6e2a-49ed-a75c-956bd99fd6a6 None None] Starting request: 10.222.0.81 "GET /placement/allocations/4031e58c-2edc-47cf-a6be-545bafd3e26a" {{(pid=103360) __call__ /opt/stack/placement/placement/requestlog.py:55}}
Oct 27 18:44:42.238626 n-d-815690-2 devstack@placement-api.service[103360]: INFO placement.requestlog [req-85eec9dc-5575-4ecf-84b4-72038f11f512 req-381996cc-6e2a-49ed-a75c-956bd99fd6a6 service placement] 10.222.0.81 "GET /placement/allocations/4031e58c-2edc-47cf-a6be-545bafd3e26a" status: 200 len: 259 microversion: 1.28
Oct 27 18:44:42.239187 n-d-815690-2 devstack@placement-api.service[103360]: [pid: 103360|app: 0|req: 488/964] 10.222.0.81 () {60 vars in 1377 bytes} [Wed Oct 27 18:44:42 2021] GET /placement/allocations/4031e58c-2edc-47cf-a6be-545bafd3e26a => generated 259 bytes in 28 msecs (HTTP/1.1 200) 8 headers in 296 bytes (1 switches on core 0)
Oct 27 18:44:47.817576 n-d-815690-2 devstack@placement-api.service[103361]: DEBUG placement.requestlog [req-b0b969d0-2d41-438b-bba3-c990afa26fe4 req-fd4cfdce-8900-4f68-a756-ff397a712acf None None] Starting request: 10.222.0.93 "GET /placement/allocations/b648d6a7-79aa-46d6-9dd3-d1145cc2883a" {{(pid=103361) __call__ /opt/stack/placement/placement/requestlog.py:55}}
Oct 27 18:44:47.860068 n-d-815690-2 devstack@placement-api.service[103361]: INFO placement.requestlog [req-b0b969d0-2d41-438b-bba3-c990afa26fe4 req-fd4cfdce-8900-4f68-a756-ff397a712acf service placement] 10.222.0.93 "GET /placement/allocations/b648d6a7-79aa-46d6-9dd3-d1145cc2883a" status: 200 len: 260 microversion: 1.28
Oct 27 18:44:47.860312 n-d-815690-2 devstack@placement-api.service[103361]: [pid: 103361|app: 0|req: 477/965] 10.222.0.93 () {60 vars in 1377 bytes} [Wed Oct 27 18:44:47 2021] GET /placement/allocations/b648d6a7-79aa-46d6-9dd3-d1145cc2883a => generated 260 bytes in 43 msecs (HTTP/1.1 200) 8 headers in 296 bytes (1 switches on core 0)
Oct 27 18:44:47.868141 n-d-815690-2 devstack@placement-api.service[103360]: DEBUG placement.requestlog [req-b0b969d0-2d41-438b-bba3-c990afa26fe4 req-07134302-ab88-40c5-ac5f-c0ff50eda987 None None] Starting request: 10.222.0.93 "PUT /placement/allocations/b648d6a7-79aa-46d6-9dd3-d1145cc2883a" {{(pid=103360) __call__ /opt/stack/placement/placement/requestlog.py:55}}
Oct 27 18:44:47.916526 n-d-815690-2 devstack@placement-api.service[103360]: DEBUG placement.handlers.allocation [req-b0b969d0-2d41-438b-bba3-c990afa26fe4 req-07134302-ab88-40c5-ac5f-c0ff50eda987 service placement] Successfully wrote allocations [, , ] {{(pid=103360) _update_consumers_and_create_allocations /opt/stack/placement/placement/handlers/allocation.py:462}}
Oct 27 18:44:47.994595 n-d-815690-2 devstack@placement-api.service[103360]: INFO placement.requestlog [req-b0b969d0-2d41-438b-bba3-c990afa26fe4 req-07134302-ab88-40c5-ac5f-c0ff50eda987 service placement] 10.222.0.93 "PUT /placement/allocations/b648d6a7-79aa-46d6-9dd3-d1145cc2883a" status: 204 len: 0 microversion: 1.28
Oct 27 18:44:47.995165 n-d-815690-2 devstack@placement-api.service[103360]: [pid: 103360|app: 0|req: 489/966] 10.222.0.93 () {64 vars in 1430 bytes} [Wed Oct 27 18:44:47 2021] PUT /placement/allocations/b648d6a7-79aa-46d6-9dd3-d1145cc2883a => generated 0 bytes in 127 msecs (HTTP/1.1 204) 5 headers in 199 bytes (1 switches on core 0)
Oct 27 18:44:54.302497 n-d-815690-2 devstack@placement-api.service[103361]: DEBUG placement.requestlog [req-a9f2fff4-9294-4cb1-a4c7-57f99ba3f342 req-74163c29-aa8a-45f5-a786-9eca7fdae1d7 None None] Starting request: 10.222.0.52 "GET /placement/allocation_candidates?limit=1000&resources=DISK_GB%3A1%2CMEMORY_MB%3A1024%2CVCPU%3A1&root_required=%21COMPUTE_STATUS_DISABLED" {{(pid=103361) __call__ /opt/stack/placement/placement/requestlog.py:55}}
Oct 27 18:44:54.367926 n-d-815690-2 devstack@placement-api.service[103361]: DEBUG placement.objects.research_context [req-a9f2fff4-9294-4cb1-a4c7-57f99ba3f342 req-74163c29-aa8a-45f5-a786-9eca7fdae1d7 service placement] getting providers with 1 DISK_GB {{(pid=103361) __init__ /opt/stack/placement/placement/objects/research_context.py:126}}
Oct 27 18:44:54.376437 n-d-815690-2 devstack@placement-api.service[103361]: DEBUG placement.objects.research_context [req-a9f2fff4-9294-4cb1-a4c7-57f99ba3f342 req-74163c29-aa8a-45f5-a786-9eca7fdae1d7 service placement] getting providers with 1024 MEMORY_MB {{(pid=103361) __init__ /opt/stack/placement/placement/objects/research_context.py:126}}
Oct 27 18:44:54.383553 n-d-815690-2 devstack@placement-api.service[103361]: DEBUG placement.objects.research_context [req-a9f2fff4-9294-4cb1-a4c7-57f99ba3f342 req-74163c29-aa8a-45f5-a786-9eca7fdae1d7 service placement] getting providers with 1 VCPU {{(pid=103361) __init__ /opt/stack/placement/placement/objects/research_context.py:126}}
Oct 27 18:44:54.395457 n-d-815690-2 devstack@placement-api.service[103361]: DEBUG placement.objects.research_context [req-a9f2fff4-9294-4cb1-a4c7-57f99ba3f342 req-74163c29-aa8a-45f5-a786-9eca7fdae1d7 service placement] found 2 providers with available 1 DISK_GB {{(pid=103361) get_provider_ids_matching /opt/stack/placement/placement/objects/research_context.py:549}}
Oct 27 18:44:54.395457 n-d-815690-2 devstack@placement-api.service[103361]: DEBUG placement.objects.research_context [req-a9f2fff4-9294-4cb1-a4c7-57f99ba3f342 req-74163c29-aa8a-45f5-a786-9eca7fdae1d7 service placement] found 2 providers with available 1024 MEMORY_MB {{(pid=103361) get_provider_ids_matching /opt/stack/placement/placement/objects/research_context.py:549}}
Oct 27 18:44:54.395457 n-d-815690-2 devstack@placement-api.service[103361]: DEBUG placement.objects.research_context [req-a9f2fff4-9294-4cb1-a4c7-57f99ba3f342 req-74163c29-aa8a-45f5-a786-9eca7fdae1d7 service placement] found 2 providers after filtering by previous result {{(pid=103361) get_provider_ids_matching /opt/stack/placement/placement/objects/research_context.py:580}}
Oct 27 18:44:54.395457 n-d-815690-2 devstack@placement-api.service[103361]: DEBUG placement.objects.research_context [req-a9f2fff4-9294-4cb1-a4c7-57f99ba3f342 req-74163c29-aa8a-45f5-a786-9eca7fdae1d7 service placement] found 2 providers with available 1 VCPU {{(pid=103361) get_provider_ids_matching /opt/stack/placement/placement/objects/research_context.py:549}}
Oct 27 18:44:54.395457 n-d-815690-2 devstack@placement-api.service[103361]: DEBUG placement.objects.research_context [req-a9f2fff4-9294-4cb1-a4c7-57f99ba3f342 req-74163c29-aa8a-45f5-a786-9eca7fdae1d7 service placement] found 2 providers after filtering by previous result {{(pid=103361) get_provider_ids_matching /opt/stack/placement/placement/objects/research_context.py:580}}
Oct 27 18:44:54.409796 n-d-815690-2 devstack@placement-api.service[103361]: DEBUG placement.objects.allocation_candidate [req-a9f2fff4-9294-4cb1-a4c7-57f99ba3f342 req-74163c29-aa8a-45f5-a786-9eca7fdae1d7 service placement] RequestGroup(use_same_provider=False, resources={DISK_GB:1, MEMORY_MB:1024, VCPU:1}, traits=[], aggregates=[]) (suffix '') returned 2 matches {{(pid=103361) _get_by_requests /opt/stack/placement/placement/objects/allocation_candidate.py:145}}
Oct 27 18:44:54.410416 n-d-815690-2 devstack@placement-api.service[103361]: DEBUG placement.objects.allocation_candidate [req-a9f2fff4-9294-4cb1-a4c7-57f99ba3f342 req-74163c29-aa8a-45f5-a786-9eca7fdae1d7 service placement] Merging candidates yields 2 allocation requests and 2 provider summaries {{(pid=103361) _merge_candidates /opt/stack/placement/placement/objects/allocation_candidate.py:783}}
Oct 27 18:44:54.412486 n-d-815690-2 devstack@placement-api.service[103361]: INFO placement.requestlog [req-a9f2fff4-9294-4cb1-a4c7-57f99ba3f342 req-74163c29-aa8a-45f5-a786-9eca7fdae1d7 service placement] 10.222.0.52 "GET /placement/allocation_candidates?limit=1000&resources=DISK_GB%3A1%2CMEMORY_MB%3A1024%2CVCPU%3A1&root_required=%21COMPUTE_STATUS_DISABLED" status: 200 len: 1309 microversion: 1.36
Oct 27 18:44:54.425026 n-d-815690-2 devstack@placement-api.service[103361]: [pid: 103361|app: 0|req: 478/967] 10.222.0.52 () {60 vars in 1506 bytes} [Wed Oct 27 18:44:54 2021] GET /placement/allocation_candidates?limit=1000&resources=DISK_GB%3A1%2CMEMORY_MB%3A1024%2CVCPU%3A1&root_required=%21COMPUTE_STATUS_DISABLED => generated 1309 bytes in 122 msecs (HTTP/1.1 200) 8 headers in 297 bytes (1 switches on core 0)
Oct 27 18:44:54.553289 n-d-815690-2 devstack@placement-api.service[103360]: DEBUG placement.requestlog [req-a9f2fff4-9294-4cb1-a4c7-57f99ba3f342 req-2324c53b-f99f-4bd7-8b87-c48f64fdbd80 None None] Starting request: 10.222.0.52 "GET /placement/allocations/a391bc6e-52f3-4b2f-ba48-3a2c819a91b0" {{(pid=103360) __call__ /opt/stack/placement/placement/requestlog.py:55}}
Oct 27 18:44:54.571515 n-d-815690-2 devstack@placement-api.service[103360]: INFO placement.requestlog [req-a9f2fff4-9294-4cb1-a4c7-57f99ba3f342 req-2324c53b-f99f-4bd7-8b87-c48f64fdbd80 service placement] 10.222.0.52 "GET /placement/allocations/a391bc6e-52f3-4b2f-ba48-3a2c819a91b0" status: 200 len: 19 microversion: 1.28
Oct 27 18:44:54.579001 n-d-815690-2 devstack@placement-api.service[103360]: [pid: 103360|app: 0|req: 490/968] 10.222.0.52 () {60 vars in 1380 bytes} [Wed Oct 27 18:44:54 2021] GET /placement/allocations/a391bc6e-52f3-4b2f-ba48-3a2c819a91b0 => generated 19 bytes in 26 msecs (HTTP/1.1 200) 8 headers in 295 bytes (1 switches on core 0)
Oct 27 18:44:54.595712 n-d-815690-2 devstack@placement-api.service[103361]: DEBUG placement.requestlog [req-a9f2fff4-9294-4cb1-a4c7-57f99ba3f342 req-f24e5041-7936-4df3-b1d6-d598a765d048 None None] Starting request: 10.222.0.52 "PUT /placement/allocations/a391bc6e-52f3-4b2f-ba48-3a2c819a91b0" {{(pid=103361) __call__ /opt/stack/placement/placement/requestlog.py:55}}
Oct 27 18:44:55.019713 n-d-815690-2 devstack@placement-api.service[103361]: DEBUG placement.handlers.allocation [req-a9f2fff4-9294-4cb1-a4c7-57f99ba3f342 req-f24e5041-7936-4df3-b1d6-d598a765d048 service placement] Successfully wrote allocations [, , ] {{(pid=103361) _update_consumers_and_create_allocations /opt/stack/placement/placement/handlers/allocation.py:462}}
Oct 27 18:44:55.101764 n-d-815690-2 devstack@placement-api.service[103361]: INFO placement.requestlog [req-a9f2fff4-9294-4cb1-a4c7-57f99ba3f342 req-f24e5041-7936-4df3-b1d6-d598a765d048 service placement] 10.222.0.52 "PUT /placement/allocations/a391bc6e-52f3-4b2f-ba48-3a2c819a91b0" status: 204 len: 0 microversion: 1.36
Oct 27 18:44:55.107763 n-d-815690-2 devstack@placement-api.service[103361]: [pid: 103361|app: 0|req: 479/969] 10.222.0.52 () {64 vars in 1433 bytes} [Wed Oct 27 18:44:54 2021] PUT /placement/allocations/a391bc6e-52f3-4b2f-ba48-3a2c819a91b0 => generated 0 bytes in 507 msecs (HTTP/1.1 204) 5 headers in 199 bytes (2 switches on core 0)
Oct 27 18:44:55.295728 n-d-815690-2 devstack@placement-api.service[103360]: DEBUG placement.requestlog [req-9a8d4fc1-fee4-4e33-9885-385f52a5d8ed req-2db2ec47-a1a5-4b77-9f75-5a251a17ad78 None None] Starting request: 10.222.0.93 "GET /placement/resource_providers/49ffab88-4590-4b72-85c6-88561bfec1d7/allocations" {{(pid=103360) __call__ /opt/stack/placement/placement/requestlog.py:55}}
Oct 27 18:44:55.362973 n-d-815690-2 devstack@placement-api.service[103360]: INFO placement.requestlog [req-9a8d4fc1-fee4-4e33-9885-385f52a5d8ed req-2db2ec47-a1a5-4b77-9f75-5a251a17ad78 service placement] 10.222.0.93 "GET /placement/resource_providers/49ffab88-4590-4b72-85c6-88561bfec1d7/allocations" status: 200 len: 357 microversion: 1.0
Oct 27 18:44:55.363989 n-d-815690-2 devstack@placement-api.service[103360]: [pid: 103360|app: 0|req: 491/970] 10.222.0.93 () {58 vars in 1390 bytes} [Wed Oct 27 18:44:55 2021] GET /placement/resource_providers/49ffab88-4590-4b72-85c6-88561bfec1d7/allocations => generated 357 bytes in 69 msecs (HTTP/1.1 200) 6 headers in 224 bytes (1 switches on core 0)
Oct 27 18:44:56.719547 n-d-815690-2 devstack@placement-api.service[103361]: DEBUG placement.requestlog [req-a9f2fff4-9294-4cb1-a4c7-57f99ba3f342 req-bc7f4c3f-b879-4cde-8a22-bbdd32e00a84 None None] Starting request: 10.222.0.93 "GET /placement/allocations/a391bc6e-52f3-4b2f-ba48-3a2c819a91b0" {{(pid=103361) __call__ /opt/stack/placement/placement/requestlog.py:55}}
Oct 27 18:44:56.742315 n-d-815690-2 devstack@placement-api.service[103361]: INFO placement.requestlog [req-a9f2fff4-9294-4cb1-a4c7-57f99ba3f342 req-bc7f4c3f-b879-4cde-8a22-bbdd32e00a84 service placement] 10.222.0.93 "GET /placement/allocations/a391bc6e-52f3-4b2f-ba48-3a2c819a91b0" status: 200 len: 260 microversion: 1.28
Oct 27 18:44:56.743119 n-d-815690-2 devstack@placement-api.service[103361]: [pid: 103361|app: 0|req: 480/971] 10.222.0.93 () {60 vars in 1377 bytes} [Wed Oct 27 18:44:56 2021] GET /placement/allocations/a391bc6e-52f3-4b2f-ba48-3a2c819a91b0 => generated 260 bytes in 24 msecs (HTTP/1.1 200) 8 headers in 296 bytes (1 switches on core 0)
Oct 27 18:45:00.460531 n-d-815690-2 devstack@placement-api.service[103360]: DEBUG placement.requestlog [req-a24c1612-02eb-4495-87de-87cfe80056b2 req-e2e28932-1d60-4b98-b539-d3766531f64c None None] Starting request: 10.222.0.81 "GET /placement/resource_providers/3003fbbd-64fb-41bf-83b8-38b84bc06348/allocations" {{(pid=103360) __call__ /opt/stack/placement/placement/requestlog.py:55}}
Oct 27 18:45:00.533467 n-d-815690-2 devstack@placement-api.service[103360]: INFO placement.requestlog [req-a24c1612-02eb-4495-87de-87cfe80056b2 req-e2e28932-1d60-4b98-b539-d3766531f64c service placement] 10.222.0.81 "GET /placement/resource_providers/3003fbbd-64fb-41bf-83b8-38b84bc06348/allocations" status: 200 len: 154 microversion: 1.0
Oct 27 18:45:00.536288 n-d-815690-2 devstack@placement-api.service[103360]: [pid: 103360|app: 0|req: 492/972] 10.222.0.81 () {58 vars in 1390 bytes} [Wed Oct 27 18:45:00 2021] GET /placement/resource_providers/3003fbbd-64fb-41bf-83b8-38b84bc06348/allocations => generated 154 bytes in 76 msecs (HTTP/1.1 200) 6 headers in 224 bytes (1 switches on core 0)
Oct 27 18:45:01.620576 n-d-815690-2 devstack@placement-api.service[103361]: DEBUG placement.requestlog [req-bb149525-1b14-4679-a980-4a5528994636 req-96dd194f-eaf8-4d5d-966c-5f43f4d7b25a None None] Starting request: 10.222.0.52 "GET /placement/allocation_candidates?resources=DISK_GB%3A1%2CMEMORY_MB%3A1024%2CVCPU%3A1&root_required=%21COMPUTE_STATUS_DISABLED" {{(pid=103361) __call__ /opt/stack/placement/placement/requestlog.py:55}}
Oct 27 18:45:01.698780 n-d-815690-2 devstack@placement-api.service[103361]: DEBUG placement.objects.research_context [req-bb149525-1b14-4679-a980-4a5528994636 req-96dd194f-eaf8-4d5d-966c-5f43f4d7b25a service placement] getting providers with 1 DISK_GB {{(pid=103361) __init__ /opt/stack/placement/placement/objects/research_context.py:126}}
Oct 27 18:45:01.725091 n-d-815690-2 devstack@placement-api.service[103361]: DEBUG placement.objects.research_context [req-bb149525-1b14-4679-a980-4a5528994636 req-96dd194f-eaf8-4d5d-966c-5f43f4d7b25a service placement] getting providers with 1024 MEMORY_MB {{(pid=103361) __init__ /opt/stack/placement/placement/objects/research_context.py:126}}
Oct 27 18:45:01.745084 n-d-815690-2 devstack@placement-api.service[103361]: DEBUG placement.objects.research_context [req-bb149525-1b14-4679-a980-4a5528994636 req-96dd194f-eaf8-4d5d-966c-5f43f4d7b25a service placement] getting providers with 1 VCPU {{(pid=103361) __init__ /opt/stack/placement/placement/objects/research_context.py:126}}
Oct 27 18:45:01.768657 n-d-815690-2 devstack@placement-api.service[103361]: DEBUG placement.objects.research_context [req-bb149525-1b14-4679-a980-4a5528994636 req-96dd194f-eaf8-4d5d-966c-5f43f4d7b25a service placement] found 2 providers with available 1 DISK_GB {{(pid=103361) get_provider_ids_matching /opt/stack/placement/placement/objects/research_context.py:549}}
Oct 27 18:45:01.769184 n-d-815690-2 devstack@placement-api.service[103361]: DEBUG placement.objects.research_context [req-bb149525-1b14-4679-a980-4a5528994636 req-96dd194f-eaf8-4d5d-966c-5f43f4d7b25a service placement] found 2 providers with available 1024 MEMORY_MB {{(pid=103361) get_provider_ids_matching /opt/stack/placement/placement/objects/research_context.py:549}}
Oct 27 18:45:01.769684 n-d-815690-2 devstack@placement-api.service[103361]: DEBUG placement.objects.research_context [req-bb149525-1b14-4679-a980-4a5528994636 req-96dd194f-eaf8-4d5d-966c-5f43f4d7b25a service placement] found 2 providers after filtering by previous result {{(pid=103361) get_provider_ids_matching /opt/stack/placement/placement/objects/research_context.py:580}}
Oct 27 18:45:01.770309 n-d-815690-2 devstack@placement-api.service[103361]: DEBUG placement.objects.research_context [req-bb149525-1b14-4679-a980-4a5528994636 req-96dd194f-eaf8-4d5d-966c-5f43f4d7b25a service placement] found 2 providers with available 1 VCPU {{(pid=103361) get_provider_ids_matching /opt/stack/placement/placement/objects/research_context.py:549}}
Oct 27 18:45:01.770742 n-d-815690-2 devstack@placement-api.service[103361]: DEBUG placement.objects.research_context [req-bb149525-1b14-4679-a980-4a5528994636 req-96dd194f-eaf8-4d5d-966c-5f43f4d7b25a service placement] found 2 providers after filtering by previous result {{(pid=103361) get_provider_ids_matching /opt/stack/placement/placement/objects/research_context.py:580}}
Oct 27 18:45:01.798296 n-d-815690-2 devstack@placement-api.service[103361]: DEBUG placement.objects.allocation_candidate [req-bb149525-1b14-4679-a980-4a5528994636 req-96dd194f-eaf8-4d5d-966c-5f43f4d7b25a service placement] RequestGroup(use_same_provider=False, resources={DISK_GB:1, MEMORY_MB:1024, VCPU:1}, traits=[], aggregates=[]) (suffix '') returned 2 matches {{(pid=103361) _get_by_requests /opt/stack/placement/placement/objects/allocation_candidate.py:145}}
Oct 27 18:45:01.798979 n-d-815690-2 devstack@placement-api.service[103361]: DEBUG placement.objects.allocation_candidate [req-bb149525-1b14-4679-a980-4a5528994636 req-96dd194f-eaf8-4d5d-966c-5f43f4d7b25a service placement] Merging candidates yields 2 allocation requests and 2 provider summaries {{(pid=103361) _merge_candidates /opt/stack/placement/placement/objects/allocation_candidate.py:783}}
Oct 27 18:45:01.800788 n-d-815690-2 devstack@placement-api.service[103361]: INFO placement.requestlog [req-bb149525-1b14-4679-a980-4a5528994636 req-96dd194f-eaf8-4d5d-966c-5f43f4d7b25a service placement] 10.222.0.52 "GET /placement/allocation_candidates?resources=DISK_GB%3A1%2CMEMORY_MB%3A1024%2CVCPU%3A1&root_required=%21COMPUTE_STATUS_DISABLED" status: 200 len: 1309 microversion: 1.36
Oct 27 18:45:01.801508 n-d-815690-2 devstack@placement-api.service[103361]: [pid: 103361|app: 0|req: 481/973] 10.222.0.52 () {60 vars in 1484 bytes} [Wed Oct 27 18:45:01 2021] GET /placement/allocation_candidates?resources=DISK_GB%3A1%2CMEMORY_MB%3A1024%2CVCPU%3A1&root_required=%21COMPUTE_STATUS_DISABLED => generated 1309 bytes in 187 msecs (HTTP/1.1 200) 8 headers in 297 bytes (1 switches on core 0)
Oct 27 18:45:01.908232 n-d-815690-2 devstack@placement-api.service[103360]: DEBUG placement.requestlog [req-bb149525-1b14-4679-a980-4a5528994636 req-75495aab-d927-43d9-9008-46971520fe43 None None] Starting request: 10.222.0.52 "GET /placement/allocations/c2c8ab1a-9ce3-4f1f-9b24-d1c4a4eaf417" {{(pid=103360) __call__ /opt/stack/placement/placement/requestlog.py:55}}
Oct 27 18:45:01.921192 n-d-815690-2 devstack@placement-api.service[103360]: INFO placement.requestlog [req-bb149525-1b14-4679-a980-4a5528994636 req-75495aab-d927-43d9-9008-46971520fe43 service placement] 10.222.0.52 "GET /placement/allocations/c2c8ab1a-9ce3-4f1f-9b24-d1c4a4eaf417" status: 200 len: 19 microversion: 1.28
Oct 27 18:45:01.927353 n-d-815690-2 devstack@placement-api.service[103360]: [pid: 103360|app: 0|req: 493/974] 10.222.0.52 () {60 vars in 1380 bytes} [Wed Oct 27 18:45:01 2021] GET /placement/allocations/c2c8ab1a-9ce3-4f1f-9b24-d1c4a4eaf417 => generated 19 bytes in 19 msecs (HTTP/1.1 200) 8 headers in 295 bytes (1 switches on core 0)
Oct 27 18:45:01.932740 n-d-815690-2 devstack@placement-api.service[103361]: DEBUG placement.requestlog [req-bb149525-1b14-4679-a980-4a5528994636 req-ac850706-1170-495d-b2a2-e0a582bd7065 None None] Starting request: 10.222.0.52 "PUT /placement/allocations/c2c8ab1a-9ce3-4f1f-9b24-d1c4a4eaf417" {{(pid=103361) __call__ /opt/stack/placement/placement/requestlog.py:55}}
Oct 27 18:45:02.080414 n-d-815690-2 devstack@placement-api.service[103361]: DEBUG placement.handlers.allocation [req-bb149525-1b14-4679-a980-4a5528994636 req-ac850706-1170-495d-b2a2-e0a582bd7065 service placement] Successfully wrote allocations [, , ] {{(pid=103361) _update_consumers_and_create_allocations /opt/stack/placement/placement/handlers/allocation.py:462}}
Oct 27 18:45:02.199333 n-d-815690-2 devstack@placement-api.service[103361]: INFO placement.requestlog [req-bb149525-1b14-4679-a980-4a5528994636 req-ac850706-1170-495d-b2a2-e0a582bd7065 service placement] 10.222.0.52 "PUT /placement/allocations/c2c8ab1a-9ce3-4f1f-9b24-d1c4a4eaf417" status: 204 len: 0 microversion: 1.36
Oct 27 18:45:02.200187 n-d-815690-2 devstack@placement-api.service[103361]: [pid: 103361|app: 0|req: 482/975] 10.222.0.52 () {64 vars in 1433 bytes} [Wed Oct 27 18:45:01 2021] PUT /placement/allocations/c2c8ab1a-9ce3-4f1f-9b24-d1c4a4eaf417 => generated 0 bytes in 268 msecs (HTTP/1.1 204) 5 headers in 199 bytes (1 switches on core 0)
Oct 27 18:45:03.806118 n-d-815690-2 devstack@placement-api.service[103360]: DEBUG placement.requestlog [req-bb149525-1b14-4679-a980-4a5528994636 req-9141a590-24a2-4dfa-a7fb-961cce07c2f7 None None] Starting request: 10.222.0.81 "GET /placement/allocations/c2c8ab1a-9ce3-4f1f-9b24-d1c4a4eaf417" {{(pid=103360) __call__ /opt/stack/placement/placement/requestlog.py:55}}
Oct 27 18:45:03.832495 n-d-815690-2 devstack@placement-api.service[103360]: INFO placement.requestlog [req-bb149525-1b14-4679-a980-4a5528994636 req-9141a590-24a2-4dfa-a7fb-961cce07c2f7 service placement] 10.222.0.81 "GET /placement/allocations/c2c8ab1a-9ce3-4f1f-9b24-d1c4a4eaf417" status: 200 len: 259 microversion: 1.28
Oct 27 18:45:03.833912 n-d-815690-2 devstack@placement-api.service[103360]: [pid: 103360|app: 0|req: 494/976] 10.222.0.81 () {60 vars in 1377 bytes} [Wed Oct 27 18:45:03 2021] GET /placement/allocations/c2c8ab1a-9ce3-4f1f-9b24-d1c4a4eaf417 => generated 259 bytes in 28 msecs (HTTP/1.1 200) 8 headers in 296 bytes (1 switches on core 0)
Oct 27 18:45:19.061063 n-d-815690-2 devstack@placement-api.service[103361]: DEBUG placement.requestlog [req-7460f9c3-b0e5-4e29-9272-3667f5c76af4 req-0351e95e-7edb-419f-8db2-4df35025966b None None] Starting request: 10.222.0.52 "GET /placement/allocation_candidates?limit=1000&resources=DISK_GB%3A1%2CMEMORY_MB%3A1024%2CVCPU%3A1&root_required=%21COMPUTE_STATUS_DISABLED" {{(pid=103361) __call__ /opt/stack/placement/placement/requestlog.py:55}}
Oct 27 18:45:19.136797 n-d-815690-2 devstack@placement-api.service[103361]: DEBUG placement.objects.research_context [req-7460f9c3-b0e5-4e29-9272-3667f5c76af4 req-0351e95e-7edb-419f-8db2-4df35025966b service placement] getting providers with 1 DISK_GB {{(pid=103361) __init__ /opt/stack/placement/placement/objects/research_context.py:126}}
Oct 27 18:45:19.145112 n-d-815690-2 devstack@placement-api.service[103361]: DEBUG placement.objects.research_context [req-7460f9c3-b0e5-4e29-9272-3667f5c76af4 req-0351e95e-7edb-419f-8db2-4df35025966b service placement] getting providers with 1024 MEMORY_MB {{(pid=103361) __init__ /opt/stack/placement/placement/objects/research_context.py:126}}
Oct 27 18:45:19.153926 n-d-815690-2 devstack@placement-api.service[103361]: DEBUG placement.objects.research_context [req-7460f9c3-b0e5-4e29-9272-3667f5c76af4 req-0351e95e-7edb-419f-8db2-4df35025966b service placement] getting providers with 1 VCPU {{(pid=103361) __init__ /opt/stack/placement/placement/objects/research_context.py:126}}
Oct 27 18:45:19.163048 n-d-815690-2 devstack@placement-api.service[103361]: DEBUG placement.objects.research_context [req-7460f9c3-b0e5-4e29-9272-3667f5c76af4 req-0351e95e-7edb-419f-8db2-4df35025966b service placement] found 2 providers with available 1 DISK_GB {{(pid=103361) get_provider_ids_matching /opt/stack/placement/placement/objects/research_context.py:549}}
Oct 27 18:45:19.163548 n-d-815690-2 devstack@placement-api.service[103361]: DEBUG placement.objects.research_context [req-7460f9c3-b0e5-4e29-9272-3667f5c76af4 req-0351e95e-7edb-419f-8db2-4df35025966b service placement] found 2 providers with available 1024 MEMORY_MB {{(pid=103361) get_provider_ids_matching /opt/stack/placement/placement/objects/research_context.py:549}}
Oct 27 18:45:19.164040 n-d-815690-2 devstack@placement-api.service[103361]: DEBUG placement.objects.research_context [req-7460f9c3-b0e5-4e29-9272-3667f5c76af4 req-0351e95e-7edb-419f-8db2-4df35025966b service placement] found 2 providers after filtering by previous result {{(pid=103361) get_provider_ids_matching /opt/stack/placement/placement/objects/research_context.py:580}}
Oct 27 18:45:19.164543 n-d-815690-2 devstack@placement-api.service[103361]: DEBUG placement.objects.research_context [req-7460f9c3-b0e5-4e29-9272-3667f5c76af4 req-0351e95e-7edb-419f-8db2-4df35025966b service placement] found 2 providers with available 1 VCPU {{(pid=103361) get_provider_ids_matching /opt/stack/placement/placement/objects/research_context.py:549}}
Oct 27 18:45:19.165117 n-d-815690-2 devstack@placement-api.service[103361]: DEBUG placement.objects.research_context [req-7460f9c3-b0e5-4e29-9272-3667f5c76af4 req-0351e95e-7edb-419f-8db2-4df35025966b service placement] found 2 providers after filtering by previous result {{(pid=103361) get_provider_ids_matching /opt/stack/placement/placement/objects/research_context.py:580}}
Oct 27 18:45:19.207910 n-d-815690-2 devstack@placement-api.service[103361]: DEBUG placement.objects.allocation_candidate [req-7460f9c3-b0e5-4e29-9272-3667f5c76af4 req-0351e95e-7edb-419f-8db2-4df35025966b service placement] RequestGroup(use_same_provider=False, resources={DISK_GB:1, MEMORY_MB:1024, VCPU:1}, traits=[], aggregates=[]) (suffix '') returned 2 matches {{(pid=103361) _get_by_requests /opt/stack/placement/placement/objects/allocation_candidate.py:145}}
Oct 27 18:45:19.209181 n-d-815690-2 devstack@placement-api.service[103361]: DEBUG placement.objects.allocation_candidate [req-7460f9c3-b0e5-4e29-9272-3667f5c76af4 req-0351e95e-7edb-419f-8db2-4df35025966b service placement] Merging candidates yields 2 allocation requests and 2 provider summaries {{(pid=103361) _merge_candidates /opt/stack/placement/placement/objects/allocation_candidate.py:783}}
Oct 27 18:45:19.213978 n-d-815690-2 devstack@placement-api.service[103361]: INFO placement.requestlog [req-7460f9c3-b0e5-4e29-9272-3667f5c76af4 req-0351e95e-7edb-419f-8db2-4df35025966b service placement] 10.222.0.52 "GET /placement/allocation_candidates?limit=1000&resources=DISK_GB%3A1%2CMEMORY_MB%3A1024%2CVCPU%3A1&root_required=%21COMPUTE_STATUS_DISABLED" status: 200 len: 1309 microversion: 1.36
Oct 27 18:45:19.216021 n-d-815690-2 devstack@placement-api.service[103361]: [pid: 103361|app: 0|req: 483/977] 10.222.0.52 () {60 vars in 1506 bytes} [Wed Oct 27 18:45:19 2021] GET /placement/allocation_candidates?limit=1000&resources=DISK_GB%3A1%2CMEMORY_MB%3A1024%2CVCPU%3A1&root_required=%21COMPUTE_STATUS_DISABLED => generated 1309 bytes in 155 msecs (HTTP/1.1 200) 8 headers in 297 bytes (1 switches on core 0)
Oct 27 18:45:19.333246 n-d-815690-2 devstack@placement-api.service[103360]: DEBUG placement.requestlog [req-1c8b16e4-e121-4d24-9927-52ed1d7bfdff req-4fee6d33-4226-473e-8567-e09663e76654 None None] Starting request: 10.222.0.93 "DELETE /placement/allocations/3b840d65-8d92-4cd2-8a53-31e29c60825d" {{(pid=103360) __call__ /opt/stack/placement/placement/requestlog.py:55}}
Oct 27 18:45:19.378334 n-d-815690-2 devstack@placement-api.service[103361]: DEBUG placement.requestlog [req-7460f9c3-b0e5-4e29-9272-3667f5c76af4 req-e09dc50e-80c6-4a38-bb15-59195cb3c9c5 None None] Starting request: 10.222.0.52 "GET /placement/allocations/43bf8e39-1d6d-4bc4-ae5e-0ddbab92af02" {{(pid=103361) __call__ /opt/stack/placement/placement/requestlog.py:55}}
Oct 27 18:45:19.408158 n-d-815690-2 devstack@placement-api.service[103361]: INFO placement.requestlog [req-7460f9c3-b0e5-4e29-9272-3667f5c76af4 req-e09dc50e-80c6-4a38-bb15-59195cb3c9c5 service placement] 10.222.0.52 "GET /placement/allocations/43bf8e39-1d6d-4bc4-ae5e-0ddbab92af02" status: 200 len: 19 microversion: 1.28
Oct 27 18:45:19.409487 n-d-815690-2 devstack@placement-api.service[103361]: [pid: 103361|app: 0|req: 484/978] 10.222.0.52 () {60 vars in 1380 bytes} [Wed Oct 27 18:45:19 2021] GET /placement/allocations/43bf8e39-1d6d-4bc4-ae5e-0ddbab92af02 => generated 19 bytes in 31 msecs (HTTP/1.1 200) 8 headers in 295 bytes (1 switches on core 0)
Oct 27 18:45:19.415538 n-d-815690-2 devstack@placement-api.service[103361]: DEBUG placement.requestlog [req-7460f9c3-b0e5-4e29-9272-3667f5c76af4 req-0ebce015-a867-4bee-ade5-ecdc1e604fc3 None None] Starting request: 10.222.0.52 "PUT /placement/allocations/43bf8e39-1d6d-4bc4-ae5e-0ddbab92af02" {{(pid=103361) __call__ /opt/stack/placement/placement/requestlog.py:55}}
Oct 27 18:45:19.552545 n-d-815690-2 devstack@placement-api.service[103360]: DEBUG placement.handlers.allocation [req-1c8b16e4-e121-4d24-9927-52ed1d7bfdff req-4fee6d33-4226-473e-8567-e09663e76654 service placement] Successfully deleted allocations [, , ] {{(pid=103360) delete_allocations /opt/stack/placement/placement/handlers/allocation.py:627}}
Oct 27 18:45:19.553206 n-d-815690-2 devstack@placement-api.service[103360]: INFO placement.requestlog [req-1c8b16e4-e121-4d24-9927-52ed1d7bfdff req-4fee6d33-4226-473e-8567-e09663e76654 service placement] 10.222.0.93 "DELETE /placement/allocations/3b840d65-8d92-4cd2-8a53-31e29c60825d" status: 204 len: 0 microversion: 1.0
Oct 27 18:45:19.553630 n-d-815690-2 devstack@placement-api.service[103360]: [pid: 103360|app: 0|req: 495/979] 10.222.0.93 () {60 vars in 1355 bytes} [Wed Oct 27 18:45:19 2021] DELETE /placement/allocations/3b840d65-8d92-4cd2-8a53-31e29c60825d => generated 0 bytes in 221 msecs (HTTP/1.1 204) 5 headers in 198 bytes (1 switches on core 0)
Oct 27 18:45:19.708074 n-d-815690-2 devstack@placement-api.service[103361]: DEBUG placement.handlers.allocation [req-7460f9c3-b0e5-4e29-9272-3667f5c76af4 req-0ebce015-a867-4bee-ade5-ecdc1e604fc3 service placement] Successfully wrote allocations [, , ] {{(pid=103361) _update_consumers_and_create_allocations /opt/stack/placement/placement/handlers/allocation.py:462}}
Oct 27 18:45:19.832816 n-d-815690-2 devstack@placement-api.service[103361]: INFO placement.requestlog [req-7460f9c3-b0e5-4e29-9272-3667f5c76af4 req-0ebce015-a867-4bee-ade5-ecdc1e604fc3 service placement] 10.222.0.52 "PUT /placement/allocations/43bf8e39-1d6d-4bc4-ae5e-0ddbab92af02" status: 204 len: 0 microversion: 1.36
