Jan 17 08:11:50.415629 n-d-815347-3 devstack@placement-api.service[103680]: [pid: 103680|app: 0|req: 214/429] 10.222.0.65 () {60 vars in 1376 bytes} [Mon Jan 17 08:11:50 2022] GET /placement/resource_providers?in_tree=cea2715b-197f-45bc-b033-ba9277ec0c26 => generated 863 bytes in 35 msecs (HTTP/1.1 200) 6 headers in 225 bytes (1 switches on core 0)
Jan 17 08:11:50.424522 n-d-815347-3 devstack@placement-api.service[103681]: DEBUG placement.requestlog [req-38b5666b-538c-4e20-8021-82ea1f35fe41 req-9fc2085c-eaf5-4725-9806-d2d8271f3e1a None None] Starting request: 10.222.0.65 "GET /placement/resource_providers/cea2715b-197f-45bc-b033-ba9277ec0c26/inventories" {{(pid=103681) __call__ /opt/stack/placement/placement/requestlog.py:55}}
Jan 17 08:11:50.479035 n-d-815347-3 devstack@placement-api.service[103681]: INFO placement.requestlog [req-38b5666b-538c-4e20-8021-82ea1f35fe41 req-9fc2085c-eaf5-4725-9806-d2d8271f3e1a service placement] 10.222.0.65 "GET /placement/resource_providers/cea2715b-197f-45bc-b033-ba9277ec0c26/inventories" status: 200 len: 398 microversion: 1.0
Jan 17 08:11:50.479424 n-d-815347-3 devstack@placement-api.service[103681]: [pid: 103681|app: 0|req: 216/430] 10.222.0.65 () {58 vars in 1390 bytes} [Mon Jan 17 08:11:50 2022] GET /placement/resource_providers/cea2715b-197f-45bc-b033-ba9277ec0c26/inventories => generated 398 bytes in 55 msecs (HTTP/1.1 200) 6 headers in 224 bytes (1 switches on core 0)
Jan 17 08:11:50.489186 n-d-815347-3 devstack@placement-api.service[103680]: DEBUG placement.requestlog [req-38b5666b-538c-4e20-8021-82ea1f35fe41 req-313326aa-084c-4188-8ba6-5c9136a7cfe7 None None] Starting request: 10.222.0.65 "GET /placement/resource_providers/cea2715b-197f-45bc-b033-ba9277ec0c26/aggregates" {{(pid=103680) __call__ /opt/stack/placement/placement/requestlog.py:55}}
Jan 17 08:11:50.511954 n-d-815347-3 devstack@placement-api.service[103680]: INFO placement.requestlog [req-38b5666b-538c-4e20-8021-82ea1f35fe41 req-313326aa-084c-4188-8ba6-5c9136a7cfe7 service placement] 10.222.0.65 "GET /placement/resource_providers/cea2715b-197f-45bc-b033-ba9277ec0c26/aggregates" status: 200 len: 54 microversion: 1.19
Jan 17 08:11:50.512958 n-d-815347-3 devstack@placement-api.service[103680]: [pid: 103680|app: 0|req: 215/431] 10.222.0.65 () {60 vars in 1431 bytes} [Mon Jan 17 08:11:50 2022] GET /placement/resource_providers/cea2715b-197f-45bc-b033-ba9277ec0c26/aggregates => generated 54 bytes in 24 msecs (HTTP/1.1 200) 8 headers in 295 bytes (1 switches on core 0)
Jan 17 08:11:50.521076 n-d-815347-3 devstack@placement-api.service[103681]: DEBUG placement.requestlog [req-38b5666b-538c-4e20-8021-82ea1f35fe41 req-f9580252-620f-4266-aa48-aa7eadf5b91d None None] Starting request: 10.222.0.65 "GET /placement/resource_providers/cea2715b-197f-45bc-b033-ba9277ec0c26/traits" {{(pid=103681) __call__ /opt/stack/placement/placement/requestlog.py:55}}
Jan 17 08:11:50.583272 n-d-815347-3 devstack@placement-api.service[103681]: INFO placement.requestlog [req-38b5666b-538c-4e20-8021-82ea1f35fe41 req-f9580252-620f-4266-aa48-aa7eadf5b91d service placement] 10.222.0.65 "GET /placement/resource_providers/cea2715b-197f-45bc-b033-ba9277ec0c26/traits" status: 200 len: 212 microversion: 1.6
Jan 17 08:11:50.585411 n-d-815347-3 devstack@placement-api.service[103681]: [pid: 103681|app: 0|req: 217/432] 10.222.0.65 () {60 vars in 1418 bytes} [Mon Jan 17 08:11:50 2022] GET /placement/resource_providers/cea2715b-197f-45bc-b033-ba9277ec0c26/traits => generated 212 bytes in 64 msecs (HTTP/1.1 200) 6 headers in 224 bytes (1 switches on core 0)
Jan 17 08:11:51.009815 n-d-815347-3 devstack@placement-api.service[103680]: DEBUG placement.requestlog [req-9634cc62-b0f3-45b8-b4fc-bbe89affb956 req-a16817c8-69bb-47fb-963f-17dcffc4903b None None] Starting request: 10.222.0.26 "GET /placement/allocation_candidates?limit=1000&resources=DISK_GB%3A1%2CMEMORY_MB%3A1024%2CVCPU%3A1&root_required=%21COMPUTE_STATUS_DISABLED" {{(pid=103680) __call__ /opt/stack/placement/placement/requestlog.py:55}}
Jan 17 08:11:51.069549 n-d-815347-3 devstack@placement-api.service[103680]: DEBUG placement.objects.research_context [req-9634cc62-b0f3-45b8-b4fc-bbe89affb956 req-a16817c8-69bb-47fb-963f-17dcffc4903b service placement] getting providers with 1 DISK_GB {{(pid=103680) __init__ /opt/stack/placement/placement/objects/research_context.py:126}}
Jan 17 08:11:51.076323 n-d-815347-3 devstack@placement-api.service[103680]: DEBUG placement.objects.research_context [req-9634cc62-b0f3-45b8-b4fc-bbe89affb956 req-a16817c8-69bb-47fb-963f-17dcffc4903b service placement] getting providers with 1024 MEMORY_MB {{(pid=103680) __init__ /opt/stack/placement/placement/objects/research_context.py:126}}
Jan 17 08:11:51.083017 n-d-815347-3 devstack@placement-api.service[103680]: DEBUG placement.objects.research_context [req-9634cc62-b0f3-45b8-b4fc-bbe89affb956 req-a16817c8-69bb-47fb-963f-17dcffc4903b service placement] getting providers with 1 VCPU {{(pid=103680) __init__ /opt/stack/placement/placement/objects/research_context.py:126}}
Jan 17 08:11:51.111436 n-d-815347-3 devstack@placement-api.service[103680]: DEBUG placement.objects.research_context [req-9634cc62-b0f3-45b8-b4fc-bbe89affb956 req-a16817c8-69bb-47fb-963f-17dcffc4903b service placement] found 2 providers with available 1 DISK_GB {{(pid=103680) get_provider_ids_matching /opt/stack/placement/placement/objects/research_context.py:549}}
Jan 17 08:11:51.112202 n-d-815347-3 devstack@placement-api.service[103680]: DEBUG placement.objects.research_context [req-9634cc62-b0f3-45b8-b4fc-bbe89affb956 req-a16817c8-69bb-47fb-963f-17dcffc4903b service placement] found 2 providers with available 1024 MEMORY_MB {{(pid=103680) get_provider_ids_matching /opt/stack/placement/placement/objects/research_context.py:549}}
Jan 17 08:11:51.112665 n-d-815347-3 devstack@placement-api.service[103680]: DEBUG placement.objects.research_context [req-9634cc62-b0f3-45b8-b4fc-bbe89affb956 req-a16817c8-69bb-47fb-963f-17dcffc4903b service placement] found 2 providers after filtering by previous result {{(pid=103680) get_provider_ids_matching /opt/stack/placement/placement/objects/research_context.py:580}}
Jan 17 08:11:51.113092 n-d-815347-3 devstack@placement-api.service[103680]: DEBUG placement.objects.research_context [req-9634cc62-b0f3-45b8-b4fc-bbe89affb956 req-a16817c8-69bb-47fb-963f-17dcffc4903b service placement] found 2 providers with available 1 VCPU {{(pid=103680) get_provider_ids_matching /opt/stack/placement/placement/objects/research_context.py:549}}
Jan 17 08:11:51.114001 n-d-815347-3 devstack@placement-api.service[103680]: DEBUG placement.objects.research_context [req-9634cc62-b0f3-45b8-b4fc-bbe89affb956 req-a16817c8-69bb-47fb-963f-17dcffc4903b service placement] found 2 providers after filtering by previous result {{(pid=103680) get_provider_ids_matching /opt/stack/placement/placement/objects/research_context.py:580}}
Jan 17 08:11:51.137291 n-d-815347-3 devstack@placement-api.service[103681]: DEBUG placement.requestlog [req-393cf5b3-d893-4cb9-bafa-613866a03c4c req-2e1f3786-0c61-44b4-a3af-814a2b577094 None None] Starting request: 10.222.0.65 "GET /placement/resource_providers/cea2715b-197f-45bc-b033-ba9277ec0c26/allocations" {{(pid=103681) __call__ /opt/stack/placement/placement/requestlog.py:55}}
Jan 17 08:11:51.151174 n-d-815347-3 devstack@placement-api.service[103680]: DEBUG placement.objects.allocation_candidate [req-9634cc62-b0f3-45b8-b4fc-bbe89affb956 req-a16817c8-69bb-47fb-963f-17dcffc4903b service placement] RequestGroup(use_same_provider=False, resources={DISK_GB:1, MEMORY_MB:1024, VCPU:1}, traits=[], aggregates=[]) (suffix '') returned 2 matches {{(pid=103680) _get_by_requests /opt/stack/placement/placement/objects/allocation_candidate.py:145}}
Jan 17 08:11:51.158118 n-d-815347-3 devstack@placement-api.service[103680]: DEBUG placement.objects.allocation_candidate [req-9634cc62-b0f3-45b8-b4fc-bbe89affb956 req-a16817c8-69bb-47fb-963f-17dcffc4903b service placement] Merging candidates yields 2 allocation requests and 2 provider summaries {{(pid=103680) _merge_candidates /opt/stack/placement/placement/objects/allocation_candidate.py:783}}
Jan 17 08:11:51.161963 n-d-815347-3 devstack@placement-api.service[103680]: INFO placement.requestlog [req-9634cc62-b0f3-45b8-b4fc-bbe89affb956 req-a16817c8-69bb-47fb-963f-17dcffc4903b service placement] 10.222.0.26 "GET /placement/allocation_candidates?limit=1000&resources=DISK_GB%3A1%2CMEMORY_MB%3A1024%2CVCPU%3A1&root_required=%21COMPUTE_STATUS_DISABLED" status: 200 len: 1309 microversion: 1.36
Jan 17 08:11:51.162938 n-d-815347-3 devstack@placement-api.service[103680]: [pid: 103680|app: 0|req: 216/433] 10.222.0.26 () {60 vars in 1506 bytes} [Mon Jan 17 08:11:51 2022] GET /placement/allocation_candidates?limit=1000&resources=DISK_GB%3A1%2CMEMORY_MB%3A1024%2CVCPU%3A1&root_required=%21COMPUTE_STATUS_DISABLED => generated 1309 bytes in 153 msecs (HTTP/1.1 200) 8 headers in 297 bytes (1 switches on core 0)
Jan 17 08:11:51.164417 n-d-815347-3 devstack@placement-api.service[103681]: INFO placement.requestlog [req-393cf5b3-d893-4cb9-bafa-613866a03c4c req-2e1f3786-0c61-44b4-a3af-814a2b577094 service placement] 10.222.0.65 "GET /placement/resource_providers/cea2715b-197f-45bc-b033-ba9277ec0c26/allocations" status: 200 len: 255 microversion: 1.0
Jan 17 08:11:51.165184 n-d-815347-3 devstack@placement-api.service[103681]: [pid: 103681|app: 0|req: 218/434] 10.222.0.65 () {58 vars in 1390 bytes} [Mon Jan 17 08:11:51 2022] GET /placement/resource_providers/cea2715b-197f-45bc-b033-ba9277ec0c26/allocations => generated 255 bytes in 28 msecs (HTTP/1.1 200) 6 headers in 224 bytes (2 switches on core 0)
Jan 17 08:11:51.325793 n-d-815347-3 devstack@placement-api.service[103680]: DEBUG placement.requestlog [req-9634cc62-b0f3-45b8-b4fc-bbe89affb956 req-55491617-ccf1-4b51-8c38-9d1572176eea None None] Starting request: 10.222.0.26 "GET /placement/allocations/3ad1f66c-af4e-42cc-aec3-0ca88837a2bf" {{(pid=103680) __call__ /opt/stack/placement/placement/requestlog.py:55}}
Jan 17 08:11:51.356757 n-d-815347-3 devstack@placement-api.service[103680]: INFO placement.requestlog [req-9634cc62-b0f3-45b8-b4fc-bbe89affb956 req-55491617-ccf1-4b51-8c38-9d1572176eea service placement] 10.222.0.26 "GET /placement/allocations/3ad1f66c-af4e-42cc-aec3-0ca88837a2bf" status: 200 len: 19 microversion: 1.28
Jan 17 08:11:51.360320 n-d-815347-3 devstack@placement-api.service[103680]: [pid: 103680|app: 0|req: 217/435] 10.222.0.26 () {60 vars in 1380 bytes} [Mon Jan 17 08:11:51 2022] GET /placement/allocations/3ad1f66c-af4e-42cc-aec3-0ca88837a2bf => generated 19 bytes in 35 msecs (HTTP/1.1 200) 8 headers in 295 bytes (1 switches on core 0)
Jan 17 08:11:51.368308 n-d-815347-3 devstack@placement-api.service[103681]: DEBUG placement.requestlog [req-9634cc62-b0f3-45b8-b4fc-bbe89affb956 req-b2584fce-27cb-4d4e-bbdc-cea5bff3284c None None] Starting request: 10.222.0.26 "PUT /placement/allocations/3ad1f66c-af4e-42cc-aec3-0ca88837a2bf" {{(pid=103681) __call__ /opt/stack/placement/placement/requestlog.py:55}}
Jan 17 08:11:51.459203 n-d-815347-3 devstack@placement-api.service[103680]: DEBUG placement.requestlog [req-b22bf394-6025-4997-ae78-1432142a947b req-1dada092-65ee-4a5b-8abd-514d63d72d74 None None] Starting request: 10.222.0.26 "GET /placement/allocation_candidates?limit=1000&resources=MEMORY_MB%3A1024%2CVCPU%3A1&root_required=%21COMPUTE_STATUS_DISABLED" {{(pid=103680) __call__ /opt/stack/placement/placement/requestlog.py:55}}
Jan 17 08:11:51.533160 n-d-815347-3 devstack@placement-api.service[103681]: DEBUG placement.handlers.allocation [req-9634cc62-b0f3-45b8-b4fc-bbe89affb956 req-b2584fce-27cb-4d4e-bbdc-cea5bff3284c service placement] Successfully wrote allocations [, , ] {{(pid=103681) _update_consumers_and_create_allocations /opt/stack/placement/placement/handlers/allocation.py:462}}
Jan 17 08:11:51.554161 n-d-815347-3 devstack@placement-api.service[103681]: INFO placement.requestlog [req-9634cc62-b0f3-45b8-b4fc-bbe89affb956 req-b2584fce-27cb-4d4e-bbdc-cea5bff3284c service placement] 10.222.0.26 "PUT /placement/allocations/3ad1f66c-af4e-42cc-aec3-0ca88837a2bf" status: 204 len: 0 microversion: 1.36
Jan 17 08:11:51.561916 n-d-815347-3 devstack@placement-api.service[103681]: [pid: 103681|app: 0|req: 219/436] 10.222.0.26 () {64 vars in 1433 bytes} [Mon Jan 17 08:11:51 2022] PUT /placement/allocations/3ad1f66c-af4e-42cc-aec3-0ca88837a2bf => generated 0 bytes in 187 msecs (HTTP/1.1 204) 5 headers in 199 bytes (1 switches on core 0)
Jan 17 08:11:51.576926 n-d-815347-3 devstack@placement-api.service[103680]: DEBUG placement.objects.research_context [req-b22bf394-6025-4997-ae78-1432142a947b req-1dada092-65ee-4a5b-8abd-514d63d72d74 service placement] getting providers with 1024 MEMORY_MB {{(pid=103680) __init__ /opt/stack/placement/placement/objects/research_context.py:126}}
Jan 17 08:11:51.599515 n-d-815347-3 devstack@placement-api.service[103680]: DEBUG placement.objects.research_context [req-b22bf394-6025-4997-ae78-1432142a947b req-1dada092-65ee-4a5b-8abd-514d63d72d74 service placement] getting providers with 1 VCPU {{(pid=103680) __init__ /opt/stack/placement/placement/objects/research_context.py:126}}
Jan 17 08:11:51.605697 n-d-815347-3 devstack@placement-api.service[103680]: DEBUG placement.objects.research_context [req-b22bf394-6025-4997-ae78-1432142a947b req-1dada092-65ee-4a5b-8abd-514d63d72d74 service placement] found 2 providers with available 1024 MEMORY_MB {{(pid=103680) get_provider_ids_matching /opt/stack/placement/placement/objects/research_context.py:549}}
Jan 17 08:11:51.606201 n-d-815347-3 devstack@placement-api.service[103680]: DEBUG placement.objects.research_context [req-b22bf394-6025-4997-ae78-1432142a947b req-1dada092-65ee-4a5b-8abd-514d63d72d74 service placement] found 2 providers with available 1 VCPU {{(pid=103680) get_provider_ids_matching /opt/stack/placement/placement/objects/research_context.py:549}}
Jan 17 08:11:51.606643 n-d-815347-3 devstack@placement-api.service[103680]: DEBUG placement.objects.research_context [req-b22bf394-6025-4997-ae78-1432142a947b req-1dada092-65ee-4a5b-8abd-514d63d72d74 service placement] found 2 providers after filtering by previous result {{(pid=103680) get_provider_ids_matching /opt/stack/placement/placement/objects/research_context.py:580}}
Jan 17 08:11:51.627908 n-d-815347-3 devstack@placement-api.service[103680]: DEBUG placement.objects.allocation_candidate [req-b22bf394-6025-4997-ae78-1432142a947b req-1dada092-65ee-4a5b-8abd-514d63d72d74 service placement] RequestGroup(use_same_provider=False, resources={MEMORY_MB:1024, VCPU:1}, traits=[], aggregates=[]) (suffix '') returned 2 matches {{(pid=103680) _get_by_requests /opt/stack/placement/placement/objects/allocation_candidate.py:145}}
Jan 17 08:11:51.628565 n-d-815347-3 devstack@placement-api.service[103680]: DEBUG placement.objects.allocation_candidate [req-b22bf394-6025-4997-ae78-1432142a947b req-1dada092-65ee-4a5b-8abd-514d63d72d74 service placement] Merging candidates yields 2 allocation requests and 2 provider summaries {{(pid=103680) _merge_candidates /opt/stack/placement/placement/objects/allocation_candidate.py:783}}
Jan 17 08:11:51.634778 n-d-815347-3 devstack@placement-api.service[103680]: INFO placement.requestlog [req-b22bf394-6025-4997-ae78-1432142a947b req-1dada092-65ee-4a5b-8abd-514d63d72d74 service placement] 10.222.0.26 "GET /placement/allocation_candidates?limit=1000&resources=MEMORY_MB%3A1024%2CVCPU%3A1&root_required=%21COMPUTE_STATUS_DISABLED" status: 200 len: 1281 microversion: 1.36
Jan 17 08:11:51.637680 n-d-815347-3 devstack@placement-api.service[103680]: [pid: 103680|app: 0|req: 218/437] 10.222.0.26 () {60 vars in 1478 bytes} [Mon Jan 17 08:11:51 2022] GET /placement/allocation_candidates?limit=1000&resources=MEMORY_MB%3A1024%2CVCPU%3A1&root_required=%21COMPUTE_STATUS_DISABLED => generated 1281 bytes in 179 msecs (HTTP/1.1 200) 8 headers in 297 bytes (1 switches on core 0)
Jan 17 08:11:51.797510 n-d-815347-3 devstack@placement-api.service[103681]: DEBUG placement.requestlog [req-b22bf394-6025-4997-ae78-1432142a947b req-add49915-7753-4276-a09a-343232ae7eb8 None None] Starting request: 10.222.0.26 "GET /placement/allocations/365f5cff-d155-484b-ae84-4caa33a263a9" {{(pid=103681) __call__ /opt/stack/placement/placement/requestlog.py:55}}
Jan 17 08:11:51.824328 n-d-815347-3 devstack@placement-api.service[103681]: INFO placement.requestlog [req-b22bf394-6025-4997-ae78-1432142a947b req-add49915-7753-4276-a09a-343232ae7eb8 service placement] 10.222.0.26 "GET /placement/allocations/365f5cff-d155-484b-ae84-4caa33a263a9" status: 200 len: 19 microversion: 1.28
Jan 17 08:11:51.825296 n-d-815347-3 devstack@placement-api.service[103681]: [pid: 103681|app: 0|req: 220/438] 10.222.0.26 () {60 vars in 1380 bytes} [Mon Jan 17 08:11:51 2022] GET /placement/allocations/365f5cff-d155-484b-ae84-4caa33a263a9 => generated 19 bytes in 28 msecs (HTTP/1.1 200) 8 headers in 295 bytes (1 switches on core 0)
Jan 17 08:11:51.831997 n-d-815347-3 devstack@placement-api.service[103680]: DEBUG placement.requestlog [req-b22bf394-6025-4997-ae78-1432142a947b req-0ac7d2a8-3d4c-45c9-a5d9-cc3752a378f1 None None] Starting request: 10.222.0.26 "PUT /placement/allocations/365f5cff-d155-484b-ae84-4caa33a263a9" {{(pid=103680) __call__ /opt/stack/placement/placement/requestlog.py:55}}
Jan 17 08:11:51.931130 n-d-815347-3 devstack@placement-api.service[103680]: DEBUG placement.handlers.allocation [req-b22bf394-6025-4997-ae78-1432142a947b req-0ac7d2a8-3d4c-45c9-a5d9-cc3752a378f1 service placement] Successfully wrote allocations [, ] {{(pid=103680) _update_consumers_and_create_allocations /opt/stack/placement/placement/handlers/allocation.py:462}}
Jan 17 08:11:51.935447 n-d-815347-3 devstack@placement-api.service[103680]: INFO placement.requestlog [req-b22bf394-6025-4997-ae78-1432142a947b req-0ac7d2a8-3d4c-45c9-a5d9-cc3752a378f1 service placement] 10.222.0.26 "PUT /placement/allocations/365f5cff-d155-484b-ae84-4caa33a263a9" status: 204 len: 0 microversion: 1.36
Jan 17 08:11:51.947781 n-d-815347-3 devstack@placement-api.service[103680]: [pid: 103680|app: 0|req: 219/439] 10.222.0.26 () {64 vars in 1433 bytes} [Mon Jan 17 08:11:51 2022] PUT /placement/allocations/365f5cff-d155-484b-ae84-4caa33a263a9 => generated 0 bytes in 104 msecs (HTTP/1.1 204) 5 headers in 199 bytes (1 switches on core 0)
Jan 17 08:11:52.121781 n-d-815347-3 devstack@placement-api.service[103681]: DEBUG placement.requestlog [req-9634cc62-b0f3-45b8-b4fc-bbe89affb956 req-1cfd4db6-291d-4f7a-8e87-82acf96c473b None None] Starting request: 10.222.0.39 "GET /placement/allocations/3ad1f66c-af4e-42cc-aec3-0ca88837a2bf" {{(pid=103681) __call__ /opt/stack/placement/placement/requestlog.py:55}}
Jan 17 08:11:52.151022 n-d-815347-3 devstack@placement-api.service[103681]: INFO placement.requestlog [req-9634cc62-b0f3-45b8-b4fc-bbe89affb956 req-1cfd4db6-291d-4f7a-8e87-82acf96c473b service placement] 10.222.0.39 "GET /placement/allocations/3ad1f66c-af4e-42cc-aec3-0ca88837a2bf" status: 200 len: 259 microversion: 1.28
Jan 17 08:11:52.152454 n-d-815347-3 devstack@placement-api.service[103681]: [pid: 103681|app: 0|req: 221/440] 10.222.0.39 () {60 vars in 1377 bytes} [Mon Jan 17 08:11:52 2022] GET /placement/allocations/3ad1f66c-af4e-42cc-aec3-0ca88837a2bf => generated 259 bytes in 31 msecs (HTTP/1.1 200) 8 headers in 296 bytes (1 switches on core 0)
Jan 17 08:11:52.537842 n-d-815347-3 devstack@placement-api.service[103680]: DEBUG placement.requestlog [req-b22bf394-6025-4997-ae78-1432142a947b req-01d11d87-41ba-4181-9f1d-cbc01cde3267 None None] Starting request: 10.222.0.39 "GET /placement/allocations/365f5cff-d155-484b-ae84-4caa33a263a9" {{(pid=103680) __call__ /opt/stack/placement/placement/requestlog.py:55}}
Jan 17 08:11:52.568735 n-d-815347-3 devstack@placement-api.service[103680]: INFO placement.requestlog [req-b22bf394-6025-4997-ae78-1432142a947b req-01d11d87-41ba-4181-9f1d-cbc01cde3267 service placement] 10.222.0.39 "GET /placement/allocations/365f5cff-d155-484b-ae84-4caa33a263a9" status: 200 len: 245 microversion: 1.28
Jan 17 08:11:52.569316 n-d-815347-3 devstack@placement-api.service[103680]: [pid: 103680|app: 0|req: 220/441] 10.222.0.39 () {60 vars in 1377 bytes} [Mon Jan 17 08:11:52 2022] GET /placement/allocations/365f5cff-d155-484b-ae84-4caa33a263a9 => generated 245 bytes in 32 msecs (HTTP/1.1 200) 8 headers in 296 bytes (2 switches on core 0)
Jan 17 08:12:01.005015 n-d-815347-3 devstack@placement-api.service[103681]: DEBUG placement.requestlog [req-ac43d994-df16-4442-88c8-498a29ee7b20 req-ac88c36f-bfec-4f50-8056-65f3f2ea7446 None None] Starting request: 10.222.0.26 "GET /placement/allocation_candidates?limit=1000&resources=DISK_GB%3A1%2CMEMORY_MB%3A1024%2CVCPU%3A1&root_required=%21COMPUTE_STATUS_DISABLED" {{(pid=103681) __call__ /opt/stack/placement/placement/requestlog.py:55}}
Jan 17 08:12:01.084365 n-d-815347-3 devstack@placement-api.service[103681]: DEBUG placement.objects.research_context [req-ac43d994-df16-4442-88c8-498a29ee7b20 req-ac88c36f-bfec-4f50-8056-65f3f2ea7446 service placement] getting providers with 1 DISK_GB {{(pid=103681) __init__ /opt/stack/placement/placement/objects/research_context.py:126}}
Jan 17 08:12:01.098350 n-d-815347-3 devstack@placement-api.service[103681]: DEBUG placement.objects.research_context [req-ac43d994-df16-4442-88c8-498a29ee7b20 req-ac88c36f-bfec-4f50-8056-65f3f2ea7446 service placement] getting providers with 1024 MEMORY_MB {{(pid=103681) __init__ /opt/stack/placement/placement/objects/research_context.py:126}}
Jan 17 08:12:01.110765 n-d-815347-3 devstack@placement-api.service[103681]: DEBUG placement.objects.research_context [req-ac43d994-df16-4442-88c8-498a29ee7b20 req-ac88c36f-bfec-4f50-8056-65f3f2ea7446 service placement] getting providers with 1 VCPU {{(pid=103681) __init__ /opt/stack/placement/placement/objects/research_context.py:126}}
Jan 17 08:12:01.129644 n-d-815347-3 devstack@placement-api.service[103681]: DEBUG placement.objects.research_context [req-ac43d994-df16-4442-88c8-498a29ee7b20 req-ac88c36f-bfec-4f50-8056-65f3f2ea7446 service placement] found 2 providers with available 1 DISK_GB {{(pid=103681) get_provider_ids_matching /opt/stack/placement/placement/objects/research_context.py:549}}
Jan 17 08:12:01.132036 n-d-815347-3 devstack@placement-api.service[103681]: DEBUG placement.objects.research_context [req-ac43d994-df16-4442-88c8-498a29ee7b20 req-ac88c36f-bfec-4f50-8056-65f3f2ea7446 service placement] found 2 providers with available 1024 MEMORY_MB {{(pid=103681) get_provider_ids_matching /opt/stack/placement/placement/objects/research_context.py:549}}
Jan 17 08:12:01.132728 n-d-815347-3 devstack@placement-api.service[103681]: DEBUG placement.objects.research_context [req-ac43d994-df16-4442-88c8-498a29ee7b20 req-ac88c36f-bfec-4f50-8056-65f3f2ea7446 service placement] found 2 providers after filtering by previous result {{(pid=103681) get_provider_ids_matching /opt/stack/placement/placement/objects/research_context.py:580}}
Jan 17 08:12:01.133236 n-d-815347-3 devstack@placement-api.service[103681]: DEBUG placement.objects.research_context [req-ac43d994-df16-4442-88c8-498a29ee7b20 req-ac88c36f-bfec-4f50-8056-65f3f2ea7446 service placement] found 2 providers with available 1 VCPU {{(pid=103681) get_provider_ids_matching /opt/stack/placement/placement/objects/research_context.py:549}}
Jan 17 08:12:01.133746 n-d-815347-3 devstack@placement-api.service[103681]: DEBUG placement.objects.research_context [req-ac43d994-df16-4442-88c8-498a29ee7b20 req-ac88c36f-bfec-4f50-8056-65f3f2ea7446 service placement] found 2 providers after filtering by previous result {{(pid=103681) get_provider_ids_matching /opt/stack/placement/placement/objects/research_context.py:580}}
Jan 17 08:12:01.153779 n-d-815347-3 devstack@placement-api.service[103681]: DEBUG placement.objects.allocation_candidate [req-ac43d994-df16-4442-88c8-498a29ee7b20 req-ac88c36f-bfec-4f50-8056-65f3f2ea7446 service placement] RequestGroup(use_same_provider=False, resources={DISK_GB:1, MEMORY_MB:1024, VCPU:1}, traits=[], aggregates=[]) (suffix '') returned 2 matches {{(pid=103681) _get_by_requests /opt/stack/placement/placement/objects/allocation_candidate.py:145}}
Jan 17 08:12:01.154412 n-d-815347-3 devstack@placement-api.service[103681]: DEBUG placement.objects.allocation_candidate [req-ac43d994-df16-4442-88c8-498a29ee7b20 req-ac88c36f-bfec-4f50-8056-65f3f2ea7446 service placement] Merging candidates yields 2 allocation requests and 2 provider summaries {{(pid=103681) _merge_candidates /opt/stack/placement/placement/objects/allocation_candidate.py:783}}
Jan 17 08:12:01.156496 n-d-815347-3 devstack@placement-api.service[103681]: INFO placement.requestlog [req-ac43d994-df16-4442-88c8-498a29ee7b20 req-ac88c36f-bfec-4f50-8056-65f3f2ea7446 service placement] 10.222.0.26 "GET /placement/allocation_candidates?limit=1000&resources=DISK_GB%3A1%2CMEMORY_MB%3A1024%2CVCPU%3A1&root_required=%21COMPUTE_STATUS_DISABLED" status: 200 len: 1309 microversion: 1.36
Jan 17 08:12:01.157046 n-d-815347-3 devstack@placement-api.service[103681]: [pid: 103681|app: 0|req: 222/442] 10.222.0.26 () {60 vars in 1506 bytes} [Mon Jan 17 08:12:01 2022] GET /placement/allocation_candidates?limit=1000&resources=DISK_GB%3A1%2CMEMORY_MB%3A1024%2CVCPU%3A1&root_required=%21COMPUTE_STATUS_DISABLED => generated 1309 bytes in 153 msecs (HTTP/1.1 200) 8 headers in 297 bytes (1 switches on core 0)
Jan 17 08:12:01.285980 n-d-815347-3 devstack@placement-api.service[103680]: DEBUG placement.requestlog [req-ac43d994-df16-4442-88c8-498a29ee7b20 req-88a3c892-ffd9-4c31-820c-ecd2f449c561 None None] Starting request: 10.222.0.26 "GET /placement/allocations/690b4243-f3c6-4770-b7aa-efff36d9ea93" {{(pid=103680) __call__ /opt/stack/placement/placement/requestlog.py:55}}
Jan 17 08:12:01.305987 n-d-815347-3 devstack@placement-api.service[103680]: INFO placement.requestlog [req-ac43d994-df16-4442-88c8-498a29ee7b20 req-88a3c892-ffd9-4c31-820c-ecd2f449c561 service placement] 10.222.0.26 "GET /placement/allocations/690b4243-f3c6-4770-b7aa-efff36d9ea93" status: 200 len: 19 microversion: 1.28
Jan 17 08:12:01.315074 n-d-815347-3 devstack@placement-api.service[103680]: [pid: 103680|app: 0|req: 221/443] 10.222.0.26 () {60 vars in 1380 bytes} [Mon Jan 17 08:12:01 2022] GET /placement/allocations/690b4243-f3c6-4770-b7aa-efff36d9ea93 => generated 19 bytes in 29 msecs (HTTP/1.1 200) 8 headers in 295 bytes (1 switches on core 0)
Jan 17 08:12:01.331084 n-d-815347-3 devstack@placement-api.service[103681]: DEBUG placement.requestlog [req-ac43d994-df16-4442-88c8-498a29ee7b20 req-a7c6e1f2-c6ca-4b6d-be92-6ce31c57e1dd None None] Starting request: 10.222.0.26 "PUT /placement/allocations/690b4243-f3c6-4770-b7aa-efff36d9ea93" {{(pid=103681) __call__ /opt/stack/placement/placement/requestlog.py:55}}
Jan 17 08:12:01.448364 n-d-815347-3 devstack@placement-api.service[103681]: DEBUG placement.handlers.allocation [req-ac43d994-df16-4442-88c8-498a29ee7b20 req-a7c6e1f2-c6ca-4b6d-be92-6ce31c57e1dd service placement] Successfully wrote allocations [, , ] {{(pid=103681) _update_consumers_and_create_allocations /opt/stack/placement/placement/handlers/allocation.py:462}}
Jan 17 08:12:01.460591 n-d-815347-3 devstack@placement-api.service[103681]: INFO placement.requestlog [req-ac43d994-df16-4442-88c8-498a29ee7b20 req-a7c6e1f2-c6ca-4b6d-be92-6ce31c57e1dd service placement] 10.222.0.26 "PUT /placement/allocations/690b4243-f3c6-4770-b7aa-efff36d9ea93" status: 204 len: 0 microversion: 1.36
Jan 17 08:12:01.462265 n-d-815347-3 devstack@placement-api.service[103681]: [pid: 103681|app: 0|req: 223/444] 10.222.0.26 () {64 vars in 1433 bytes} [Mon Jan 17 08:12:01 2022] PUT /placement/allocations/690b4243-f3c6-4770-b7aa-efff36d9ea93 => generated 0 bytes in 131 msecs (HTTP/1.1 204) 5 headers in 199 bytes (1 switches on core 0)
Jan 17 08:12:01.970349 n-d-815347-3 devstack@placement-api.service[103680]: DEBUG placement.requestlog [req-ac43d994-df16-4442-88c8-498a29ee7b20 req-8aaa3be1-5ef1-482c-9e1c-01f4f4ae7c36 None None] Starting request: 10.222.0.65 "GET /placement/allocations/690b4243-f3c6-4770-b7aa-efff36d9ea93" {{(pid=103680) __call__ /opt/stack/placement/placement/requestlog.py:55}}
Jan 17 08:12:02.004494 n-d-815347-3 devstack@placement-api.service[103680]: INFO placement.requestlog [req-ac43d994-df16-4442-88c8-498a29ee7b20 req-8aaa3be1-5ef1-482c-9e1c-01f4f4ae7c36 service placement] 10.222.0.65 "GET /placement/allocations/690b4243-f3c6-4770-b7aa-efff36d9ea93" status: 200 len: 259 microversion: 1.28
Jan 17 08:12:02.005639 n-d-815347-3 devstack@placement-api.service[103680]: [pid: 103680|app: 0|req: 222/445] 10.222.0.65 () {60 vars in 1377 bytes} [Mon Jan 17 08:12:01 2022] GET /placement/allocations/690b4243-f3c6-4770-b7aa-efff36d9ea93 => generated 259 bytes in 36 msecs (HTTP/1.1 200) 8 headers in 296 bytes (1 switches on core 0)
Jan 17 08:12:14.614956 n-d-815347-3 devstack@placement-api.service[103681]: DEBUG placement.requestlog [None req-cb8ce87a-120d-49fb-a691-33af1f271f69 None None] Starting request: 10.222.0.26 "GET /placement/" {{(pid=103681) __call__ /opt/stack/placement/placement/requestlog.py:55}}
Jan 17 08:12:14.615953 n-d-815347-3 devstack@placement-api.service[103681]: INFO placement.requestlog [None req-cb8ce87a-120d-49fb-a691-33af1f271f69 None None] 10.222.0.26 "GET /placement/" status: 200 len: 136 microversion: 1.0
Jan 17 08:12:14.616314 n-d-815347-3 devstack@placement-api.service[103681]: [pid: 103681|app: 0|req: 224/446] 10.222.0.26 () {54 vars in 916 bytes} [Mon Jan 17 08:12:14 2022] GET /placement => generated 136 bytes in 2 msecs (HTTP/1.1 200) 6 headers in 224 bytes (1 switches on core 0)
Jan 17 08:12:14.625826 n-d-815347-3 devstack@placement-api.service[103680]: DEBUG placement.requestlog [req-68078587-3e1a-4898-a2dc-7c3790006663 req-338f3cef-cce0-46cf-8dc5-66b534920ec6 None None] Starting request: 10.222.0.26 "GET /placement/allocations/8999203b-e32d-46fe-a2a7-3190166b6595" {{(pid=103680) __call__ /opt/stack/placement/placement/requestlog.py:55}}
Jan 17 08:12:14.742571 n-d-815347-3 devstack@placement-api.service[103680]: INFO placement.requestlog [req-68078587-3e1a-4898-a2dc-7c3790006663 req-338f3cef-cce0-46cf-8dc5-66b534920ec6 service placement] 10.222.0.26 "GET /placement/allocations/8999203b-e32d-46fe-a2a7-3190166b6595" status: 200 len: 259 microversion: 1.28
Jan 17 08:12:14.743354 n-d-815347-3 devstack@placement-api.service[103680]: [pid: 103680|app: 0|req: 223/447] 10.222.0.26 () {60 vars in 1380 bytes} [Mon Jan 17 08:12:14 2022] GET /placement/allocations/8999203b-e32d-46fe-a2a7-3190166b6595 => generated 259 bytes in 118 msecs (HTTP/1.1 200) 8 headers in 296 bytes (1 switches on core 0)
Jan 17 08:12:14.749647 n-d-815347-3 devstack@placement-api.service[103681]: DEBUG placement.requestlog [req-68078587-3e1a-4898-a2dc-7c3790006663 req-2514cf55-22c1-4ddb-ad3d-4feba23be80b None None] Starting request: 10.222.0.26 "GET /placement/allocations/8999203b-e32d-46fe-a2a7-3190166b6595" {{(pid=103681) __call__ /opt/stack/placement/placement/requestlog.py:55}}
Jan 17 08:12:14.777477 n-d-815347-3 devstack@placement-api.service[103681]: INFO placement.requestlog [req-68078587-3e1a-4898-a2dc-7c3790006663 req-2514cf55-22c1-4ddb-ad3d-4feba23be80b service placement] 10.222.0.26 "GET /placement/allocations/8999203b-e32d-46fe-a2a7-3190166b6595" status: 200 len: 259 microversion: 1.28
Jan 17 08:12:14.778428 n-d-815347-3 devstack@placement-api.service[103681]: [pid: 103681|app: 0|req: 225/448] 10.222.0.26 () {60 vars in 1380 bytes} [Mon Jan 17 08:12:14 2022] GET /placement/allocations/8999203b-e32d-46fe-a2a7-3190166b6595 => generated 259 bytes in 29 msecs (HTTP/1.1 200) 8 headers in 296 bytes (1 switches on core 0)
Jan 17 08:12:14.784649 n-d-815347-3 devstack@placement-api.service[103680]: DEBUG placement.requestlog [req-68078587-3e1a-4898-a2dc-7c3790006663 req-8dffbbeb-15fc-4952-a594-9f2d2ecffcc9 None None] Starting request: 10.222.0.26 "GET /placement/allocations/2d5f3754-bc0b-4a10-b246-6d1cd8269a1c" {{(pid=103680) __call__ /opt/stack/placement/placement/requestlog.py:55}}
Jan 17 08:12:14.805385 n-d-815347-3 devstack@placement-api.service[103680]: INFO placement.requestlog [req-68078587-3e1a-4898-a2dc-7c3790006663 req-8dffbbeb-15fc-4952-a594-9f2d2ecffcc9 service placement] 10.222.0.26 "GET /placement/allocations/2d5f3754-bc0b-4a10-b246-6d1cd8269a1c" status: 200 len: 19 microversion: 1.28
Jan 17 08:12:14.806122 n-d-815347-3 devstack@placement-api.service[103680]: [pid: 103680|app: 0|req: 224/449] 10.222.0.26 () {60 vars in 1380 bytes} [Mon Jan 17 08:12:14 2022] GET /placement/allocations/2d5f3754-bc0b-4a10-b246-6d1cd8269a1c => generated 19 bytes in 22 msecs (HTTP/1.1 200) 8 headers in 295 bytes (1 switches on core 0)
Jan 17 08:12:14.816279 n-d-815347-3 devstack@placement-api.service[103681]: DEBUG placement.requestlog [req-68078587-3e1a-4898-a2dc-7c3790006663 req-48f55f96-d089-46a4-954f-0492fadf31a0 None None] Starting request: 10.222.0.26 "POST /placement/allocations" {{(pid=103681) __call__ /opt/stack/placement/placement/requestlog.py:55}}
Jan 17 08:12:14.939252 n-d-815347-3 devstack@placement-api.service[103681]: DEBUG placement.handlers.allocation [req-68078587-3e1a-4898-a2dc-7c3790006663 req-48f55f96-d089-46a4-954f-0492fadf31a0 service placement] Successfully wrote allocations [, , , , , ] {{(pid=103681) _update_consumers_and_create_allocations /opt/stack/placement/placement/handlers/allocation.py:572}}
Jan 17 08:12:14.955441 n-d-815347-3 devstack@placement-api.service[103681]: INFO placement.requestlog [req-68078587-3e1a-4898-a2dc-7c3790006663 req-48f55f96-d089-46a4-954f-0492fadf31a0 service placement] 10.222.0.26 "POST /placement/allocations" status: 204 len: 0 microversion: 1.28
Jan 17 08:12:14.956231 n-d-815347-3 devstack@placement-api.service[103681]: [pid: 103681|app: 0|req: 226/450] 10.222.0.26 () {64 vars in 1323 bytes} [Mon Jan 17 08:12:14 2022] POST /placement/allocations => generated 0 bytes in 140 msecs (HTTP/1.1 204) 5 headers in 199 bytes (1 switches on core 0)
Jan 17 08:12:15.029085 n-d-815347-3 devstack@placement-api.service[103680]: DEBUG placement.requestlog [req-68078587-3e1a-4898-a2dc-7c3790006663 req-80e6fb4d-bfe6-4b1f-add5-0d129c6289d7 None None] Starting request: 10.222.0.26 "GET /placement/allocations/8999203b-e32d-46fe-a2a7-3190166b6595" {{(pid=103680) __call__ /opt/stack/placement/placement/requestlog.py:55}}
Jan 17 08:12:15.049074 n-d-815347-3 devstack@placement-api.service[103680]: INFO placement.requestlog [req-68078587-3e1a-4898-a2dc-7c3790006663 req-80e6fb4d-bfe6-4b1f-add5-0d129c6289d7 service placement] 10.222.0.26 "GET /placement/allocations/8999203b-e32d-46fe-a2a7-3190166b6595" status: 200 len: 19 microversion: 1.28
Jan 17 08:12:15.055110 n-d-815347-3 devstack@placement-api.service[103680]: [pid: 103680|app: 0|req: 225/451] 10.222.0.26 () {60 vars in 1380 bytes} [Mon Jan 17 08:12:15 2022] GET /placement/allocations/8999203b-e32d-46fe-a2a7-3190166b6595 => generated 19 bytes in 26 msecs (HTTP/1.1 200) 8 headers in 295 bytes (2 switches on core 0)
Jan 17 08:12:15.057110 n-d-815347-3 devstack@placement-api.service[103681]: DEBUG placement.requestlog [req-68078587-3e1a-4898-a2dc-7c3790006663 req-87a8a31f-8323-4e74-9d4e-99e7b15598cb None None] Starting request: 10.222.0.26 "PUT /placement/allocations/8999203b-e32d-46fe-a2a7-3190166b6595" {{(pid=103681) __call__ /opt/stack/placement/placement/requestlog.py:55}}
Jan 17 08:12:15.155295 n-d-815347-3 devstack@placement-api.service[103681]: DEBUG placement.handlers.allocation [req-68078587-3e1a-4898-a2dc-7c3790006663 req-87a8a31f-8323-4e74-9d4e-99e7b15598cb service placement] Successfully wrote allocations [, , ] {{(pid=103681) _update_consumers_and_create_allocations /opt/stack/placement/placement/handlers/allocation.py:462}}
Jan 17 08:12:15.159949 n-d-815347-3 devstack@placement-api.service[103681]: INFO placement.requestlog [req-68078587-3e1a-4898-a2dc-7c3790006663 req-87a8a31f-8323-4e74-9d4e-99e7b15598cb service placement] 10.222.0.26 "PUT /placement/allocations/8999203b-e32d-46fe-a2a7-3190166b6595" status: 204 len: 0 microversion: 1.28
Jan 17 08:12:15.170323 n-d-815347-3 devstack@placement-api.service[103681]: [pid: 103681|app: 0|req: 227/452] 10.222.0.26 () {64 vars in 1433 bytes} [Mon Jan 17 08:12:15 2022] PUT /placement/allocations/8999203b-e32d-46fe-a2a7-3190166b6595 => generated 0 bytes in 105 msecs (HTTP/1.1 204) 5 headers in 199 bytes (1 switches on core 0)
Jan 17 08:12:22.363123 n-d-815347-3 devstack@placement-api.service[103680]: DEBUG placement.requestlog [req-68078587-3e1a-4898-a2dc-7c3790006663 req-12adbeb8-80de-4f69-aa84-36bbdf142120 None None] Starting request: 10.222.0.39 "GET /placement/allocations/8999203b-e32d-46fe-a2a7-3190166b6595" {{(pid=103680) __call__ /opt/stack/placement/placement/requestlog.py:55}}
Jan 17 08:12:22.381197 n-d-815347-3 devstack@placement-api.service[103680]: INFO placement.requestlog [req-68078587-3e1a-4898-a2dc-7c3790006663 req-12adbeb8-80de-4f69-aa84-36bbdf142120 service placement] 10.222.0.39 "GET /placement/allocations/8999203b-e32d-46fe-a2a7-3190166b6595" status: 200 len: 259 microversion: 1.28
Jan 17 08:12:22.382087 n-d-815347-3 devstack@placement-api.service[103680]: [pid: 103680|app: 0|req: 226/453] 10.222.0.39 () {60 vars in 1377 bytes} [Mon Jan 17 08:12:22 2022] GET /placement/allocations/8999203b-e32d-46fe-a2a7-3190166b6595 => generated 259 bytes in 19 msecs (HTTP/1.1 200) 8 headers in 296 bytes (1 switches on core 0)
Jan 17 08:12:41.159517 n-d-815347-3 devstack@placement-api.service[103681]: DEBUG placement.requestlog [req-68078587-3e1a-4898-a2dc-7c3790006663 req-26b742ff-3c01-4b3c-9b27-b4e23eb32ca5 None None] Starting request: 10.222.0.65 "GET /placement/resource_providers/cea2715b-197f-45bc-b033-ba9277ec0c26/allocations" {{(pid=103681) __call__ /opt/stack/placement/placement/requestlog.py:55}}
Jan 17 08:12:41.182324 n-d-815347-3 devstack@placement-api.service[103681]: INFO placement.requestlog [req-68078587-3e1a-4898-a2dc-7c3790006663 req-26b742ff-3c01-4b3c-9b27-b4e23eb32ca5 service placement] 10.222.0.65 "GET /placement/resource_providers/cea2715b-197f-45bc-b033-ba9277ec0c26/allocations" status: 200 len: 356 microversion: 1.0
Jan 17 08:12:41.182981 n-d-815347-3 devstack@placement-api.service[103681]: [pid: 103681|app: 0|req: 228/454] 10.222.0.65 () {58 vars in 1390 bytes} [Mon Jan 17 08:12:41 2022] GET /placement/resource_providers/cea2715b-197f-45bc-b033-ba9277ec0c26/allocations => generated 356 bytes in 24 msecs (HTTP/1.1 200) 6 headers in 224 bytes (1 switches on core 0)
Jan 17 08:12:41.505195 n-d-815347-3 devstack@placement-api.service[103680]: DEBUG placement.requestlog [req-68078587-3e1a-4898-a2dc-7c3790006663 req-55de253d-28f7-46ab-a151-6bbcb0b3b930 None None] Starting request: 10.222.0.65 "GET /placement/allocations/2d5f3754-bc0b-4a10-b246-6d1cd8269a1c" {{(pid=103680) __call__ /opt/stack/placement/placement/requestlog.py:55}}
Jan 17 08:12:41.521888 n-d-815347-3 devstack@placement-api.service[103680]: INFO placement.requestlog [req-68078587-3e1a-4898-a2dc-7c3790006663 req-55de253d-28f7-46ab-a151-6bbcb0b3b930 service placement] 10.222.0.65 "GET /placement/allocations/2d5f3754-bc0b-4a10-b246-6d1cd8269a1c" status: 200 len: 259 microversion: 1.28
Jan 17 08:12:41.522525 n-d-815347-3 devstack@placement-api.service[103680]: [pid: 103680|app: 0|req: 227/455] 10.222.0.65 () {60 vars in 1377 bytes} [Mon Jan 17 08:12:41 2022] GET /placement/allocations/2d5f3754-bc0b-4a10-b246-6d1cd8269a1c => generated 259 bytes in 18 msecs (HTTP/1.1 200) 8 headers in 296 bytes (1 switches on core 0)
Jan 17 08:12:41.536009 n-d-815347-3 devstack@placement-api.service[103681]: DEBUG placement.requestlog [req-68078587-3e1a-4898-a2dc-7c3790006663 req-9974293e-0b36-4aae-a78a-41e3e88a2461 None None] Starting request: 10.222.0.65 "PUT /placement/allocations/2d5f3754-bc0b-4a10-b246-6d1cd8269a1c" {{(pid=103681) __call__ /opt/stack/placement/placement/requestlog.py:55}}
Jan 17 08:12:41.579193 n-d-815347-3 devstack@placement-api.service[103681]: DEBUG placement.handlers.allocation [req-68078587-3e1a-4898-a2dc-7c3790006663 req-9974293e-0b36-4aae-a78a-41e3e88a2461 service placement] Successfully wrote allocations [, , ] {{(pid=103681) _update_consumers_and_create_allocations /opt/stack/placement/placement/handlers/allocation.py:462}}
Jan 17 08:12:41.584394 n-d-815347-3 devstack@placement-api.service[103681]: INFO placement.requestlog [req-68078587-3e1a-4898-a2dc-7c3790006663 req-9974293e-0b36-4aae-a78a-41e3e88a2461 service placement] 10.222.0.65 "PUT /placement/allocations/2d5f3754-bc0b-4a10-b246-6d1cd8269a1c" status: 204 len: 0 microversion: 1.28
Jan 17 08:12:41.584996 n-d-815347-3 devstack@placement-api.service[103681]: [pid: 103681|app: 0|req: 229/456] 10.222.0.65 () {64 vars in 1430 bytes} [Mon Jan 17 08:12:41 2022] PUT /placement/allocations/2d5f3754-bc0b-4a10-b246-6d1cd8269a1c => generated 0 bytes in 49 msecs (HTTP/1.1 204) 5 headers in 199 bytes (1 switches on core 0)
Jan 17 08:12:42.406505 n-d-815347-3 devstack@placement-api.service[103680]: DEBUG placement.requestlog [req-64471aa5-86de-4a53-bf50-d872f9e6d59b req-44609ad3-dd04-4a0d-8233-f437494b002d None None] Starting request: 10.222.0.26 "GET /placement/allocation_candidates?limit=1000&resources=DISK_GB%3A1%2CMEMORY_MB%3A1024%2CVCPU%3A1&root_required=%21COMPUTE_STATUS_DISABLED" {{(pid=103680) __call__ /opt/stack/placement/placement/requestlog.py:55}}
Jan 17 08:12:42.440533 n-d-815347-3 devstack@placement-api.service[103680]: DEBUG placement.objects.research_context [req-64471aa5-86de-4a53-bf50-d872f9e6d59b req-44609ad3-dd04-4a0d-8233-f437494b002d service placement] getting providers with 1 DISK_GB {{(pid=103680) __init__ /opt/stack/placement/placement/objects/research_context.py:126}}
Jan 17 08:12:42.447981 n-d-815347-3 devstack@placement-api.service[103680]: DEBUG placement.objects.research_context [req-64471aa5-86de-4a53-bf50-d872f9e6d59b req-44609ad3-dd04-4a0d-8233-f437494b002d service placement] getting providers with 1024 MEMORY_MB {{(pid=103680) __init__ /opt/stack/placement/placement/objects/research_context.py:126}}
Jan 17 08:12:42.454505 n-d-815347-3 devstack@placement-api.service[103680]: DEBUG placement.objects.research_context [req-64471aa5-86de-4a53-bf50-d872f9e6d59b req-44609ad3-dd04-4a0d-8233-f437494b002d service placement] getting providers with 1 VCPU {{(pid=103680) __init__ /opt/stack/placement/placement/objects/research_context.py:126}}
Jan 17 08:12:42.461318 n-d-815347-3 devstack@placement-api.service[103680]: DEBUG placement.objects.research_context [req-64471aa5-86de-4a53-bf50-d872f9e6d59b req-44609ad3-dd04-4a0d-8233-f437494b002d service placement] found 2 providers with available 1 DISK_GB {{(pid=103680) get_provider_ids_matching /opt/stack/placement/placement/objects/research_context.py:549}}
Jan 17 08:12:42.462087 n-d-815347-3 devstack@placement-api.service[103680]: DEBUG placement.objects.research_context [req-64471aa5-86de-4a53-bf50-d872f9e6d59b req-44609ad3-dd04-4a0d-8233-f437494b002d service placement] found 2 providers with available 1024 MEMORY_MB {{(pid=103680) get_provider_ids_matching /opt/stack/placement/placement/objects/research_context.py:549}}
Jan 17 08:12:42.462533 n-d-815347-3 devstack@placement-api.service[103680]: DEBUG placement.objects.research_context [req-64471aa5-86de-4a53-bf50-d872f9e6d59b req-44609ad3-dd04-4a0d-8233-f437494b002d service placement] found 2 providers after filtering by previous result {{(pid=103680) get_provider_ids_matching /opt/stack/placement/placement/objects/research_context.py:580}}
Jan 17 08:12:42.462988 n-d-815347-3 devstack@placement-api.service[103680]: DEBUG placement.objects.research_context [req-64471aa5-86de-4a53-bf50-d872f9e6d59b req-44609ad3-dd04-4a0d-8233-f437494b002d service placement] found 2 providers with available 1 VCPU {{(pid=103680) get_provider_ids_matching /opt/stack/placement/placement/objects/research_context.py:549}}
Jan 17 08:12:42.463441 n-d-815347-3 devstack@placement-api.service[103680]: DEBUG placement.objects.research_context [req-64471aa5-86de-4a53-bf50-d872f9e6d59b req-44609ad3-dd04-4a0d-8233-f437494b002d service placement] found 2 providers after filtering by previous result {{(pid=103680) get_provider_ids_matching /opt/stack/placement/placement/objects/research_context.py:580}}
Jan 17 08:12:42.480654 n-d-815347-3 devstack@placement-api.service[103680]: DEBUG placement.objects.allocation_candidate [req-64471aa5-86de-4a53-bf50-d872f9e6d59b req-44609ad3-dd04-4a0d-8233-f437494b002d service placement] RequestGroup(use_same_provider=False, resources={DISK_GB:1, MEMORY_MB:1024, VCPU:1}, traits=[], aggregates=[]) (suffix '') returned 2 matches {{(pid=103680) _get_by_requests /opt/stack/placement/placement/objects/allocation_candidate.py:145}}
Jan 17 08:12:42.481311 n-d-815347-3 devstack@placement-api.service[103680]: DEBUG placement.objects.allocation_candidate [req-64471aa5-86de-4a53-bf50-d872f9e6d59b req-44609ad3-dd04-4a0d-8233-f437494b002d service placement] Merging candidates yields 2 allocation requests and 2 provider summaries {{(pid=103680) _merge_candidates /opt/stack/placement/placement/objects/allocation_candidate.py:783}}
Jan 17 08:12:42.483242 n-d-815347-3 devstack@placement-api.service[103680]: INFO placement.requestlog [req-64471aa5-86de-4a53-bf50-d872f9e6d59b req-44609ad3-dd04-4a0d-8233-f437494b002d service placement] 10.222.0.26 "GET /placement/allocation_candidates?limit=1000&resources=DISK_GB%3A1%2CMEMORY_MB%3A1024%2CVCPU%3A1&root_required=%21COMPUTE_STATUS_DISABLED" status: 200 len: 1309 microversion: 1.36
Jan 17 08:12:42.487986 n-d-815347-3 devstack@placement-api.service[103680]: [pid: 103680|app: 0|req: 228/457] 10.222.0.26 () {60 vars in 1506 bytes} [Mon Jan 17 08:12:42 2022] GET /placement/allocation_candidates?limit=1000&resources=DISK_GB%3A1%2CMEMORY_MB%3A1024%2CVCPU%3A1&root_required=%21COMPUTE_STATUS_DISABLED => generated 1309 bytes in 82 msecs (HTTP/1.1 200) 8 headers in 297 bytes (1 switches on core 0)
Jan 17 08:12:42.550016 n-d-815347-3 devstack@placement-api.service[103681]: DEBUG placement.requestlog [req-64471aa5-86de-4a53-bf50-d872f9e6d59b req-51781435-f476-436f-a7d0-31d514164e6b None None] Starting request: 10.222.0.26 "GET /placement/allocations/a33dd25c-c2a5-490d-a8c8-93c54dda1f48" {{(pid=103681) __call__ /opt/stack/placement/placement/requestlog.py:55}}
Jan 17 08:12:42.561646 n-d-815347-3 devstack@placement-api.service[103681]: INFO placement.requestlog [req-64471aa5-86de-4a53-bf50-d872f9e6d59b req-51781435-f476-436f-a7d0-31d514164e6b service placement] 10.222.0.26 "GET /placement/allocations/a33dd25c-c2a5-490d-a8c8-93c54dda1f48" status: 200 len: 19 microversion: 1.28
Jan 17 08:12:42.562605 n-d-815347-3 devstack@placement-api.service[103681]: [pid: 103681|app: 0|req: 230/458] 10.222.0.26 () {60 vars in 1380 bytes} [Mon Jan 17 08:12:42 2022] GET /placement/allocations/a33dd25c-c2a5-490d-a8c8-93c54dda1f48 => generated 19 bytes in 13 msecs (HTTP/1.1 200) 8 headers in 295 bytes (1 switches on core 0)
Jan 17 08:12:42.568795 n-d-815347-3 devstack@placement-api.service[103680]: DEBUG placement.requestlog [req-64471aa5-86de-4a53-bf50-d872f9e6d59b req-7a9e1e1c-4b9a-45f1-b0cf-868fcfd2f087 None None] Starting request: 10.222.0.26 "PUT /placement/allocations/a33dd25c-c2a5-490d-a8c8-93c54dda1f48" {{(pid=103680) __call__ /opt/stack/placement/placement/requestlog.py:55}}
Jan 17 08:12:42.629091 n-d-815347-3 devstack@placement-api.service[103680]: DEBUG placement.handlers.allocation [req-64471aa5-86de-4a53-bf50-d872f9e6d59b req-7a9e1e1c-4b9a-45f1-b0cf-868fcfd2f087 service placement] Successfully wrote allocations [, , ] {{(pid=103680) _update_consumers_and_create_allocations /opt/stack/placement/placement/handlers/allocation.py:462}}
Jan 17 08:12:42.633451 n-d-815347-3 devstack@placement-api.service[103680]: INFO placement.requestlog [req-64471aa5-86de-4a53-bf50-d872f9e6d59b req-7a9e1e1c-4b9a-45f1-b0cf-868fcfd2f087 service placement] 10.222.0.26 "PUT /placement/allocations/a33dd25c-c2a5-490d-a8c8-93c54dda1f48" status: 204 len: 0 microversion: 1.36
Jan 17 08:12:42.634571 n-d-815347-3 devstack@placement-api.service[103680]: [pid: 103680|app: 0|req: 229/459] 10.222.0.26 () {64 vars in 1433 bytes} [Mon Jan 17 08:12:42 2022] PUT /placement/allocations/a33dd25c-c2a5-490d-a8c8-93c54dda1f48 => generated 0 bytes in 66 msecs (HTTP/1.1 204) 5 headers in 199 bytes (1 switches on core 0)
Jan 17 08:12:42.980880 n-d-815347-3 devstack@placement-api.service[103681]: DEBUG placement.requestlog [req-64471aa5-86de-4a53-bf50-d872f9e6d59b req-9fdca110-1cfb-40cd-9539-733b17f04d02 None None] Starting request: 10.222.0.65 "GET /placement/allocations/a33dd25c-c2a5-490d-a8c8-93c54dda1f48" {{(pid=103681) __call__ /opt/stack/placement/placement/requestlog.py:55}}
Jan 17 08:12:42.998304 n-d-815347-3 devstack@placement-api.service[103681]: INFO placement.requestlog [req-64471aa5-86de-4a53-bf50-d872f9e6d59b req-9fdca110-1cfb-40cd-9539-733b17f04d02 service placement] 10.222.0.65 "GET /placement/allocations/a33dd25c-c2a5-490d-a8c8-93c54dda1f48" status: 200 len: 259 microversion: 1.28
Jan 17 08:12:42.998304 n-d-815347-3 devstack@placement-api.service[103681]: [pid: 103681|app: 0|req: 231/460] 10.222.0.65 () {60 vars in 1377 bytes} [Mon Jan 17 08:12:42 2022] GET /placement/allocations/a33dd25c-c2a5-490d-a8c8-93c54dda1f48 => generated 259 bytes in 17 msecs (HTTP/1.1 200) 8 headers in 296 bytes (2 switches on core 0)
Jan 17 08:12:44.866717 n-d-815347-3 devstack@placement-api.service[103680]: DEBUG placement.requestlog [req-5bb97d73-40a7-4958-8fa4-b55795b69602 req-0077ef8b-170d-4195-846a-fa2ef4da2194 None None] Starting request: 10.222.0.39 "DELETE /placement/allocations/3ad1f66c-af4e-42cc-aec3-0ca88837a2bf" {{(pid=103680) __call__ /opt/stack/placement/placement/requestlog.py:55}}
