Jan 17 08:26:48.521795 n-d-815347-3 devstack@placement-api.service[103680]: DEBUG placement.requestlog [req-56a95db1-545d-4547-981a-c24f14b584d6 req-d6775462-de06-4e5a-9c99-64c3eda611bd None None] Starting request: 10.222.0.65 "DELETE /placement/allocations/cd440ead-b9a9-41f9-9755-fb64b083c7f7" {{(pid=103680) __call__ /opt/stack/placement/placement/requestlog.py:55}}
Jan 17 08:26:48.587861 n-d-815347-3 devstack@placement-api.service[103680]: DEBUG placement.handlers.allocation [req-56a95db1-545d-4547-981a-c24f14b584d6 req-d6775462-de06-4e5a-9c99-64c3eda611bd service placement] Successfully deleted allocations [, , ] {{(pid=103680) delete_allocations /opt/stack/placement/placement/handlers/allocation.py:627}}
Jan 17 08:26:48.589031 n-d-815347-3 devstack@placement-api.service[103680]: INFO placement.requestlog [req-56a95db1-545d-4547-981a-c24f14b584d6 req-d6775462-de06-4e5a-9c99-64c3eda611bd service placement] 10.222.0.65 "DELETE /placement/allocations/cd440ead-b9a9-41f9-9755-fb64b083c7f7" status: 204 len: 0 microversion: 1.0
Jan 17 08:26:48.589919 n-d-815347-3 devstack@placement-api.service[103680]: [pid: 103680|app: 0|req: 428/857] 10.222.0.65 () {60 vars in 1355 bytes} [Mon Jan 17 08:26:48 2022] DELETE /placement/allocations/cd440ead-b9a9-41f9-9755-fb64b083c7f7 => generated 0 bytes in 68 msecs (HTTP/1.1 204) 5 headers in 198 bytes (1 switches on core 0)
Jan 17 08:26:49.030351 n-d-815347-3 devstack@placement-api.service[103681]: DEBUG placement.requestlog [req-9c21d73e-b80b-4f73-abd6-b7e88feb46dc req-7b0704a5-949c-46a1-a6b0-64c1aa7062ff None None] Starting request: 10.222.0.26 "GET /placement/allocation_candidates?limit=1000&resources=DISK_GB%3A1%2CMEMORY_MB%3A1024%2CVCPU%3A1&root_required=%21COMPUTE_STATUS_DISABLED" {{(pid=103681) __call__ /opt/stack/placement/placement/requestlog.py:55}}
Jan 17 08:26:49.093124 n-d-815347-3 devstack@placement-api.service[103681]: DEBUG placement.objects.research_context [req-9c21d73e-b80b-4f73-abd6-b7e88feb46dc req-7b0704a5-949c-46a1-a6b0-64c1aa7062ff service placement] getting providers with 1 DISK_GB {{(pid=103681) __init__ /opt/stack/placement/placement/objects/research_context.py:126}}
Jan 17 08:26:49.113714 n-d-815347-3 devstack@placement-api.service[103681]: DEBUG placement.objects.research_context [req-9c21d73e-b80b-4f73-abd6-b7e88feb46dc req-7b0704a5-949c-46a1-a6b0-64c1aa7062ff service placement] getting providers with 1024 MEMORY_MB {{(pid=103681) __init__ /opt/stack/placement/placement/objects/research_context.py:126}}
Jan 17 08:26:49.124307 n-d-815347-3 devstack@placement-api.service[103681]: DEBUG placement.objects.research_context [req-9c21d73e-b80b-4f73-abd6-b7e88feb46dc req-7b0704a5-949c-46a1-a6b0-64c1aa7062ff service placement] getting providers with 1 VCPU {{(pid=103681) __init__ /opt/stack/placement/placement/objects/research_context.py:126}}
Jan 17 08:26:49.156388 n-d-815347-3 devstack@placement-api.service[103681]: DEBUG placement.objects.research_context [req-9c21d73e-b80b-4f73-abd6-b7e88feb46dc req-7b0704a5-949c-46a1-a6b0-64c1aa7062ff service placement] found 2 providers with available 1 DISK_GB {{(pid=103681) get_provider_ids_matching /opt/stack/placement/placement/objects/research_context.py:549}}
Jan 17 08:26:49.156862 n-d-815347-3 devstack@placement-api.service[103681]: DEBUG placement.objects.research_context [req-9c21d73e-b80b-4f73-abd6-b7e88feb46dc req-7b0704a5-949c-46a1-a6b0-64c1aa7062ff service placement] found 2 providers with available 1024 MEMORY_MB {{(pid=103681) get_provider_ids_matching /opt/stack/placement/placement/objects/research_context.py:549}}
Jan 17 08:26:49.157918 n-d-815347-3 devstack@placement-api.service[103681]: DEBUG placement.objects.research_context [req-9c21d73e-b80b-4f73-abd6-b7e88feb46dc req-7b0704a5-949c-46a1-a6b0-64c1aa7062ff service placement] found 2 providers after filtering by previous result {{(pid=103681) get_provider_ids_matching /opt/stack/placement/placement/objects/research_context.py:580}}
Jan 17 08:26:49.158799 n-d-815347-3 devstack@placement-api.service[103681]: DEBUG placement.objects.research_context [req-9c21d73e-b80b-4f73-abd6-b7e88feb46dc req-7b0704a5-949c-46a1-a6b0-64c1aa7062ff service placement] found 2 providers with available 1 VCPU {{(pid=103681) get_provider_ids_matching /opt/stack/placement/placement/objects/research_context.py:549}}
Jan 17 08:26:49.159227 n-d-815347-3 devstack@placement-api.service[103681]: DEBUG placement.objects.research_context [req-9c21d73e-b80b-4f73-abd6-b7e88feb46dc req-7b0704a5-949c-46a1-a6b0-64c1aa7062ff service placement] found 2 providers after filtering by previous result {{(pid=103681) get_provider_ids_matching /opt/stack/placement/placement/objects/research_context.py:580}}
Jan 17 08:26:49.197156 n-d-815347-3 devstack@placement-api.service[103681]: DEBUG placement.objects.allocation_candidate [req-9c21d73e-b80b-4f73-abd6-b7e88feb46dc req-7b0704a5-949c-46a1-a6b0-64c1aa7062ff service placement] RequestGroup(use_same_provider=False, resources={DISK_GB:1, MEMORY_MB:1024, VCPU:1}, traits=[], aggregates=[]) (suffix '') returned 2 matches {{(pid=103681) _get_by_requests /opt/stack/placement/placement/objects/allocation_candidate.py:145}}
Jan 17 08:26:49.199095 n-d-815347-3 devstack@placement-api.service[103681]: DEBUG placement.objects.allocation_candidate [req-9c21d73e-b80b-4f73-abd6-b7e88feb46dc req-7b0704a5-949c-46a1-a6b0-64c1aa7062ff service placement] Merging candidates yields 2 allocation requests and 2 provider summaries {{(pid=103681) _merge_candidates /opt/stack/placement/placement/objects/allocation_candidate.py:783}}
Jan 17 08:26:49.204536 n-d-815347-3 devstack@placement-api.service[103681]: INFO placement.requestlog [req-9c21d73e-b80b-4f73-abd6-b7e88feb46dc req-7b0704a5-949c-46a1-a6b0-64c1aa7062ff service placement] 10.222.0.26 "GET /placement/allocation_candidates?limit=1000&resources=DISK_GB%3A1%2CMEMORY_MB%3A1024%2CVCPU%3A1&root_required=%21COMPUTE_STATUS_DISABLED" status: 200 len: 1309 microversion: 1.36
Jan 17 08:26:49.207027 n-d-815347-3 devstack@placement-api.service[103681]: [pid: 103681|app: 0|req: 430/858] 10.222.0.26 () {60 vars in 1506 bytes} [Mon Jan 17 08:26:49 2022] GET /placement/allocation_candidates?limit=1000&resources=DISK_GB%3A1%2CMEMORY_MB%3A1024%2CVCPU%3A1&root_required=%21COMPUTE_STATUS_DISABLED => generated 1309 bytes in 177 msecs (HTTP/1.1 200) 8 headers in 297 bytes (1 switches on core 0)
Jan 17 08:26:49.309321 n-d-815347-3 devstack@placement-api.service[103680]: DEBUG placement.requestlog [req-9c21d73e-b80b-4f73-abd6-b7e88feb46dc req-d89b8e7a-7eec-43de-8492-023893873477 None None] Starting request: 10.222.0.26 "GET /placement/allocations/928b8eb1-5d38-4eef-aadc-c409e4e2dde4" {{(pid=103680) __call__ /opt/stack/placement/placement/requestlog.py:55}}
Jan 17 08:26:49.335643 n-d-815347-3 devstack@placement-api.service[103680]: INFO placement.requestlog [req-9c21d73e-b80b-4f73-abd6-b7e88feb46dc req-d89b8e7a-7eec-43de-8492-023893873477 service placement] 10.222.0.26 "GET /placement/allocations/928b8eb1-5d38-4eef-aadc-c409e4e2dde4" status: 200 len: 19 microversion: 1.28
Jan 17 08:26:49.341466 n-d-815347-3 devstack@placement-api.service[103680]: [pid: 103680|app: 0|req: 429/859] 10.222.0.26 () {60 vars in 1380 bytes} [Mon Jan 17 08:26:49 2022] GET /placement/allocations/928b8eb1-5d38-4eef-aadc-c409e4e2dde4 => generated 19 bytes in 33 msecs (HTTP/1.1 200) 8 headers in 295 bytes (1 switches on core 0)
Jan 17 08:26:49.347465 n-d-815347-3 devstack@placement-api.service[103681]: DEBUG placement.requestlog [req-9c21d73e-b80b-4f73-abd6-b7e88feb46dc req-3cbe51f9-eeae-4a79-b0c6-b00ad29c8eaf None None] Starting request: 10.222.0.26 "PUT /placement/allocations/928b8eb1-5d38-4eef-aadc-c409e4e2dde4" {{(pid=103681) __call__ /opt/stack/placement/placement/requestlog.py:55}}
Jan 17 08:26:49.542061 n-d-815347-3 devstack@placement-api.service[103681]: DEBUG placement.handlers.allocation [req-9c21d73e-b80b-4f73-abd6-b7e88feb46dc req-3cbe51f9-eeae-4a79-b0c6-b00ad29c8eaf service placement] Successfully wrote allocations [, , ] {{(pid=103681) _update_consumers_and_create_allocations /opt/stack/placement/placement/handlers/allocation.py:462}}
Jan 17 08:26:49.557427 n-d-815347-3 devstack@placement-api.service[103681]: INFO placement.requestlog [req-9c21d73e-b80b-4f73-abd6-b7e88feb46dc req-3cbe51f9-eeae-4a79-b0c6-b00ad29c8eaf service placement] 10.222.0.26 "PUT /placement/allocations/928b8eb1-5d38-4eef-aadc-c409e4e2dde4" status: 204 len: 0 microversion: 1.36
Jan 17 08:26:49.571466 n-d-815347-3 devstack@placement-api.service[103681]: [pid: 103681|app: 0|req: 431/860] 10.222.0.26 () {64 vars in 1433 bytes} [Mon Jan 17 08:26:49 2022] PUT /placement/allocations/928b8eb1-5d38-4eef-aadc-c409e4e2dde4 => generated 0 bytes in 211 msecs (HTTP/1.1 204) 5 headers in 199 bytes (2 switches on core 0)
Jan 17 08:26:50.437073 n-d-815347-3 devstack@placement-api.service[103680]: DEBUG placement.requestlog [req-9c21d73e-b80b-4f73-abd6-b7e88feb46dc req-dd65b343-55d8-48c4-9a72-9333aa888a82 None None] Starting request: 10.222.0.65 "GET /placement/allocations/928b8eb1-5d38-4eef-aadc-c409e4e2dde4" {{(pid=103680) __call__ /opt/stack/placement/placement/requestlog.py:55}}
Jan 17 08:26:50.463241 n-d-815347-3 devstack@placement-api.service[103680]: INFO placement.requestlog [req-9c21d73e-b80b-4f73-abd6-b7e88feb46dc req-dd65b343-55d8-48c4-9a72-9333aa888a82 service placement] 10.222.0.65 "GET /placement/allocations/928b8eb1-5d38-4eef-aadc-c409e4e2dde4" status: 200 len: 259 microversion: 1.28
Jan 17 08:26:50.469386 n-d-815347-3 devstack@placement-api.service[103680]: [pid: 103680|app: 0|req: 430/861] 10.222.0.65 () {60 vars in 1377 bytes} [Mon Jan 17 08:26:50 2022] GET /placement/allocations/928b8eb1-5d38-4eef-aadc-c409e4e2dde4 => generated 259 bytes in 32 msecs (HTTP/1.1 200) 8 headers in 296 bytes (1 switches on core 0)
Jan 17 08:26:57.423852 n-d-815347-3 devstack@placement-api.service[103681]: DEBUG placement.requestlog [req-80c4b15a-60c6-4856-b04c-b5a8912d5289 req-00f43a1a-db68-4def-888e-2a00b386a3ba None None] Starting request: 10.222.0.39 "DELETE /placement/allocations/11cb82fd-8da3-412b-815b-63b3a98c4eb8" {{(pid=103681) __call__ /opt/stack/placement/placement/requestlog.py:55}}
Jan 17 08:26:57.486579 n-d-815347-3 devstack@placement-api.service[103681]: DEBUG placement.handlers.allocation [req-80c4b15a-60c6-4856-b04c-b5a8912d5289 req-00f43a1a-db68-4def-888e-2a00b386a3ba service placement] Successfully deleted allocations [, , ] {{(pid=103681) delete_allocations /opt/stack/placement/placement/handlers/allocation.py:627}}
Jan 17 08:26:57.487368 n-d-815347-3 devstack@placement-api.service[103681]: INFO placement.requestlog [req-80c4b15a-60c6-4856-b04c-b5a8912d5289 req-00f43a1a-db68-4def-888e-2a00b386a3ba service placement] 10.222.0.39 "DELETE /placement/allocations/11cb82fd-8da3-412b-815b-63b3a98c4eb8" status: 204 len: 0 microversion: 1.0
Jan 17 08:26:57.488649 n-d-815347-3 devstack@placement-api.service[103681]: [pid: 103681|app: 0|req: 432/862] 10.222.0.39 () {60 vars in 1355 bytes} [Mon Jan 17 08:26:57 2022] DELETE /placement/allocations/11cb82fd-8da3-412b-815b-63b3a98c4eb8 => generated 0 bytes in 65 msecs (HTTP/1.1 204) 5 headers in 198 bytes (1 switches on core 0)
Jan 17 08:27:04.378605 n-d-815347-3 devstack@placement-api.service[103680]: DEBUG placement.requestlog [req-b207f293-54cf-4b38-b8af-72c76a70beae req-16de1ad2-0da5-4e52-afea-be8f7115eb94 None None] Starting request: 10.222.0.39 "GET /placement/resource_providers?in_tree=88364996-7fa1-40e7-a423-8b333be72910" {{(pid=103680) __call__ /opt/stack/placement/placement/requestlog.py:55}}
Jan 17 08:27:04.443809 n-d-815347-3 devstack@placement-api.service[103681]: DEBUG placement.requestlog [req-a2cecdcb-82aa-45dc-946e-7c5efb5f2f81 req-61544f7b-2a79-4fd9-8d4d-fc65e5ebc13d None None] Starting request: 10.222.0.65 "GET /placement/resource_providers/cea2715b-197f-45bc-b033-ba9277ec0c26/allocations" {{(pid=103681) __call__ /opt/stack/placement/placement/requestlog.py:55}}
Jan 17 08:27:04.649613 n-d-815347-3 devstack@placement-api.service[103680]: INFO placement.requestlog [req-b207f293-54cf-4b38-b8af-72c76a70beae req-16de1ad2-0da5-4e52-afea-be8f7115eb94 service placement] 10.222.0.39 "GET /placement/resource_providers?in_tree=88364996-7fa1-40e7-a423-8b333be72910" status: 200 len: 863 microversion: 1.14
Jan 17 08:27:04.649969 n-d-815347-3 devstack@placement-api.service[103680]: [pid: 103680|app: 0|req: 431/863] 10.222.0.39 () {60 vars in 1376 bytes} [Mon Jan 17 08:27:04 2022] GET /placement/resource_providers?in_tree=88364996-7fa1-40e7-a423-8b333be72910 => generated 863 bytes in 272 msecs (HTTP/1.1 200) 6 headers in 225 bytes (1 switches on core 0)
Jan 17 08:27:04.654044 n-d-815347-3 devstack@placement-api.service[103681]: INFO placement.requestlog [req-a2cecdcb-82aa-45dc-946e-7c5efb5f2f81 req-61544f7b-2a79-4fd9-8d4d-fc65e5ebc13d service placement] 10.222.0.65 "GET /placement/resource_providers/cea2715b-197f-45bc-b033-ba9277ec0c26/allocations" status: 200 len: 457 microversion: 1.0
Jan 17 08:27:04.654599 n-d-815347-3 devstack@placement-api.service[103681]: [pid: 103681|app: 0|req: 433/864] 10.222.0.65 () {58 vars in 1390 bytes} [Mon Jan 17 08:27:04 2022] GET /placement/resource_providers/cea2715b-197f-45bc-b033-ba9277ec0c26/allocations => generated 457 bytes in 211 msecs (HTTP/1.1 200) 6 headers in 224 bytes (2 switches on core 0)
Jan 17 08:27:04.664465 n-d-815347-3 devstack@placement-api.service[103680]: DEBUG placement.requestlog [req-b207f293-54cf-4b38-b8af-72c76a70beae req-0a64e06f-db3d-4e79-b270-767a8fe3f217 None None] Starting request: 10.222.0.39 "GET /placement/resource_providers/88364996-7fa1-40e7-a423-8b333be72910/inventories" {{(pid=103680) __call__ /opt/stack/placement/placement/requestlog.py:55}}
Jan 17 08:27:04.723081 n-d-815347-3 devstack@placement-api.service[103680]: INFO placement.requestlog [req-b207f293-54cf-4b38-b8af-72c76a70beae req-0a64e06f-db3d-4e79-b270-767a8fe3f217 service placement] 10.222.0.39 "GET /placement/resource_providers/88364996-7fa1-40e7-a423-8b333be72910/inventories" status: 200 len: 398 microversion: 1.0
Jan 17 08:27:04.724521 n-d-815347-3 devstack@placement-api.service[103680]: [pid: 103680|app: 0|req: 432/865] 10.222.0.39 () {58 vars in 1390 bytes} [Mon Jan 17 08:27:04 2022] GET /placement/resource_providers/88364996-7fa1-40e7-a423-8b333be72910/inventories => generated 398 bytes in 61 msecs (HTTP/1.1 200) 6 headers in 224 bytes (1 switches on core 0)
Jan 17 08:27:04.728142 n-d-815347-3 devstack@placement-api.service[103681]: DEBUG placement.requestlog [req-a2cecdcb-82aa-45dc-946e-7c5efb5f2f81 req-7aa41e0a-b3cc-4244-888d-0bbc88375bce None None] Starting request: 10.222.0.65 "GET /placement/resource_providers?in_tree=cea2715b-197f-45bc-b033-ba9277ec0c26" {{(pid=103681) __call__ /opt/stack/placement/placement/requestlog.py:55}}
Jan 17 08:27:04.734043 n-d-815347-3 devstack@placement-api.service[103680]: DEBUG placement.requestlog [req-b207f293-54cf-4b38-b8af-72c76a70beae req-5d38b7e6-cb65-429d-af31-8f1f87ed6231 None None] Starting request: 10.222.0.39 "GET /placement/resource_providers/88364996-7fa1-40e7-a423-8b333be72910/aggregates" {{(pid=103680) __call__ /opt/stack/placement/placement/requestlog.py:55}}
Jan 17 08:27:04.754678 n-d-815347-3 devstack@placement-api.service[103681]: INFO placement.requestlog [req-a2cecdcb-82aa-45dc-946e-7c5efb5f2f81 req-7aa41e0a-b3cc-4244-888d-0bbc88375bce service placement] 10.222.0.65 "GET /placement/resource_providers?in_tree=cea2715b-197f-45bc-b033-ba9277ec0c26" status: 200 len: 863 microversion: 1.14
Jan 17 08:27:04.755652 n-d-815347-3 devstack@placement-api.service[103681]: [pid: 103681|app: 0|req: 434/866] 10.222.0.65 () {60 vars in 1376 bytes} [Mon Jan 17 08:27:04 2022] GET /placement/resource_providers?in_tree=cea2715b-197f-45bc-b033-ba9277ec0c26 => generated 863 bytes in 28 msecs (HTTP/1.1 200) 6 headers in 225 bytes (1 switches on core 0)
Jan 17 08:27:04.762240 n-d-815347-3 devstack@placement-api.service[103680]: INFO placement.requestlog [req-b207f293-54cf-4b38-b8af-72c76a70beae req-5d38b7e6-cb65-429d-af31-8f1f87ed6231 service placement] 10.222.0.39 "GET /placement/resource_providers/88364996-7fa1-40e7-a423-8b333be72910/aggregates" status: 200 len: 54 microversion: 1.19
Jan 17 08:27:04.763182 n-d-815347-3 devstack@placement-api.service[103680]: [pid: 103680|app: 0|req: 433/867] 10.222.0.39 () {60 vars in 1431 bytes} [Mon Jan 17 08:27:04 2022] GET /placement/resource_providers/88364996-7fa1-40e7-a423-8b333be72910/aggregates => generated 54 bytes in 29 msecs (HTTP/1.1 200) 8 headers in 295 bytes (2 switches on core 0)
Jan 17 08:27:04.770305 n-d-815347-3 devstack@placement-api.service[103681]: DEBUG placement.requestlog [req-a2cecdcb-82aa-45dc-946e-7c5efb5f2f81 req-1cda6d4a-6a3b-4f84-bdce-1a8496495d0b None None] Starting request: 10.222.0.65 "GET /placement/resource_providers/cea2715b-197f-45bc-b033-ba9277ec0c26/inventories" {{(pid=103681) __call__ /opt/stack/placement/placement/requestlog.py:55}}
Jan 17 08:27:04.779872 n-d-815347-3 devstack@placement-api.service[103680]: DEBUG placement.requestlog [req-b207f293-54cf-4b38-b8af-72c76a70beae req-58a50710-fe7e-4467-b8ba-347790894d3f None None] Starting request: 10.222.0.39 "GET /placement/resource_providers/88364996-7fa1-40e7-a423-8b333be72910/traits" {{(pid=103680) __call__ /opt/stack/placement/placement/requestlog.py:55}}
Jan 17 08:27:04.803085 n-d-815347-3 devstack@placement-api.service[103681]: INFO placement.requestlog [req-a2cecdcb-82aa-45dc-946e-7c5efb5f2f81 req-1cda6d4a-6a3b-4f84-bdce-1a8496495d0b service placement] 10.222.0.65 "GET /placement/resource_providers/cea2715b-197f-45bc-b033-ba9277ec0c26/inventories" status: 200 len: 398 microversion: 1.0
Jan 17 08:27:04.803776 n-d-815347-3 devstack@placement-api.service[103681]: [pid: 103681|app: 0|req: 435/868] 10.222.0.65 () {58 vars in 1390 bytes} [Mon Jan 17 08:27:04 2022] GET /placement/resource_providers/cea2715b-197f-45bc-b033-ba9277ec0c26/inventories => generated 398 bytes in 34 msecs (HTTP/1.1 200) 6 headers in 224 bytes (1 switches on core 0)
Jan 17 08:27:04.817191 n-d-815347-3 devstack@placement-api.service[103681]: DEBUG placement.requestlog [req-a2cecdcb-82aa-45dc-946e-7c5efb5f2f81 req-3c7fc519-f221-42cc-94cb-8698638ab246 None None] Starting request: 10.222.0.65 "GET /placement/resource_providers/cea2715b-197f-45bc-b033-ba9277ec0c26/aggregates" {{(pid=103681) __call__ /opt/stack/placement/placement/requestlog.py:55}}
Jan 17 08:27:04.840554 n-d-815347-3 devstack@placement-api.service[103680]: INFO placement.requestlog [req-b207f293-54cf-4b38-b8af-72c76a70beae req-58a50710-fe7e-4467-b8ba-347790894d3f service placement] 10.222.0.39 "GET /placement/resource_providers/88364996-7fa1-40e7-a423-8b333be72910/traits" status: 200 len: 212 microversion: 1.6
Jan 17 08:27:04.841429 n-d-815347-3 devstack@placement-api.service[103680]: [pid: 103680|app: 0|req: 434/869] 10.222.0.39 () {60 vars in 1418 bytes} [Mon Jan 17 08:27:04 2022] GET /placement/resource_providers/88364996-7fa1-40e7-a423-8b333be72910/traits => generated 212 bytes in 62 msecs (HTTP/1.1 200) 6 headers in 224 bytes (1 switches on core 0)
Jan 17 08:27:04.851003 n-d-815347-3 devstack@placement-api.service[103681]: INFO placement.requestlog [req-a2cecdcb-82aa-45dc-946e-7c5efb5f2f81 req-3c7fc519-f221-42cc-94cb-8698638ab246 service placement] 10.222.0.65 "GET /placement/resource_providers/cea2715b-197f-45bc-b033-ba9277ec0c26/aggregates" status: 200 len: 54 microversion: 1.19
Jan 17 08:27:04.852272 n-d-815347-3 devstack@placement-api.service[103681]: [pid: 103681|app: 0|req: 436/870] 10.222.0.65 () {60 vars in 1431 bytes} [Mon Jan 17 08:27:04 2022] GET /placement/resource_providers/cea2715b-197f-45bc-b033-ba9277ec0c26/aggregates => generated 54 bytes in 35 msecs (HTTP/1.1 200) 8 headers in 295 bytes (2 switches on core 0)
Jan 17 08:27:04.860465 n-d-815347-3 devstack@placement-api.service[103680]: DEBUG placement.requestlog [req-a2cecdcb-82aa-45dc-946e-7c5efb5f2f81 req-f82f80b4-e828-45e5-99a4-fcfc3b40f386 None None] Starting request: 10.222.0.65 "GET /placement/resource_providers/cea2715b-197f-45bc-b033-ba9277ec0c26/traits" {{(pid=103680) __call__ /opt/stack/placement/placement/requestlog.py:55}}
Jan 17 08:27:04.913303 n-d-815347-3 devstack@placement-api.service[103680]: INFO placement.requestlog [req-a2cecdcb-82aa-45dc-946e-7c5efb5f2f81 req-f82f80b4-e828-45e5-99a4-fcfc3b40f386 service placement] 10.222.0.65 "GET /placement/resource_providers/cea2715b-197f-45bc-b033-ba9277ec0c26/traits" status: 200 len: 212 microversion: 1.6
Jan 17 08:27:04.914964 n-d-815347-3 devstack@placement-api.service[103680]: [pid: 103680|app: 0|req: 435/871] 10.222.0.65 () {60 vars in 1418 bytes} [Mon Jan 17 08:27:04 2022] GET /placement/resource_providers/cea2715b-197f-45bc-b033-ba9277ec0c26/traits => generated 212 bytes in 55 msecs (HTTP/1.1 200) 6 headers in 224 bytes (1 switches on core 0)
Jan 17 08:27:05.061409 n-d-815347-3 devstack@placement-api.service[103681]: DEBUG placement.requestlog [req-b207f293-54cf-4b38-b8af-72c76a70beae req-8f12f2d9-8a89-4713-bb13-2793fe6d9453 None None] Starting request: 10.222.0.39 "DELETE /placement/allocations/5204e82f-a8c9-4572-bdc7-b44e716fd7ec" {{(pid=103681) __call__ /opt/stack/placement/placement/requestlog.py:55}}
Jan 17 08:27:05.106104 n-d-815347-3 devstack@placement-api.service[103681]: DEBUG placement.handlers.allocation [req-b207f293-54cf-4b38-b8af-72c76a70beae req-8f12f2d9-8a89-4713-bb13-2793fe6d9453 service placement] Successfully deleted allocations [, , ] {{(pid=103681) delete_allocations /opt/stack/placement/placement/handlers/allocation.py:627}}
Jan 17 08:27:05.106689 n-d-815347-3 devstack@placement-api.service[103681]: INFO placement.requestlog [req-b207f293-54cf-4b38-b8af-72c76a70beae req-8f12f2d9-8a89-4713-bb13-2793fe6d9453 service placement] 10.222.0.39 "DELETE /placement/allocations/5204e82f-a8c9-4572-bdc7-b44e716fd7ec" status: 204 len: 0 microversion: 1.0
Jan 17 08:27:05.107537 n-d-815347-3 devstack@placement-api.service[103681]: [pid: 103681|app: 0|req: 437/872] 10.222.0.39 () {60 vars in 1355 bytes} [Mon Jan 17 08:27:05 2022] DELETE /placement/allocations/5204e82f-a8c9-4572-bdc7-b44e716fd7ec => generated 0 bytes in 46 msecs (HTTP/1.1 204) 5 headers in 198 bytes (1 switches on core 0)
Jan 17 08:27:09.612246 n-d-815347-3 devstack@placement-api.service[103680]: DEBUG placement.requestlog [req-4533a70f-bedc-4df5-a23e-8eb37b0ccf7b req-211703a9-8f5e-4b47-90ec-dbfc898584a4 None None] Starting request: 10.222.0.26 "GET /placement/allocation_candidates?limit=1000&resources=DISK_GB%3A1%2CMEMORY_MB%3A1024%2CVCPU%3A1&root_required=%21COMPUTE_STATUS_DISABLED" {{(pid=103680) __call__ /opt/stack/placement/placement/requestlog.py:55}}
Jan 17 08:27:09.676382 n-d-815347-3 devstack@placement-api.service[103680]: DEBUG placement.objects.research_context [req-4533a70f-bedc-4df5-a23e-8eb37b0ccf7b req-211703a9-8f5e-4b47-90ec-dbfc898584a4 service placement] getting providers with 1 DISK_GB {{(pid=103680) __init__ /opt/stack/placement/placement/objects/research_context.py:126}}
Jan 17 08:27:09.718409 n-d-815347-3 devstack@placement-api.service[103680]: DEBUG placement.objects.research_context [req-4533a70f-bedc-4df5-a23e-8eb37b0ccf7b req-211703a9-8f5e-4b47-90ec-dbfc898584a4 service placement] getting providers with 1024 MEMORY_MB {{(pid=103680) __init__ /opt/stack/placement/placement/objects/research_context.py:126}}
Jan 17 08:27:09.730099 n-d-815347-3 devstack@placement-api.service[103680]: DEBUG placement.objects.research_context [req-4533a70f-bedc-4df5-a23e-8eb37b0ccf7b req-211703a9-8f5e-4b47-90ec-dbfc898584a4 service placement] getting providers with 1 VCPU {{(pid=103680) __init__ /opt/stack/placement/placement/objects/research_context.py:126}}
Jan 17 08:27:09.744244 n-d-815347-3 devstack@placement-api.service[103680]: DEBUG placement.objects.research_context [req-4533a70f-bedc-4df5-a23e-8eb37b0ccf7b req-211703a9-8f5e-4b47-90ec-dbfc898584a4 service placement] found 2 providers with available 1 DISK_GB {{(pid=103680) get_provider_ids_matching /opt/stack/placement/placement/objects/research_context.py:549}}
Jan 17 08:27:09.744897 n-d-815347-3 devstack@placement-api.service[103680]: DEBUG placement.objects.research_context [req-4533a70f-bedc-4df5-a23e-8eb37b0ccf7b req-211703a9-8f5e-4b47-90ec-dbfc898584a4 service placement] found 2 providers with available 1024 MEMORY_MB {{(pid=103680) get_provider_ids_matching /opt/stack/placement/placement/objects/research_context.py:549}}
Jan 17 08:27:09.745351 n-d-815347-3 devstack@placement-api.service[103680]: DEBUG placement.objects.research_context [req-4533a70f-bedc-4df5-a23e-8eb37b0ccf7b req-211703a9-8f5e-4b47-90ec-dbfc898584a4 service placement] found 2 providers after filtering by previous result {{(pid=103680) get_provider_ids_matching /opt/stack/placement/placement/objects/research_context.py:580}}
Jan 17 08:27:09.746102 n-d-815347-3 devstack@placement-api.service[103680]: DEBUG placement.objects.research_context [req-4533a70f-bedc-4df5-a23e-8eb37b0ccf7b req-211703a9-8f5e-4b47-90ec-dbfc898584a4 service placement] found 2 providers with available 1 VCPU {{(pid=103680) get_provider_ids_matching /opt/stack/placement/placement/objects/research_context.py:549}}
Jan 17 08:27:09.746525 n-d-815347-3 devstack@placement-api.service[103680]: DEBUG placement.objects.research_context [req-4533a70f-bedc-4df5-a23e-8eb37b0ccf7b req-211703a9-8f5e-4b47-90ec-dbfc898584a4 service placement] found 2 providers after filtering by previous result {{(pid=103680) get_provider_ids_matching /opt/stack/placement/placement/objects/research_context.py:580}}
Jan 17 08:27:09.762944 n-d-815347-3 devstack@placement-api.service[103680]: DEBUG placement.objects.allocation_candidate [req-4533a70f-bedc-4df5-a23e-8eb37b0ccf7b req-211703a9-8f5e-4b47-90ec-dbfc898584a4 service placement] RequestGroup(use_same_provider=False, resources={DISK_GB:1, MEMORY_MB:1024, VCPU:1}, traits=[], aggregates=[]) (suffix '') returned 2 matches {{(pid=103680) _get_by_requests /opt/stack/placement/placement/objects/allocation_candidate.py:145}}
Jan 17 08:27:09.763571 n-d-815347-3 devstack@placement-api.service[103680]: DEBUG placement.objects.allocation_candidate [req-4533a70f-bedc-4df5-a23e-8eb37b0ccf7b req-211703a9-8f5e-4b47-90ec-dbfc898584a4 service placement] Merging candidates yields 2 allocation requests and 2 provider summaries {{(pid=103680) _merge_candidates /opt/stack/placement/placement/objects/allocation_candidate.py:783}}
Jan 17 08:27:09.768360 n-d-815347-3 devstack@placement-api.service[103680]: INFO placement.requestlog [req-4533a70f-bedc-4df5-a23e-8eb37b0ccf7b req-211703a9-8f5e-4b47-90ec-dbfc898584a4 service placement] 10.222.0.26 "GET /placement/allocation_candidates?limit=1000&resources=DISK_GB%3A1%2CMEMORY_MB%3A1024%2CVCPU%3A1&root_required=%21COMPUTE_STATUS_DISABLED" status: 200 len: 1309 microversion: 1.36
Jan 17 08:27:09.769970 n-d-815347-3 devstack@placement-api.service[103680]: [pid: 103680|app: 0|req: 436/873] 10.222.0.26 () {60 vars in 1506 bytes} [Mon Jan 17 08:27:09 2022] GET /placement/allocation_candidates?limit=1000&resources=DISK_GB%3A1%2CMEMORY_MB%3A1024%2CVCPU%3A1&root_required=%21COMPUTE_STATUS_DISABLED => generated 1309 bytes in 157 msecs (HTTP/1.1 200) 8 headers in 297 bytes (1 switches on core 0)
Jan 17 08:27:09.847644 n-d-815347-3 devstack@placement-api.service[103681]: DEBUG placement.requestlog [req-4533a70f-bedc-4df5-a23e-8eb37b0ccf7b req-802808d5-c9cd-47f1-8ae8-0cbdd9bf9466 None None] Starting request: 10.222.0.26 "GET /placement/allocations/b718dd4c-3d5f-49ba-b020-28c8bc0a4908" {{(pid=103681) __call__ /opt/stack/placement/placement/requestlog.py:55}}
Jan 17 08:27:09.864019 n-d-815347-3 devstack@placement-api.service[103681]: INFO placement.requestlog [req-4533a70f-bedc-4df5-a23e-8eb37b0ccf7b req-802808d5-c9cd-47f1-8ae8-0cbdd9bf9466 service placement] 10.222.0.26 "GET /placement/allocations/b718dd4c-3d5f-49ba-b020-28c8bc0a4908" status: 200 len: 19 microversion: 1.28
Jan 17 08:27:09.871693 n-d-815347-3 devstack@placement-api.service[103680]: DEBUG placement.requestlog [req-4533a70f-bedc-4df5-a23e-8eb37b0ccf7b req-e58af603-636a-4dbe-abca-090e89ae56d5 None None] Starting request: 10.222.0.26 "PUT /placement/allocations/b718dd4c-3d5f-49ba-b020-28c8bc0a4908" {{(pid=103680) __call__ /opt/stack/placement/placement/requestlog.py:55}}
Jan 17 08:27:09.872980 n-d-815347-3 devstack@placement-api.service[103681]: [pid: 103681|app: 0|req: 438/874] 10.222.0.26 () {60 vars in 1380 bytes} [Mon Jan 17 08:27:09 2022] GET /placement/allocations/b718dd4c-3d5f-49ba-b020-28c8bc0a4908 => generated 19 bytes in 25 msecs (HTTP/1.1 200) 8 headers in 295 bytes (1 switches on core 0)
Jan 17 08:27:10.022369 n-d-815347-3 devstack@placement-api.service[103680]: DEBUG placement.handlers.allocation [req-4533a70f-bedc-4df5-a23e-8eb37b0ccf7b req-e58af603-636a-4dbe-abca-090e89ae56d5 service placement] Successfully wrote allocations [, , ] {{(pid=103680) _update_consumers_and_create_allocations /opt/stack/placement/placement/handlers/allocation.py:462}}
Jan 17 08:27:10.029226 n-d-815347-3 devstack@placement-api.service[103680]: INFO placement.requestlog [req-4533a70f-bedc-4df5-a23e-8eb37b0ccf7b req-e58af603-636a-4dbe-abca-090e89ae56d5 service placement] 10.222.0.26 "PUT /placement/allocations/b718dd4c-3d5f-49ba-b020-28c8bc0a4908" status: 204 len: 0 microversion: 1.36
Jan 17 08:27:10.030468 n-d-815347-3 devstack@placement-api.service[103680]: [pid: 103680|app: 0|req: 437/875] 10.222.0.26 () {64 vars in 1433 bytes} [Mon Jan 17 08:27:09 2022] PUT /placement/allocations/b718dd4c-3d5f-49ba-b020-28c8bc0a4908 => generated 0 bytes in 159 msecs (HTTP/1.1 204) 5 headers in 199 bytes (2 switches on core 0)
Jan 17 08:27:10.678992 n-d-815347-3 devstack@placement-api.service[103681]: DEBUG placement.requestlog [req-4533a70f-bedc-4df5-a23e-8eb37b0ccf7b req-eb8a18b9-70f7-4858-ba85-a2c8be1a5397 None None] Starting request: 10.222.0.39 "GET /placement/allocations/b718dd4c-3d5f-49ba-b020-28c8bc0a4908" {{(pid=103681) __call__ /opt/stack/placement/placement/requestlog.py:55}}
Jan 17 08:27:10.706595 n-d-815347-3 devstack@placement-api.service[103681]: INFO placement.requestlog [req-4533a70f-bedc-4df5-a23e-8eb37b0ccf7b req-eb8a18b9-70f7-4858-ba85-a2c8be1a5397 service placement] 10.222.0.39 "GET /placement/allocations/b718dd4c-3d5f-49ba-b020-28c8bc0a4908" status: 200 len: 259 microversion: 1.28
Jan 17 08:27:10.707575 n-d-815347-3 devstack@placement-api.service[103681]: [pid: 103681|app: 0|req: 439/876] 10.222.0.39 () {60 vars in 1377 bytes} [Mon Jan 17 08:27:10 2022] GET /placement/allocations/b718dd4c-3d5f-49ba-b020-28c8bc0a4908 => generated 259 bytes in 29 msecs (HTTP/1.1 200) 8 headers in 296 bytes (1 switches on core 0)
Jan 17 08:27:11.753024 n-d-815347-3 devstack@placement-api.service[103680]: DEBUG placement.requestlog [req-b5939486-33ba-4429-9268-b44507eddd6b req-54f4a7e6-2eb1-4094-8397-3d50b704fc2c None None] Starting request: 10.222.0.39 "GET /placement/resource_providers/88364996-7fa1-40e7-a423-8b333be72910/allocations" {{(pid=103680) __call__ /opt/stack/placement/placement/requestlog.py:55}}
Jan 17 08:27:11.785957 n-d-815347-3 devstack@placement-api.service[103680]: INFO placement.requestlog [req-b5939486-33ba-4429-9268-b44507eddd6b req-54f4a7e6-2eb1-4094-8397-3d50b704fc2c service placement] 10.222.0.39 "GET /placement/resource_providers/88364996-7fa1-40e7-a423-8b333be72910/allocations" status: 200 len: 356 microversion: 1.0
Jan 17 08:27:11.788210 n-d-815347-3 devstack@placement-api.service[103680]: [pid: 103680|app: 0|req: 438/877] 10.222.0.39 () {58 vars in 1390 bytes} [Mon Jan 17 08:27:11 2022] GET /placement/resource_providers/88364996-7fa1-40e7-a423-8b333be72910/allocations => generated 356 bytes in 35 msecs (HTTP/1.1 200) 6 headers in 224 bytes (1 switches on core 0)
Jan 17 08:27:13.389287 n-d-815347-3 devstack@placement-api.service[103681]: DEBUG placement.requestlog [req-ca79ac25-e09a-40c2-a2a5-a9f3f2703c68 req-da4006d8-aa7c-428c-a416-b3644f40344c None None] Starting request: 10.222.0.65 "DELETE /placement/allocations/928b8eb1-5d38-4eef-aadc-c409e4e2dde4" {{(pid=103681) __call__ /opt/stack/placement/placement/requestlog.py:55}}
Jan 17 08:27:13.446394 n-d-815347-3 devstack@placement-api.service[103681]: DEBUG placement.handlers.allocation [req-ca79ac25-e09a-40c2-a2a5-a9f3f2703c68 req-da4006d8-aa7c-428c-a416-b3644f40344c service placement] Successfully deleted allocations [, , ] {{(pid=103681) delete_allocations /opt/stack/placement/placement/handlers/allocation.py:627}}
Jan 17 08:27:13.447179 n-d-815347-3 devstack@placement-api.service[103681]: INFO placement.requestlog [req-ca79ac25-e09a-40c2-a2a5-a9f3f2703c68 req-da4006d8-aa7c-428c-a416-b3644f40344c service placement] 10.222.0.65 "DELETE /placement/allocations/928b8eb1-5d38-4eef-aadc-c409e4e2dde4" status: 204 len: 0 microversion: 1.0
Jan 17 08:27:13.448187 n-d-815347-3 devstack@placement-api.service[103681]: [pid: 103681|app: 0|req: 440/878] 10.222.0.65 () {60 vars in 1355 bytes} [Mon Jan 17 08:27:13 2022] DELETE /placement/allocations/928b8eb1-5d38-4eef-aadc-c409e4e2dde4 => generated 0 bytes in 59 msecs (HTTP/1.1 204) 5 headers in 198 bytes (1 switches on core 0)
Jan 17 08:27:17.635493 n-d-815347-3 devstack@placement-api.service[103680]: DEBUG placement.requestlog [req-08ca41f9-0546-4dc8-b1b7-a2ba26fc48ce req-1f7f5c39-769c-4186-91c4-adda74bd9bdd None None] Starting request: 10.222.0.39 "DELETE /placement/allocations/028afaff-e506-45cc-841f-00b75717fb80" {{(pid=103680) __call__ /opt/stack/placement/placement/requestlog.py:55}}
Jan 17 08:27:17.739074 n-d-815347-3 devstack@placement-api.service[103680]: DEBUG placement.handlers.allocation [req-08ca41f9-0546-4dc8-b1b7-a2ba26fc48ce req-1f7f5c39-769c-4186-91c4-adda74bd9bdd service placement] Successfully deleted allocations [, , ] {{(pid=103680) delete_allocations /opt/stack/placement/placement/handlers/allocation.py:627}}
Jan 17 08:27:17.739693 n-d-815347-3 devstack@placement-api.service[103680]: INFO placement.requestlog [req-08ca41f9-0546-4dc8-b1b7-a2ba26fc48ce req-1f7f5c39-769c-4186-91c4-adda74bd9bdd service placement] 10.222.0.39 "DELETE /placement/allocations/028afaff-e506-45cc-841f-00b75717fb80" status: 204 len: 0 microversion: 1.0
Jan 17 08:27:17.740157 n-d-815347-3 devstack@placement-api.service[103680]: [pid: 103680|app: 0|req: 439/879] 10.222.0.39 () {60 vars in 1355 bytes} [Mon Jan 17 08:27:17 2022] DELETE /placement/allocations/028afaff-e506-45cc-841f-00b75717fb80 => generated 0 bytes in 105 msecs (HTTP/1.1 204) 5 headers in 198 bytes (1 switches on core 0)
Jan 17 08:27:18.546673 n-d-815347-3 devstack@placement-api.service[103681]: DEBUG placement.requestlog [req-e4f0c7a9-c16e-4505-a025-b2ad709a4735 req-a9751bc4-a875-4e2b-a2a7-91295ae3171b None None] Starting request: 10.222.0.39 "GET /placement/allocations/b718dd4c-3d5f-49ba-b020-28c8bc0a4908" {{(pid=103681) __call__ /opt/stack/placement/placement/requestlog.py:55}}
Jan 17 08:27:18.597028 n-d-815347-3 devstack@placement-api.service[103681]: INFO placement.requestlog [req-e4f0c7a9-c16e-4505-a025-b2ad709a4735 req-a9751bc4-a875-4e2b-a2a7-91295ae3171b service placement] 10.222.0.39 "GET /placement/allocations/b718dd4c-3d5f-49ba-b020-28c8bc0a4908" status: 200 len: 259 microversion: 1.28
Jan 17 08:27:18.598045 n-d-815347-3 devstack@placement-api.service[103681]: [pid: 103681|app: 0|req: 441/880] 10.222.0.39 () {60 vars in 1377 bytes} [Mon Jan 17 08:27:18 2022] GET /placement/allocations/b718dd4c-3d5f-49ba-b020-28c8bc0a4908 => generated 259 bytes in 52 msecs (HTTP/1.1 200) 8 headers in 296 bytes (1 switches on core 0)
Jan 17 08:27:36.573324 n-d-815347-3 devstack@placement-api.service[103680]: DEBUG placement.requestlog [req-b85295d0-5a1f-4f87-8fb6-ea6a43120770 req-cb5cf1bb-1fd7-4434-8e5b-6eb01a76af63 None None] Starting request: 10.222.0.26 "GET /placement/allocation_candidates?limit=1000&resources=DISK_GB%3A1%2CMEMORY_MB%3A1024%2CVCPU%3A1&root_required=%21COMPUTE_STATUS_DISABLED" {{(pid=103680) __call__ /opt/stack/placement/placement/requestlog.py:55}}
Jan 17 08:27:36.683211 n-d-815347-3 devstack@placement-api.service[103680]: DEBUG placement.objects.research_context [req-b85295d0-5a1f-4f87-8fb6-ea6a43120770 req-cb5cf1bb-1fd7-4434-8e5b-6eb01a76af63 service placement] getting providers with 1 DISK_GB {{(pid=103680) __init__ /opt/stack/placement/placement/objects/research_context.py:126}}
Jan 17 08:27:36.707675 n-d-815347-3 devstack@placement-api.service[103680]: DEBUG placement.objects.research_context [req-b85295d0-5a1f-4f87-8fb6-ea6a43120770 req-cb5cf1bb-1fd7-4434-8e5b-6eb01a76af63 service placement] getting providers with 1024 MEMORY_MB {{(pid=103680) __init__ /opt/stack/placement/placement/objects/research_context.py:126}}
Jan 17 08:27:36.719356 n-d-815347-3 devstack@placement-api.service[103680]: DEBUG placement.objects.research_context [req-b85295d0-5a1f-4f87-8fb6-ea6a43120770 req-cb5cf1bb-1fd7-4434-8e5b-6eb01a76af63 service placement] getting providers with 1 VCPU {{(pid=103680) __init__ /opt/stack/placement/placement/objects/research_context.py:126}}
Jan 17 08:27:36.732429 n-d-815347-3 devstack@placement-api.service[103680]: DEBUG placement.objects.research_context [req-b85295d0-5a1f-4f87-8fb6-ea6a43120770 req-cb5cf1bb-1fd7-4434-8e5b-6eb01a76af63 service placement] found 2 providers with available 1 DISK_GB {{(pid=103680) get_provider_ids_matching /opt/stack/placement/placement/objects/research_context.py:549}}
Jan 17 08:27:36.732706 n-d-815347-3 devstack@placement-api.service[103680]: DEBUG placement.objects.research_context [req-b85295d0-5a1f-4f87-8fb6-ea6a43120770 req-cb5cf1bb-1fd7-4434-8e5b-6eb01a76af63 service placement] found 2 providers with available 1024 MEMORY_MB {{(pid=103680) get_provider_ids_matching /opt/stack/placement/placement/objects/research_context.py:549}}
Jan 17 08:27:36.732972 n-d-815347-3 devstack@placement-api.service[103680]: DEBUG placement.objects.research_context [req-b85295d0-5a1f-4f87-8fb6-ea6a43120770 req-cb5cf1bb-1fd7-4434-8e5b-6eb01a76af63 service placement] found 2 providers after filtering by previous result {{(pid=103680) get_provider_ids_matching /opt/stack/placement/placement/objects/research_context.py:580}}
Jan 17 08:27:36.733221 n-d-815347-3 devstack@placement-api.service[103680]: DEBUG placement.objects.research_context [req-b85295d0-5a1f-4f87-8fb6-ea6a43120770 req-cb5cf1bb-1fd7-4434-8e5b-6eb01a76af63 service placement] found 2 providers with available 1 VCPU {{(pid=103680) get_provider_ids_matching /opt/stack/placement/placement/objects/research_context.py:549}}
Jan 17 08:27:36.733479 n-d-815347-3 devstack@placement-api.service[103680]: DEBUG placement.objects.research_context [req-b85295d0-5a1f-4f87-8fb6-ea6a43120770 req-cb5cf1bb-1fd7-4434-8e5b-6eb01a76af63 service placement] found 2 providers after filtering by previous result {{(pid=103680) get_provider_ids_matching /opt/stack/placement/placement/objects/research_context.py:580}}
Jan 17 08:27:36.774053 n-d-815347-3 devstack@placement-api.service[103680]: DEBUG placement.objects.allocation_candidate [req-b85295d0-5a1f-4f87-8fb6-ea6a43120770 req-cb5cf1bb-1fd7-4434-8e5b-6eb01a76af63 service placement] RequestGroup(use_same_provider=False, resources={DISK_GB:1, MEMORY_MB:1024, VCPU:1}, traits=[], aggregates=[]) (suffix '') returned 2 matches {{(pid=103680) _get_by_requests /opt/stack/placement/placement/objects/allocation_candidate.py:145}}
Jan 17 08:27:36.774430 n-d-815347-3 devstack@placement-api.service[103680]: DEBUG placement.objects.allocation_candidate [req-b85295d0-5a1f-4f87-8fb6-ea6a43120770 req-cb5cf1bb-1fd7-4434-8e5b-6eb01a76af63 service placement] Merging candidates yields 2 allocation requests and 2 provider summaries {{(pid=103680) _merge_candidates /opt/stack/placement/placement/objects/allocation_candidate.py:783}}
Jan 17 08:27:36.778060 n-d-815347-3 devstack@placement-api.service[103680]: INFO placement.requestlog [req-b85295d0-5a1f-4f87-8fb6-ea6a43120770 req-cb5cf1bb-1fd7-4434-8e5b-6eb01a76af63 service placement] 10.222.0.26 "GET /placement/allocation_candidates?limit=1000&resources=DISK_GB%3A1%2CMEMORY_MB%3A1024%2CVCPU%3A1&root_required=%21COMPUTE_STATUS_DISABLED" status: 200 len: 1309 microversion: 1.36
Jan 17 08:27:36.778786 n-d-815347-3 devstack@placement-api.service[103680]: [pid: 103680|app: 0|req: 440/881] 10.222.0.26 () {60 vars in 1506 bytes} [Mon Jan 17 08:27:36 2022] GET /placement/allocation_candidates?limit=1000&resources=DISK_GB%3A1%2CMEMORY_MB%3A1024%2CVCPU%3A1&root_required=%21COMPUTE_STATUS_DISABLED => generated 1309 bytes in 208 msecs (HTTP/1.1 200) 8 headers in 297 bytes (1 switches on core 0)
Jan 17 08:27:36.920784 n-d-815347-3 devstack@placement-api.service[103681]: DEBUG placement.requestlog [req-b85295d0-5a1f-4f87-8fb6-ea6a43120770 req-85c3af4c-a1ee-4968-8363-7cf0c2a98aee None None] Starting request: 10.222.0.26 "GET /placement/allocations/21809e0b-0345-4a6b-ba7e-152f8f6f866e" {{(pid=103681) __call__ /opt/stack/placement/placement/requestlog.py:55}}
Jan 17 08:27:36.935987 n-d-815347-3 devstack@placement-api.service[103681]: INFO placement.requestlog [req-b85295d0-5a1f-4f87-8fb6-ea6a43120770 req-85c3af4c-a1ee-4968-8363-7cf0c2a98aee service placement] 10.222.0.26 "GET /placement/allocations/21809e0b-0345-4a6b-ba7e-152f8f6f866e" status: 200 len: 19 microversion: 1.28
Jan 17 08:27:36.953275 n-d-815347-3 devstack@placement-api.service[103681]: [pid: 103681|app: 0|req: 442/882] 10.222.0.26 () {60 vars in 1380 bytes} [Mon Jan 17 08:27:36 2022] GET /placement/allocations/21809e0b-0345-4a6b-ba7e-152f8f6f866e => generated 19 bytes in 32 msecs (HTTP/1.1 200) 8 headers in 295 bytes (1 switches on core 0)
Jan 17 08:27:36.957972 n-d-815347-3 devstack@placement-api.service[103680]: DEBUG placement.requestlog [req-b85295d0-5a1f-4f87-8fb6-ea6a43120770 req-3e588eae-6f16-4e18-b99b-8264022ffb41 None None] Starting request: 10.222.0.26 "PUT /placement/allocations/21809e0b-0345-4a6b-ba7e-152f8f6f866e" {{(pid=103680) __call__ /opt/stack/placement/placement/requestlog.py:55}}
Jan 17 08:27:36.986019 n-d-815347-3 devstack@placement-api.service[103681]: DEBUG placement.requestlog [req-037f6bcb-0af6-4ef0-8752-10a63c66a3b1 req-55f9b8ca-5107-47fe-a018-dcc8ee0c7c68 None None] Starting request: 10.222.0.26 "GET /placement/allocation_candidates?limit=1000&resources=DISK_GB%3A1%2CMEMORY_MB%3A1024%2CVCPU%3A1&root_required=%21COMPUTE_STATUS_DISABLED" {{(pid=103681) __call__ /opt/stack/placement/placement/requestlog.py:55}}
Jan 17 08:27:37.080899 n-d-815347-3 devstack@placement-api.service[103681]: DEBUG placement.objects.research_context [req-037f6bcb-0af6-4ef0-8752-10a63c66a3b1 req-55f9b8ca-5107-47fe-a018-dcc8ee0c7c68 service placement] getting providers with 1 DISK_GB {{(pid=103681) __init__ /opt/stack/placement/placement/objects/research_context.py:126}}
Jan 17 08:27:37.096722 n-d-815347-3 devstack@placement-api.service[103680]: DEBUG placement.handlers.allocation [req-b85295d0-5a1f-4f87-8fb6-ea6a43120770 req-3e588eae-6f16-4e18-b99b-8264022ffb41 service placement] Successfully wrote allocations [, , ] {{(pid=103680) _update_consumers_and_create_allocations /opt/stack/placement/placement/handlers/allocation.py:462}}
Jan 17 08:27:37.097317 n-d-815347-3 devstack@placement-api.service[103681]: DEBUG placement.objects.research_context [req-037f6bcb-0af6-4ef0-8752-10a63c66a3b1 req-55f9b8ca-5107-47fe-a018-dcc8ee0c7c68 service placement] getting providers with 1024 MEMORY_MB {{(pid=103681) __init__ /opt/stack/placement/placement/objects/research_context.py:126}}
Jan 17 08:27:37.111236 n-d-815347-3 devstack@placement-api.service[103680]: INFO placement.requestlog [req-b85295d0-5a1f-4f87-8fb6-ea6a43120770 req-3e588eae-6f16-4e18-b99b-8264022ffb41 service placement] 10.222.0.26 "PUT /placement/allocations/21809e0b-0345-4a6b-ba7e-152f8f6f866e" status: 204 len: 0 microversion: 1.36
Jan 17 08:27:37.111887 n-d-815347-3 devstack@placement-api.service[103680]: [pid: 103680|app: 0|req: 441/883] 10.222.0.26 () {64 vars in 1433 bytes} [Mon Jan 17 08:27:36 2022] PUT /placement/allocations/21809e0b-0345-4a6b-ba7e-152f8f6f866e => generated 0 bytes in 154 msecs (HTTP/1.1 204) 5 headers in 199 bytes (1 switches on core 0)
Jan 17 08:27:37.121291 n-d-815347-3 devstack@placement-api.service[103681]: DEBUG placement.objects.research_context [req-037f6bcb-0af6-4ef0-8752-10a63c66a3b1 req-55f9b8ca-5107-47fe-a018-dcc8ee0c7c68 service placement] getting providers with 1 VCPU {{(pid=103681) __init__ /opt/stack/placement/placement/objects/research_context.py:126}}
Jan 17 08:27:37.147630 n-d-815347-3 devstack@placement-api.service[103681]: DEBUG placement.objects.research_context [req-037f6bcb-0af6-4ef0-8752-10a63c66a3b1 req-55f9b8ca-5107-47fe-a018-dcc8ee0c7c68 service placement] found 2 providers with available 1 DISK_GB {{(pid=103681) get_provider_ids_matching /opt/stack/placement/placement/objects/research_context.py:549}}
Jan 17 08:27:37.147957 n-d-815347-3 devstack@placement-api.service[103681]: DEBUG placement.objects.research_context [req-037f6bcb-0af6-4ef0-8752-10a63c66a3b1 req-55f9b8ca-5107-47fe-a018-dcc8ee0c7c68 service placement] found 2 providers with available 1024 MEMORY_MB {{(pid=103681) get_provider_ids_matching /opt/stack/placement/placement/objects/research_context.py:549}}
Jan 17 08:27:37.148410 n-d-815347-3 devstack@placement-api.service[103681]: DEBUG placement.objects.research_context [req-037f6bcb-0af6-4ef0-8752-10a63c66a3b1 req-55f9b8ca-5107-47fe-a018-dcc8ee0c7c68 service placement] found 2 providers after filtering by previous result {{(pid=103681) get_provider_ids_matching /opt/stack/placement/placement/objects/research_context.py:580}}
Jan 17 08:27:37.148515 n-d-815347-3 devstack@placement-api.service[103681]: DEBUG placement.objects.research_context [req-037f6bcb-0af6-4ef0-8752-10a63c66a3b1 req-55f9b8ca-5107-47fe-a018-dcc8ee0c7c68 service placement] found 2 providers with available 1 VCPU {{(pid=103681) get_provider_ids_matching /opt/stack/placement/placement/objects/research_context.py:549}}
Jan 17 08:27:37.148782 n-d-815347-3 devstack@placement-api.service[103681]: DEBUG placement.objects.research_context [req-037f6bcb-0af6-4ef0-8752-10a63c66a3b1 req-55f9b8ca-5107-47fe-a018-dcc8ee0c7c68 service placement] found 2 providers after filtering by previous result {{(pid=103681) get_provider_ids_matching /opt/stack/placement/placement/objects/research_context.py:580}}
Jan 17 08:27:37.176996 n-d-815347-3 devstack@placement-api.service[103681]: DEBUG placement.objects.allocation_candidate [req-037f6bcb-0af6-4ef0-8752-10a63c66a3b1 req-55f9b8ca-5107-47fe-a018-dcc8ee0c7c68 service placement] RequestGroup(use_same_provider=False, resources={DISK_GB:1, MEMORY_MB:1024, VCPU:1}, traits=[], aggregates=[]) (suffix '') returned 2 matches {{(pid=103681) _get_by_requests /opt/stack/placement/placement/objects/allocation_candidate.py:145}}
Jan 17 08:27:37.177551 n-d-815347-3 devstack@placement-api.service[103681]: DEBUG placement.objects.allocation_candidate [req-037f6bcb-0af6-4ef0-8752-10a63c66a3b1 req-55f9b8ca-5107-47fe-a018-dcc8ee0c7c68 service placement] Merging candidates yields 2 allocation requests and 2 provider summaries {{(pid=103681) _merge_candidates /opt/stack/placement/placement/objects/allocation_candidate.py:783}}
Jan 17 08:27:37.184661 n-d-815347-3 devstack@placement-api.service[103681]: INFO placement.requestlog [req-037f6bcb-0af6-4ef0-8752-10a63c66a3b1 req-55f9b8ca-5107-47fe-a018-dcc8ee0c7c68 service placement] 10.222.0.26 "GET /placement/allocation_candidates?limit=1000&resources=DISK_GB%3A1%2CMEMORY_MB%3A1024%2CVCPU%3A1&root_required=%21COMPUTE_STATUS_DISABLED" status: 200 len: 1309 microversion: 1.36
Jan 17 08:27:37.190658 n-d-815347-3 devstack@placement-api.service[103681]: [pid: 103681|app: 0|req: 443/884] 10.222.0.26 () {60 vars in 1506 bytes} [Mon Jan 17 08:27:36 2022] GET /placement/allocation_candidates?limit=1000&resources=DISK_GB%3A1%2CMEMORY_MB%3A1024%2CVCPU%3A1&root_required=%21COMPUTE_STATUS_DISABLED => generated 1309 bytes in 205 msecs (HTTP/1.1 200) 8 headers in 297 bytes (2 switches on core 0)
Jan 17 08:27:37.350197 n-d-815347-3 devstack@placement-api.service[103680]: DEBUG placement.requestlog [req-037f6bcb-0af6-4ef0-8752-10a63c66a3b1 req-a8cbc16b-cbc4-40cb-b0b3-19a44b3e5f93 None None] Starting request: 10.222.0.26 "GET /placement/allocations/86ba1f45-5af3-41c1-8c9a-1772c79d66f3" {{(pid=103680) __call__ /opt/stack/placement/placement/requestlog.py:55}}
Jan 17 08:27:37.369649 n-d-815347-3 devstack@placement-api.service[103680]: INFO placement.requestlog [req-037f6bcb-0af6-4ef0-8752-10a63c66a3b1 req-a8cbc16b-cbc4-40cb-b0b3-19a44b3e5f93 service placement] 10.222.0.26 "GET /placement/allocations/86ba1f45-5af3-41c1-8c9a-1772c79d66f3" status: 200 len: 19 microversion: 1.28
Jan 17 08:27:37.370684 n-d-815347-3 devstack@placement-api.service[103680]: [pid: 103680|app: 0|req: 442/885] 10.222.0.26 () {60 vars in 1380 bytes} [Mon Jan 17 08:27:37 2022] GET /placement/allocations/86ba1f45-5af3-41c1-8c9a-1772c79d66f3 => generated 19 bytes in 21 msecs (HTTP/1.1 200) 8 headers in 295 bytes (1 switches on core 0)
Jan 17 08:27:37.378046 n-d-815347-3 devstack@placement-api.service[103681]: DEBUG placement.requestlog [req-037f6bcb-0af6-4ef0-8752-10a63c66a3b1 req-efc289d5-09de-4577-af83-75b1237dd6de None None] Starting request: 10.222.0.26 "PUT /placement/allocations/86ba1f45-5af3-41c1-8c9a-1772c79d66f3" {{(pid=103681) __call__ /opt/stack/placement/placement/requestlog.py:55}}
Jan 17 08:27:37.552308 n-d-815347-3 devstack@placement-api.service[103681]: DEBUG placement.handlers.allocation [req-037f6bcb-0af6-4ef0-8752-10a63c66a3b1 req-efc289d5-09de-4577-af83-75b1237dd6de service placement] Successfully wrote allocations [, , ] {{(pid=103681) _update_consumers_and_create_allocations /opt/stack/placement/placement/handlers/allocation.py:462}}
