Jan 17 07:55:18.350482 n-d-815347-3 devstack@n-api.service[102459]: DEBUG nova.api.openstack.wsgi [None req-cbfaabdc-2b61-4b5d-8ba4-26b8bf7100f2 admin admin] Action: 'create', calling method: >, body: {"flavor": {"id": "d3", "vcpus": 2, "ram": 2048, "rxtx_factor": 1.0, "OS-FLV-EXT-DATA:ephemeral": 0, "name": "ds2G", "swap": 0, "disk": 10, "os-flavor-access:is_public": true}} {{(pid=102459) _process_stack /opt/stack/nova/nova/api/openstack/wsgi.py:511}}
Jan 17 07:55:18.373583 n-d-815347-3 devstack@n-api.service[102459]: INFO nova.api.openstack.requestlog [None req-cbfaabdc-2b61-4b5d-8ba4-26b8bf7100f2 admin admin] 10.222.0.26 "POST /compute/v2.1/flavors" status: 200 len: 404 microversion: 2.61 time: 0.078554
Jan 17 07:55:18.374677 n-d-815347-3 devstack@n-api.service[102459]: [pid: 102459|app: 0|req: 7/14] 10.222.0.26 () {64 vars in 1282 bytes} [Mon Jan 17 07:55:18 2022] POST /compute/v2.1/flavors => generated 404 bytes in 80 msecs (HTTP/1.1 200) 9 headers in 359 bytes (1 switches on core 0)
Jan 17 07:55:18.387676 n-d-815347-3 devstack@n-api.service[102458]: DEBUG nova.api.openstack.wsgi [None req-083312f5-c366-4cf9-80f1-5e7c51300196 admin admin] Action: 'create', calling method: >, body: {"extra_specs": {"hw_rng:allowed": "True"}} {{(pid=102458) _process_stack /opt/stack/nova/nova/api/openstack/wsgi.py:511}}
Jan 17 07:55:18.411737 n-d-815347-3 devstack@n-api.service[102458]: INFO nova.api.openstack.requestlog [None req-083312f5-c366-4cf9-80f1-5e7c51300196 admin admin] 10.222.0.26 "POST /compute/v2.1/flavors/d3/os-extra_specs" status: 200 len: 43 microversion: 2.61 time: 0.029313
Jan 17 07:55:18.420919 n-d-815347-3 devstack@n-api.service[102458]: [pid: 102458|app: 0|req: 8/15] 10.222.0.26 () {64 vars in 1335 bytes} [Mon Jan 17 07:55:18 2022] POST /compute/v2.1/flavors/d3/os-extra_specs => generated 43 bytes in 39 msecs (HTTP/1.1 200) 9 headers in 358 bytes (1 switches on core 0)
Jan 17 07:55:20.732602 n-d-815347-3 devstack@n-api.service[102459]: DEBUG nova.api.openstack.wsgi [None req-cbfaabdc-2b61-4b5d-8ba4-26b8bf7100f2 admin admin] Calling method '>' {{(pid=102459) _process_stack /opt/stack/nova/nova/api/openstack/wsgi.py:513}}
Jan 17 07:55:20.733623 n-d-815347-3 devstack@n-api.service[102459]: INFO nova.api.openstack.requestlog [None req-cbfaabdc-2b61-4b5d-8ba4-26b8bf7100f2 admin admin] 10.222.0.26 "GET /compute/v2.1" status: 200 len: 388 microversion: 2.1 time: 0.001483
Jan 17 07:55:20.734024 n-d-815347-3 devstack@n-api.service[102459]: [pid: 102459|app: 0|req: 8/16] 10.222.0.26 () {54 vars in 930 bytes} [Mon Jan 17 07:55:20 2022] GET /compute/v2.1 => generated 388 bytes in 2 msecs (HTTP/1.1 200) 9 headers in 357 bytes (1 switches on core 0)
Jan 17 07:55:20.793299 n-d-815347-3 devstack@n-api.service[102458]: DEBUG nova.api.openstack.wsgi [None req-dad40562-bf35-4628-ab88-1880684a2b3b admin admin] Action: 'create', calling method: >, body: {"flavor": {"os-flavor-access:is_public": true, "name": "ds4G", "ram": 4096, "vcpus": 4, "OS-FLV-EXT-DATA:ephemeral": 0, "disk": 20, "rxtx_factor": 1.0, "swap": 0, "id": "d4"}} {{(pid=102458) _process_stack /opt/stack/nova/nova/api/openstack/wsgi.py:511}}
Jan 17 07:55:20.812772 n-d-815347-3 devstack@n-api.service[102458]: INFO nova.api.openstack.requestlog [None req-dad40562-bf35-4628-ab88-1880684a2b3b admin admin] 10.222.0.26 "POST /compute/v2.1/flavors" status: 200 len: 404 microversion: 2.61 time: 0.072552
Jan 17 07:55:20.813682 n-d-815347-3 devstack@n-api.service[102458]: [pid: 102458|app: 0|req: 9/17] 10.222.0.26 () {64 vars in 1282 bytes} [Mon Jan 17 07:55:20 2022] POST /compute/v2.1/flavors => generated 404 bytes in 74 msecs (HTTP/1.1 200) 9 headers in 359 bytes (2 switches on core 0)
Jan 17 07:55:20.825316 n-d-815347-3 devstack@n-api.service[102459]: DEBUG nova.api.openstack.wsgi [None req-a157c443-4fdc-4469-b40e-3a45d67e298c admin admin] Action: 'create', calling method: >, body: {"extra_specs": {"hw_rng:allowed": "True"}} {{(pid=102459) _process_stack /opt/stack/nova/nova/api/openstack/wsgi.py:511}}
Jan 17 07:55:20.852323 n-d-815347-3 devstack@n-api.service[102459]: INFO nova.api.openstack.requestlog [None req-a157c443-4fdc-4469-b40e-3a45d67e298c admin admin] 10.222.0.26 "POST /compute/v2.1/flavors/d4/os-extra_specs" status: 200 len: 43 microversion: 2.61 time: 0.030996
Jan 17 07:55:20.858215 n-d-815347-3 devstack@n-api.service[102459]: [pid: 102459|app: 0|req: 9/18] 10.222.0.26 () {64 vars in 1335 bytes} [Mon Jan 17 07:55:20 2022] POST /compute/v2.1/flavors/d4/os-extra_specs => generated 43 bytes in 36 msecs (HTTP/1.1 200) 9 headers in 358 bytes (2 switches on core 0)
Jan 17 07:55:23.137411 n-d-815347-3 devstack@n-api.service[102458]: DEBUG nova.api.openstack.wsgi [None req-dad40562-bf35-4628-ab88-1880684a2b3b admin admin] Calling method '>' {{(pid=102458) _process_stack /opt/stack/nova/nova/api/openstack/wsgi.py:513}}
Jan 17 07:55:23.138472 n-d-815347-3 devstack@n-api.service[102458]: INFO nova.api.openstack.requestlog [None req-dad40562-bf35-4628-ab88-1880684a2b3b admin admin] 10.222.0.26 "GET /compute/v2.1" status: 200 len: 388 microversion: 2.1 time: 0.001485
Jan 17 07:55:23.138873 n-d-815347-3 devstack@n-api.service[102458]: [pid: 102458|app: 0|req: 10/19] 10.222.0.26 () {54 vars in 930 bytes} [Mon Jan 17 07:55:23 2022] GET /compute/v2.1 => generated 388 bytes in 2 msecs (HTTP/1.1 200) 9 headers in 357 bytes (1 switches on core 0)
Jan 17 07:55:23.228238 n-d-815347-3 devstack@n-api.service[102459]: DEBUG nova.api.openstack.wsgi [None req-a87d40e3-3897-481c-8bc6-12b7333b1113 admin admin] Calling method '>' {{(pid=102459) _process_stack /opt/stack/nova/nova/api/openstack/wsgi.py:513}}
Jan 17 07:55:23.265635 n-d-815347-3 devstack@n-api.service[102459]: INFO nova.api.openstack.requestlog [None req-a87d40e3-3897-481c-8bc6-12b7333b1113 admin admin] 10.222.0.26 "GET /compute/v2.1/flavors/detail?is_public=True" status: 200 len: 2106 microversion: 2.61 time: 0.119241
Jan 17 07:55:23.266204 n-d-815347-3 devstack@n-api.service[102459]: [pid: 102459|app: 0|req: 10/20] 10.222.0.26 () {60 vars in 1291 bytes} [Mon Jan 17 07:55:23 2022] GET /compute/v2.1/flavors/detail?is_public=True => generated 2106 bytes in 120 msecs (HTTP/1.1 200) 9 headers in 360 bytes (1 switches on core 0)
Jan 17 07:55:25.613971 n-d-815347-3 devstack@n-api.service[102458]: DEBUG nova.api.openstack.wsgi [None req-dad40562-bf35-4628-ab88-1880684a2b3b admin admin] Calling method '>' {{(pid=102458) _process_stack /opt/stack/nova/nova/api/openstack/wsgi.py:513}}
Jan 17 07:55:25.614973 n-d-815347-3 devstack@n-api.service[102458]: INFO nova.api.openstack.requestlog [None req-dad40562-bf35-4628-ab88-1880684a2b3b admin admin] 10.222.0.26 "GET /compute/v2.1" status: 200 len: 388 microversion: 2.1 time: 0.001429
Jan 17 07:55:25.615847 n-d-815347-3 devstack@n-api.service[102458]: [pid: 102458|app: 0|req: 11/21] 10.222.0.26 () {54 vars in 930 bytes} [Mon Jan 17 07:55:25 2022] GET /compute/v2.1 => generated 388 bytes in 3 msecs (HTTP/1.1 200) 9 headers in 357 bytes (1 switches on core 0)
Jan 17 07:55:25.681812 n-d-815347-3 devstack@n-api.service[102459]: DEBUG nova.api.openstack.wsgi [None req-09c30ddc-c46b-4f2a-bdb5-4cba07fa4ff4 admin admin] Action: 'create', calling method: >, body: {"flavor": {"disk": 1, "OS-FLV-EXT-DATA:ephemeral": 0, "name": "m1.tiny", "swap": 0, "id": "1", "os-flavor-access:is_public": true, "rxtx_factor": 1.0, "ram": 512, "vcpus": 1}} {{(pid=102459) _process_stack /opt/stack/nova/nova/api/openstack/wsgi.py:511}}
Jan 17 07:55:25.705958 n-d-815347-3 devstack@n-api.service[102459]: INFO nova.api.openstack.requestlog [None req-09c30ddc-c46b-4f2a-bdb5-4cba07fa4ff4 admin admin] 10.222.0.26 "POST /compute/v2.1/flavors" status: 200 len: 402 microversion: 2.61 time: 0.081298
Jan 17 07:55:25.719332 n-d-815347-3 devstack@n-api.service[102458]: DEBUG nova.api.openstack.wsgi [None req-cdfd418b-340f-4f09-ae32-fc5c48042cb0 admin admin] Action: 'create', calling method: >, body: {"extra_specs": {"hw_rng:allowed": "True"}} {{(pid=102458) _process_stack /opt/stack/nova/nova/api/openstack/wsgi.py:511}}
Jan 17 07:55:25.727805 n-d-815347-3 devstack@n-api.service[102459]: [pid: 102459|app: 0|req: 11/22] 10.222.0.26 () {64 vars in 1282 bytes} [Mon Jan 17 07:55:25 2022] POST /compute/v2.1/flavors => generated 402 bytes in 102 msecs (HTTP/1.1 200) 9 headers in 359 bytes (1 switches on core 0)
Jan 17 07:55:25.749606 n-d-815347-3 devstack@n-api.service[102458]: INFO nova.api.openstack.requestlog [None req-cdfd418b-340f-4f09-ae32-fc5c48042cb0 admin admin] 10.222.0.26 "POST /compute/v2.1/flavors/1/os-extra_specs" status: 200 len: 43 microversion: 2.61 time: 0.033999
Jan 17 07:55:25.765138 n-d-815347-3 devstack@n-api.service[102458]: [pid: 102458|app: 0|req: 12/23] 10.222.0.26 () {64 vars in 1332 bytes} [Mon Jan 17 07:55:25 2022] POST /compute/v2.1/flavors/1/os-extra_specs => generated 43 bytes in 50 msecs (HTTP/1.1 200) 9 headers in 358 bytes (1 switches on core 0)
Jan 17 07:55:28.061953 n-d-815347-3 devstack@n-api.service[102459]: DEBUG nova.api.openstack.wsgi [None req-09c30ddc-c46b-4f2a-bdb5-4cba07fa4ff4 admin admin] Calling method '>' {{(pid=102459) _process_stack /opt/stack/nova/nova/api/openstack/wsgi.py:513}}
Jan 17 07:55:28.063025 n-d-815347-3 devstack@n-api.service[102459]: INFO nova.api.openstack.requestlog [None req-09c30ddc-c46b-4f2a-bdb5-4cba07fa4ff4 admin admin] 10.222.0.26 "GET /compute/v2.1" status: 200 len: 388 microversion: 2.1 time: 0.001557
Jan 17 07:55:28.063434 n-d-815347-3 devstack@n-api.service[102459]: [pid: 102459|app: 0|req: 12/24] 10.222.0.26 () {54 vars in 930 bytes} [Mon Jan 17 07:55:28 2022] GET /compute/v2.1 => generated 388 bytes in 3 msecs (HTTP/1.1 200) 9 headers in 357 bytes (1 switches on core 0)
Jan 17 07:55:28.131130 n-d-815347-3 devstack@n-api.service[102458]: DEBUG nova.api.openstack.wsgi [None req-f5ffdb67-62f1-438d-b340-7b153f80afa8 admin admin] Action: 'create', calling method: >, body: {"flavor": {"OS-FLV-EXT-DATA:ephemeral": 0, "vcpus": 1, "rxtx_factor": 1.0, "disk": 20, "os-flavor-access:is_public": true, "name": "m1.small", "id": "2", "swap": 0, "ram": 2048}} {{(pid=102458) _process_stack /opt/stack/nova/nova/api/openstack/wsgi.py:511}}
Jan 17 07:55:28.159237 n-d-815347-3 devstack@n-api.service[102458]: INFO nova.api.openstack.requestlog [None req-f5ffdb67-62f1-438d-b340-7b153f80afa8 admin admin] 10.222.0.26 "POST /compute/v2.1/flavors" status: 200 len: 405 microversion: 2.61 time: 0.087310
Jan 17 07:55:28.160241 n-d-815347-3 devstack@n-api.service[102458]: [pid: 102458|app: 0|req: 13/25] 10.222.0.26 () {64 vars in 1282 bytes} [Mon Jan 17 07:55:28 2022] POST /compute/v2.1/flavors => generated 405 bytes in 90 msecs (HTTP/1.1 200) 9 headers in 359 bytes (2 switches on core 0)
Jan 17 07:55:28.176467 n-d-815347-3 devstack@n-api.service[102459]: DEBUG nova.api.openstack.wsgi [None req-924b4a8b-c716-4b1a-a66e-f1c9d1c9c9dc admin admin] Action: 'create', calling method: >, body: {"extra_specs": {"hw_rng:allowed": "True"}} {{(pid=102459) _process_stack /opt/stack/nova/nova/api/openstack/wsgi.py:511}}
Jan 17 07:55:28.204895 n-d-815347-3 devstack@n-api.service[102459]: INFO nova.api.openstack.requestlog [None req-924b4a8b-c716-4b1a-a66e-f1c9d1c9c9dc admin admin] 10.222.0.26 "POST /compute/v2.1/flavors/2/os-extra_specs" status: 200 len: 43 microversion: 2.61 time: 0.034299
Jan 17 07:55:28.206058 n-d-815347-3 devstack@n-api.service[102459]: [pid: 102459|app: 0|req: 13/26] 10.222.0.26 () {64 vars in 1332 bytes} [Mon Jan 17 07:55:28 2022] POST /compute/v2.1/flavors/2/os-extra_specs => generated 43 bytes in 36 msecs (HTTP/1.1 200) 9 headers in 358 bytes (2 switches on core 0)
Jan 17 07:55:30.862474 n-d-815347-3 devstack@n-api.service[102458]: DEBUG nova.api.openstack.wsgi [None req-f5ffdb67-62f1-438d-b340-7b153f80afa8 admin admin] Calling method '>' {{(pid=102458) _process_stack /opt/stack/nova/nova/api/openstack/wsgi.py:513}}
Jan 17 07:55:30.863387 n-d-815347-3 devstack@n-api.service[102458]: INFO nova.api.openstack.requestlog [None req-f5ffdb67-62f1-438d-b340-7b153f80afa8 admin admin] 10.222.0.26 "GET /compute/v2.1" status: 200 len: 388 microversion: 2.1 time: 0.001460
Jan 17 07:55:30.863993 n-d-815347-3 devstack@n-api.service[102458]: [pid: 102458|app: 0|req: 14/27] 10.222.0.26 () {54 vars in 930 bytes} [Mon Jan 17 07:55:30 2022] GET /compute/v2.1 => generated 388 bytes in 2 msecs (HTTP/1.1 200) 9 headers in 357 bytes (1 switches on core 0)
Jan 17 07:55:30.925860 n-d-815347-3 devstack@n-api.service[102459]: DEBUG nova.api.openstack.wsgi [None req-ad839148-6941-4a09-be3b-189ca3beed69 admin admin] Action: 'create', calling method: >, body: {"flavor": {"disk": 40, "id": "3", "os-flavor-access:is_public": true, "OS-FLV-EXT-DATA:ephemeral": 0, "swap": 0, "ram": 4096, "rxtx_factor": 1.0, "vcpus": 2, "name": "m1.medium"}} {{(pid=102459) _process_stack /opt/stack/nova/nova/api/openstack/wsgi.py:511}}
Jan 17 07:55:30.948759 n-d-815347-3 devstack@n-api.service[102459]: INFO nova.api.openstack.requestlog [None req-ad839148-6941-4a09-be3b-189ca3beed69 admin admin] 10.222.0.26 "POST /compute/v2.1/flavors" status: 200 len: 406 microversion: 2.61 time: 0.078126
Jan 17 07:55:30.949847 n-d-815347-3 devstack@n-api.service[102459]: [pid: 102459|app: 0|req: 14/28] 10.222.0.26 () {64 vars in 1282 bytes} [Mon Jan 17 07:55:30 2022] POST /compute/v2.1/flavors => generated 406 bytes in 80 msecs (HTTP/1.1 200) 9 headers in 359 bytes (1 switches on core 0)
Jan 17 07:55:30.961419 n-d-815347-3 devstack@n-api.service[102458]: DEBUG nova.api.openstack.wsgi [None req-aebb8ac5-691e-4f01-aaea-d16d3f73b044 admin admin] Action: 'create', calling method: >, body: {"extra_specs": {"hw_rng:allowed": "True"}} {{(pid=102458) _process_stack /opt/stack/nova/nova/api/openstack/wsgi.py:511}}
Jan 17 07:55:30.984907 n-d-815347-3 devstack@n-api.service[102458]: INFO nova.api.openstack.requestlog [None req-aebb8ac5-691e-4f01-aaea-d16d3f73b044 admin admin] 10.222.0.26 "POST /compute/v2.1/flavors/3/os-extra_specs" status: 200 len: 43 microversion: 2.61 time: 0.027590
Jan 17 07:55:30.985760 n-d-815347-3 devstack@n-api.service[102458]: [pid: 102458|app: 0|req: 15/29] 10.222.0.26 () {64 vars in 1332 bytes} [Mon Jan 17 07:55:30 2022] POST /compute/v2.1/flavors/3/os-extra_specs => generated 43 bytes in 29 msecs (HTTP/1.1 200) 9 headers in 358 bytes (1 switches on core 0)
Jan 17 07:55:33.726937 n-d-815347-3 devstack@n-api.service[102459]: DEBUG nova.api.openstack.wsgi [None req-ad839148-6941-4a09-be3b-189ca3beed69 admin admin] Calling method '>' {{(pid=102459) _process_stack /opt/stack/nova/nova/api/openstack/wsgi.py:513}}
Jan 17 07:55:33.728020 n-d-815347-3 devstack@n-api.service[102459]: INFO nova.api.openstack.requestlog [None req-ad839148-6941-4a09-be3b-189ca3beed69 admin admin] 10.222.0.26 "GET /compute/v2.1" status: 200 len: 388 microversion: 2.1 time: 0.001497
Jan 17 07:55:33.728451 n-d-815347-3 devstack@n-api.service[102459]: [pid: 102459|app: 0|req: 15/30] 10.222.0.26 () {54 vars in 930 bytes} [Mon Jan 17 07:55:33 2022] GET /compute/v2.1 => generated 388 bytes in 2 msecs (HTTP/1.1 200) 9 headers in 357 bytes (1 switches on core 0)
Jan 17 07:55:33.787748 n-d-815347-3 devstack@n-api.service[102458]: DEBUG nova.api.openstack.wsgi [None req-471a620f-067d-4e04-8005-ee29e833aa36 admin admin] Action: 'create', calling method: >, body: {"flavor": {"name": "m1.large", "disk": 80, "id": "4", "swap": 0, "ram": 8192, "vcpus": 4, "OS-FLV-EXT-DATA:ephemeral": 0, "rxtx_factor": 1.0, "os-flavor-access:is_public": true}} {{(pid=102458) _process_stack /opt/stack/nova/nova/api/openstack/wsgi.py:511}}
Jan 17 07:55:33.805148 n-d-815347-3 devstack@n-api.service[102458]: INFO nova.api.openstack.requestlog [None req-471a620f-067d-4e04-8005-ee29e833aa36 admin admin] 10.222.0.26 "POST /compute/v2.1/flavors" status: 200 len: 405 microversion: 2.61 time: 0.070763
Jan 17 07:55:33.805963 n-d-815347-3 devstack@n-api.service[102458]: [pid: 102458|app: 0|req: 16/31] 10.222.0.26 () {64 vars in 1282 bytes} [Mon Jan 17 07:55:33 2022] POST /compute/v2.1/flavors => generated 405 bytes in 72 msecs (HTTP/1.1 200) 9 headers in 359 bytes (1 switches on core 0)
Jan 17 07:55:33.820480 n-d-815347-3 devstack@n-api.service[102459]: DEBUG nova.api.openstack.wsgi [None req-9be410e7-f48f-44fe-8b02-8e1bd28da0d2 admin admin] Action: 'create', calling method: >, body: {"extra_specs": {"hw_rng:allowed": "True"}} {{(pid=102459) _process_stack /opt/stack/nova/nova/api/openstack/wsgi.py:511}}
Jan 17 07:55:33.842725 n-d-815347-3 devstack@n-api.service[102459]: INFO nova.api.openstack.requestlog [None req-9be410e7-f48f-44fe-8b02-8e1bd28da0d2 admin admin] 10.222.0.26 "POST /compute/v2.1/flavors/4/os-extra_specs" status: 200 len: 43 microversion: 2.61 time: 0.028298
Jan 17 07:55:33.843278 n-d-815347-3 devstack@n-api.service[102459]: [pid: 102459|app: 0|req: 16/32] 10.222.0.26 () {64 vars in 1332 bytes} [Mon Jan 17 07:55:33 2022] POST /compute/v2.1/flavors/4/os-extra_specs => generated 43 bytes in 30 msecs (HTTP/1.1 200) 9 headers in 358 bytes (1 switches on core 0)
Jan 17 07:55:36.078040 n-d-815347-3 devstack@n-api.service[102458]: DEBUG nova.api.openstack.wsgi [None req-471a620f-067d-4e04-8005-ee29e833aa36 admin admin] Calling method '>' {{(pid=102458) _process_stack /opt/stack/nova/nova/api/openstack/wsgi.py:513}}
Jan 17 07:55:36.079640 n-d-815347-3 devstack@n-api.service[102458]: INFO nova.api.openstack.requestlog [None req-471a620f-067d-4e04-8005-ee29e833aa36 admin admin] 10.222.0.26 "GET /compute/v2.1" status: 200 len: 388 microversion: 2.1 time: 0.002022
Jan 17 07:55:36.085705 n-d-815347-3 devstack@n-api.service[102458]: [pid: 102458|app: 0|req: 17/33] 10.222.0.26 () {54 vars in 930 bytes} [Mon Jan 17 07:55:36 2022] GET /compute/v2.1 => generated 388 bytes in 8 msecs (HTTP/1.1 200) 9 headers in 357 bytes (1 switches on core 0)
Jan 17 07:55:36.157393 n-d-815347-3 devstack@n-api.service[102459]: DEBUG nova.api.openstack.wsgi [None req-066fca6c-c3eb-4733-b9de-1481c672fc61 admin admin] Action: 'create', calling method: >, body: {"flavor": {"disk": 160, "os-flavor-access:is_public": true, "name": "m1.xlarge", "rxtx_factor": 1.0, "OS-FLV-EXT-DATA:ephemeral": 0, "swap": 0, "ram": 16384, "id": "5", "vcpus": 8}} {{(pid=102459) _process_stack /opt/stack/nova/nova/api/openstack/wsgi.py:511}}
Jan 17 07:55:36.175845 n-d-815347-3 devstack@n-api.service[102459]: INFO nova.api.openstack.requestlog [None req-066fca6c-c3eb-4733-b9de-1481c672fc61 admin admin] 10.222.0.26 "POST /compute/v2.1/flavors" status: 200 len: 408 microversion: 2.61 time: 0.089210
Jan 17 07:55:36.176978 n-d-815347-3 devstack@n-api.service[102459]: [pid: 102459|app: 0|req: 17/34] 10.222.0.26 () {64 vars in 1282 bytes} [Mon Jan 17 07:55:36 2022] POST /compute/v2.1/flavors => generated 408 bytes in 91 msecs (HTTP/1.1 200) 9 headers in 359 bytes (2 switches on core 0)
Jan 17 07:55:36.191827 n-d-815347-3 devstack@n-api.service[102458]: DEBUG nova.api.openstack.wsgi [None req-7f31b013-ea73-4c3b-82eb-4903f941c27a admin admin] Action: 'create', calling method: >, body: {"extra_specs": {"hw_rng:allowed": "True"}} {{(pid=102458) _process_stack /opt/stack/nova/nova/api/openstack/wsgi.py:511}}
Jan 17 07:55:36.224494 n-d-815347-3 devstack@n-api.service[102458]: INFO nova.api.openstack.requestlog [None req-7f31b013-ea73-4c3b-82eb-4903f941c27a admin admin] 10.222.0.26 "POST /compute/v2.1/flavors/5/os-extra_specs" status: 200 len: 43 microversion: 2.61 time: 0.037886
Jan 17 07:55:36.226433 n-d-815347-3 devstack@n-api.service[102458]: [pid: 102458|app: 0|req: 18/35] 10.222.0.26 () {64 vars in 1332 bytes} [Mon Jan 17 07:55:36 2022] POST /compute/v2.1/flavors/5/os-extra_specs => generated 43 bytes in 40 msecs (HTTP/1.1 200) 9 headers in 358 bytes (1 switches on core 0)
Jan 17 07:56:02.359009 n-d-815347-3 devstack@n-api.service[102459]: DEBUG nova.api.openstack.wsgi [None req-066fca6c-c3eb-4733-b9de-1481c672fc61 admin admin] Calling method '>' {{(pid=102459) _process_stack /opt/stack/nova/nova/api/openstack/wsgi.py:513}}
Jan 17 07:56:02.360017 n-d-815347-3 devstack@n-api.service[102459]: INFO nova.api.openstack.requestlog [None req-066fca6c-c3eb-4733-b9de-1481c672fc61 admin admin] 10.222.0.26 "GET /compute/v2.1" status: 200 len: 388 microversion: 2.1 time: 0.001684
Jan 17 07:56:02.360443 n-d-815347-3 devstack@n-api.service[102459]: [pid: 102459|app: 0|req: 18/36] 10.222.0.26 () {54 vars in 930 bytes} [Mon Jan 17 07:56:02 2022] GET /compute/v2.1 => generated 388 bytes in 3 msecs (HTTP/1.1 200) 9 headers in 357 bytes (1 switches on core 0)
Jan 17 07:56:02.417099 n-d-815347-3 devstack@n-api.service[102458]: DEBUG nova.api.openstack.wsgi [None req-8de0406e-aa03-46ac-a670-a48442b0acc8 admin admin] Calling method '>' {{(pid=102458) _process_stack /opt/stack/nova/nova/api/openstack/wsgi.py:513}}
Jan 17 07:56:02.434121 n-d-815347-3 devstack@n-api.service[102458]: INFO nova.api.openstack.requestlog [None req-8de0406e-aa03-46ac-a670-a48442b0acc8 admin admin] 10.222.0.26 "GET /compute/v2.1/flavors/detail?is_public=True" status: 200 len: 4202 microversion: 2.61 time: 0.067438
Jan 17 07:56:02.434655 n-d-815347-3 devstack@n-api.service[102458]: [pid: 102458|app: 0|req: 19/37] 10.222.0.26 () {60 vars in 1291 bytes} [Mon Jan 17 07:56:02 2022] GET /compute/v2.1/flavors/detail?is_public=True => generated 4202 bytes in 68 msecs (HTTP/1.1 200) 9 headers in 360 bytes (1 switches on core 0)
Jan 17 07:56:03.783696 n-d-815347-3 devstack@n-api.service[102459]: DEBUG nova.api.openstack.wsgi [None req-066fca6c-c3eb-4733-b9de-1481c672fc61 admin admin] Calling method '>' {{(pid=102459) _process_stack /opt/stack/nova/nova/api/openstack/wsgi.py:513}}
Jan 17 07:56:03.784769 n-d-815347-3 devstack@n-api.service[102459]: INFO nova.api.openstack.requestlog [None req-066fca6c-c3eb-4733-b9de-1481c672fc61 admin admin] 10.222.0.26 "GET /compute/v2.1" status: 200 len: 388 microversion: 2.1 time: 0.001478
Jan 17 07:56:03.785171 n-d-815347-3 devstack@n-api.service[102459]: [pid: 102459|app: 0|req: 19/38] 10.222.0.26 () {56 vars in 1074 bytes} [Mon Jan 17 07:56:03 2022] GET /compute/v2.1 => generated 388 bytes in 2 msecs (HTTP/1.1 200) 9 headers in 357 bytes (1 switches on core 0)
Jan 17 07:56:04.001659 n-d-815347-3 devstack@n-api.service[102458]: DEBUG nova.api.openstack.wsgi [None req-1287564a-4a04-4406-9e9f-123fa198f662 admin admin] Calling method '>' {{(pid=102458) _process_stack /opt/stack/nova/nova/api/openstack/wsgi.py:513}}
Jan 17 07:56:04.009498 n-d-815347-3 devstack@n-api.service[102458]: INFO nova.api.openstack.wsgi [None req-1287564a-4a04-4406-9e9f-123fa198f662 admin admin] HTTP exception thrown: Flavor 42 could not be found.
Jan 17 07:56:04.010068 n-d-815347-3 devstack@n-api.service[102458]: DEBUG nova.api.openstack.wsgi [None req-1287564a-4a04-4406-9e9f-123fa198f662 admin admin] Returning 404 to user: Flavor 42 could not be found. {{(pid=102458) __call__ /opt/stack/nova/nova/api/openstack/wsgi.py:936}}
Jan 17 07:56:04.010914 n-d-815347-3 devstack@n-api.service[102458]: INFO nova.api.openstack.requestlog [None req-1287564a-4a04-4406-9e9f-123fa198f662 admin admin] 10.222.0.26 "GET /compute/v2.1/flavors/42" status: 404 len: 75 microversion: 2.90 time: 0.062148
Jan 17 07:56:04.011756 n-d-815347-3 devstack@n-api.service[102458]: [pid: 102458|app: 0|req: 20/39] 10.222.0.26 () {60 vars in 1190 bytes} [Mon Jan 17 07:56:03 2022] GET /compute/v2.1/flavors/42 => generated 75 bytes in 64 msecs (HTTP/1.1 404) 9 headers in 380 bytes (1 switches on core 0)
Jan 17 07:56:04.021809 n-d-815347-3 devstack@n-api.service[102459]: DEBUG nova.api.openstack.wsgi [None req-08ebf3d8-cfe5-4d59-aab5-5dc735806598 admin admin] Calling method '>' {{(pid=102459) _process_stack /opt/stack/nova/nova/api/openstack/wsgi.py:513}}
Jan 17 07:56:04.042337 n-d-815347-3 devstack@n-api.service[102459]: INFO nova.api.openstack.requestlog [None req-08ebf3d8-cfe5-4d59-aab5-5dc735806598 admin admin] 10.222.0.26 "GET /compute/v2.1/flavors?is_public=None" status: 200 len: 2056 microversion: 2.90 time: 0.024771
Jan 17 07:56:04.042871 n-d-815347-3 devstack@n-api.service[102459]: [pid: 102459|app: 0|req: 20/40] 10.222.0.26 () {60 vars in 1210 bytes} [Mon Jan 17 07:56:04 2022] GET /compute/v2.1/flavors?is_public=None => generated 2056 bytes in 26 msecs (HTTP/1.1 200) 9 headers in 360 bytes (1 switches on core 0)
Jan 17 07:56:04.054313 n-d-815347-3 devstack@n-api.service[102458]: DEBUG nova.api.openstack.wsgi [None req-040b7799-14d7-4124-8a77-7598255a3394 admin admin] Calling method '>' {{(pid=102458) _process_stack /opt/stack/nova/nova/api/openstack/wsgi.py:513}}
Jan 17 07:56:04.074793 n-d-815347-3 devstack@n-api.service[102458]: INFO nova.api.openstack.requestlog [None req-040b7799-14d7-4124-8a77-7598255a3394 admin admin] 10.222.0.26 "GET /compute/v2.1/flavors?is_public=None" status: 200 len: 2056 microversion: 2.90 time: 0.023959
Jan 17 07:56:04.075607 n-d-815347-3 devstack@n-api.service[102458]: [pid: 102458|app: 0|req: 21/41] 10.222.0.26 () {60 vars in 1210 bytes} [Mon Jan 17 07:56:04 2022] GET /compute/v2.1/flavors?is_public=None => generated 2056 bytes in 25 msecs (HTTP/1.1 200) 9 headers in 360 bytes (2 switches on core 0)
Jan 17 07:56:04.085029 n-d-815347-3 devstack@n-api.service[102459]: DEBUG nova.api.openstack.wsgi [None req-24de5b08-8e28-4f60-ab3d-4b6b4c53279b admin admin] Calling method '>' {{(pid=102459) _process_stack /opt/stack/nova/nova/api/openstack/wsgi.py:513}}
Jan 17 07:56:04.090357 n-d-815347-3 devstack@n-api.service[102459]: INFO nova.api.openstack.wsgi [None req-24de5b08-8e28-4f60-ab3d-4b6b4c53279b admin admin] HTTP exception thrown: Flavor 42 could not be found.
Jan 17 07:56:04.090917 n-d-815347-3 devstack@n-api.service[102459]: DEBUG nova.api.openstack.wsgi [None req-24de5b08-8e28-4f60-ab3d-4b6b4c53279b admin admin] Returning 404 to user: Flavor 42 could not be found. {{(pid=102459) __call__ /opt/stack/nova/nova/api/openstack/wsgi.py:936}}
Jan 17 07:56:04.091688 n-d-815347-3 devstack@n-api.service[102459]: INFO nova.api.openstack.requestlog [None req-24de5b08-8e28-4f60-ab3d-4b6b4c53279b admin admin] 10.222.0.26 "GET /compute/v2.1/flavors/42" status: 404 len: 75 microversion: 2.90 time: 0.010723
Jan 17 07:56:04.092195 n-d-815347-3 devstack@n-api.service[102459]: [pid: 102459|app: 0|req: 21/42] 10.222.0.26 () {60 vars in 1190 bytes} [Mon Jan 17 07:56:04 2022] GET /compute/v2.1/flavors/42 => generated 75 bytes in 12 msecs (HTTP/1.1 404) 9 headers in 380 bytes (2 switches on core 0)
Jan 17 07:56:05.345725 n-d-815347-3 devstack@n-api.service[102458]: DEBUG nova.api.openstack.wsgi [None req-040b7799-14d7-4124-8a77-7598255a3394 admin admin] Calling method '>' {{(pid=102458) _process_stack /opt/stack/nova/nova/api/openstack/wsgi.py:513}}
Jan 17 07:56:05.346721 n-d-815347-3 devstack@n-api.service[102458]: INFO nova.api.openstack.requestlog [None req-040b7799-14d7-4124-8a77-7598255a3394 admin admin] 10.222.0.26 "GET /compute/v2.1" status: 200 len: 388 microversion: 2.1 time: 0.001406
Jan 17 07:56:05.347114 n-d-815347-3 devstack@n-api.service[102458]: [pid: 102458|app: 0|req: 22/43] 10.222.0.26 () {56 vars in 1074 bytes} [Mon Jan 17 07:56:05 2022] GET /compute/v2.1 => generated 388 bytes in 2 msecs (HTTP/1.1 200) 9 headers in 357 bytes (1 switches on core 0)
Jan 17 07:56:05.536883 n-d-815347-3 devstack@n-api.service[102459]: DEBUG nova.api.openstack.wsgi [None req-73d19349-e08a-4a8e-bbfa-130c4ff07f56 admin admin] Calling method '>' {{(pid=102459) _process_stack /opt/stack/nova/nova/api/openstack/wsgi.py:513}}
Jan 17 07:56:05.542501 n-d-815347-3 devstack@n-api.service[102459]: INFO nova.api.openstack.wsgi [None req-73d19349-e08a-4a8e-bbfa-130c4ff07f56 admin admin] HTTP exception thrown: Flavor 84 could not be found.
Jan 17 07:56:05.543050 n-d-815347-3 devstack@n-api.service[102459]: DEBUG nova.api.openstack.wsgi [None req-73d19349-e08a-4a8e-bbfa-130c4ff07f56 admin admin] Returning 404 to user: Flavor 84 could not be found. {{(pid=102459) __call__ /opt/stack/nova/nova/api/openstack/wsgi.py:936}}
Jan 17 07:56:05.543826 n-d-815347-3 devstack@n-api.service[102459]: INFO nova.api.openstack.requestlog [None req-73d19349-e08a-4a8e-bbfa-130c4ff07f56 admin admin] 10.222.0.26 "GET /compute/v2.1/flavors/84" status: 404 len: 75 microversion: 2.90 time: 0.057305
Jan 17 07:56:05.544358 n-d-815347-3 devstack@n-api.service[102459]: [pid: 102459|app: 0|req: 22/44] 10.222.0.26 () {60 vars in 1190 bytes} [Mon Jan 17 07:56:05 2022] GET /compute/v2.1/flavors/84 => generated 75 bytes in 58 msecs (HTTP/1.1 404) 9 headers in 380 bytes (1 switches on core 0)
Jan 17 07:56:05.553562 n-d-815347-3 devstack@n-api.service[102458]: DEBUG nova.api.openstack.wsgi [None req-5feec711-9db7-4845-98a9-327613c1077e admin admin] Calling method '>' {{(pid=102458) _process_stack /opt/stack/nova/nova/api/openstack/wsgi.py:513}}
Jan 17 07:56:05.566607 n-d-815347-3 devstack@n-api.service[102458]: INFO nova.api.openstack.requestlog [None req-5feec711-9db7-4845-98a9-327613c1077e admin admin] 10.222.0.26 "GET /compute/v2.1/flavors?is_public=None" status: 200 len: 2056 microversion: 2.90 time: 0.016653
Jan 17 07:56:05.567127 n-d-815347-3 devstack@n-api.service[102458]: [pid: 102458|app: 0|req: 23/45] 10.222.0.26 () {60 vars in 1210 bytes} [Mon Jan 17 07:56:05 2022] GET /compute/v2.1/flavors?is_public=None => generated 2056 bytes in 18 msecs (HTTP/1.1 200) 9 headers in 360 bytes (1 switches on core 0)
Jan 17 07:56:05.576292 n-d-815347-3 devstack@n-api.service[102459]: DEBUG nova.api.openstack.wsgi [None req-88724eb4-1b3b-4187-8720-41e40766d720 admin admin] Calling method '>' {{(pid=102459) _process_stack /opt/stack/nova/nova/api/openstack/wsgi.py:513}}
Jan 17 07:56:05.589854 n-d-815347-3 devstack@n-api.service[102459]: INFO nova.api.openstack.requestlog [None req-88724eb4-1b3b-4187-8720-41e40766d720 admin admin] 10.222.0.26 "GET /compute/v2.1/flavors?is_public=None" status: 200 len: 2056 microversion: 2.90 time: 0.017213
Jan 17 07:56:05.590385 n-d-815347-3 devstack@n-api.service[102459]: [pid: 102459|app: 0|req: 23/46] 10.222.0.26 () {60 vars in 1210 bytes} [Mon Jan 17 07:56:05 2022] GET /compute/v2.1/flavors?is_public=None => generated 2056 bytes in 18 msecs (HTTP/1.1 200) 9 headers in 360 bytes (2 switches on core 0)
Jan 17 07:56:05.599165 n-d-815347-3 devstack@n-api.service[102458]: DEBUG nova.api.openstack.wsgi [None req-3c307ffb-2cc4-4c52-9fb5-9406b52e8cd3 admin admin] Calling method '>' {{(pid=102458) _process_stack /opt/stack/nova/nova/api/openstack/wsgi.py:513}}
Jan 17 07:56:05.604687 n-d-815347-3 devstack@n-api.service[102458]: INFO nova.api.openstack.wsgi [None req-3c307ffb-2cc4-4c52-9fb5-9406b52e8cd3 admin admin] HTTP exception thrown: Flavor 84 could not be found.
Jan 17 07:56:05.605240 n-d-815347-3 devstack@n-api.service[102458]: DEBUG nova.api.openstack.wsgi [None req-3c307ffb-2cc4-4c52-9fb5-9406b52e8cd3 admin admin] Returning 404 to user: Flavor 84 could not be found. {{(pid=102458) __call__ /opt/stack/nova/nova/api/openstack/wsgi.py:936}}
Jan 17 07:56:05.605997 n-d-815347-3 devstack@n-api.service[102458]: INFO nova.api.openstack.requestlog [None req-3c307ffb-2cc4-4c52-9fb5-9406b52e8cd3 admin admin] 10.222.0.26 "GET /compute/v2.1/flavors/84" status: 404 len: 75 microversion: 2.90 time: 0.010220
Jan 17 07:56:05.606475 n-d-815347-3 devstack@n-api.service[102458]: [pid: 102458|app: 0|req: 24/47] 10.222.0.26 () {60 vars in 1190 bytes} [Mon Jan 17 07:56:05 2022] GET /compute/v2.1/flavors/84 => generated 75 bytes in 11 msecs (HTTP/1.1 404) 9 headers in 380 bytes (1 switches on core 0)
Jan 17 07:56:06.853283 n-d-815347-3 devstack@n-api.service[102459]: DEBUG nova.api.openstack.wsgi [None req-88724eb4-1b3b-4187-8720-41e40766d720 admin admin] Calling method '>' {{(pid=102459) _process_stack /opt/stack/nova/nova/api/openstack/wsgi.py:513}}
Jan 17 07:56:06.854271 n-d-815347-3 devstack@n-api.service[102459]: INFO nova.api.openstack.requestlog [None req-88724eb4-1b3b-4187-8720-41e40766d720 admin admin] 10.222.0.26 "GET /compute/v2.1" status: 200 len: 388 microversion: 2.1 time: 0.001401
Jan 17 07:56:06.854659 n-d-815347-3 devstack@n-api.service[102459]: [pid: 102459|app: 0|req: 24/48] 10.222.0.26 () {56 vars in 1074 bytes} [Mon Jan 17 07:56:06 2022] GET /compute/v2.1 => generated 388 bytes in 2 msecs (HTTP/1.1 200) 9 headers in 357 bytes (1 switches on core 0)
Jan 17 07:56:07.046914 n-d-815347-3 devstack@n-api.service[102458]: DEBUG nova.api.openstack.wsgi [None req-416b3041-5d62-4c8e-a011-e690a0e5c217 admin admin] Calling method '>' {{(pid=102458) _process_stack /opt/stack/nova/nova/api/openstack/wsgi.py:513}}
Jan 17 07:56:07.052239 n-d-815347-3 devstack@n-api.service[102458]: INFO nova.api.openstack.wsgi [None req-416b3041-5d62-4c8e-a011-e690a0e5c217 admin admin] HTTP exception thrown: Flavor 451 could not be found.
Jan 17 07:56:07.052811 n-d-815347-3 devstack@n-api.service[102458]: DEBUG nova.api.openstack.wsgi [None req-416b3041-5d62-4c8e-a011-e690a0e5c217 admin admin] Returning 404 to user: Flavor 451 could not be found. {{(pid=102458) __call__ /opt/stack/nova/nova/api/openstack/wsgi.py:936}}
Jan 17 07:56:07.053682 n-d-815347-3 devstack@n-api.service[102458]: INFO nova.api.openstack.requestlog [None req-416b3041-5d62-4c8e-a011-e690a0e5c217 admin admin] 10.222.0.26 "GET /compute/v2.1/flavors/451" status: 404 len: 76 microversion: 2.90 time: 0.057282
Jan 17 07:56:07.054198 n-d-815347-3 devstack@n-api.service[102458]: [pid: 102458|app: 0|req: 25/49] 10.222.0.26 () {60 vars in 1193 bytes} [Mon Jan 17 07:56:06 2022] GET /compute/v2.1/flavors/451 => generated 76 bytes in 58 msecs (HTTP/1.1 404) 9 headers in 380 bytes (1 switches on core 0)
Jan 17 07:56:07.063366 n-d-815347-3 devstack@n-api.service[102459]: DEBUG nova.api.openstack.wsgi [None req-5f868124-a578-46d3-a159-7a03ffdf8875 admin admin] Calling method '>' {{(pid=102459) _process_stack /opt/stack/nova/nova/api/openstack/wsgi.py:513}}
Jan 17 07:56:07.076585 n-d-815347-3 devstack@n-api.service[102459]: INFO nova.api.openstack.requestlog [None req-5f868124-a578-46d3-a159-7a03ffdf8875 admin admin] 10.222.0.26 "GET /compute/v2.1/flavors?is_public=None" status: 200 len: 2056 microversion: 2.90 time: 0.016817
Jan 17 07:56:07.077098 n-d-815347-3 devstack@n-api.service[102459]: [pid: 102459|app: 0|req: 25/50] 10.222.0.26 () {60 vars in 1210 bytes} [Mon Jan 17 07:56:07 2022] GET /compute/v2.1/flavors?is_public=None => generated 2056 bytes in 18 msecs (HTTP/1.1 200) 9 headers in 360 bytes (1 switches on core 0)
Jan 17 07:56:07.086788 n-d-815347-3 devstack@n-api.service[102458]: DEBUG nova.api.openstack.wsgi [None req-75073d26-3879-45c1-859a-63ecd2509686 admin admin] Calling method '>' {{(pid=102458) _process_stack /opt/stack/nova/nova/api/openstack/wsgi.py:513}}
Jan 17 07:56:07.100284 n-d-815347-3 devstack@n-api.service[102458]: INFO nova.api.openstack.requestlog [None req-75073d26-3879-45c1-859a-63ecd2509686 admin admin] 10.222.0.26 "GET /compute/v2.1/flavors?is_public=None" status: 200 len: 2056 microversion: 2.90 time: 0.017663
Jan 17 07:56:07.101034 n-d-815347-3 devstack@n-api.service[102458]: [pid: 102458|app: 0|req: 26/51] 10.222.0.26 () {60 vars in 1210 bytes} [Mon Jan 17 07:56:07 2022] GET /compute/v2.1/flavors?is_public=None => generated 2056 bytes in 19 msecs (HTTP/1.1 200) 9 headers in 360 bytes (1 switches on core 0)
Jan 17 07:56:07.110234 n-d-815347-3 devstack@n-api.service[102459]: DEBUG nova.api.openstack.wsgi [None req-8bf3bb24-d8d8-4640-b0ee-dba4ad4b41e3 admin admin] Calling method '>' {{(pid=102459) _process_stack /opt/stack/nova/nova/api/openstack/wsgi.py:513}}
Jan 17 07:56:07.115638 n-d-815347-3 devstack@n-api.service[102459]: INFO nova.api.openstack.wsgi [None req-8bf3bb24-d8d8-4640-b0ee-dba4ad4b41e3 admin admin] HTTP exception thrown: Flavor 451 could not be found.
Jan 17 07:56:07.116228 n-d-815347-3 devstack@n-api.service[102459]: DEBUG nova.api.openstack.wsgi [None req-8bf3bb24-d8d8-4640-b0ee-dba4ad4b41e3 admin admin] Returning 404 to user: Flavor 451 could not be found. {{(pid=102459) __call__ /opt/stack/nova/nova/api/openstack/wsgi.py:936}}
Jan 17 07:56:07.117009 n-d-815347-3 devstack@n-api.service[102459]: INFO nova.api.openstack.requestlog [None req-8bf3bb24-d8d8-4640-b0ee-dba4ad4b41e3 admin admin] 10.222.0.26 "GET /compute/v2.1/flavors/451" status: 404 len: 76 microversion: 2.90 time: 0.010481
Jan 17 07:56:07.117508 n-d-815347-3 devstack@n-api.service[102459]: [pid: 102459|app: 0|req: 26/52] 10.222.0.26 () {60 vars in 1193 bytes} [Mon Jan 17 07:56:07 2022] GET /compute/v2.1/flavors/451 => generated 76 bytes in 11 msecs (HTTP/1.1 404) 9 headers in 380 bytes (1 switches on core 0)
Jan 17 07:56:08.364520 n-d-815347-3 devstack@n-api.service[102458]: DEBUG nova.api.openstack.wsgi [None req-75073d26-3879-45c1-859a-63ecd2509686 admin admin] Calling method '>' {{(pid=102458) _process_stack /opt/stack/nova/nova/api/openstack/wsgi.py:513}}
Jan 17 07:56:08.366179 n-d-815347-3 devstack@n-api.service[102458]: INFO nova.api.openstack.requestlog [None req-75073d26-3879-45c1-859a-63ecd2509686 admin admin] 10.222.0.26 "GET /compute/v2.1" status: 200 len: 388 microversion: 2.1 time: 0.002062
Jan 17 07:56:08.366559 n-d-815347-3 devstack@n-api.service[102458]: [pid: 102458|app: 0|req: 27/53] 10.222.0.26 () {56 vars in 1074 bytes} [Mon Jan 17 07:56:08 2022] GET /compute/v2.1 => generated 388 bytes in 3 msecs (HTTP/1.1 200) 9 headers in 357 bytes (1 switches on core 0)
Jan 17 07:56:08.556350 n-d-815347-3 devstack@n-api.service[102459]: DEBUG nova.api.openstack.wsgi [None req-12176d87-db68-4dc7-9302-9f3f534476f7 admin admin] Action: 'create', calling method: >, body: {"flavor": {"name": "m1.nano", "ram": 256, "vcpus": 1, "disk": 1, "id": "42", "swap": 0, "OS-FLV-EXT-DATA:ephemeral": 0, "rxtx_factor": 1.0, "os-flavor-access:is_public": true}} {{(pid=102459) _process_stack /opt/stack/nova/nova/api/openstack/wsgi.py:511}}
Jan 17 07:56:08.573918 n-d-815347-3 devstack@n-api.service[102459]: INFO nova.api.openstack.requestlog [None req-12176d87-db68-4dc7-9302-9f3f534476f7 admin admin] 10.222.0.26 "POST /compute/v2.1/flavors" status: 200 len: 404 microversion: 2.90 time: 0.068374
Jan 17 07:56:08.574448 n-d-815347-3 devstack@n-api.service[102459]: [pid: 102459|app: 0|req: 27/54] 10.222.0.26 () {64 vars in 1235 bytes} [Mon Jan 17 07:56:08 2022] POST /compute/v2.1/flavors => generated 404 bytes in 69 msecs (HTTP/1.1 200) 9 headers in 359 bytes (1 switches on core 0)
Jan 17 07:56:09.833010 n-d-815347-3 devstack@n-api.service[102458]: DEBUG nova.api.openstack.wsgi [None req-75073d26-3879-45c1-859a-63ecd2509686 admin admin] Calling method '>' {{(pid=102458) _process_stack /opt/stack/nova/nova/api/openstack/wsgi.py:513}}
Jan 17 07:56:09.834031 n-d-815347-3 devstack@n-api.service[102458]: INFO nova.api.openstack.requestlog [None req-75073d26-3879-45c1-859a-63ecd2509686 admin admin] 10.222.0.26 "GET /compute/v2.1" status: 200 len: 388 microversion: 2.1 time: 0.001440
Jan 17 07:56:09.834452 n-d-815347-3 devstack@n-api.service[102458]: [pid: 102458|app: 0|req: 28/55] 10.222.0.26 () {56 vars in 1074 bytes} [Mon Jan 17 07:56:09 2022] GET /compute/v2.1 => generated 388 bytes in 2 msecs (HTTP/1.1 200) 9 headers in 357 bytes (1 switches on core 0)
Jan 17 07:56:10.024850 n-d-815347-3 devstack@n-api.service[102459]: DEBUG nova.api.openstack.wsgi [None req-31b7f3f2-85af-45ea-8f64-6b9b92e1b2ec admin admin] Action: 'create', calling method: >, body: {"flavor": {"name": "m1.micro", "ram": 256, "vcpus": 1, "disk": 2, "id": "84", "swap": 0, "OS-FLV-EXT-DATA:ephemeral": 0, "rxtx_factor": 1.0, "os-flavor-access:is_public": true}} {{(pid=102459) _process_stack /opt/stack/nova/nova/api/openstack/wsgi.py:511}}
Jan 17 07:56:10.041975 n-d-815347-3 devstack@n-api.service[102459]: INFO nova.api.openstack.requestlog [None req-31b7f3f2-85af-45ea-8f64-6b9b92e1b2ec admin admin] 10.222.0.26 "POST /compute/v2.1/flavors" status: 200 len: 405 microversion: 2.90 time: 0.066504
Jan 17 07:56:10.042495 n-d-815347-3 devstack@n-api.service[102459]: [pid: 102459|app: 0|req: 28/56] 10.222.0.26 () {64 vars in 1235 bytes} [Mon Jan 17 07:56:09 2022] POST /compute/v2.1/flavors => generated 405 bytes in 68 msecs (HTTP/1.1 200) 9 headers in 359 bytes (1 switches on core 0)
Jan 17 07:56:11.284779 n-d-815347-3 devstack@n-api.service[102458]: DEBUG nova.api.openstack.wsgi [None req-75073d26-3879-45c1-859a-63ecd2509686 admin admin] Calling method '>' {{(pid=102458) _process_stack /opt/stack/nova/nova/api/openstack/wsgi.py:513}}
Jan 17 07:56:11.285778 n-d-815347-3 devstack@n-api.service[102458]: INFO nova.api.openstack.requestlog [None req-75073d26-3879-45c1-859a-63ecd2509686 admin admin] 10.222.0.26 "GET /compute/v2.1" status: 200 len: 388 microversion: 2.1 time: 0.001447
Jan 17 07:56:11.286180 n-d-815347-3 devstack@n-api.service[102458]: [pid: 102458|app: 0|req: 29/57] 10.222.0.26 () {56 vars in 1074 bytes} [Mon Jan 17 07:56:11 2022] GET /compute/v2.1 => generated 388 bytes in 2 msecs (HTTP/1.1 200) 9 headers in 357 bytes (1 switches on core 0)
Jan 17 07:56:11.476554 n-d-815347-3 devstack@n-api.service[102459]: DEBUG nova.api.openstack.wsgi [None req-3b994f16-e13c-481f-8562-071978a485b2 admin admin] Action: 'create', calling method: >, body: {"flavor": {"name": "m1.heat", "ram": 512, "vcpus": 1, "disk": 1, "id": "451", "swap": 0, "OS-FLV-EXT-DATA:ephemeral": 0, "rxtx_factor": 1.0, "os-flavor-access:is_public": true}} {{(pid=102459) _process_stack /opt/stack/nova/nova/api/openstack/wsgi.py:511}}
Jan 17 07:56:11.493706 n-d-815347-3 devstack@n-api.service[102459]: INFO nova.api.openstack.requestlog [None req-3b994f16-e13c-481f-8562-071978a485b2 admin admin] 10.222.0.26 "POST /compute/v2.1/flavors" status: 200 len: 407 microversion: 2.90 time: 0.068602
Jan 17 07:56:11.494248 n-d-815347-3 devstack@n-api.service[102459]: [pid: 102459|app: 0|req: 29/58] 10.222.0.26 () {64 vars in 1235 bytes} [Mon Jan 17 07:56:11 2022] POST /compute/v2.1/flavors => generated 407 bytes in 70 msecs (HTTP/1.1 200) 9 headers in 359 bytes (2 switches on core 0)
Jan 17 07:56:12.740613 n-d-815347-3 devstack@n-api.service[102458]: DEBUG nova.api.openstack.wsgi [None req-75073d26-3879-45c1-859a-63ecd2509686 admin admin] Calling method '>' {{(pid=102458) _process_stack /opt/stack/nova/nova/api/openstack/wsgi.py:513}}
Jan 17 07:56:12.741600 n-d-815347-3 devstack@n-api.service[102458]: INFO nova.api.openstack.requestlog [None req-75073d26-3879-45c1-859a-63ecd2509686 admin admin] 10.222.0.26 "GET /compute/v2.1" status: 200 len: 388 microversion: 2.1 time: 0.001976
Jan 17 07:56:12.741997 n-d-815347-3 devstack@n-api.service[102458]: [pid: 102458|app: 0|req: 30/59] 10.222.0.26 () {56 vars in 1074 bytes} [Mon Jan 17 07:56:12 2022] GET /compute/v2.1 => generated 388 bytes in 3 msecs (HTTP/1.1 200) 9 headers in 357 bytes (1 switches on core 0)
Jan 17 07:56:12.934181 n-d-815347-3 devstack@n-api.service[102459]: DEBUG nova.api.openstack.wsgi [None req-468b1f85-d0c9-44a1-8fc6-9e4df452efb7 admin admin] Action: 'create', calling method: >, body: {"flavor": {"name": "m1.heat2", "ram": 1024, "vcpus": 1, "disk": 1, "id": "452", "swap": 0, "OS-FLV-EXT-DATA:ephemeral": 0, "rxtx_factor": 1.0, "os-flavor-access:is_public": true}} {{(pid=102459) _process_stack /opt/stack/nova/nova/api/openstack/wsgi.py:511}}
Jan 17 07:56:12.951465 n-d-815347-3 devstack@n-api.service[102459]: INFO nova.api.openstack.requestlog [None req-468b1f85-d0c9-44a1-8fc6-9e4df452efb7 admin admin] 10.222.0.26 "POST /compute/v2.1/flavors" status: 200 len: 409 microversion: 2.90 time: 0.067296
Jan 17 07:56:12.951931 n-d-815347-3 devstack@n-api.service[102459]: [pid: 102459|app: 0|req: 30/60] 10.222.0.26 () {64 vars in 1235 bytes} [Mon Jan 17 07:56:12 2022] POST /compute/v2.1/flavors => generated 409 bytes in 68 msecs (HTTP/1.1 200) 9 headers in 359 bytes (1 switches on core 0)
Jan 17 07:56:14.187609 n-d-815347-3 devstack@n-api.service[102458]: DEBUG nova.api.openstack.wsgi [None req-75073d26-3879-45c1-859a-63ecd2509686 admin admin] Calling method '>' {{(pid=102458) _process_stack /opt/stack/nova/nova/api/openstack/wsgi.py:513}}
Jan 17 07:56:14.188641 n-d-815347-3 devstack@n-api.service[102458]: INFO nova.api.openstack.requestlog [None req-75073d26-3879-45c1-859a-63ecd2509686 admin admin] 10.222.0.26 "GET /compute/v2.1" status: 200 len: 388 microversion: 2.1 time: 0.001455
Jan 17 07:56:14.189046 n-d-815347-3 devstack@n-api.service[102458]: [pid: 102458|app: 0|req: 31/61] 10.222.0.26 () {56 vars in 1074 bytes} [Mon Jan 17 07:56:14 2022] GET /compute/v2.1 => generated 388 bytes in 2 msecs (HTTP/1.1 200) 9 headers in 357 bytes (1 switches on core 0)
Jan 17 07:56:14.377911 n-d-815347-3 devstack@n-api.service[102459]: DEBUG nova.api.openstack.wsgi [None req-53d87707-b3a6-401b-b627-2847c5002bb7 admin admin] Calling method '>' {{(pid=102459) _process_stack /opt/stack/nova/nova/api/openstack/wsgi.py:513}}
Jan 17 07:56:14.397184 n-d-815347-3 devstack@n-api.service[102459]: INFO nova.api.openstack.requestlog [None req-53d87707-b3a6-401b-b627-2847c5002bb7 admin admin] 10.222.0.26 "GET /compute/v2.1/flavors/detail" status: 200 len: 5777 microversion: 2.90 time: 0.069854
Jan 17 07:56:14.397650 n-d-815347-3 devstack@n-api.service[102459]: [pid: 102459|app: 0|req: 31/62] 10.222.0.26 () {60 vars in 1202 bytes} [Mon Jan 17 07:56:14 2022] GET /compute/v2.1/flavors/detail => generated 5777 bytes in 71 msecs (HTTP/1.1 200) 9 headers in 360 bytes (1 switches on core 0)
Jan 17 07:56:59.552834 n-d-815347-3 devstack@n-api.service[102458]: DEBUG nova.api.openstack.wsgi [None req-75073d26-3879-45c1-859a-63ecd2509686 admin admin] Calling method '>' {{(pid=102458) _process_stack /opt/stack/nova/nova/api/openstack/wsgi.py:513}}
Jan 17 07:56:59.553846 n-d-815347-3 devstack@n-api.service[102458]: INFO nova.api.openstack.requestlog [None req-75073d26-3879-45c1-859a-63ecd2509686 admin admin] 10.222.0.26 "GET /compute/v2.1" status: 200 len: 388 microversion: 2.1 time: 0.001484
Jan 17 07:56:59.554249 n-d-815347-3 devstack@n-api.service[102458]: [pid: 102458|app: 0|req: 32/63] 10.222.0.26 () {54 vars in 930 bytes} [Mon Jan 17 07:56:59 2022] GET /compute/v2.1 => generated 388 bytes in 2 msecs (HTTP/1.1 200) 9 headers in 357 bytes (1 switches on core 0)
Jan 17 07:56:59.610975 n-d-815347-3 devstack@n-api.service[102459]: DEBUG nova.api.openstack.wsgi [None req-0f76523f-cc04-4dd0-87ce-6891b247b5a3 admin admin] Calling method '>' {{(pid=102459) _process_stack /opt/stack/nova/nova/api/openstack/wsgi.py:513}}
Jan 17 07:56:59.630329 n-d-815347-3 devstack@n-api.service[102459]: INFO nova.api.openstack.requestlog [None req-0f76523f-cc04-4dd0-87ce-6891b247b5a3 admin admin] 10.222.0.26 "GET /compute/v2.1/flavors/detail?is_public=True" status: 200 len: 5791 microversion: 2.61 time: 0.070534
Jan 17 07:56:59.630856 n-d-815347-3 devstack@n-api.service[102459]: [pid: 102459|app: 0|req: 32/64] 10.222.0.26 () {60 vars in 1291 bytes} [Mon Jan 17 07:56:59 2022] GET /compute/v2.1/flavors/detail?is_public=True => generated 5791 bytes in 72 msecs (HTTP/1.1 200) 9 headers in 360 bytes (1 switches on core 0)
Jan 17 07:56:59.652962 n-d-815347-3 devstack@n-api.service[102458]: DEBUG nova.api.openstack.wsgi [None req-80e6117a-7e18-40ce-9bf4-2a38cd023e7c admin admin] Calling method '>' {{(pid=102458) _process_stack /opt/stack/nova/nova/api/openstack/wsgi.py:513}}
Jan 17 07:56:59.661203 n-d-815347-3 devstack@n-api.service[102458]: INFO nova.api.openstack.requestlog [None req-80e6117a-7e18-40ce-9bf4-2a38cd023e7c admin admin] 10.222.0.26 "GET /compute/v2.1/flavors/42/os-extra_specs" status: 200 len: 19 microversion: 2.61 time: 0.011101
Jan 17 07:56:59.661720 n-d-815347-3 devstack@n-api.service[102458]: [pid: 102458|app: 0|req: 33/65] 10.222.0.26 () {60 vars in 1282 bytes} [Mon Jan 17 07:56:59 2022] GET /compute/v2.1/flavors/42/os-extra_specs => generated 19 bytes in 13 msecs (HTTP/1.1 200) 9 headers in 358 bytes (1 switches on core 0)
Jan 17 07:56:59.672458 n-d-815347-3 devstack@n-api.service[102459]: DEBUG nova.api.openstack.wsgi [None req-b8d85b9b-ac8d-41e6-8b33-0e10a58c5f2e admin admin] Calling method '>' {{(pid=102459) _process_stack /opt/stack/nova/nova/api/openstack/wsgi.py:513}}
Jan 17 07:56:59.679846 n-d-815347-3 devstack@n-api.service[102459]: INFO nova.api.openstack.requestlog [None req-b8d85b9b-ac8d-41e6-8b33-0e10a58c5f2e admin admin] 10.222.0.26 "GET /compute/v2.1/flavors/451/os-extra_specs" status: 200 len: 19 microversion: 2.61 time: 0.010740
Jan 17 07:56:59.680391 n-d-815347-3 devstack@n-api.service[102459]: [pid: 102459|app: 0|req: 33/66] 10.222.0.26 () {60 vars in 1285 bytes} [Mon Jan 17 07:56:59 2022] GET /compute/v2.1/flavors/451/os-extra_specs => generated 19 bytes in 12 msecs (HTTP/1.1 200) 9 headers in 358 bytes (1 switches on core 0)
Jan 17 07:56:59.691043 n-d-815347-3 devstack@n-api.service[102458]: DEBUG nova.api.openstack.wsgi [None req-83311d19-4e8a-4822-8947-c1a5b116f044 admin admin] Calling method '>' {{(pid=102458) _process_stack /opt/stack/nova/nova/api/openstack/wsgi.py:513}}
Jan 17 07:56:59.698653 n-d-815347-3 devstack@n-api.service[102458]: INFO nova.api.openstack.requestlog [None req-83311d19-4e8a-4822-8947-c1a5b116f044 admin admin] 10.222.0.26 "GET /compute/v2.1/flavors/452/os-extra_specs" status: 200 len: 19 microversion: 2.61 time: 0.011139
Jan 17 07:56:59.699159 n-d-815347-3 devstack@n-api.service[102458]: [pid: 102458|app: 0|req: 34/67] 10.222.0.26 () {60 vars in 1285 bytes} [Mon Jan 17 07:56:59 2022] GET /compute/v2.1/flavors/452/os-extra_specs => generated 19 bytes in 12 msecs (HTTP/1.1 200) 9 headers in 358 bytes (1 switches on core 0)
Jan 17 07:56:59.710067 n-d-815347-3 devstack@n-api.service[102459]: DEBUG nova.api.openstack.wsgi [None req-d4df7022-6a50-4475-9845-9253a26d3d56 admin admin] Calling method '>' {{(pid=102459) _process_stack /opt/stack/nova/nova/api/openstack/wsgi.py:513}}
Jan 17 07:56:59.717302 n-d-815347-3 devstack@n-api.service[102459]: INFO nova.api.openstack.requestlog [None req-d4df7022-6a50-4475-9845-9253a26d3d56 admin admin] 10.222.0.26 "GET /compute/v2.1/flavors/84/os-extra_specs" status: 200 len: 19 microversion: 2.61 time: 0.011016
