Oct 26 14:32:40.116133 n-d-815347-1 devstack@placement-api.service[102736]: DEBUG placement.objects.research_context [req-22008dd7-ed06-4d26-9b4d-766ebcf2fc2c req-3fae236a-6d9e-4062-a5ed-258f45540878 service placement] found 2 providers with available 1 DISK_GB {{(pid=102736) get_provider_ids_matching /opt/stack/placement/placement/objects/research_context.py:549}}
Oct 26 14:32:40.117301 n-d-815347-1 devstack@placement-api.service[102736]: DEBUG placement.objects.research_context [req-22008dd7-ed06-4d26-9b4d-766ebcf2fc2c req-3fae236a-6d9e-4062-a5ed-258f45540878 service placement] found 2 providers with available 1024 MEMORY_MB {{(pid=102736) get_provider_ids_matching /opt/stack/placement/placement/objects/research_context.py:549}}
Oct 26 14:32:40.119102 n-d-815347-1 devstack@placement-api.service[102736]: DEBUG placement.objects.research_context [req-22008dd7-ed06-4d26-9b4d-766ebcf2fc2c req-3fae236a-6d9e-4062-a5ed-258f45540878 service placement] found 2 providers after filtering by previous result {{(pid=102736) get_provider_ids_matching /opt/stack/placement/placement/objects/research_context.py:580}}
Oct 26 14:32:40.119871 n-d-815347-1 devstack@placement-api.service[102736]: DEBUG placement.objects.research_context [req-22008dd7-ed06-4d26-9b4d-766ebcf2fc2c req-3fae236a-6d9e-4062-a5ed-258f45540878 service placement] found 2 providers with available 1 VCPU {{(pid=102736) get_provider_ids_matching /opt/stack/placement/placement/objects/research_context.py:549}}
Oct 26 14:32:40.120620 n-d-815347-1 devstack@placement-api.service[102736]: DEBUG placement.objects.research_context [req-22008dd7-ed06-4d26-9b4d-766ebcf2fc2c req-3fae236a-6d9e-4062-a5ed-258f45540878 service placement] found 2 providers after filtering by previous result {{(pid=102736) get_provider_ids_matching /opt/stack/placement/placement/objects/research_context.py:580}}
Oct 26 14:32:40.156473 n-d-815347-1 devstack@placement-api.service[102736]: DEBUG placement.objects.allocation_candidate [req-22008dd7-ed06-4d26-9b4d-766ebcf2fc2c req-3fae236a-6d9e-4062-a5ed-258f45540878 service placement] RequestGroup(use_same_provider=False, resources={DISK_GB:1, MEMORY_MB:1024, VCPU:1}, traits=[], aggregates=[]) (suffix '') returned 2 matches {{(pid=102736) _get_by_requests /opt/stack/placement/placement/objects/allocation_candidate.py:145}}
Oct 26 14:32:40.156848 n-d-815347-1 devstack@placement-api.service[102736]: DEBUG placement.objects.allocation_candidate [req-22008dd7-ed06-4d26-9b4d-766ebcf2fc2c req-3fae236a-6d9e-4062-a5ed-258f45540878 service placement] Merging candidates yields 2 allocation requests and 2 provider summaries {{(pid=102736) _merge_candidates /opt/stack/placement/placement/objects/allocation_candidate.py:783}}
Oct 26 14:32:40.161291 n-d-815347-1 devstack@placement-api.service[102736]: INFO placement.requestlog [req-22008dd7-ed06-4d26-9b4d-766ebcf2fc2c req-3fae236a-6d9e-4062-a5ed-258f45540878 service placement] 10.222.0.30 "GET /placement/allocation_candidates?limit=1000&resources=DISK_GB%3A1%2CMEMORY_MB%3A1024%2CVCPU%3A1&root_required=%21COMPUTE_STATUS_DISABLED" status: 200 len: 1309 microversion: 1.36
Oct 26 14:32:40.179196 n-d-815347-1 devstack@placement-api.service[102736]: [pid: 102736|app: 0|req: 113/227] 10.222.0.30 () {60 vars in 1506 bytes} [Tue Oct 26 14:32:39 2021] GET /placement/allocation_candidates?limit=1000&resources=DISK_GB%3A1%2CMEMORY_MB%3A1024%2CVCPU%3A1&root_required=%21COMPUTE_STATUS_DISABLED => generated 1309 bytes in 237 msecs (HTTP/1.1 200) 8 headers in 297 bytes (1 switches on core 0)
Oct 26 14:32:40.307345 n-d-815347-1 devstack@placement-api.service[102735]: DEBUG placement.requestlog [req-22008dd7-ed06-4d26-9b4d-766ebcf2fc2c req-f536afa3-48da-4e24-847d-63a1e218699a None None] Starting request: 10.222.0.30 "GET /placement/allocations/b212e09e-5cc4-49b1-881e-bdb5ad39a176" {{(pid=102735) __call__ /opt/stack/placement/placement/requestlog.py:55}}
Oct 26 14:32:40.327042 n-d-815347-1 devstack@placement-api.service[102735]: INFO placement.requestlog [req-22008dd7-ed06-4d26-9b4d-766ebcf2fc2c req-f536afa3-48da-4e24-847d-63a1e218699a service placement] 10.222.0.30 "GET /placement/allocations/b212e09e-5cc4-49b1-881e-bdb5ad39a176" status: 200 len: 19 microversion: 1.28
Oct 26 14:32:40.328874 n-d-815347-1 devstack@placement-api.service[102735]: [pid: 102735|app: 0|req: 115/228] 10.222.0.30 () {60 vars in 1380 bytes} [Tue Oct 26 14:32:40 2021] GET /placement/allocations/b212e09e-5cc4-49b1-881e-bdb5ad39a176 => generated 19 bytes in 22 msecs (HTTP/1.1 200) 8 headers in 295 bytes (1 switches on core 0)
Oct 26 14:32:40.353159 n-d-815347-1 devstack@placement-api.service[102736]: DEBUG placement.requestlog [req-22008dd7-ed06-4d26-9b4d-766ebcf2fc2c req-d6c8293e-e09e-4f39-b707-bdcacddf8ef3 None None] Starting request: 10.222.0.30 "PUT /placement/allocations/b212e09e-5cc4-49b1-881e-bdb5ad39a176" {{(pid=102736) __call__ /opt/stack/placement/placement/requestlog.py:55}}
Oct 26 14:32:40.499109 n-d-815347-1 devstack@placement-api.service[102736]: DEBUG placement.handlers.allocation [req-22008dd7-ed06-4d26-9b4d-766ebcf2fc2c req-d6c8293e-e09e-4f39-b707-bdcacddf8ef3 service placement] Successfully wrote allocations [, , ] {{(pid=102736) _update_consumers_and_create_allocations /opt/stack/placement/placement/handlers/allocation.py:462}}
Oct 26 14:32:40.508744 n-d-815347-1 devstack@placement-api.service[102736]: INFO placement.requestlog [req-22008dd7-ed06-4d26-9b4d-766ebcf2fc2c req-d6c8293e-e09e-4f39-b707-bdcacddf8ef3 service placement] 10.222.0.30 "PUT /placement/allocations/b212e09e-5cc4-49b1-881e-bdb5ad39a176" status: 204 len: 0 microversion: 1.36
Oct 26 14:32:40.510995 n-d-815347-1 devstack@placement-api.service[102736]: [pid: 102736|app: 0|req: 114/229] 10.222.0.30 () {64 vars in 1433 bytes} [Tue Oct 26 14:32:40 2021] PUT /placement/allocations/b212e09e-5cc4-49b1-881e-bdb5ad39a176 => generated 0 bytes in 157 msecs (HTTP/1.1 204) 5 headers in 199 bytes (2 switches on core 0)
Oct 26 14:32:41.224782 n-d-815347-1 devstack@placement-api.service[102735]: DEBUG placement.requestlog [req-1e197e85-966f-4cb4-bdf4-48ec6df0de82 req-68da212e-6890-4f95-95fb-580b5257169c None None] Starting request: 10.222.0.53 "GET /placement/resource_providers/cef8b914-125c-4b07-8a3c-7609c71d7f0e/allocations" {{(pid=102735) __call__ /opt/stack/placement/placement/requestlog.py:55}}
Oct 26 14:32:41.278200 n-d-815347-1 devstack@placement-api.service[102735]: INFO placement.requestlog [req-1e197e85-966f-4cb4-bdf4-48ec6df0de82 req-68da212e-6890-4f95-95fb-580b5257169c service placement] 10.222.0.53 "GET /placement/resource_providers/cef8b914-125c-4b07-8a3c-7609c71d7f0e/allocations" status: 200 len: 760 microversion: 1.0
Oct 26 14:32:41.279009 n-d-815347-1 devstack@placement-api.service[102735]: [pid: 102735|app: 0|req: 116/230] 10.222.0.53 () {58 vars in 1390 bytes} [Tue Oct 26 14:32:41 2021] GET /placement/resource_providers/cef8b914-125c-4b07-8a3c-7609c71d7f0e/allocations => generated 760 bytes in 55 msecs (HTTP/1.1 200) 6 headers in 224 bytes (1 switches on core 0)
Oct 26 14:32:41.318426 n-d-815347-1 devstack@placement-api.service[102736]: DEBUG placement.requestlog [req-22008dd7-ed06-4d26-9b4d-766ebcf2fc2c req-1b2907db-1c05-4e69-92ec-2042c312a7ee None None] Starting request: 10.222.0.36 "GET /placement/allocations/b212e09e-5cc4-49b1-881e-bdb5ad39a176" {{(pid=102736) __call__ /opt/stack/placement/placement/requestlog.py:55}}
Oct 26 14:32:41.382946 n-d-815347-1 devstack@placement-api.service[102736]: INFO placement.requestlog [req-22008dd7-ed06-4d26-9b4d-766ebcf2fc2c req-1b2907db-1c05-4e69-92ec-2042c312a7ee service placement] 10.222.0.36 "GET /placement/allocations/b212e09e-5cc4-49b1-881e-bdb5ad39a176" status: 200 len: 259 microversion: 1.28
Oct 26 14:32:41.382946 n-d-815347-1 devstack@placement-api.service[102736]: [pid: 102736|app: 0|req: 115/231] 10.222.0.36 () {60 vars in 1377 bytes} [Tue Oct 26 14:32:41 2021] GET /placement/allocations/b212e09e-5cc4-49b1-881e-bdb5ad39a176 => generated 259 bytes in 64 msecs (HTTP/1.1 200) 8 headers in 296 bytes (1 switches on core 0)
Oct 26 14:32:45.408736 n-d-815347-1 devstack@placement-api.service[102735]: DEBUG placement.requestlog [req-1043b3aa-26e2-43a1-8da7-81d2a43815fe req-08eb20bb-9da7-4189-aba7-01cb9f6f85f1 None None] Starting request: 10.222.0.53 "GET /placement/resource_providers/cef8b914-125c-4b07-8a3c-7609c71d7f0e/allocations" {{(pid=102735) __call__ /opt/stack/placement/placement/requestlog.py:55}}
Oct 26 14:32:45.500326 n-d-815347-1 devstack@placement-api.service[102735]: INFO placement.requestlog [req-1043b3aa-26e2-43a1-8da7-81d2a43815fe req-08eb20bb-9da7-4189-aba7-01cb9f6f85f1 service placement] 10.222.0.53 "GET /placement/resource_providers/cef8b914-125c-4b07-8a3c-7609c71d7f0e/allocations" status: 200 len: 760 microversion: 1.0
Oct 26 14:32:45.501066 n-d-815347-1 devstack@placement-api.service[102735]: [pid: 102735|app: 0|req: 117/232] 10.222.0.53 () {58 vars in 1390 bytes} [Tue Oct 26 14:32:45 2021] GET /placement/resource_providers/cef8b914-125c-4b07-8a3c-7609c71d7f0e/allocations => generated 760 bytes in 93 msecs (HTTP/1.1 200) 6 headers in 224 bytes (1 switches on core 0)
Oct 26 14:32:49.816150 n-d-815347-1 devstack@placement-api.service[102736]: DEBUG placement.requestlog [req-e2844bee-1675-44b5-842e-48d2989e68cd req-7248ffac-7330-4987-a6ed-c40c3a524cba None None] Starting request: 10.222.0.36 "DELETE /placement/allocations/61c351ea-ed45-461e-857f-e03d05505b85" {{(pid=102736) __call__ /opt/stack/placement/placement/requestlog.py:55}}
Oct 26 14:32:49.855760 n-d-815347-1 devstack@placement-api.service[102736]: DEBUG placement.handlers.allocation [req-e2844bee-1675-44b5-842e-48d2989e68cd req-7248ffac-7330-4987-a6ed-c40c3a524cba service placement] Successfully deleted allocations [, , ] {{(pid=102736) delete_allocations /opt/stack/placement/placement/handlers/allocation.py:627}}
Oct 26 14:32:49.857313 n-d-815347-1 devstack@placement-api.service[102736]: INFO placement.requestlog [req-e2844bee-1675-44b5-842e-48d2989e68cd req-7248ffac-7330-4987-a6ed-c40c3a524cba service placement] 10.222.0.36 "DELETE /placement/allocations/61c351ea-ed45-461e-857f-e03d05505b85" status: 204 len: 0 microversion: 1.0
Oct 26 14:32:49.858582 n-d-815347-1 devstack@placement-api.service[102736]: [pid: 102736|app: 0|req: 116/233] 10.222.0.36 () {60 vars in 1355 bytes} [Tue Oct 26 14:32:49 2021] DELETE /placement/allocations/61c351ea-ed45-461e-857f-e03d05505b85 => generated 0 bytes in 42 msecs (HTTP/1.1 204) 5 headers in 198 bytes (1 switches on core 0)
Oct 26 14:32:52.259616 n-d-815347-1 devstack@placement-api.service[102735]: DEBUG placement.requestlog [req-b3c0d4e1-8c86-4c45-9e68-45d368d957e6 req-3d3cc7d8-8f24-4989-8e37-7f5b698efd9a None None] Starting request: 10.222.0.36 "DELETE /placement/allocations/e257b650-f5a5-41c1-9db2-5f92b85bfad7" {{(pid=102735) __call__ /opt/stack/placement/placement/requestlog.py:55}}
Oct 26 14:32:52.338819 n-d-815347-1 devstack@placement-api.service[102735]: DEBUG placement.handlers.allocation [req-b3c0d4e1-8c86-4c45-9e68-45d368d957e6 req-3d3cc7d8-8f24-4989-8e37-7f5b698efd9a service placement] Successfully deleted allocations [, , ] {{(pid=102735) delete_allocations /opt/stack/placement/placement/handlers/allocation.py:627}}
Oct 26 14:32:52.339568 n-d-815347-1 devstack@placement-api.service[102735]: INFO placement.requestlog [req-b3c0d4e1-8c86-4c45-9e68-45d368d957e6 req-3d3cc7d8-8f24-4989-8e37-7f5b698efd9a service placement] 10.222.0.36 "DELETE /placement/allocations/e257b650-f5a5-41c1-9db2-5f92b85bfad7" status: 204 len: 0 microversion: 1.0
Oct 26 14:32:52.340011 n-d-815347-1 devstack@placement-api.service[102735]: [pid: 102735|app: 0|req: 118/234] 10.222.0.36 () {60 vars in 1355 bytes} [Tue Oct 26 14:32:52 2021] DELETE /placement/allocations/e257b650-f5a5-41c1-9db2-5f92b85bfad7 => generated 0 bytes in 81 msecs (HTTP/1.1 204) 5 headers in 198 bytes (2 switches on core 0)
Oct 26 14:32:52.649336 n-d-815347-1 devstack@placement-api.service[102736]: DEBUG placement.requestlog [req-53715598-f09f-40e4-97eb-4087af63eeff req-d6f3ca11-3c2e-4903-9a99-3231136e17d8 None None] Starting request: 10.222.0.53 "DELETE /placement/allocations/d84f966d-ab15-4bb4-bc3f-a46dee85a8d7" {{(pid=102736) __call__ /opt/stack/placement/placement/requestlog.py:55}}
Oct 26 14:32:52.727664 n-d-815347-1 devstack@placement-api.service[102736]: DEBUG placement.handlers.allocation [req-53715598-f09f-40e4-97eb-4087af63eeff req-d6f3ca11-3c2e-4903-9a99-3231136e17d8 service placement] Successfully deleted allocations [, , ] {{(pid=102736) delete_allocations /opt/stack/placement/placement/handlers/allocation.py:627}}
Oct 26 14:32:52.729233 n-d-815347-1 devstack@placement-api.service[102736]: INFO placement.requestlog [req-53715598-f09f-40e4-97eb-4087af63eeff req-d6f3ca11-3c2e-4903-9a99-3231136e17d8 service placement] 10.222.0.53 "DELETE /placement/allocations/d84f966d-ab15-4bb4-bc3f-a46dee85a8d7" status: 204 len: 0 microversion: 1.0
Oct 26 14:32:52.729996 n-d-815347-1 devstack@placement-api.service[102736]: [pid: 102736|app: 0|req: 117/235] 10.222.0.53 () {60 vars in 1355 bytes} [Tue Oct 26 14:32:52 2021] DELETE /placement/allocations/d84f966d-ab15-4bb4-bc3f-a46dee85a8d7 => generated 0 bytes in 81 msecs (HTTP/1.1 204) 5 headers in 198 bytes (2 switches on core 0)
Oct 26 14:32:56.654401 n-d-815347-1 devstack@placement-api.service[102735]: DEBUG placement.requestlog [req-36c19c34-8a78-42b1-a9f5-8e256029010e req-f5996129-f13c-43a7-9181-5a0b20b95072 None None] Starting request: 10.222.0.36 "DELETE /placement/allocations/efc0d292-dfdf-46bd-8d63-579fb9cf0e6a" {{(pid=102735) __call__ /opt/stack/placement/placement/requestlog.py:55}}
Oct 26 14:32:56.723431 n-d-815347-1 devstack@placement-api.service[102735]: DEBUG placement.handlers.allocation [req-36c19c34-8a78-42b1-a9f5-8e256029010e req-f5996129-f13c-43a7-9181-5a0b20b95072 service placement] Successfully deleted allocations [, , ] {{(pid=102735) delete_allocations /opt/stack/placement/placement/handlers/allocation.py:627}}
Oct 26 14:32:56.725195 n-d-815347-1 devstack@placement-api.service[102735]: INFO placement.requestlog [req-36c19c34-8a78-42b1-a9f5-8e256029010e req-f5996129-f13c-43a7-9181-5a0b20b95072 service placement] 10.222.0.36 "DELETE /placement/allocations/efc0d292-dfdf-46bd-8d63-579fb9cf0e6a" status: 204 len: 0 microversion: 1.0
Oct 26 14:32:56.726898 n-d-815347-1 devstack@placement-api.service[102735]: [pid: 102735|app: 0|req: 119/236] 10.222.0.36 () {60 vars in 1355 bytes} [Tue Oct 26 14:32:56 2021] DELETE /placement/allocations/efc0d292-dfdf-46bd-8d63-579fb9cf0e6a => generated 0 bytes in 72 msecs (HTTP/1.1 204) 5 headers in 198 bytes (1 switches on core 0)
Oct 26 14:32:59.201280 n-d-815347-1 devstack@placement-api.service[102736]: DEBUG placement.requestlog [req-51a0e294-b7d3-4bc3-b0c0-3c52b25f0d4a req-c3768289-def7-44ed-86b6-408893d33ca6 None None] Starting request: 10.222.0.53 "DELETE /placement/allocations/37ceda5e-287f-4003-91cd-4418c18ed354" {{(pid=102736) __call__ /opt/stack/placement/placement/requestlog.py:55}}
Oct 26 14:32:59.278494 n-d-815347-1 devstack@placement-api.service[102736]: DEBUG placement.handlers.allocation [req-51a0e294-b7d3-4bc3-b0c0-3c52b25f0d4a req-c3768289-def7-44ed-86b6-408893d33ca6 service placement] Successfully deleted allocations [, , ] {{(pid=102736) delete_allocations /opt/stack/placement/placement/handlers/allocation.py:627}}
Oct 26 14:32:59.279511 n-d-815347-1 devstack@placement-api.service[102736]: INFO placement.requestlog [req-51a0e294-b7d3-4bc3-b0c0-3c52b25f0d4a req-c3768289-def7-44ed-86b6-408893d33ca6 service placement] 10.222.0.53 "DELETE /placement/allocations/37ceda5e-287f-4003-91cd-4418c18ed354" status: 204 len: 0 microversion: 1.0
Oct 26 14:32:59.280982 n-d-815347-1 devstack@placement-api.service[102736]: [pid: 102736|app: 0|req: 118/237] 10.222.0.53 () {60 vars in 1355 bytes} [Tue Oct 26 14:32:59 2021] DELETE /placement/allocations/37ceda5e-287f-4003-91cd-4418c18ed354 => generated 0 bytes in 80 msecs (HTTP/1.1 204) 5 headers in 198 bytes (1 switches on core 0)
Oct 26 14:33:07.137001 n-d-815347-1 devstack@placement-api.service[102735]: DEBUG placement.requestlog [req-095e7665-0b2b-469c-9ac4-92f94c3ea294 req-a1c9e807-c581-474e-b78f-c5f53fba2711 None None] Starting request: 10.222.0.53 "GET /placement/resource_providers/cef8b914-125c-4b07-8a3c-7609c71d7f0e/allocations" {{(pid=102735) __call__ /opt/stack/placement/placement/requestlog.py:55}}
Oct 26 14:33:07.214665 n-d-815347-1 devstack@placement-api.service[102735]: INFO placement.requestlog [req-095e7665-0b2b-469c-9ac4-92f94c3ea294 req-a1c9e807-c581-474e-b78f-c5f53fba2711 service placement] 10.222.0.53 "GET /placement/resource_providers/cef8b914-125c-4b07-8a3c-7609c71d7f0e/allocations" status: 200 len: 558 microversion: 1.0
Oct 26 14:33:07.220884 n-d-815347-1 devstack@placement-api.service[102735]: [pid: 102735|app: 0|req: 120/238] 10.222.0.53 () {58 vars in 1390 bytes} [Tue Oct 26 14:33:07 2021] GET /placement/resource_providers/cef8b914-125c-4b07-8a3c-7609c71d7f0e/allocations => generated 558 bytes in 84 msecs (HTTP/1.1 200) 6 headers in 224 bytes (1 switches on core 0)
Oct 26 14:33:07.661558 n-d-815347-1 devstack@placement-api.service[102736]: DEBUG placement.requestlog [req-095e7665-0b2b-469c-9ac4-92f94c3ea294 req-e753469b-646e-4506-a0ac-73a7d13d6113 None None] Starting request: 10.222.0.53 "GET /placement/allocations/65a18361-821a-4227-880c-a052d4a077d6" {{(pid=102736) __call__ /opt/stack/placement/placement/requestlog.py:55}}
Oct 26 14:33:07.712475 n-d-815347-1 devstack@placement-api.service[102736]: INFO placement.requestlog [req-095e7665-0b2b-469c-9ac4-92f94c3ea294 req-e753469b-646e-4506-a0ac-73a7d13d6113 service placement] 10.222.0.53 "GET /placement/allocations/65a18361-821a-4227-880c-a052d4a077d6" status: 200 len: 259 microversion: 1.28
Oct 26 14:33:07.714247 n-d-815347-1 devstack@placement-api.service[102736]: [pid: 102736|app: 0|req: 119/239] 10.222.0.53 () {60 vars in 1377 bytes} [Tue Oct 26 14:33:07 2021] GET /placement/allocations/65a18361-821a-4227-880c-a052d4a077d6 => generated 259 bytes in 53 msecs (HTTP/1.1 200) 8 headers in 296 bytes (2 switches on core 0)
Oct 26 14:33:07.723707 n-d-815347-1 devstack@placement-api.service[102735]: DEBUG placement.requestlog [req-095e7665-0b2b-469c-9ac4-92f94c3ea294 req-f2245b4c-6b99-4cd0-b7e6-f8ad45b16a0b None None] Starting request: 10.222.0.53 "PUT /placement/allocations/65a18361-821a-4227-880c-a052d4a077d6" {{(pid=102735) __call__ /opt/stack/placement/placement/requestlog.py:55}}
Oct 26 14:33:07.816972 n-d-815347-1 devstack@placement-api.service[102735]: DEBUG placement.handlers.allocation [req-095e7665-0b2b-469c-9ac4-92f94c3ea294 req-f2245b4c-6b99-4cd0-b7e6-f8ad45b16a0b service placement] Successfully wrote allocations [, , ] {{(pid=102735) _update_consumers_and_create_allocations /opt/stack/placement/placement/handlers/allocation.py:462}}
Oct 26 14:33:07.827758 n-d-815347-1 devstack@placement-api.service[102735]: INFO placement.requestlog [req-095e7665-0b2b-469c-9ac4-92f94c3ea294 req-f2245b4c-6b99-4cd0-b7e6-f8ad45b16a0b service placement] 10.222.0.53 "PUT /placement/allocations/65a18361-821a-4227-880c-a052d4a077d6" status: 204 len: 0 microversion: 1.28
Oct 26 14:33:07.829457 n-d-815347-1 devstack@placement-api.service[102735]: [pid: 102735|app: 0|req: 121/240] 10.222.0.53 () {64 vars in 1430 bytes} [Tue Oct 26 14:33:07 2021] PUT /placement/allocations/65a18361-821a-4227-880c-a052d4a077d6 => generated 0 bytes in 105 msecs (HTTP/1.1 204) 5 headers in 199 bytes (1 switches on core 0)
Oct 26 14:33:16.443133 n-d-815347-1 devstack@placement-api.service[102736]: DEBUG placement.requestlog [req-62b74a2c-1617-4590-82ff-14b9555db0a8 req-319df1ba-c8ab-4674-9f9e-a81e7f011a6f None None] Starting request: 10.222.0.30 "GET /placement/allocation_candidates?limit=1000&resources=DISK_GB%3A1%2CMEMORY_MB%3A1024%2CVCPU%3A1&root_required=%21COMPUTE_STATUS_DISABLED" {{(pid=102736) __call__ /opt/stack/placement/placement/requestlog.py:55}}
Oct 26 14:33:17.075886 n-d-815347-1 devstack@placement-api.service[102736]: DEBUG placement.objects.research_context [req-62b74a2c-1617-4590-82ff-14b9555db0a8 req-319df1ba-c8ab-4674-9f9e-a81e7f011a6f service placement] getting providers with 1 DISK_GB {{(pid=102736) __init__ /opt/stack/placement/placement/objects/research_context.py:126}}
Oct 26 14:33:17.100405 n-d-815347-1 devstack@placement-api.service[102736]: DEBUG placement.objects.research_context [req-62b74a2c-1617-4590-82ff-14b9555db0a8 req-319df1ba-c8ab-4674-9f9e-a81e7f011a6f service placement] getting providers with 1024 MEMORY_MB {{(pid=102736) __init__ /opt/stack/placement/placement/objects/research_context.py:126}}
Oct 26 14:33:17.123536 n-d-815347-1 devstack@placement-api.service[102736]: DEBUG placement.objects.research_context [req-62b74a2c-1617-4590-82ff-14b9555db0a8 req-319df1ba-c8ab-4674-9f9e-a81e7f011a6f service placement] getting providers with 1 VCPU {{(pid=102736) __init__ /opt/stack/placement/placement/objects/research_context.py:126}}
Oct 26 14:33:17.144081 n-d-815347-1 devstack@placement-api.service[102736]: DEBUG placement.objects.research_context [req-62b74a2c-1617-4590-82ff-14b9555db0a8 req-319df1ba-c8ab-4674-9f9e-a81e7f011a6f service placement] found 2 providers with available 1 DISK_GB {{(pid=102736) get_provider_ids_matching /opt/stack/placement/placement/objects/research_context.py:549}}
Oct 26 14:33:17.144706 n-d-815347-1 devstack@placement-api.service[102736]: DEBUG placement.objects.research_context [req-62b74a2c-1617-4590-82ff-14b9555db0a8 req-319df1ba-c8ab-4674-9f9e-a81e7f011a6f service placement] found 2 providers with available 1024 MEMORY_MB {{(pid=102736) get_provider_ids_matching /opt/stack/placement/placement/objects/research_context.py:549}}
Oct 26 14:33:17.145175 n-d-815347-1 devstack@placement-api.service[102736]: DEBUG placement.objects.research_context [req-62b74a2c-1617-4590-82ff-14b9555db0a8 req-319df1ba-c8ab-4674-9f9e-a81e7f011a6f service placement] found 2 providers after filtering by previous result {{(pid=102736) get_provider_ids_matching /opt/stack/placement/placement/objects/research_context.py:580}}
Oct 26 14:33:17.145623 n-d-815347-1 devstack@placement-api.service[102736]: DEBUG placement.objects.research_context [req-62b74a2c-1617-4590-82ff-14b9555db0a8 req-319df1ba-c8ab-4674-9f9e-a81e7f011a6f service placement] found 2 providers with available 1 VCPU {{(pid=102736) get_provider_ids_matching /opt/stack/placement/placement/objects/research_context.py:549}}
Oct 26 14:33:17.146096 n-d-815347-1 devstack@placement-api.service[102736]: DEBUG placement.objects.research_context [req-62b74a2c-1617-4590-82ff-14b9555db0a8 req-319df1ba-c8ab-4674-9f9e-a81e7f011a6f service placement] found 2 providers after filtering by previous result {{(pid=102736) get_provider_ids_matching /opt/stack/placement/placement/objects/research_context.py:580}}
Oct 26 14:33:17.175180 n-d-815347-1 devstack@placement-api.service[102736]: DEBUG placement.objects.allocation_candidate [req-62b74a2c-1617-4590-82ff-14b9555db0a8 req-319df1ba-c8ab-4674-9f9e-a81e7f011a6f service placement] RequestGroup(use_same_provider=False, resources={DISK_GB:1, MEMORY_MB:1024, VCPU:1}, traits=[], aggregates=[]) (suffix '') returned 2 matches {{(pid=102736) _get_by_requests /opt/stack/placement/placement/objects/allocation_candidate.py:145}}
Oct 26 14:33:17.175649 n-d-815347-1 devstack@placement-api.service[102736]: DEBUG placement.objects.allocation_candidate [req-62b74a2c-1617-4590-82ff-14b9555db0a8 req-319df1ba-c8ab-4674-9f9e-a81e7f011a6f service placement] Merging candidates yields 2 allocation requests and 2 provider summaries {{(pid=102736) _merge_candidates /opt/stack/placement/placement/objects/allocation_candidate.py:783}}
Oct 26 14:33:17.177519 n-d-815347-1 devstack@placement-api.service[102736]: INFO placement.requestlog [req-62b74a2c-1617-4590-82ff-14b9555db0a8 req-319df1ba-c8ab-4674-9f9e-a81e7f011a6f service placement] 10.222.0.30 "GET /placement/allocation_candidates?limit=1000&resources=DISK_GB%3A1%2CMEMORY_MB%3A1024%2CVCPU%3A1&root_required=%21COMPUTE_STATUS_DISABLED" status: 200 len: 1309 microversion: 1.36
Oct 26 14:33:17.182711 n-d-815347-1 devstack@placement-api.service[102736]: [pid: 102736|app: 0|req: 120/241] 10.222.0.30 () {60 vars in 1506 bytes} [Tue Oct 26 14:33:16 2021] GET /placement/allocation_candidates?limit=1000&resources=DISK_GB%3A1%2CMEMORY_MB%3A1024%2CVCPU%3A1&root_required=%21COMPUTE_STATUS_DISABLED => generated 1309 bytes in 740 msecs (HTTP/1.1 200) 8 headers in 297 bytes (1 switches on core 0)
Oct 26 14:33:17.292614 n-d-815347-1 devstack@placement-api.service[102735]: DEBUG placement.requestlog [req-62b74a2c-1617-4590-82ff-14b9555db0a8 req-bb45eb9d-c27d-40e5-84a2-f7dc616fbf6a None None] Starting request: 10.222.0.30 "GET /placement/allocations/22f2a46a-1147-4fbe-a1f1-0e2ce0a8fb28" {{(pid=102735) __call__ /opt/stack/placement/placement/requestlog.py:55}}
Oct 26 14:33:17.315946 n-d-815347-1 devstack@placement-api.service[102735]: INFO placement.requestlog [req-62b74a2c-1617-4590-82ff-14b9555db0a8 req-bb45eb9d-c27d-40e5-84a2-f7dc616fbf6a service placement] 10.222.0.30 "GET /placement/allocations/22f2a46a-1147-4fbe-a1f1-0e2ce0a8fb28" status: 200 len: 19 microversion: 1.28
Oct 26 14:33:17.316346 n-d-815347-1 devstack@placement-api.service[102735]: [pid: 102735|app: 0|req: 122/242] 10.222.0.30 () {60 vars in 1380 bytes} [Tue Oct 26 14:33:17 2021] GET /placement/allocations/22f2a46a-1147-4fbe-a1f1-0e2ce0a8fb28 => generated 19 bytes in 24 msecs (HTTP/1.1 200) 8 headers in 295 bytes (1 switches on core 0)
Oct 26 14:33:17.324867 n-d-815347-1 devstack@placement-api.service[102736]: DEBUG placement.requestlog [req-62b74a2c-1617-4590-82ff-14b9555db0a8 req-216399a2-ce1e-4eb1-aa46-ad2fcb943c3d None None] Starting request: 10.222.0.30 "PUT /placement/allocations/22f2a46a-1147-4fbe-a1f1-0e2ce0a8fb28" {{(pid=102736) __call__ /opt/stack/placement/placement/requestlog.py:55}}
Oct 26 14:33:17.443488 n-d-815347-1 devstack@placement-api.service[102736]: DEBUG placement.handlers.allocation [req-62b74a2c-1617-4590-82ff-14b9555db0a8 req-216399a2-ce1e-4eb1-aa46-ad2fcb943c3d service placement] Successfully wrote allocations [, , ] {{(pid=102736) _update_consumers_and_create_allocations /opt/stack/placement/placement/handlers/allocation.py:462}}
Oct 26 14:33:17.462014 n-d-815347-1 devstack@placement-api.service[102736]: INFO placement.requestlog [req-62b74a2c-1617-4590-82ff-14b9555db0a8 req-216399a2-ce1e-4eb1-aa46-ad2fcb943c3d service placement] 10.222.0.30 "PUT /placement/allocations/22f2a46a-1147-4fbe-a1f1-0e2ce0a8fb28" status: 204 len: 0 microversion: 1.36
Oct 26 14:33:17.470885 n-d-815347-1 devstack@placement-api.service[102736]: [pid: 102736|app: 0|req: 121/243] 10.222.0.30 () {64 vars in 1433 bytes} [Tue Oct 26 14:33:17 2021] PUT /placement/allocations/22f2a46a-1147-4fbe-a1f1-0e2ce0a8fb28 => generated 0 bytes in 140 msecs (HTTP/1.1 204) 5 headers in 199 bytes (1 switches on core 0)
Oct 26 14:33:18.410751 n-d-815347-1 devstack@placement-api.service[102735]: DEBUG placement.requestlog [req-62b74a2c-1617-4590-82ff-14b9555db0a8 req-a7606047-b8a8-4a3f-9e49-bf7e22dfbeab None None] Starting request: 10.222.0.53 "GET /placement/allocations/22f2a46a-1147-4fbe-a1f1-0e2ce0a8fb28" {{(pid=102735) __call__ /opt/stack/placement/placement/requestlog.py:55}}
Oct 26 14:33:18.487659 n-d-815347-1 devstack@placement-api.service[102735]: INFO placement.requestlog [req-62b74a2c-1617-4590-82ff-14b9555db0a8 req-a7606047-b8a8-4a3f-9e49-bf7e22dfbeab service placement] 10.222.0.53 "GET /placement/allocations/22f2a46a-1147-4fbe-a1f1-0e2ce0a8fb28" status: 200 len: 259 microversion: 1.28
Oct 26 14:33:18.492518 n-d-815347-1 devstack@placement-api.service[102735]: [pid: 102735|app: 0|req: 123/244] 10.222.0.53 () {60 vars in 1377 bytes} [Tue Oct 26 14:33:18 2021] GET /placement/allocations/22f2a46a-1147-4fbe-a1f1-0e2ce0a8fb28 => generated 259 bytes in 83 msecs (HTTP/1.1 200) 8 headers in 296 bytes (1 switches on core 0)
Oct 26 14:33:28.496894 n-d-815347-1 devstack@placement-api.service[102736]: DEBUG placement.requestlog [req-d09c1ece-0dc8-47c9-b80f-e5fc53cc163b req-612f0773-6254-4286-8041-992ce5f76cc1 None None] Starting request: 10.222.0.30 "GET /placement/allocation_candidates?limit=1000&resources=DISK_GB%3A1%2CMEMORY_MB%3A1024%2CVCPU%3A1&root_required=%21COMPUTE_STATUS_DISABLED" {{(pid=102736) __call__ /opt/stack/placement/placement/requestlog.py:55}}
Oct 26 14:33:28.601657 n-d-815347-1 devstack@placement-api.service[102736]: DEBUG placement.objects.research_context [req-d09c1ece-0dc8-47c9-b80f-e5fc53cc163b req-612f0773-6254-4286-8041-992ce5f76cc1 service placement] getting providers with 1 DISK_GB {{(pid=102736) __init__ /opt/stack/placement/placement/objects/research_context.py:126}}
Oct 26 14:33:28.618467 n-d-815347-1 devstack@placement-api.service[102736]: DEBUG placement.objects.research_context [req-d09c1ece-0dc8-47c9-b80f-e5fc53cc163b req-612f0773-6254-4286-8041-992ce5f76cc1 service placement] getting providers with 1024 MEMORY_MB {{(pid=102736) __init__ /opt/stack/placement/placement/objects/research_context.py:126}}
Oct 26 14:33:28.659999 n-d-815347-1 devstack@placement-api.service[102736]: DEBUG placement.objects.research_context [req-d09c1ece-0dc8-47c9-b80f-e5fc53cc163b req-612f0773-6254-4286-8041-992ce5f76cc1 service placement] getting providers with 1 VCPU {{(pid=102736) __init__ /opt/stack/placement/placement/objects/research_context.py:126}}
Oct 26 14:33:28.687217 n-d-815347-1 devstack@placement-api.service[102736]: DEBUG placement.objects.research_context [req-d09c1ece-0dc8-47c9-b80f-e5fc53cc163b req-612f0773-6254-4286-8041-992ce5f76cc1 service placement] found 2 providers with available 1 DISK_GB {{(pid=102736) get_provider_ids_matching /opt/stack/placement/placement/objects/research_context.py:549}}
Oct 26 14:33:28.693027 n-d-815347-1 devstack@placement-api.service[102736]: DEBUG placement.objects.research_context [req-d09c1ece-0dc8-47c9-b80f-e5fc53cc163b req-612f0773-6254-4286-8041-992ce5f76cc1 service placement] found 2 providers with available 1024 MEMORY_MB {{(pid=102736) get_provider_ids_matching /opt/stack/placement/placement/objects/research_context.py:549}}
Oct 26 14:33:28.697678 n-d-815347-1 devstack@placement-api.service[102736]: DEBUG placement.objects.research_context [req-d09c1ece-0dc8-47c9-b80f-e5fc53cc163b req-612f0773-6254-4286-8041-992ce5f76cc1 service placement] found 2 providers after filtering by previous result {{(pid=102736) get_provider_ids_matching /opt/stack/placement/placement/objects/research_context.py:580}}
Oct 26 14:33:28.698371 n-d-815347-1 devstack@placement-api.service[102736]: DEBUG placement.objects.research_context [req-d09c1ece-0dc8-47c9-b80f-e5fc53cc163b req-612f0773-6254-4286-8041-992ce5f76cc1 service placement] found 2 providers with available 1 VCPU {{(pid=102736) get_provider_ids_matching /opt/stack/placement/placement/objects/research_context.py:549}}
Oct 26 14:33:28.699454 n-d-815347-1 devstack@placement-api.service[102736]: DEBUG placement.objects.research_context [req-d09c1ece-0dc8-47c9-b80f-e5fc53cc163b req-612f0773-6254-4286-8041-992ce5f76cc1 service placement] found 2 providers after filtering by previous result {{(pid=102736) get_provider_ids_matching /opt/stack/placement/placement/objects/research_context.py:580}}
Oct 26 14:33:28.749361 n-d-815347-1 devstack@placement-api.service[102736]: DEBUG placement.objects.allocation_candidate [req-d09c1ece-0dc8-47c9-b80f-e5fc53cc163b req-612f0773-6254-4286-8041-992ce5f76cc1 service placement] RequestGroup(use_same_provider=False, resources={DISK_GB:1, MEMORY_MB:1024, VCPU:1}, traits=[], aggregates=[]) (suffix '') returned 2 matches {{(pid=102736) _get_by_requests /opt/stack/placement/placement/objects/allocation_candidate.py:145}}
Oct 26 14:33:28.751598 n-d-815347-1 devstack@placement-api.service[102736]: DEBUG placement.objects.allocation_candidate [req-d09c1ece-0dc8-47c9-b80f-e5fc53cc163b req-612f0773-6254-4286-8041-992ce5f76cc1 service placement] Merging candidates yields 2 allocation requests and 2 provider summaries {{(pid=102736) _merge_candidates /opt/stack/placement/placement/objects/allocation_candidate.py:783}}
Oct 26 14:33:28.753705 n-d-815347-1 devstack@placement-api.service[102736]: INFO placement.requestlog [req-d09c1ece-0dc8-47c9-b80f-e5fc53cc163b req-612f0773-6254-4286-8041-992ce5f76cc1 service placement] 10.222.0.30 "GET /placement/allocation_candidates?limit=1000&resources=DISK_GB%3A1%2CMEMORY_MB%3A1024%2CVCPU%3A1&root_required=%21COMPUTE_STATUS_DISABLED" status: 200 len: 1309 microversion: 1.36
Oct 26 14:33:28.769206 n-d-815347-1 devstack@placement-api.service[102736]: [pid: 102736|app: 0|req: 122/245] 10.222.0.30 () {60 vars in 1506 bytes} [Tue Oct 26 14:33:28 2021] GET /placement/allocation_candidates?limit=1000&resources=DISK_GB%3A1%2CMEMORY_MB%3A1024%2CVCPU%3A1&root_required=%21COMPUTE_STATUS_DISABLED => generated 1309 bytes in 272 msecs (HTTP/1.1 200) 8 headers in 297 bytes (1 switches on core 0)
Oct 26 14:33:28.913263 n-d-815347-1 devstack@placement-api.service[102735]: DEBUG placement.requestlog [req-d09c1ece-0dc8-47c9-b80f-e5fc53cc163b req-373ecbc0-1232-4e8e-826c-dedd762c1aec None None] Starting request: 10.222.0.30 "GET /placement/allocations/2388af69-f879-430d-a4ef-0f26882dbe8d" {{(pid=102735) __call__ /opt/stack/placement/placement/requestlog.py:55}}
Oct 26 14:33:28.951508 n-d-815347-1 devstack@placement-api.service[102735]: INFO placement.requestlog [req-d09c1ece-0dc8-47c9-b80f-e5fc53cc163b req-373ecbc0-1232-4e8e-826c-dedd762c1aec service placement] 10.222.0.30 "GET /placement/allocations/2388af69-f879-430d-a4ef-0f26882dbe8d" status: 200 len: 19 microversion: 1.28
Oct 26 14:33:28.952262 n-d-815347-1 devstack@placement-api.service[102735]: [pid: 102735|app: 0|req: 124/246] 10.222.0.30 () {60 vars in 1380 bytes} [Tue Oct 26 14:33:28 2021] GET /placement/allocations/2388af69-f879-430d-a4ef-0f26882dbe8d => generated 19 bytes in 39 msecs (HTTP/1.1 200) 8 headers in 295 bytes (2 switches on core 0)
Oct 26 14:33:28.959100 n-d-815347-1 devstack@placement-api.service[102736]: DEBUG placement.requestlog [req-d09c1ece-0dc8-47c9-b80f-e5fc53cc163b req-01b25b56-f578-4008-ae17-78ea526034b9 None None] Starting request: 10.222.0.30 "PUT /placement/allocations/2388af69-f879-430d-a4ef-0f26882dbe8d" {{(pid=102736) __call__ /opt/stack/placement/placement/requestlog.py:55}}
Oct 26 14:33:29.148102 n-d-815347-1 devstack@placement-api.service[102736]: DEBUG placement.handlers.allocation [req-d09c1ece-0dc8-47c9-b80f-e5fc53cc163b req-01b25b56-f578-4008-ae17-78ea526034b9 service placement] Successfully wrote allocations [, , ] {{(pid=102736) _update_consumers_and_create_allocations /opt/stack/placement/placement/handlers/allocation.py:462}}
Oct 26 14:33:29.159859 n-d-815347-1 devstack@placement-api.service[102736]: INFO placement.requestlog [req-d09c1ece-0dc8-47c9-b80f-e5fc53cc163b req-01b25b56-f578-4008-ae17-78ea526034b9 service placement] 10.222.0.30 "PUT /placement/allocations/2388af69-f879-430d-a4ef-0f26882dbe8d" status: 204 len: 0 microversion: 1.36
Oct 26 14:33:29.169800 n-d-815347-1 devstack@placement-api.service[102736]: [pid: 102736|app: 0|req: 123/247] 10.222.0.30 () {64 vars in 1433 bytes} [Tue Oct 26 14:33:28 2021] PUT /placement/allocations/2388af69-f879-430d-a4ef-0f26882dbe8d => generated 0 bytes in 203 msecs (HTTP/1.1 204) 5 headers in 199 bytes (2 switches on core 0)
Oct 26 14:33:30.003730 n-d-815347-1 devstack@placement-api.service[102735]: DEBUG placement.requestlog [req-d09c1ece-0dc8-47c9-b80f-e5fc53cc163b req-3f8800ec-03fc-4a24-9424-c153a25f2abd None None] Starting request: 10.222.0.36 "GET /placement/allocations/2388af69-f879-430d-a4ef-0f26882dbe8d" {{(pid=102735) __call__ /opt/stack/placement/placement/requestlog.py:55}}
Oct 26 14:33:30.084238 n-d-815347-1 devstack@placement-api.service[102735]: INFO placement.requestlog [req-d09c1ece-0dc8-47c9-b80f-e5fc53cc163b req-3f8800ec-03fc-4a24-9424-c153a25f2abd service placement] 10.222.0.36 "GET /placement/allocations/2388af69-f879-430d-a4ef-0f26882dbe8d" status: 200 len: 259 microversion: 1.28
Oct 26 14:33:30.084642 n-d-815347-1 devstack@placement-api.service[102735]: [pid: 102735|app: 0|req: 125/248] 10.222.0.36 () {60 vars in 1377 bytes} [Tue Oct 26 14:33:30 2021] GET /placement/allocations/2388af69-f879-430d-a4ef-0f26882dbe8d => generated 259 bytes in 82 msecs (HTTP/1.1 200) 8 headers in 296 bytes (2 switches on core 0)
Oct 26 14:33:35.028102 n-d-815347-1 devstack@placement-api.service[102736]: DEBUG placement.requestlog [req-664056e0-0693-4726-927b-15a132909125 req-7483e9f7-a008-4ccb-843a-33980b5a6d3d None None] Starting request: 10.222.0.30 "GET /placement/allocation_candidates?limit=1000&resources=DISK_GB%3A1%2CMEMORY_MB%3A1024%2CVCPU%3A1&root_required=%21COMPUTE_STATUS_DISABLED" {{(pid=102736) __call__ /opt/stack/placement/placement/requestlog.py:55}}
Oct 26 14:33:35.071198 n-d-815347-1 devstack@placement-api.service[102736]: DEBUG placement.objects.research_context [req-664056e0-0693-4726-927b-15a132909125 req-7483e9f7-a008-4ccb-843a-33980b5a6d3d service placement] getting providers with 1 DISK_GB {{(pid=102736) __init__ /opt/stack/placement/placement/objects/research_context.py:126}}
Oct 26 14:33:35.078694 n-d-815347-1 devstack@placement-api.service[102736]: DEBUG placement.objects.research_context [req-664056e0-0693-4726-927b-15a132909125 req-7483e9f7-a008-4ccb-843a-33980b5a6d3d service placement] getting providers with 1024 MEMORY_MB {{(pid=102736) __init__ /opt/stack/placement/placement/objects/research_context.py:126}}
Oct 26 14:33:35.085332 n-d-815347-1 devstack@placement-api.service[102736]: DEBUG placement.objects.research_context [req-664056e0-0693-4726-927b-15a132909125 req-7483e9f7-a008-4ccb-843a-33980b5a6d3d service placement] getting providers with 1 VCPU {{(pid=102736) __init__ /opt/stack/placement/placement/objects/research_context.py:126}}
Oct 26 14:33:35.103285 n-d-815347-1 devstack@placement-api.service[102736]: DEBUG placement.objects.research_context [req-664056e0-0693-4726-927b-15a132909125 req-7483e9f7-a008-4ccb-843a-33980b5a6d3d service placement] found 2 providers with available 1 DISK_GB {{(pid=102736) get_provider_ids_matching /opt/stack/placement/placement/objects/research_context.py:549}}
Oct 26 14:33:35.103860 n-d-815347-1 devstack@placement-api.service[102736]: DEBUG placement.objects.research_context [req-664056e0-0693-4726-927b-15a132909125 req-7483e9f7-a008-4ccb-843a-33980b5a6d3d service placement] found 2 providers with available 1024 MEMORY_MB {{(pid=102736) get_provider_ids_matching /opt/stack/placement/placement/objects/research_context.py:549}}
Oct 26 14:33:35.104294 n-d-815347-1 devstack@placement-api.service[102736]: DEBUG placement.objects.research_context [req-664056e0-0693-4726-927b-15a132909125 req-7483e9f7-a008-4ccb-843a-33980b5a6d3d service placement] found 2 providers after filtering by previous result {{(pid=102736) get_provider_ids_matching /opt/stack/placement/placement/objects/research_context.py:580}}
Oct 26 14:33:35.104697 n-d-815347-1 devstack@placement-api.service[102736]: DEBUG placement.objects.research_context [req-664056e0-0693-4726-927b-15a132909125 req-7483e9f7-a008-4ccb-843a-33980b5a6d3d service placement] found 2 providers with available 1 VCPU {{(pid=102736) get_provider_ids_matching /opt/stack/placement/placement/objects/research_context.py:549}}
Oct 26 14:33:35.105293 n-d-815347-1 devstack@placement-api.service[102736]: DEBUG placement.objects.research_context [req-664056e0-0693-4726-927b-15a132909125 req-7483e9f7-a008-4ccb-843a-33980b5a6d3d service placement] found 2 providers after filtering by previous result {{(pid=102736) get_provider_ids_matching /opt/stack/placement/placement/objects/research_context.py:580}}
Oct 26 14:33:35.121578 n-d-815347-1 devstack@placement-api.service[102736]: DEBUG placement.objects.allocation_candidate [req-664056e0-0693-4726-927b-15a132909125 req-7483e9f7-a008-4ccb-843a-33980b5a6d3d service placement] RequestGroup(use_same_provider=False, resources={DISK_GB:1, MEMORY_MB:1024, VCPU:1}, traits=[], aggregates=[]) (suffix '') returned 2 matches {{(pid=102736) _get_by_requests /opt/stack/placement/placement/objects/allocation_candidate.py:145}}
Oct 26 14:33:35.122241 n-d-815347-1 devstack@placement-api.service[102736]: DEBUG placement.objects.allocation_candidate [req-664056e0-0693-4726-927b-15a132909125 req-7483e9f7-a008-4ccb-843a-33980b5a6d3d service placement] Merging candidates yields 2 allocation requests and 2 provider summaries {{(pid=102736) _merge_candidates /opt/stack/placement/placement/objects/allocation_candidate.py:783}}
Oct 26 14:33:35.124133 n-d-815347-1 devstack@placement-api.service[102736]: INFO placement.requestlog [req-664056e0-0693-4726-927b-15a132909125 req-7483e9f7-a008-4ccb-843a-33980b5a6d3d service placement] 10.222.0.30 "GET /placement/allocation_candidates?limit=1000&resources=DISK_GB%3A1%2CMEMORY_MB%3A1024%2CVCPU%3A1&root_required=%21COMPUTE_STATUS_DISABLED" status: 200 len: 1309 microversion: 1.36
Oct 26 14:33:35.124876 n-d-815347-1 devstack@placement-api.service[102736]: [pid: 102736|app: 0|req: 124/249] 10.222.0.30 () {60 vars in 1506 bytes} [Tue Oct 26 14:33:35 2021] GET /placement/allocation_candidates?limit=1000&resources=DISK_GB%3A1%2CMEMORY_MB%3A1024%2CVCPU%3A1&root_required=%21COMPUTE_STATUS_DISABLED => generated 1309 bytes in 97 msecs (HTTP/1.1 200) 8 headers in 297 bytes (1 switches on core 0)
Oct 26 14:33:35.203360 n-d-815347-1 devstack@placement-api.service[102735]: DEBUG placement.requestlog [req-664056e0-0693-4726-927b-15a132909125 req-0c1764a6-a5ed-423a-a1ad-339fcf6566b6 None None] Starting request: 10.222.0.30 "GET /placement/allocations/fe29bc03-b8c6-4b0b-a30b-669d3f5a782c" {{(pid=102735) __call__ /opt/stack/placement/placement/requestlog.py:55}}
Oct 26 14:33:35.221969 n-d-815347-1 devstack@placement-api.service[102735]: INFO placement.requestlog [req-664056e0-0693-4726-927b-15a132909125 req-0c1764a6-a5ed-423a-a1ad-339fcf6566b6 service placement] 10.222.0.30 "GET /placement/allocations/fe29bc03-b8c6-4b0b-a30b-669d3f5a782c" status: 200 len: 19 microversion: 1.28
Oct 26 14:33:35.227919 n-d-815347-1 devstack@placement-api.service[102735]: [pid: 102735|app: 0|req: 126/250] 10.222.0.30 () {60 vars in 1380 bytes} [Tue Oct 26 14:33:35 2021] GET /placement/allocations/fe29bc03-b8c6-4b0b-a30b-669d3f5a782c => generated 19 bytes in 25 msecs (HTTP/1.1 200) 8 headers in 295 bytes (2 switches on core 0)
Oct 26 14:33:35.228985 n-d-815347-1 devstack@placement-api.service[102736]: DEBUG placement.requestlog [req-664056e0-0693-4726-927b-15a132909125 req-6713366e-6e05-4e62-ba93-d3431b467f25 None None] Starting request: 10.222.0.30 "PUT /placement/allocations/fe29bc03-b8c6-4b0b-a30b-669d3f5a782c" {{(pid=102736) __call__ /opt/stack/placement/placement/requestlog.py:55}}
Oct 26 14:33:35.329313 n-d-815347-1 devstack@placement-api.service[102736]: DEBUG placement.handlers.allocation [req-664056e0-0693-4726-927b-15a132909125 req-6713366e-6e05-4e62-ba93-d3431b467f25 service placement] Successfully wrote allocations [, , ] {{(pid=102736) _update_consumers_and_create_allocations /opt/stack/placement/placement/handlers/allocation.py:462}}
Oct 26 14:33:35.340154 n-d-815347-1 devstack@placement-api.service[102736]: INFO placement.requestlog [req-664056e0-0693-4726-927b-15a132909125 req-6713366e-6e05-4e62-ba93-d3431b467f25 service placement] 10.222.0.30 "PUT /placement/allocations/fe29bc03-b8c6-4b0b-a30b-669d3f5a782c" status: 204 len: 0 microversion: 1.36
Oct 26 14:33:35.340987 n-d-815347-1 devstack@placement-api.service[102736]: [pid: 102736|app: 0|req: 125/251] 10.222.0.30 () {64 vars in 1433 bytes} [Tue Oct 26 14:33:35 2021] PUT /placement/allocations/fe29bc03-b8c6-4b0b-a30b-669d3f5a782c => generated 0 bytes in 113 msecs (HTTP/1.1 204) 5 headers in 199 bytes (2 switches on core 0)
Oct 26 14:33:36.002671 n-d-815347-1 devstack@placement-api.service[102735]: DEBUG placement.requestlog [req-664056e0-0693-4726-927b-15a132909125 req-0f2a746b-b8fd-4727-badb-f70617f6888e None None] Starting request: 10.222.0.53 "GET /placement/allocations/fe29bc03-b8c6-4b0b-a30b-669d3f5a782c" {{(pid=102735) __call__ /opt/stack/placement/placement/requestlog.py:55}}
Oct 26 14:33:36.029082 n-d-815347-1 devstack@placement-api.service[102735]: INFO placement.requestlog [req-664056e0-0693-4726-927b-15a132909125 req-0f2a746b-b8fd-4727-badb-f70617f6888e service placement] 10.222.0.53 "GET /placement/allocations/fe29bc03-b8c6-4b0b-a30b-669d3f5a782c" status: 200 len: 259 microversion: 1.28
Oct 26 14:33:36.029571 n-d-815347-1 devstack@placement-api.service[102735]: [pid: 102735|app: 0|req: 127/252] 10.222.0.53 () {60 vars in 1377 bytes} [Tue Oct 26 14:33:36 2021] GET /placement/allocations/fe29bc03-b8c6-4b0b-a30b-669d3f5a782c => generated 259 bytes in 28 msecs (HTTP/1.1 200) 8 headers in 296 bytes (1 switches on core 0)
Oct 26 14:33:36.428440 n-d-815347-1 devstack@placement-api.service[102736]: DEBUG placement.requestlog [req-0c61075a-e68d-4ba8-9791-e760319c2952 req-04beade2-c793-42f1-a395-8b84c9a42dc0 None None] Starting request: 10.222.0.36 "DELETE /placement/allocations/d7fa6437-0730-480d-b708-f6952c4ce6fd" {{(pid=102736) __call__ /opt/stack/placement/placement/requestlog.py:55}}
Oct 26 14:33:36.495657 n-d-815347-1 devstack@placement-api.service[102736]: DEBUG placement.handlers.allocation [req-0c61075a-e68d-4ba8-9791-e760319c2952 req-04beade2-c793-42f1-a395-8b84c9a42dc0 service placement] Successfully deleted allocations [, , ] {{(pid=102736) delete_allocations /opt/stack/placement/placement/handlers/allocation.py:627}}
Oct 26 14:33:36.496597 n-d-815347-1 devstack@placement-api.service[102736]: INFO placement.requestlog [req-0c61075a-e68d-4ba8-9791-e760319c2952 req-04beade2-c793-42f1-a395-8b84c9a42dc0 service placement] 10.222.0.36 "DELETE /placement/allocations/d7fa6437-0730-480d-b708-f6952c4ce6fd" status: 204 len: 0 microversion: 1.0
Oct 26 14:33:36.497383 n-d-815347-1 devstack@placement-api.service[102736]: [pid: 102736|app: 0|req: 126/253] 10.222.0.36 () {60 vars in 1355 bytes} [Tue Oct 26 14:33:36 2021] DELETE /placement/allocations/d7fa6437-0730-480d-b708-f6952c4ce6fd => generated 0 bytes in 70 msecs (HTTP/1.1 204) 5 headers in 198 bytes (1 switches on core 0)
Oct 26 14:33:38.121125 n-d-815347-1 devstack@placement-api.service[102735]: DEBUG placement.requestlog [req-1917a7bd-8263-4322-879b-0375463d545a req-fda7b1fb-a5ea-4628-9902-6f7ad343595a None None] Starting request: 10.222.0.36 "GET /placement/resource_providers/ca0b6a00-3e92-47e9-8c6e-d1d629304d5c/allocations" {{(pid=102735) __call__ /opt/stack/placement/placement/requestlog.py:55}}
Oct 26 14:33:38.200103 n-d-815347-1 devstack@placement-api.service[102735]: INFO placement.requestlog [req-1917a7bd-8263-4322-879b-0375463d545a req-fda7b1fb-a5ea-4628-9902-6f7ad343595a service placement] 10.222.0.36 "GET /placement/resource_providers/ca0b6a00-3e92-47e9-8c6e-d1d629304d5c/allocations" status: 200 len: 457 microversion: 1.0
Oct 26 14:33:38.200790 n-d-815347-1 devstack@placement-api.service[102735]: [pid: 102735|app: 0|req: 128/254] 10.222.0.36 () {58 vars in 1390 bytes} [Tue Oct 26 14:33:38 2021] GET /placement/resource_providers/ca0b6a00-3e92-47e9-8c6e-d1d629304d5c/allocations => generated 457 bytes in 80 msecs (HTTP/1.1 200) 6 headers in 224 bytes (1 switches on core 0)
Oct 26 14:33:41.234524 n-d-815347-1 devstack@placement-api.service[102736]: DEBUG placement.requestlog [req-ec3c8d93-491f-4acb-ab0b-9206f5d4f952 req-5cb5d6b4-8818-45c2-a50e-b19b2072eef8 None None] Starting request: 10.222.0.53 "GET /placement/resource_providers/cef8b914-125c-4b07-8a3c-7609c71d7f0e/allocations" {{(pid=102736) __call__ /opt/stack/placement/placement/requestlog.py:55}}
Oct 26 14:33:41.336034 n-d-815347-1 devstack@placement-api.service[102736]: INFO placement.requestlog [req-ec3c8d93-491f-4acb-ab0b-9206f5d4f952 req-5cb5d6b4-8818-45c2-a50e-b19b2072eef8 service placement] 10.222.0.53 "GET /placement/resource_providers/cef8b914-125c-4b07-8a3c-7609c71d7f0e/allocations" status: 200 len: 659 microversion: 1.0
Oct 26 14:33:41.336802 n-d-815347-1 devstack@placement-api.service[102736]: [pid: 102736|app: 0|req: 127/255] 10.222.0.53 () {58 vars in 1390 bytes} [Tue Oct 26 14:33:41 2021] GET /placement/resource_providers/cef8b914-125c-4b07-8a3c-7609c71d7f0e/allocations => generated 659 bytes in 103 msecs (HTTP/1.1 200) 6 headers in 224 bytes (1 switches on core 0)
Oct 26 14:33:44.376703 n-d-815347-1 devstack@placement-api.service[102735]: DEBUG placement.requestlog [None req-599e6939-68f6-45b9-beaa-6151fc05a490 None None] Starting request: 10.222.0.30 "GET /placement/" {{(pid=102735) __call__ /opt/stack/placement/placement/requestlog.py:55}}
Oct 26 14:33:44.378693 n-d-815347-1 devstack@placement-api.service[102735]: INFO placement.requestlog [None req-599e6939-68f6-45b9-beaa-6151fc05a490 None None] 10.222.0.30 "GET /placement/" status: 200 len: 136 microversion: 1.0
Oct 26 14:33:44.379631 n-d-815347-1 devstack@placement-api.service[102735]: [pid: 102735|app: 0|req: 129/256] 10.222.0.30 () {54 vars in 916 bytes} [Tue Oct 26 14:33:44 2021] GET /placement => generated 136 bytes in 3 msecs (HTTP/1.1 200) 6 headers in 224 bytes (1 switches on core 0)
Oct 26 14:33:44.428052 n-d-815347-1 devstack@placement-api.service[102736]: DEBUG placement.requestlog [req-3df31223-ae6f-4132-8d82-6f7b83766023 req-cb5847a3-5eae-4275-9290-f3297a78148d None None] Starting request: 10.222.0.30 "GET /placement/allocations/b212e09e-5cc4-49b1-881e-bdb5ad39a176" {{(pid=102736) __call__ /opt/stack/placement/placement/requestlog.py:55}}
Oct 26 14:33:44.612200 n-d-815347-1 devstack@placement-api.service[102736]: INFO placement.requestlog [req-3df31223-ae6f-4132-8d82-6f7b83766023 req-cb5847a3-5eae-4275-9290-f3297a78148d service placement] 10.222.0.30 "GET /placement/allocations/b212e09e-5cc4-49b1-881e-bdb5ad39a176" status: 200 len: 259 microversion: 1.28
