Feb 10 13:09:11.684703 n-d-815324-6 neutron-server[103401]: DEBUG neutron_lib.callbacks.manager [None req-93717750-32d0-49cb-b352-12327e2df490 None None] Publish callbacks ['neutron.plugins.ml2.plugin.Ml2Plugin._port_provisioned-8163239'] for port (7ec1b262-2726-46e5-901f-efe123230815), provisioning_complete {{(pid=103401) _notify_loop /usr/local/lib/python3.8/dist-packages/neutron_lib/callbacks/manager.py:176}}
Feb 10 13:09:11.743713 n-d-815324-6 neutron-server[103402]: DEBUG neutron.api.rpc.handlers.l3_rpc [None req-1019ad45-b4ba-4220-9913-885d69e07545 None None] The sync data for ids ['5c0fe7f4-6831-4323-9184-d81a5983fddf'] in n-d-815324-6 is: [{'id': '5c0fe7f4-6831-4323-9184-d81a5983fddf', 'name': 'tempest-ServersWithSpecificFlavorTestJSON-98703029-router', 'tenant_id': 'b25529da73df42fb9da53dc6240a1ffc', 'admin_state_up': True, 'status': 'ACTIVE', 'external_gateway_info': {'network_id': 'f6d7ec51-b422-47e7-beca-925ae04878bc', 'external_fixed_ips': [{'subnet_id': '5e05829c-98a9-4f50-b3d3-4b808c78093e', 'ip_address': '172.25.8.235'}], 'enable_snat': True}, 'gw_port_id': 'fab4bc76-3df8-4305-a758-d93ea9c1aa54', 'description': '', 'availability_zones': ['nova'], 'distributed': False, 'ha': False, 'ha_vr_id': 0, 'availability_zone_hints': [], 'routes': [], 'flavor_id': None, 'tags': [], 'created_at': '2022-02-10T13:09:05Z', 'updated_at': '2022-02-10T13:09:06Z', 'revision_number': 3, 'project_id': 'b25529da73df42fb9da53dc6240a1ffc', 'gw_port': {'id': 'fab4bc76-3df8-4305-a758-d93ea9c1aa54', 'name': '', 'network_id': 'f6d7ec51-b422-47e7-beca-925ae04878bc', 'tenant_id': '', 'mac_address': 'fa:16:3e:a8:44:63', 'admin_state_up': True, 'status': 'DOWN', 'device_id': '5c0fe7f4-6831-4323-9184-d81a5983fddf', 'device_owner': 'network:router_gateway', 'standard_attr_id': 101, 'fixed_ips': [{'subnet_id': '5e05829c-98a9-4f50-b3d3-4b808c78093e', 'ip_address': '172.25.8.235', 'prefixlen': 24}], 'allowed_address_pairs': [], 'extra_dhcp_opts': [], 'security_groups': [], 'description': '', 'binding:vnic_type': 'normal', 'binding:profile': {}, 'binding:host_id': 'n-d-815324-6', 'binding:vif_type': 'ovs', 'binding:vif_details': {'connectivity': 'l2', 'port_filter': True, 'ovs_hybrid_plug': False, 'datapath_type': 'system', 'bridge_name': 'br-int', 'bound_drivers': {'0': 'openvswitch'}}, 'port_security_enabled': False, 'tags': [], 'created_at': '2022-02-10T13:09:05Z', 'updated_at': '2022-02-10T13:09:10Z', 'revision_number': 3, 'project_id': '', 'subnets': [{'id': '5e05829c-98a9-4f50-b3d3-4b808c78093e', 'cidr': '172.25.8.0/24', 'gateway_ip': '172.25.8.1', 'dns_nameservers': [], 'ipv6_ra_mode': None, 'subnetpool_id': None}], 'extra_subnets': [], 'address_scopes': {4: None, 6: None}, 'mtu': 1500}, 'enable_snat': True, 'gw_port_host': 'n-d-815324-6'}] {{(pid=103402) sync_routers /opt/stack/neutron/neutron/api/rpc/handlers/l3_rpc.py:137}}
Feb 10 13:09:11.798073 n-d-815324-6 neutron-server[103401]: DEBUG neutron.plugins.ml2.plugin [None req-93717750-32d0-49cb-b352-12327e2df490 None None] Port 7ec1b262-2726-46e5-901f-efe123230815 cannot update to ACTIVE because it is not bound. {{(pid=103401) _port_provisioned /opt/stack/neutron/neutron/plugins/ml2/plugin.py:343}}
Feb 10 13:09:11.918676 n-d-815324-6 neutron-server[103399]: DEBUG neutron_lib.callbacks.manager [None req-bf86c843-f6b8-49b9-9052-b5d2b31a49ae admin admin] Publish callbacks [] for security_group (None), before_create {{(pid=103399) _notify_loop /usr/local/lib/python3.8/dist-packages/neutron_lib/callbacks/manager.py:176}}
Feb 10 13:09:11.963035 n-d-815324-6 neutron-server[103400]: DEBUG neutron.pecan_wsgi.hooks.policy_enforcement [req-ff28bada-49ca-4133-b3b7-2321d5b2d729 req-1219c4f1-b04a-4d3c-a68e-ad197fc605e4 tempest-AggregatesAdminTestJSON-711017674 tempest-AggregatesAdminTestJSON-711017674-project] Attributes excluded by policy engine: ['standard_attr_id', 'binding:profile', 'binding:host_id', 'binding:vif_type', 'binding:vif_details'] {{(pid=103400) _exclude_attributes_by_policy /opt/stack/neutron/neutron/pecan_wsgi/hooks/policy_enforcement.py:255}}
Feb 10 13:09:11.975141 n-d-815324-6 neutron-server[103400]: INFO neutron.wsgi [req-ff28bada-49ca-4133-b3b7-2321d5b2d729 req-1219c4f1-b04a-4d3c-a68e-ad197fc605e4 tempest-AggregatesAdminTestJSON-711017674 tempest-AggregatesAdminTestJSON-711017674-project] 10.222.0.13 "GET /v2.0/ports?device_id=173f2d3c-8479-4a36-8e3b-cf673a99a1d1 HTTP/1.1" status: 200 len: 935 time: 1.0977640
Feb 10 13:09:11.997419 n-d-815324-6 neutron-server[103400]: DEBUG neutron_lib.callbacks.manager [None req-382e7823-da86-43a6-85ae-67d3181d65a3 admin admin] Publish callbacks [] for port (8a210203-a2ee-482d-8c5d-aec49ec23bf5), precommit_create {{(pid=103400) _notify_loop /usr/local/lib/python3.8/dist-packages/neutron_lib/callbacks/manager.py:176}}
Feb 10 13:09:12.068781 n-d-815324-6 neutron-server[103399]: DEBUG neutron_lib.callbacks.manager [None req-2a8009b4-455d-4bd9-954d-e9a590f4bbf7 admin admin] Publish callbacks [] for security_group (202accd6-173c-49c4-8c1c-cfd3de560b51), precommit_create {{(pid=103399) _notify_loop /usr/local/lib/python3.8/dist-packages/neutron_lib/callbacks/manager.py:176}}
Feb 10 13:09:12.073123 n-d-815324-6 neutron-server[103399]: DEBUG neutron_lib.callbacks.manager [None req-6188c8b1-2a3a-4a02-b6ac-bbf647714a56 admin admin] Publish callbacks [] for security_group (None), before_create {{(pid=103399) _notify_loop /usr/local/lib/python3.8/dist-packages/neutron_lib/callbacks/manager.py:176}}
Feb 10 13:09:12.086559 n-d-815324-6 neutron-server[103399]: DEBUG neutron_lib.callbacks.manager [None req-2a8009b4-455d-4bd9-954d-e9a590f4bbf7 admin admin] Publish callbacks ['neutron.plugins.ml2.ovo_rpc._ObjectChangeHandler.handle_event-605466'] for security_group (202accd6-173c-49c4-8c1c-cfd3de560b51), after_create {{(pid=103399) _notify_loop /usr/local/lib/python3.8/dist-packages/neutron_lib/callbacks/manager.py:176}}
Feb 10 13:09:12.108809 n-d-815324-6 neutron-server[103400]: DEBUG neutron.pecan_wsgi.hooks.quota_enforcement [req-dae7bc05-0e50-4c4e-b098-a8a575d1ab9d req-365be7a5-4954-4265-ae15-66a14b091a4e tempest-DeleteServersAdminTestJSON-227314215 tempest-DeleteServersAdminTestJSON-227314215-project] Made reservation on behalf of 34bc03e7790b473497fe8a6a25315df1 for: {'port': 1} {{(pid=103400) before /opt/stack/neutron/neutron/pecan_wsgi/hooks/quota_enforcement.py:53}}
Feb 10 13:09:12.115077 n-d-815324-6 neutron-server[103400]: DEBUG neutron_lib.callbacks.manager [req-dae7bc05-0e50-4c4e-b098-a8a575d1ab9d req-365be7a5-4954-4265-ae15-66a14b091a4e tempest-DeleteServersAdminTestJSON-227314215 tempest-DeleteServersAdminTestJSON-227314215-project] Publish callbacks ['neutron.plugins.ml2.plugin.SecurityGroupDbMixin._ensure_default_security_group_handler-8221525'] for port (None), before_create {{(pid=103400) _notify_loop /usr/local/lib/python3.8/dist-packages/neutron_lib/callbacks/manager.py:176}}
Feb 10 13:09:12.156474 n-d-815324-6 neutron-server[103400]: DEBUG neutron_lib.callbacks.manager [req-dae7bc05-0e50-4c4e-b098-a8a575d1ab9d req-365be7a5-4954-4265-ae15-66a14b091a4e tempest-DeleteServersAdminTestJSON-227314215 tempest-DeleteServersAdminTestJSON-227314215-project] Publish callbacks [] for security_group (None), before_create {{(pid=103400) _notify_loop /usr/local/lib/python3.8/dist-packages/neutron_lib/callbacks/manager.py:176}}
Feb 10 13:09:12.183922 n-d-815324-6 neutron-server[103399]: INFO neutron.wsgi [req-7fd44aff-26b0-4629-8c01-ce709037748b req-474ce238-a3e0-4769-83fe-c63a1209206d tempest-DeleteServersAdminTestJSON-227314215 tempest-DeleteServersAdminTestJSON-227314215-project] 10.222.0.13 "GET /v2.0/ports?device_id=c4ec7df0-61f4-48bc-890e-8a157abff4ee HTTP/1.1" status: 200 len: 210 time: 0.1542459
Feb 10 13:09:12.186652 n-d-815324-6 neutron-server[103400]: INFO neutron.wsgi [req-ff28bada-49ca-4133-b3b7-2321d5b2d729 req-6cdba01c-0848-470b-90ec-552949126eed tempest-AggregatesAdminTestJSON-711017674 tempest-AggregatesAdminTestJSON-711017674-project] 10.222.0.13 "GET /v2.0/security-groups?id=6e0eb0bd-147f-4313-9b5b-1b155284f39e&fields=id&fields=name HTTP/1.1" status: 200 len: 286 time: 0.2104230
Feb 10 13:09:12.206752 n-d-815324-6 neutron-server[103400]: DEBUG neutron_lib.callbacks.manager [None req-382e7823-da86-43a6-85ae-67d3181d65a3 admin admin] Publish callbacks ['neutron.plugins.ml2.plugin.SecurityGroupServerNotifierRpcMixin._notify_sg_on_port_change-8221473', 'neutron.plugins.ml2.ovo_rpc._ObjectChangeHandler.handle_event-9790', 'neutron.api.rpc.agentnotifiers.dhcp_rpc_agent_api.DhcpAgentNotifyAPI._native_event_send_dhcp_notification-1029973', 'neutron.db.l3_dvrscheduler_db._notify_l3_agent_new_port-8754119784888'] for port (8a210203-a2ee-482d-8c5d-aec49ec23bf5), after_create {{(pid=103400) _notify_loop /usr/local/lib/python3.8/dist-packages/neutron_lib/callbacks/manager.py:176}}
Feb 10 13:09:12.252837 n-d-815324-6 neutron-server[103399]: INFO neutron.wsgi [None req-2a8009b4-455d-4bd9-954d-e9a590f4bbf7 admin admin] 10.222.0.13 "GET /v2.0/security-groups?tenant_id=39b2f02180684b9e844cced2f96caa46&name=default HTTP/1.1" status: 200 len: 2996 time: 1.2911968
Feb 10 13:09:12.260192 n-d-815324-6 neutron-server[103400]: DEBUG neutron.wsgi [-] (103400) accepted ('10.222.0.13', 52562) {{(pid=103400) server /usr/local/lib/python3.8/dist-packages/eventlet/wsgi.py:1004}}
Feb 10 13:09:12.300169 n-d-815324-6 neutron-server[103400]: DEBUG neutron.scheduler.dhcp_agent_scheduler [None req-382e7823-da86-43a6-85ae-67d3181d65a3 admin admin] Network 4053a25f-df79-49b0-a2fc-f844c1aa3c33 is already hosted by enough agents. {{(pid=103400) _get_dhcp_agents_hosting_network /opt/stack/neutron/neutron/scheduler/dhcp_agent_scheduler.py:275}}
Feb 10 13:09:12.332997 n-d-815324-6 neutron-server[103400]: DEBUG neutron.scheduler.base_scheduler [None req-382e7823-da86-43a6-85ae-67d3181d65a3 admin admin] Resources bound (agent type, host, resource id): {{(pid=103400) schedule /opt/stack/neutron/neutron/scheduler/base_scheduler.py:57}}
Feb 10 13:09:12.341726 n-d-815324-6 neutron-server[103400]: DEBUG neutron.api.rpc.handlers.resources_rpc [None req-382e7823-da86-43a6-85ae-67d3181d65a3 admin admin] Pushing event updated for resources: {'Port': ['ID=8a210203-a2ee-482d-8c5d-aec49ec23bf5,revision_number=1']} {{(pid=103400) push /opt/stack/neutron/neutron/api/rpc/handlers/resources_rpc.py:237}}
Feb 10 13:09:12.348474 n-d-815324-6 neutron-server[103400]: DEBUG neutron.db.l3_dvrscheduler_db [None req-382e7823-da86-43a6-85ae-67d3181d65a3 admin admin] Received port after_create {{(pid=103400) _notify_l3_agent_new_port /opt/stack/neutron/neutron/db/l3_dvrscheduler_db.py:536}}
Feb 10 13:09:12.348936 n-d-815324-6 neutron-server[103400]: DEBUG neutron_lib.callbacks.manager [None req-382e7823-da86-43a6-85ae-67d3181d65a3 admin admin] Publish callbacks ['neutron.services.l3_router.l3_router_plugin.DVRResourceOperationHandler._add_csnat_on_interface_create-608476'] for router_interface (5c0fe7f4-6831-4323-9184-d81a5983fddf), before_create {{(pid=103400) _notify_loop /usr/local/lib/python3.8/dist-packages/neutron_lib/callbacks/manager.py:176}}
Feb 10 13:09:12.407131 n-d-815324-6 neutron-server[103399]: DEBUG neutron.api.rpc.handlers.resources_rpc [None req-2a8009b4-455d-4bd9-954d-e9a590f4bbf7 admin admin] Pushing event updated for resources: {'SecurityGroup': ['ID=202accd6-173c-49c4-8c1c-cfd3de560b51,revision_number=1']} {{(pid=103399) push /opt/stack/neutron/neutron/api/rpc/handlers/resources_rpc.py:237}}
Feb 10 13:09:12.462992 n-d-815324-6 neutron-server[103399]: DEBUG neutron.api.v2.base [req-a794f1cb-dac5-43e4-ad49-183f8b4c0b33 req-8a581ff1-0988-45ec-aa08-b65eb83e88f1 service neutron] Request body: {'port': {'device_id': '173f2d3c-8479-4a36-8e3b-cf673a99a1d1', 'device_owner': 'compute:tempest-test_az-716933610', 'binding:host_id': 'n-h2-815324-6'}} {{(pid=103399) prepare_request_body /opt/stack/neutron/neutron/api/v2/base.py:729}}
Feb 10 13:09:12.672595 n-d-815324-6 neutron-server[103399]: DEBUG neutron_lib.callbacks.manager [None req-bf86c843-f6b8-49b9-9052-b5d2b31a49ae admin admin] Publish callbacks [] for security_group (7be9e65b-0ef1-4605-a871-c711dff93d11), precommit_create {{(pid=103399) _notify_loop /usr/local/lib/python3.8/dist-packages/neutron_lib/callbacks/manager.py:176}}
Feb 10 13:09:12.708597 n-d-815324-6 neutron-server[103399]: DEBUG neutron_lib.callbacks.manager [None req-bf86c843-f6b8-49b9-9052-b5d2b31a49ae admin admin] Publish callbacks ['neutron.plugins.ml2.ovo_rpc._ObjectChangeHandler.handle_event-605466'] for security_group (7be9e65b-0ef1-4605-a871-c711dff93d11), after_create {{(pid=103399) _notify_loop /usr/local/lib/python3.8/dist-packages/neutron_lib/callbacks/manager.py:176}}
Feb 10 13:09:12.849921 n-d-815324-6 neutron-server[103399]: DEBUG neutron_lib.callbacks.manager [req-a794f1cb-dac5-43e4-ad49-183f8b4c0b33 req-8a581ff1-0988-45ec-aa08-b65eb83e88f1 service neutron] Publish callbacks ['neutron.plugins.ml2.plugin.SecurityGroupDbMixin._ensure_default_security_group_handler-8221525'] for port (7ec1b262-2726-46e5-901f-efe123230815), before_update {{(pid=103399) _notify_loop /usr/local/lib/python3.8/dist-packages/neutron_lib/callbacks/manager.py:176}}
Feb 10 13:09:12.859042 n-d-815324-6 neutron-server[103401]: DEBUG neutron.db.provisioning_blocks [None req-b31fbc07-316c-41f2-be89-67ad4e507bbf None None] Provisioning complete for port 8a210203-a2ee-482d-8c5d-aec49ec23bf5 triggered by entity DHCP. {{(pid=103401) provisioning_complete /opt/stack/neutron/neutron/db/provisioning_blocks.py:139}}
Feb 10 13:09:12.860407 n-d-815324-6 neutron-server[103401]: DEBUG neutron_lib.callbacks.manager [None req-b31fbc07-316c-41f2-be89-67ad4e507bbf None None] Publish callbacks ['neutron.plugins.ml2.plugin.Ml2Plugin._port_provisioned-8163239'] for port (8a210203-a2ee-482d-8c5d-aec49ec23bf5), provisioning_complete {{(pid=103401) _notify_loop /usr/local/lib/python3.8/dist-packages/neutron_lib/callbacks/manager.py:176}}
Feb 10 13:09:12.900202 n-d-815324-6 neutron-server[103399]: DEBUG neutron.api.rpc.handlers.resources_rpc [None req-bf86c843-f6b8-49b9-9052-b5d2b31a49ae admin admin] Pushing event updated for resources: {'SecurityGroup': ['ID=7be9e65b-0ef1-4605-a871-c711dff93d11,revision_number=1']} {{(pid=103399) push /opt/stack/neutron/neutron/api/rpc/handlers/resources_rpc.py:237}}
Feb 10 13:09:12.922945 n-d-815324-6 neutron-server[103399]: INFO neutron.wsgi [None req-bf86c843-f6b8-49b9-9052-b5d2b31a49ae admin admin] 10.222.0.13 "GET /v2.0/security-groups?tenant_id=3f65aa1f87d7402e891ffb3248aa6402&name=default HTTP/1.1" status: 200 len: 2996 time: 1.5713842
Feb 10 13:09:12.932406 n-d-815324-6 neutron-server[103399]: DEBUG neutron.wsgi [-] (103399) accepted ('10.222.0.13', 52572) {{(pid=103399) server /usr/local/lib/python3.8/dist-packages/eventlet/wsgi.py:1004}}
Feb 10 13:09:12.946046 n-d-815324-6 neutron-server[103399]: DEBUG neutron_lib.callbacks.manager [None req-6188c8b1-2a3a-4a02-b6ac-bbf647714a56 admin admin] Publish callbacks [] for security_group (fe21002e-0da4-4bfe-8488-2225a3d43650), precommit_create {{(pid=103399) _notify_loop /usr/local/lib/python3.8/dist-packages/neutron_lib/callbacks/manager.py:176}}
Feb 10 13:09:12.993299 n-d-815324-6 neutron-server[103400]: DEBUG neutron_lib.callbacks.manager [None req-7952df6a-7e91-4e6e-b134-b351a6f11452 admin admin] Publish callbacks [] for security_group (202accd6-173c-49c4-8c1c-cfd3de560b51), before_delete {{(pid=103400) _notify_loop /usr/local/lib/python3.8/dist-packages/neutron_lib/callbacks/manager.py:176}}
Feb 10 13:09:13.000551 n-d-815324-6 neutron-server[103399]: DEBUG neutron_lib.callbacks.manager [None req-6188c8b1-2a3a-4a02-b6ac-bbf647714a56 admin admin] Publish callbacks ['neutron.plugins.ml2.ovo_rpc._ObjectChangeHandler.handle_event-605466'] for security_group (fe21002e-0da4-4bfe-8488-2225a3d43650), after_create {{(pid=103399) _notify_loop /usr/local/lib/python3.8/dist-packages/neutron_lib/callbacks/manager.py:176}}
Feb 10 13:09:13.019874 n-d-815324-6 neutron-server[103401]: DEBUG neutron.plugins.ml2.plugin [None req-b31fbc07-316c-41f2-be89-67ad4e507bbf None None] Port 8a210203-a2ee-482d-8c5d-aec49ec23bf5 cannot update to ACTIVE because it is not bound. {{(pid=103401) _port_provisioned /opt/stack/neutron/neutron/plugins/ml2/plugin.py:343}}
Feb 10 13:09:13.042921 n-d-815324-6 neutron-server[103400]: DEBUG neutron_lib.callbacks.manager [None req-7952df6a-7e91-4e6e-b134-b351a6f11452 admin admin] Publish callbacks [] for security_group (202accd6-173c-49c4-8c1c-cfd3de560b51), precommit_delete {{(pid=103400) _notify_loop /usr/local/lib/python3.8/dist-packages/neutron_lib/callbacks/manager.py:176}}
Feb 10 13:09:13.088498 n-d-815324-6 neutron-server[103400]: DEBUG neutron_lib.callbacks.manager [req-dae7bc05-0e50-4c4e-b098-a8a575d1ab9d req-365be7a5-4954-4265-ae15-66a14b091a4e tempest-DeleteServersAdminTestJSON-227314215 tempest-DeleteServersAdminTestJSON-227314215-project] Publish callbacks [] for security_group (d7441e00-725f-42b9-9345-3ac199175781), precommit_create {{(pid=103400) _notify_loop /usr/local/lib/python3.8/dist-packages/neutron_lib/callbacks/manager.py:176}}
Feb 10 13:09:13.122308 n-d-815324-6 neutron-server[103399]: INFO neutron.wsgi [None req-6188c8b1-2a3a-4a02-b6ac-bbf647714a56 admin admin] 10.222.0.13 "GET /v2.0/security-groups?tenant_id=0e3f082cd1d04df2b395a949749c4a38&name=default HTTP/1.1" status: 200 len: 2996 time: 1.6963706
Feb 10 13:09:13.129001 n-d-815324-6 neutron-server[103400]: DEBUG neutron.wsgi [-] (103400) accepted ('10.222.0.13', 52576) {{(pid=103400) server /usr/local/lib/python3.8/dist-packages/eventlet/wsgi.py:1004}}
Feb 10 13:09:13.152046 n-d-815324-6 neutron-server[103399]: DEBUG neutron.api.rpc.handlers.resources_rpc [None req-6188c8b1-2a3a-4a02-b6ac-bbf647714a56 admin admin] Pushing event updated for resources: {'SecurityGroup': ['ID=fe21002e-0da4-4bfe-8488-2225a3d43650,revision_number=1']} {{(pid=103399) push /opt/stack/neutron/neutron/api/rpc/handlers/resources_rpc.py:237}}
Feb 10 13:09:13.167653 n-d-815324-6 neutron-server[103400]: DEBUG neutron_lib.callbacks.manager [req-dae7bc05-0e50-4c4e-b098-a8a575d1ab9d req-365be7a5-4954-4265-ae15-66a14b091a4e tempest-DeleteServersAdminTestJSON-227314215 tempest-DeleteServersAdminTestJSON-227314215-project] Publish callbacks ['neutron.plugins.ml2.ovo_rpc._ObjectChangeHandler.handle_event-605466'] for security_group (d7441e00-725f-42b9-9345-3ac199175781), after_create {{(pid=103400) _notify_loop /usr/local/lib/python3.8/dist-packages/neutron_lib/callbacks/manager.py:176}}
Feb 10 13:09:13.267132 n-d-815324-6 neutron-server[103400]: DEBUG neutron.api.rpc.handlers.resources_rpc [None req-365be7a5-4954-4265-ae15-66a14b091a4e tempest-DeleteServersAdminTestJSON-227314215 tempest-DeleteServersAdminTestJSON-227314215-project] Pushing event updated for resources: {'SecurityGroup': ['ID=d7441e00-725f-42b9-9345-3ac199175781,revision_number=1']} {{(pid=103400) push /opt/stack/neutron/neutron/api/rpc/handlers/resources_rpc.py:237}}
Feb 10 13:09:13.293265 n-d-815324-6 neutron-server[103400]: DEBUG neutron_lib.callbacks.manager [None req-7952df6a-7e91-4e6e-b134-b351a6f11452 admin admin] Publish callbacks ['neutron.plugins.ml2.ovo_rpc._ObjectChangeHandler.handle_event-605466'] for security_group (202accd6-173c-49c4-8c1c-cfd3de560b51), after_delete {{(pid=103400) _notify_loop /usr/local/lib/python3.8/dist-packages/neutron_lib/callbacks/manager.py:176}}
Feb 10 13:09:13.296965 n-d-815324-6 neutron-server[103400]: DEBUG neutron_lib.callbacks.manager [None req-7952df6a-7e91-4e6e-b134-b351a6f11452 admin admin] Publish callbacks [] for security_group (None), before_response {{(pid=103400) _notify_loop /usr/local/lib/python3.8/dist-packages/neutron_lib/callbacks/manager.py:176}}
Feb 10 13:09:13.298156 n-d-815324-6 neutron-server[103400]: INFO neutron.wsgi [None req-7952df6a-7e91-4e6e-b134-b351a6f11452 admin admin] 10.222.0.13 "DELETE /v2.0/security-groups/202accd6-173c-49c4-8c1c-cfd3de560b51 HTTP/1.1" status: 204 len: 168 time: 1.0265691
Feb 10 13:09:13.344661 n-d-815324-6 neutron-server[103400]: DEBUG neutron.api.rpc.handlers.resources_rpc [None req-7952df6a-7e91-4e6e-b134-b351a6f11452 admin admin] Pushing event deleted for resources: {'SecurityGroup': ['ID=202accd6-173c-49c4-8c1c-cfd3de560b51,revision_number=None']} {{(pid=103400) push /opt/stack/neutron/neutron/api/rpc/handlers/resources_rpc.py:237}}
Feb 10 13:09:13.503570 n-d-815324-6 neutron-server[103400]: DEBUG neutron.wsgi [-] (103400) accepted ('10.222.0.13', 52588) {{(pid=103400) server /usr/local/lib/python3.8/dist-packages/eventlet/wsgi.py:1004}}
Feb 10 13:09:13.657579 n-d-815324-6 neutron-server[103400]: INFO neutron.wsgi [req-5cd78f72-2d85-4f7d-b186-1297c8e2f1ed req-47a796cf-e024-42d5-ab59-80328b87877b tempest-DeleteServersAdminTestJSON-227314215 tempest-DeleteServersAdminTestJSON-227314215-project] 10.222.0.13 "GET /v2.0/ports?device_id=c4ec7df0-61f4-48bc-890e-8a157abff4ee HTTP/1.1" status: 200 len: 210 time: 0.2279756
Feb 10 13:09:13.744691 n-d-815324-6 neutron-server[103399]: DEBUG neutron_lib.callbacks.manager [None req-d19f3289-1d11-40ce-a299-d8521a043f05 admin admin] Publish callbacks [] for security_group (7be9e65b-0ef1-4605-a871-c711dff93d11), before_delete {{(pid=103399) _notify_loop /usr/local/lib/python3.8/dist-packages/neutron_lib/callbacks/manager.py:176}}
Feb 10 13:09:13.855168 n-d-815324-6 neutron-server[103399]: DEBUG neutron_lib.callbacks.manager [None req-d19f3289-1d11-40ce-a299-d8521a043f05 admin admin] Publish callbacks [] for security_group (7be9e65b-0ef1-4605-a871-c711dff93d11), precommit_delete {{(pid=103399) _notify_loop /usr/local/lib/python3.8/dist-packages/neutron_lib/callbacks/manager.py:176}}
Feb 10 13:09:13.863571 n-d-815324-6 neutron-server[103400]: DEBUG neutron_lib.callbacks.manager [None req-9cb9989d-5e1f-40e7-9905-9882b9875dd8 admin admin] Publish callbacks [] for security_group (fe21002e-0da4-4bfe-8488-2225a3d43650), before_delete {{(pid=103400) _notify_loop /usr/local/lib/python3.8/dist-packages/neutron_lib/callbacks/manager.py:176}}
Feb 10 13:09:13.997128 n-d-815324-6 neutron-server[103399]: DEBUG neutron.pecan_wsgi.hooks.policy_enforcement [req-440cd299-aa82-44a3-bcd8-f47b7eadec67 req-507a13f8-fc54-415f-b4e8-a875020c57de tempest-AggregatesAdminTestJSON-711017674 tempest-AggregatesAdminTestJSON-711017674-project] Attributes excluded by policy engine: ['standard_attr_id', 'binding:profile', 'binding:host_id', 'binding:vif_type', 'binding:vif_details'] {{(pid=103399) _exclude_attributes_by_policy /opt/stack/neutron/neutron/pecan_wsgi/hooks/policy_enforcement.py:255}}
Feb 10 13:09:14.000085 n-d-815324-6 neutron-server[103399]: INFO neutron.wsgi [req-440cd299-aa82-44a3-bcd8-f47b7eadec67 req-507a13f8-fc54-415f-b4e8-a875020c57de tempest-AggregatesAdminTestJSON-711017674 tempest-AggregatesAdminTestJSON-711017674-project] 10.222.0.13 "GET /v2.0/ports?device_id=173f2d3c-8479-4a36-8e3b-cf673a99a1d1 HTTP/1.1" status: 200 len: 935 time: 0.4474933
Feb 10 13:09:14.015580 n-d-815324-6 neutron-server[103400]: DEBUG neutron_lib.callbacks.manager [None req-87c5e1f6-ee80-4574-a89c-e974959e7c71 admin admin] Publish callbacks [] for security_group (None), before_create {{(pid=103400) _notify_loop /usr/local/lib/python3.8/dist-packages/neutron_lib/callbacks/manager.py:176}}
Feb 10 13:09:14.026947 n-d-815324-6 neutron-server[103400]: DEBUG neutron_lib.callbacks.manager [None req-9cb9989d-5e1f-40e7-9905-9882b9875dd8 admin admin] Publish callbacks [] for security_group (fe21002e-0da4-4bfe-8488-2225a3d43650), precommit_delete {{(pid=103400) _notify_loop /usr/local/lib/python3.8/dist-packages/neutron_lib/callbacks/manager.py:176}}
Feb 10 13:09:14.051024 n-d-815324-6 neutron-server[103400]: DEBUG neutron_lib.callbacks.manager [None req-382e7823-da86-43a6-85ae-67d3181d65a3 admin admin] Publish callbacks ['neutron.plugins.ml2.plugin.SecurityGroupDbMixin._ensure_default_security_group_handler-8221525'] for port (8a210203-a2ee-482d-8c5d-aec49ec23bf5), before_update {{(pid=103400) _notify_loop /usr/local/lib/python3.8/dist-packages/neutron_lib/callbacks/manager.py:176}}
Feb 10 13:09:14.075576 n-d-815324-6 neutron-server[103400]: DEBUG neutron.wsgi [-] (103400) accepted ('10.222.0.13', 52594) {{(pid=103400) server /usr/local/lib/python3.8/dist-packages/eventlet/wsgi.py:1004}}
Feb 10 13:09:14.120205 n-d-815324-6 neutron-server[103400]: DEBUG neutron_lib.callbacks.manager [None req-02eaef92-8257-4da5-9d6f-6dc35c9c7704 admin admin] Publish callbacks [] for security_group (None), before_create {{(pid=103400) _notify_loop /usr/local/lib/python3.8/dist-packages/neutron_lib/callbacks/manager.py:176}}
Feb 10 13:09:14.132105 n-d-815324-6 neutron-server[103399]: INFO neutron.wsgi [req-440cd299-aa82-44a3-bcd8-f47b7eadec67 req-59bb98d4-e71f-4d15-a098-93ca4c441b4f tempest-AggregatesAdminTestJSON-711017674 tempest-AggregatesAdminTestJSON-711017674-project] 10.222.0.13 "GET /v2.0/security-groups?id=6e0eb0bd-147f-4313-9b5b-1b155284f39e&fields=id&fields=name HTTP/1.1" status: 200 len: 286 time: 0.1038816
Feb 10 13:09:14.192433 n-d-815324-6 neutron-server[103399]: DEBUG neutron.notifiers.nova [req-a794f1cb-dac5-43e4-ad49-183f8b4c0b33 req-8a581ff1-0988-45ec-aa08-b65eb83e88f1 service neutron] Ignoring state change previous_port_status: DOWN current_port_status: DOWN port_id 7ec1b262-2726-46e5-901f-efe123230815 {{(pid=103399) record_port_status_changed /opt/stack/neutron/neutron/notifiers/nova.py:233}}
Feb 10 13:09:14.201396 n-d-815324-6 neutron-server[103399]: DEBUG neutron_lib.callbacks.manager [None req-d19f3289-1d11-40ce-a299-d8521a043f05 admin admin] Publish callbacks ['neutron.plugins.ml2.ovo_rpc._ObjectChangeHandler.handle_event-605466'] for security_group (7be9e65b-0ef1-4605-a871-c711dff93d11), after_delete {{(pid=103399) _notify_loop /usr/local/lib/python3.8/dist-packages/neutron_lib/callbacks/manager.py:176}}
Feb 10 13:09:14.204638 n-d-815324-6 neutron-server[103399]: DEBUG neutron_lib.callbacks.manager [None req-d19f3289-1d11-40ce-a299-d8521a043f05 admin admin] Publish callbacks [] for security_group (None), before_response {{(pid=103399) _notify_loop /usr/local/lib/python3.8/dist-packages/neutron_lib/callbacks/manager.py:176}}
Feb 10 13:09:14.205959 n-d-815324-6 neutron-server[103399]: INFO neutron.wsgi [None req-d19f3289-1d11-40ce-a299-d8521a043f05 admin admin] 10.222.0.13 "DELETE /v2.0/security-groups/7be9e65b-0ef1-4605-a871-c711dff93d11 HTTP/1.1" status: 204 len: 168 time: 1.2723546
Feb 10 13:09:14.208198 n-d-815324-6 neutron-server[103399]: DEBUG neutron_lib.callbacks.manager [req-a794f1cb-dac5-43e4-ad49-183f8b4c0b33 req-8a581ff1-0988-45ec-aa08-b65eb83e88f1 service neutron] Publish callbacks [] for port (7ec1b262-2726-46e5-901f-efe123230815), precommit_update {{(pid=103399) _notify_loop /usr/local/lib/python3.8/dist-packages/neutron_lib/callbacks/manager.py:176}}
Feb 10 13:09:14.231456 n-d-815324-6 neutron-server[103400]: DEBUG neutron_lib.callbacks.manager [None req-9cb9989d-5e1f-40e7-9905-9882b9875dd8 admin admin] Publish callbacks ['neutron.plugins.ml2.ovo_rpc._ObjectChangeHandler.handle_event-605466'] for security_group (fe21002e-0da4-4bfe-8488-2225a3d43650), after_delete {{(pid=103400) _notify_loop /usr/local/lib/python3.8/dist-packages/neutron_lib/callbacks/manager.py:176}}
Feb 10 13:09:14.235469 n-d-815324-6 neutron-server[103400]: DEBUG neutron_lib.callbacks.manager [None req-9cb9989d-5e1f-40e7-9905-9882b9875dd8 admin admin] Publish callbacks [] for security_group (None), before_response {{(pid=103400) _notify_loop /usr/local/lib/python3.8/dist-packages/neutron_lib/callbacks/manager.py:176}}
Feb 10 13:09:14.235634 n-d-815324-6 neutron-server[103400]: INFO neutron.wsgi [None req-9cb9989d-5e1f-40e7-9905-9882b9875dd8 admin admin] 10.222.0.13 "DELETE /v2.0/security-groups/fe21002e-0da4-4bfe-8488-2225a3d43650 HTTP/1.1" status: 204 len: 168 time: 1.1043508
Feb 10 13:09:14.257542 n-d-815324-6 neutron-server[103399]: DEBUG neutron.api.rpc.handlers.resources_rpc [None req-d19f3289-1d11-40ce-a299-d8521a043f05 admin admin] Pushing event deleted for resources: {'SecurityGroup': ['ID=7be9e65b-0ef1-4605-a871-c711dff93d11,revision_number=None']} {{(pid=103399) push /opt/stack/neutron/neutron/api/rpc/handlers/resources_rpc.py:237}}
Feb 10 13:09:14.306037 n-d-815324-6 neutron-server[103400]: DEBUG neutron_lib.callbacks.manager [None req-87c5e1f6-ee80-4574-a89c-e974959e7c71 admin admin] Publish callbacks [] for security_group (2d001505-2eda-4c2b-93d8-19684d6ddd4b), precommit_create {{(pid=103400) _notify_loop /usr/local/lib/python3.8/dist-packages/neutron_lib/callbacks/manager.py:176}}
Feb 10 13:09:14.314707 n-d-815324-6 neutron-server[103400]: DEBUG neutron.api.rpc.handlers.resources_rpc [None req-9cb9989d-5e1f-40e7-9905-9882b9875dd8 admin admin] Pushing event deleted for resources: {'SecurityGroup': ['ID=fe21002e-0da4-4bfe-8488-2225a3d43650,revision_number=None']} {{(pid=103400) push /opt/stack/neutron/neutron/api/rpc/handlers/resources_rpc.py:237}}
Feb 10 13:09:14.326460 n-d-815324-6 neutron-server[103400]: DEBUG neutron_lib.callbacks.manager [None req-87c5e1f6-ee80-4574-a89c-e974959e7c71 admin admin] Publish callbacks ['neutron.plugins.ml2.ovo_rpc._ObjectChangeHandler.handle_event-605466'] for security_group (2d001505-2eda-4c2b-93d8-19684d6ddd4b), after_create {{(pid=103400) _notify_loop /usr/local/lib/python3.8/dist-packages/neutron_lib/callbacks/manager.py:176}}
Feb 10 13:09:14.358144 n-d-815324-6 neutron-server[103399]: DEBUG neutron.db.provisioning_blocks [req-a794f1cb-dac5-43e4-ad49-183f8b4c0b33 req-8a581ff1-0988-45ec-aa08-b65eb83e88f1 service neutron] Transition to ACTIVE for port object 7ec1b262-2726-46e5-901f-efe123230815 will not be triggered until provisioned by entity L2. {{(pid=103399) add_provisioning_component /opt/stack/neutron/neutron/db/provisioning_blocks.py:73}}
Feb 10 13:09:14.366140 n-d-815324-6 neutron-server[103399]: DEBUG neutron_lib.callbacks.manager [req-a794f1cb-dac5-43e4-ad49-183f8b4c0b33 req-8a581ff1-0988-45ec-aa08-b65eb83e88f1 service neutron] Publish callbacks ['neutron.plugins.ml2.plugin.SecurityGroupServerNotifierRpcMixin._notify_sg_on_port_change-8221473', 'neutron.plugins.ml2.ovo_rpc._ObjectChangeHandler.handle_event-9790', 'neutron.api.rpc.agentnotifiers.dhcp_rpc_agent_api.DhcpAgentNotifyAPI._native_event_send_dhcp_notification-1029973', 'neutron.db.l3_db.L3RpcNotifierMixin._notify_gateway_port_ip_changed-8754120285956', 'neutron.db.l3_dvrscheduler_db._notify_l3_agent_port_update-8754119784906', 'neutron.db.l3_hascheduler_db._notify_l3_agent_ha_port_update-8754119784924'] for port (7ec1b262-2726-46e5-901f-efe123230815), after_update {{(pid=103399) _notify_loop /usr/local/lib/python3.8/dist-packages/neutron_lib/callbacks/manager.py:176}}
Feb 10 13:09:14.606804 n-d-815324-6 neutron-server[103400]: DEBUG neutron.api.rpc.handlers.resources_rpc [None req-87c5e1f6-ee80-4574-a89c-e974959e7c71 admin admin] Pushing event updated for resources: {'SecurityGroup': ['ID=2d001505-2eda-4c2b-93d8-19684d6ddd4b,revision_number=1']} {{(pid=103400) push /opt/stack/neutron/neutron/api/rpc/handlers/resources_rpc.py:237}}
Feb 10 13:09:14.621397 n-d-815324-6 neutron-server[103400]: INFO neutron.wsgi [None req-87c5e1f6-ee80-4574-a89c-e974959e7c71 admin admin] 10.222.0.13 "GET /v2.0/security-groups?tenant_id=d282f987e4984d4db619e576a5bc22bc&name=default HTTP/1.1" status: 200 len: 2996 time: 1.0893180
Feb 10 13:09:14.626358 n-d-815324-6 neutron-server[103399]: DEBUG neutron.wsgi [-] (103399) accepted ('10.222.0.13', 52600) {{(pid=103399) server /usr/local/lib/python3.8/dist-packages/eventlet/wsgi.py:1004}}
Feb 10 13:09:14.676259 n-d-815324-6 neutron-server[103399]: DEBUG neutron.plugins.ml2.managers [req-a794f1cb-dac5-43e4-ad49-183f8b4c0b33 req-8a581ff1-0988-45ec-aa08-b65eb83e88f1 service neutron] Attempting to bind port 7ec1b262-2726-46e5-901f-efe123230815 on host n-h2-815324-6 for vnic_type normal with profile {{(pid=103399) bind_port /opt/stack/neutron/neutron/plugins/ml2/managers.py:795}}
Feb 10 13:09:14.688082 n-d-815324-6 neutron-server[103399]: DEBUG neutron.plugins.ml2.managers [req-a794f1cb-dac5-43e4-ad49-183f8b4c0b33 req-8a581ff1-0988-45ec-aa08-b65eb83e88f1 service neutron] Attempting to bind port 7ec1b262-2726-46e5-901f-efe123230815 by drivers openvswitch,hyperv on host n-h2-815324-6 at level 0 using segments [{'id': '2a3dd761-abe9-4aa7-b298-59227e12c5dd', 'network_type': 'vlan', 'physical_network': 'physnet1', 'segmentation_id': 141, 'network_id': '51213954-5318-45f4-810e-cc869eaabefc'}] {{(pid=103399) _bind_port_level /opt/stack/neutron/neutron/plugins/ml2/managers.py:820}}
Feb 10 13:09:14.688815 n-d-815324-6 neutron-server[103399]: DEBUG neutron.plugins.ml2.drivers.mech_agent [req-a794f1cb-dac5-43e4-ad49-183f8b4c0b33 req-8a581ff1-0988-45ec-aa08-b65eb83e88f1 service neutron] Attempting to bind port 7ec1b262-2726-46e5-901f-efe123230815 on network 51213954-5318-45f4-810e-cc869eaabefc {{(pid=103399) bind_port /opt/stack/neutron/neutron/plugins/ml2/drivers/mech_agent.py:91}}
Feb 10 13:09:14.707070 n-d-815324-6 neutron-server[103400]: DEBUG neutron_lib.callbacks.manager [None req-02eaef92-8257-4da5-9d6f-6dc35c9c7704 admin admin] Publish callbacks [] for security_group (3d33e3cd-86ef-4090-bb3c-3a58e7cdeb06), precommit_create {{(pid=103400) _notify_loop /usr/local/lib/python3.8/dist-packages/neutron_lib/callbacks/manager.py:176}}
Feb 10 13:09:14.711711 n-d-815324-6 neutron-server[103399]: DEBUG neutron.plugins.ml2.drivers.mech_agent [req-a794f1cb-dac5-43e4-ad49-183f8b4c0b33 req-8a581ff1-0988-45ec-aa08-b65eb83e88f1 service neutron] Port 7ec1b262-2726-46e5-901f-efe123230815 on network 51213954-5318-45f4-810e-cc869eaabefc not bound, no agent of type Open vSwitch agent registered on host n-h2-815324-6 {{(pid=103399) bind_port /opt/stack/neutron/neutron/plugins/ml2/drivers/mech_agent.py:103}}
Feb 10 13:09:14.712614 n-d-815324-6 neutron-server[103399]: DEBUG neutron.plugins.ml2.drivers.mech_agent [req-a794f1cb-dac5-43e4-ad49-183f8b4c0b33 req-8a581ff1-0988-45ec-aa08-b65eb83e88f1 service neutron] Attempting to bind port 7ec1b262-2726-46e5-901f-efe123230815 on network 51213954-5318-45f4-810e-cc869eaabefc {{(pid=103399) bind_port /opt/stack/neutron/neutron/plugins/ml2/drivers/mech_agent.py:91}}
Feb 10 13:09:14.743107 n-d-815324-6 neutron-server[103399]: DEBUG neutron.api.rpc.handlers.resources_rpc [None req-8a581ff1-0988-45ec-aa08-b65eb83e88f1 service neutron] Pushing event updated for resources: {'Port': ['ID=7ec1b262-2726-46e5-901f-efe123230815,revision_number=2']} {{(pid=103399) push /opt/stack/neutron/neutron/api/rpc/handlers/resources_rpc.py:237}}
Feb 10 13:09:14.743637 n-d-815324-6 neutron-server[103400]: DEBUG neutron_lib.callbacks.manager [None req-02eaef92-8257-4da5-9d6f-6dc35c9c7704 admin admin] Publish callbacks ['neutron.plugins.ml2.ovo_rpc._ObjectChangeHandler.handle_event-605466'] for security_group (3d33e3cd-86ef-4090-bb3c-3a58e7cdeb06), after_create {{(pid=103400) _notify_loop /usr/local/lib/python3.8/dist-packages/neutron_lib/callbacks/manager.py:176}}
Feb 10 13:09:14.751890 n-d-815324-6 neutron-server[103400]: DEBUG neutron.db.db_base_plugin_common [req-dae7bc05-0e50-4c4e-b098-a8a575d1ab9d req-365be7a5-4954-4265-ae15-66a14b091a4e tempest-DeleteServersAdminTestJSON-227314215 tempest-DeleteServersAdminTestJSON-227314215-project] Allocated IP 192.168.233.58 (51213954-5318-45f4-810e-cc869eaabefc/6f0192af-efde-4578-bbb6-449b1bbea6f1/607abcc0-e226-49fa-a5d7-80204de13e8f) {{(pid=103400) _store_ip_allocation /opt/stack/neutron/neutron/db/db_base_plugin_common.py:131}}
Feb 10 13:09:14.770529 n-d-815324-6 neutron-server[103399]: DEBUG neutron.plugins.ml2.drivers.mech_agent [req-a794f1cb-dac5-43e4-ad49-183f8b4c0b33 req-8a581ff1-0988-45ec-aa08-b65eb83e88f1 service neutron] Checking agent: {'id': '7a5bf8ef-d2e5-4742-b814-e59dda35773c', 'agent_type': 'HyperV agent', 'binary': 'neutron-hyperv-agent', 'topic': 'N/A', 'host': 'n-h2-815324-6', 'admin_state_up': True, 'created_at': datetime.datetime(2022, 2, 10, 13, 6, 36), 'started_at': datetime.datetime(2022, 2, 10, 13, 6, 36), 'heartbeat_timestamp': datetime.datetime(2022, 2, 10, 13, 9, 6), 'description': None, 'resources_synced': None, 'availability_zone': None, 'alive': True, 'configurations': {'vswitch_mappings': {'physnet1$': 'br-data'}}, 'resource_versions': {}} {{(pid=103399) bind_port /opt/stack/neutron/neutron/plugins/ml2/drivers/mech_agent.py:110}}
Feb 10 13:09:14.770908 n-d-815324-6 neutron-server[103399]: DEBUG neutron.plugins.ml2.drivers.mech_agent [req-a794f1cb-dac5-43e4-ad49-183f8b4c0b33 req-8a581ff1-0988-45ec-aa08-b65eb83e88f1 service neutron] Checking segment: {'id': '2a3dd761-abe9-4aa7-b298-59227e12c5dd', 'network_type': 'vlan', 'physical_network': 'physnet1', 'segmentation_id': 141, 'network_id': '51213954-5318-45f4-810e-cc869eaabefc'} for mappings: {'physnet1$': 'br-data'} with network types: ['local', 'flat', 'vlan'] {{(pid=103399) check_segment_for_agent /opt/stack/neutron/neutron/plugins/ml2/drivers/mech_agent.py:373}}
Feb 10 13:09:14.773533 n-d-815324-6 neutron-server[103399]: DEBUG neutron.plugins.ml2.drivers.mech_agent [req-a794f1cb-dac5-43e4-ad49-183f8b4c0b33 req-8a581ff1-0988-45ec-aa08-b65eb83e88f1 service neutron] Bound using segment: {'id': '2a3dd761-abe9-4aa7-b298-59227e12c5dd', 'network_type': 'vlan', 'physical_network': 'physnet1', 'segmentation_id': 141, 'network_id': '51213954-5318-45f4-810e-cc869eaabefc'} {{(pid=103399) bind_port /opt/stack/neutron/neutron/plugins/ml2/drivers/mech_agent.py:120}}
Feb 10 13:09:14.774142 n-d-815324-6 neutron-server[103399]: DEBUG neutron.plugins.ml2.managers [req-a794f1cb-dac5-43e4-ad49-183f8b4c0b33 req-8a581ff1-0988-45ec-aa08-b65eb83e88f1 service neutron] Bound port: 7ec1b262-2726-46e5-901f-efe123230815, host: n-h2-815324-6, vif_type: hyperv, vif_details: {"connectivity": "legacy", "port_filter": false}, binding_levels: [{'bound_driver': 'hyperv', 'bound_segment': {'id': '2a3dd761-abe9-4aa7-b298-59227e12c5dd', 'network_type': 'vlan', 'physical_network': 'physnet1', 'segmentation_id': 141, 'network_id': '51213954-5318-45f4-810e-cc869eaabefc'}}] {{(pid=103399) _bind_port_level /opt/stack/neutron/neutron/plugins/ml2/managers.py:932}}
Feb 10 13:09:14.775168 n-d-815324-6 neutron-server[103401]: DEBUG neutron.plugins.ml2.rpc [None req-c4ed4d92-3012-4838-987b-2b51b7621474 None None] Device fab4bc76-3df8-4305-a758-d93ea9c1aa54 up at agent ovs-agent-n-d-815324-6 {{(pid=103401) update_device_up /opt/stack/neutron/neutron/plugins/ml2/rpc.py:296}}
Feb 10 13:09:14.775681 n-d-815324-6 neutron-server[103399]: DEBUG neutron_lib.callbacks.manager [req-a794f1cb-dac5-43e4-ad49-183f8b4c0b33 req-8a581ff1-0988-45ec-aa08-b65eb83e88f1 service neutron] Publish callbacks ['neutron.plugins.ml2.plugin.SecurityGroupDbMixin._ensure_default_security_group_handler-8221525'] for port (7ec1b262-2726-46e5-901f-efe123230815), before_update {{(pid=103399) _notify_loop /usr/local/lib/python3.8/dist-packages/neutron_lib/callbacks/manager.py:176}}
Feb 10 13:09:14.931036 n-d-815324-6 neutron-server[103401]: DEBUG neutron.db.provisioning_blocks [None req-c4ed4d92-3012-4838-987b-2b51b7621474 None None] Provisioning complete for port fab4bc76-3df8-4305-a758-d93ea9c1aa54 triggered by entity L2. {{(pid=103401) provisioning_complete /opt/stack/neutron/neutron/db/provisioning_blocks.py:139}}
Feb 10 13:09:14.938463 n-d-815324-6 neutron-server[103401]: DEBUG neutron_lib.callbacks.manager [None req-c4ed4d92-3012-4838-987b-2b51b7621474 None None] Publish callbacks ['neutron.plugins.ml2.plugin.Ml2Plugin._port_provisioned-8163239'] for port (fab4bc76-3df8-4305-a758-d93ea9c1aa54), provisioning_complete {{(pid=103401) _notify_loop /usr/local/lib/python3.8/dist-packages/neutron_lib/callbacks/manager.py:176}}
Feb 10 13:09:14.986192 n-d-815324-6 neutron-server[103399]: DEBUG neutron.plugins.ml2.db [req-a794f1cb-dac5-43e4-ad49-183f8b4c0b33 req-8a581ff1-0988-45ec-aa08-b65eb83e88f1 service neutron] For port 7ec1b262-2726-46e5-901f-efe123230815, host n-h2-815324-6, cleared binding levels {{(pid=103399) clear_binding_levels /opt/stack/neutron/neutron/plugins/ml2/db.py:87}}
Feb 10 13:09:15.000998 n-d-815324-6 neutron-server[103399]: DEBUG neutron.plugins.ml2.db [req-a794f1cb-dac5-43e4-ad49-183f8b4c0b33 req-8a581ff1-0988-45ec-aa08-b65eb83e88f1 service neutron] For port 7ec1b262-2726-46e5-901f-efe123230815, host n-h2-815324-6, set binding levels [PortBindingLevel(driver='hyperv',host='n-h2-815324-6',level=0,port_id=7ec1b262-2726-46e5-901f-efe123230815,segment=NetworkSegment(2a3dd761-abe9-4aa7-b298-59227e12c5dd),segment_id=2a3dd761-abe9-4aa7-b298-59227e12c5dd)] {{(pid=103399) set_binding_levels /opt/stack/neutron/neutron/plugins/ml2/db.py:59}}
Feb 10 13:09:15.020334 n-d-815324-6 neutron-server[103399]: DEBUG neutron_lib.callbacks.manager [req-a794f1cb-dac5-43e4-ad49-183f8b4c0b33 req-8a581ff1-0988-45ec-aa08-b65eb83e88f1 service neutron] Publish callbacks ['neutron.plugins.ml2.plugin.SecurityGroupServerNotifierRpcMixin._notify_sg_on_port_change-8221473', 'neutron.plugins.ml2.ovo_rpc._ObjectChangeHandler.handle_event-9790', 'neutron.api.rpc.agentnotifiers.dhcp_rpc_agent_api.DhcpAgentNotifyAPI._native_event_send_dhcp_notification-1029973', 'neutron.db.l3_db.L3RpcNotifierMixin._notify_gateway_port_ip_changed-8754120285956', 'neutron.db.l3_dvrscheduler_db._notify_l3_agent_port_update-8754119784906', 'neutron.db.l3_hascheduler_db._notify_l3_agent_ha_port_update-8754119784924'] for port (7ec1b262-2726-46e5-901f-efe123230815), after_update {{(pid=103399) _notify_loop /usr/local/lib/python3.8/dist-packages/neutron_lib/callbacks/manager.py:176}}
Feb 10 13:09:15.207580 n-d-815324-6 neutron-server[103399]: DEBUG neutron.api.rpc.handlers.resources_rpc [None req-8a581ff1-0988-45ec-aa08-b65eb83e88f1 service neutron] Pushing event updated for resources: {'Port': ['ID=7ec1b262-2726-46e5-901f-efe123230815,revision_number=3']} {{(pid=103399) push /opt/stack/neutron/neutron/api/rpc/handlers/resources_rpc.py:237}}
Feb 10 13:09:15.238692 n-d-815324-6 neutron-server[103400]: DEBUG neutron_lib.callbacks.manager [req-dae7bc05-0e50-4c4e-b098-a8a575d1ab9d req-365be7a5-4954-4265-ae15-66a14b091a4e tempest-DeleteServersAdminTestJSON-227314215 tempest-DeleteServersAdminTestJSON-227314215-project] Publish callbacks [] for port (607abcc0-e226-49fa-a5d7-80204de13e8f), precommit_create {{(pid=103400) _notify_loop /usr/local/lib/python3.8/dist-packages/neutron_lib/callbacks/manager.py:176}}
Feb 10 13:09:15.249352 n-d-815324-6 neutron-server[103399]: DEBUG neutron.pecan_wsgi.hooks.policy_enforcement [req-a794f1cb-dac5-43e4-ad49-183f8b4c0b33 req-8a581ff1-0988-45ec-aa08-b65eb83e88f1 service neutron] Attributes excluded by policy engine: ['standard_attr_id'] {{(pid=103399) _exclude_attributes_by_policy /opt/stack/neutron/neutron/pecan_wsgi/hooks/policy_enforcement.py:255}}
Feb 10 13:09:15.249986 n-d-815324-6 neutron-server[103399]: DEBUG neutron_lib.callbacks.manager [req-a794f1cb-dac5-43e4-ad49-183f8b4c0b33 req-8a581ff1-0988-45ec-aa08-b65eb83e88f1 service neutron] Publish callbacks ['neutron.notifiers.nova.Notifier._send_nova_notification-197470', 'neutron.api.rpc.agentnotifiers.dhcp_rpc_agent_api.DhcpAgentNotifyAPI._send_dhcp_notification-1029947'] for port (None), before_response {{(pid=103399) _notify_loop /usr/local/lib/python3.8/dist-packages/neutron_lib/callbacks/manager.py:176}}
Feb 10 13:09:15.252005 n-d-815324-6 neutron-server[103399]: INFO neutron.wsgi [req-a794f1cb-dac5-43e4-ad49-183f8b4c0b33 req-8a581ff1-0988-45ec-aa08-b65eb83e88f1 service neutron] 10.222.0.77 "PUT /v2.0/ports/7ec1b262-2726-46e5-901f-efe123230815 HTTP/1.1" status: 200 len: 1116 time: 3.0256491
Feb 10 13:09:15.252695 n-d-815324-6 neutron-server[103399]: DEBUG neutron.wsgi [-] (103399) accepted ('10.222.0.13', 52612) {{(pid=103399) server /usr/local/lib/python3.8/dist-packages/eventlet/wsgi.py:1004}}
Feb 10 13:09:15.253399 n-d-815324-6 neutron-server[103399]: DEBUG neutron.notifiers.nova [-] Sending events: [{'name': 'network-changed', 'server_uuid': '173f2d3c-8479-4a36-8e3b-cf673a99a1d1', 'tag': '7ec1b262-2726-46e5-901f-efe123230815'}] {{(pid=103399) send_events /opt/stack/neutron/neutron/notifiers/nova.py:271}}
Feb 10 13:09:15.386802 n-d-815324-6 neutron-server[103401]: DEBUG neutron.plugins.ml2.plugin [None req-c4ed4d92-3012-4838-987b-2b51b7621474 None None] Current status of the port fab4bc76-3df8-4305-a758-d93ea9c1aa54 is: DOWN; New status is: ACTIVE {{(pid=103401) _update_individual_port_db_status /opt/stack/neutron/neutron/plugins/ml2/plugin.py:2232}}
Feb 10 13:09:15.387488 n-d-815324-6 neutron-server[103401]: DEBUG neutron_lib.callbacks.manager [None req-c4ed4d92-3012-4838-987b-2b51b7621474 None None] Publish callbacks ['neutron.plugins.ml2.plugin.SecurityGroupDbMixin._ensure_default_security_group_handler-8221525'] for port (fab4bc76-3df8-4305-a758-d93ea9c1aa54), before_update {{(pid=103401) _notify_loop /usr/local/lib/python3.8/dist-packages/neutron_lib/callbacks/manager.py:176}}
Feb 10 13:09:15.403209 n-d-815324-6 neutron-server[103400]: DEBUG neutron_lib.callbacks.manager [None req-382e7823-da86-43a6-85ae-67d3181d65a3 admin admin] Publish callbacks [] for port (8a210203-a2ee-482d-8c5d-aec49ec23bf5), precommit_update {{(pid=103400) _notify_loop /usr/local/lib/python3.8/dist-packages/neutron_lib/callbacks/manager.py:176}}
Feb 10 13:09:15.431659 n-d-815324-6 neutron-server[103400]: DEBUG neutron.wsgi [-] (103400) accepted ('10.222.0.13', 52614) {{(pid=103400) server /usr/local/lib/python3.8/dist-packages/eventlet/wsgi.py:1004}}
Feb 10 13:09:15.434297 n-d-815324-6 neutron-server[103401]: DEBUG neutron.plugins.ml2.db [None req-c4ed4d92-3012-4838-987b-2b51b7621474 None None] For port fab4bc76-3df8-4305-a758-d93ea9c1aa54, host n-d-815324-6, got binding levels [PortBindingLevel(driver='openvswitch',host='n-d-815324-6',level=0,port_id=fab4bc76-3df8-4305-a758-d93ea9c1aa54,segment=NetworkSegment(eda15c47-aa4c-407b-a84c-2b8af2cc48c0),segment_id=eda15c47-aa4c-407b-a84c-2b8af2cc48c0)] {{(pid=103401) get_binding_level_objs /opt/stack/neutron/neutron/plugins/ml2/db.py:74}}
Feb 10 13:09:15.459724 n-d-815324-6 neutron-server[103401]: DEBUG neutron_lib.callbacks.manager [None req-c4ed4d92-3012-4838-987b-2b51b7621474 None None] Publish callbacks ['neutron.plugins.ml2.plugin.SecurityGroupServerNotifierRpcMixin._notify_sg_on_port_change-8221473', 'neutron.plugins.ml2.ovo_rpc._ObjectChangeHandler.handle_event-9790', 'neutron.api.rpc.agentnotifiers.dhcp_rpc_agent_api.DhcpAgentNotifyAPI._native_event_send_dhcp_notification-1029973', 'neutron.db.l3_db.L3RpcNotifierMixin._notify_gateway_port_ip_changed-8754120285956', 'neutron.db.l3_dvrscheduler_db._notify_l3_agent_port_update-8754119784906', 'neutron.db.l3_hascheduler_db._notify_l3_agent_ha_port_update-8754119784924'] for port (fab4bc76-3df8-4305-a758-d93ea9c1aa54), after_update {{(pid=103401) _notify_loop /usr/local/lib/python3.8/dist-packages/neutron_lib/callbacks/manager.py:176}}
Feb 10 13:09:15.515919 n-d-815324-6 neutron-server[103399]: DEBUG neutron_lib.callbacks.manager [None req-e2911346-ebf1-4c3f-8ed5-a977b4b03b43 admin admin] Publish callbacks [] for security_group (None), before_create {{(pid=103399) _notify_loop /usr/local/lib/python3.8/dist-packages/neutron_lib/callbacks/manager.py:176}}
Feb 10 13:09:15.517537 n-d-815324-6 neutron-server[103400]: INFO neutron.wsgi [None req-02eaef92-8257-4da5-9d6f-6dc35c9c7704 admin admin] 10.222.0.13 "GET /v2.0/security-groups?tenant_id=665952dcbd7545ceb15e0f30100b0afb&name=default HTTP/1.1" status: 200 len: 2996 time: 1.4308765
Feb 10 13:09:15.519092 n-d-815324-6 neutron-server[103400]: DEBUG neutron_lib.callbacks.manager [None req-382e7823-da86-43a6-85ae-67d3181d65a3 admin admin] Publish callbacks ['neutron.plugins.ml2.plugin.SecurityGroupServerNotifierRpcMixin._notify_sg_on_port_change-8221473', 'neutron.plugins.ml2.ovo_rpc._ObjectChangeHandler.handle_event-9790', 'neutron.api.rpc.agentnotifiers.dhcp_rpc_agent_api.DhcpAgentNotifyAPI._native_event_send_dhcp_notification-1029973', 'neutron.db.l3_db.L3RpcNotifierMixin._notify_gateway_port_ip_changed-8754120285956', 'neutron.db.l3_dvrscheduler_db._notify_l3_agent_port_update-8754119784906', 'neutron.db.l3_hascheduler_db._notify_l3_agent_ha_port_update-8754119784924'] for port (8a210203-a2ee-482d-8c5d-aec49ec23bf5), after_update {{(pid=103400) _notify_loop /usr/local/lib/python3.8/dist-packages/neutron_lib/callbacks/manager.py:176}}
Feb 10 13:09:15.519949 n-d-815324-6 neutron-server[103400]: DEBUG neutron_lib.callbacks.manager [None req-382e7823-da86-43a6-85ae-67d3181d65a3 admin admin] Publish callbacks ['neutron.api.rpc.agentnotifiers.dhcp_rpc_agent_api.DhcpAgentNotifyAPI._after_router_interface_created-1029991', 'neutron.services.l3_router.l3_router_plugin.DVRResourceOperationHandler._update_snat_v6_addrs_after_intf_update-606764'] for router_interface (5c0fe7f4-6831-4323-9184-d81a5983fddf), after_create {{(pid=103400) _notify_loop /usr/local/lib/python3.8/dist-packages/neutron_lib/callbacks/manager.py:176}}
Feb 10 13:09:15.557431 n-d-815324-6 neutron-server[103400]: DEBUG neutron.wsgi [-] (103400) accepted ('10.222.0.13', 52620) {{(pid=103400) server /usr/local/lib/python3.8/dist-packages/eventlet/wsgi.py:1004}}
Feb 10 13:09:15.590697 n-d-815324-6 neutron-server[103399]: DEBUG neutron_lib.callbacks.manager [None req-7f979475-7b4e-41cb-b8d9-03267f9474df admin admin] Publish callbacks [] for security_group (2d001505-2eda-4c2b-93d8-19684d6ddd4b), before_delete {{(pid=103399) _notify_loop /usr/local/lib/python3.8/dist-packages/neutron_lib/callbacks/manager.py:176}}
Feb 10 13:09:15.647687 n-d-815324-6 neutron-server[103401]: DEBUG neutron.api.rpc.handlers.resources_rpc [None req-c4ed4d92-3012-4838-987b-2b51b7621474 None None] Pushing event updated for resources: {'Port': ['ID=fab4bc76-3df8-4305-a758-d93ea9c1aa54,revision_number=4']} {{(pid=103401) push /opt/stack/neutron/neutron/api/rpc/handlers/resources_rpc.py:237}}
