Dec 15 13:39:23.487994 n-d-815324-3 neutron-server[103379]: DEBUG novaclient.v2.client [-] RESP BODY: {"events": [{"server_uuid": "7226965e-67c3-40f2-88fa-e6f45acb5e8a", "name": "network-vif-deleted", "tag": "e407cc3a-e554-4637-a3c5-1a0cc0f1a526", "status": "completed", "code": 200}]} {{(pid=103379) _http_log_response /usr/local/lib/python3.8/dist-packages/keystoneauth1/session.py:582}}
Dec 15 13:39:23.488210 n-d-815324-3 neutron-server[103379]: DEBUG novaclient.v2.client [-] POST call to compute for http://10.222.0.32/compute/v2.1/os-server-external-events used request id req-bffecf2b-657a-4dd4-b35c-09fded09af92 {{(pid=103379) request /usr/local/lib/python3.8/dist-packages/keystoneauth1/session.py:954}}
Dec 15 13:39:23.488623 n-d-815324-3 neutron-server[103379]: INFO neutron.notifiers.nova [-] Nova event response: {'server_uuid': '7226965e-67c3-40f2-88fa-e6f45acb5e8a', 'name': 'network-vif-deleted', 'tag': 'e407cc3a-e554-4637-a3c5-1a0cc0f1a526', 'status': 'completed', 'code': 200}
Dec 15 13:39:23.497473 n-d-815324-3 neutron-server[103380]: DEBUG neutron.db.provisioning_blocks [None req-562c9e57-4e50-4468-872b-b24ac3532f48 None None] Provisioning complete for port 6c41fe6a-9689-4bb4-b589-3d15606e6ec4 triggered by entity DHCP. {{(pid=103380) provisioning_complete /opt/stack/neutron/neutron/db/provisioning_blocks.py:139}}
Dec 15 13:39:23.498042 n-d-815324-3 neutron-server[103380]: DEBUG neutron_lib.callbacks.manager [None req-562c9e57-4e50-4468-872b-b24ac3532f48 None None] Publish callbacks ['neutron.plugins.ml2.plugin.Ml2Plugin._port_provisioned-1375467'] for port, provisioning_complete {{(pid=103380) _notify_loop /usr/local/lib/python3.8/dist-packages/neutron_lib/callbacks/manager.py:175}}
Dec 15 13:39:23.539592 n-d-815324-3 neutron-server[103380]: DEBUG neutron.plugins.ml2.plugin [None req-562c9e57-4e50-4468-872b-b24ac3532f48 None None] Port 6c41fe6a-9689-4bb4-b589-3d15606e6ec4 cannot update to ACTIVE because it is not bound. {{(pid=103380) _port_provisioned /opt/stack/neutron/neutron/plugins/ml2/plugin.py:342}}
Dec 15 13:39:23.570136 n-d-815324-3 neutron-server[103378]: DEBUG neutron_lib.callbacks.manager [None req-9982d954-78bf-4d35-81dc-ffa7e7988850 admin admin] Publish callbacks [] for security_group, before_create {{(pid=103378) _notify_loop /usr/local/lib/python3.8/dist-packages/neutron_lib/callbacks/manager.py:175}}
Dec 15 13:39:23.692222 n-d-815324-3 neutron-server[103378]: DEBUG neutron_lib.callbacks.manager [None req-9982d954-78bf-4d35-81dc-ffa7e7988850 admin admin] Publish callbacks [] for security_group, precommit_create {{(pid=103378) _notify_loop /usr/local/lib/python3.8/dist-packages/neutron_lib/callbacks/manager.py:175}}
Dec 15 13:39:23.698013 n-d-815324-3 neutron-server[103378]: DEBUG neutron_lib.callbacks.manager [None req-9982d954-78bf-4d35-81dc-ffa7e7988850 admin admin] Publish callbacks ['neutron.plugins.ml2.ovo_rpc._ObjectChangeHandler.handle_event-1719909'] for security_group, after_create {{(pid=103378) _notify_loop /usr/local/lib/python3.8/dist-packages/neutron_lib/callbacks/manager.py:175}}
Dec 15 13:39:23.733804 n-d-815324-3 neutron-server[103378]: DEBUG neutron.api.rpc.handlers.resources_rpc [None req-9982d954-78bf-4d35-81dc-ffa7e7988850 admin admin] Pushing event updated for resources: {'SecurityGroup': ['ID=528cd515-434d-4cdc-a9c9-5c2f75207f2c,revision_number=1']} {{(pid=103378) push /opt/stack/neutron/neutron/api/rpc/handlers/resources_rpc.py:237}}
Dec 15 13:39:23.746538 n-d-815324-3 neutron-server[103379]: DEBUG neutron.notifiers.nova [req-8ba9fe70-24fc-4a54-a568-c4dcddf116a6 req-0514520a-1ac6-4329-934d-82b4c62ceafd service neutron] Ignoring state change previous_port_status: DOWN current_port_status: DOWN port_id 6c41fe6a-9689-4bb4-b589-3d15606e6ec4 {{(pid=103379) record_port_status_changed /opt/stack/neutron/neutron/notifiers/nova.py:224}}
Dec 15 13:39:23.758591 n-d-815324-3 neutron-server[103378]: INFO neutron.wsgi [None req-9982d954-78bf-4d35-81dc-ffa7e7988850 admin admin] 10.222.0.32 "GET /v2.0/security-groups?tenant_id=b7bd8660e6c742f5bdb6c4d30b03d2e9&name=default HTTP/1.1" status: 200 len: 2996 time: 0.3504565
Dec 15 13:39:23.761075 n-d-815324-3 neutron-server[103378]: DEBUG neutron.wsgi [-] (103378) accepted ('10.222.0.32', 39104) {{(pid=103378) server /usr/local/lib/python3.8/dist-packages/eventlet/wsgi.py:1004}}
Dec 15 13:39:23.761497 n-d-815324-3 neutron-server[103379]: DEBUG neutron_lib.callbacks.manager [req-8ba9fe70-24fc-4a54-a568-c4dcddf116a6 req-0514520a-1ac6-4329-934d-82b4c62ceafd service neutron] Publish callbacks [] for port, precommit_update {{(pid=103379) _notify_loop /usr/local/lib/python3.8/dist-packages/neutron_lib/callbacks/manager.py:175}}
Dec 15 13:39:23.784256 n-d-815324-3 neutron-server[103379]: DEBUG neutron.db.provisioning_blocks [req-8ba9fe70-24fc-4a54-a568-c4dcddf116a6 req-0514520a-1ac6-4329-934d-82b4c62ceafd service neutron] Transition to ACTIVE for port object 6c41fe6a-9689-4bb4-b589-3d15606e6ec4 will not be triggered until provisioned by entity L2. {{(pid=103379) add_provisioning_component /opt/stack/neutron/neutron/db/provisioning_blocks.py:73}}
Dec 15 13:39:23.790323 n-d-815324-3 neutron-server[103379]: DEBUG neutron_lib.callbacks.manager [req-8ba9fe70-24fc-4a54-a568-c4dcddf116a6 req-0514520a-1ac6-4329-934d-82b4c62ceafd service neutron] Publish callbacks ['neutron.plugins.ml2.plugin.SecurityGroupServerNotifierRpcMixin._notify_sg_on_port_change-611269', 'neutron.plugins.ml2.ovo_rpc._ObjectChangeHandler.handle_event-2067012', 'neutron.api.rpc.agentnotifiers.dhcp_rpc_agent_api.DhcpAgentNotifyAPI._native_event_send_dhcp_notification-1673629', 'neutron.db.l3_db.L3RpcNotifierMixin._notify_gateway_port_ip_changed-8746712608997', 'neutron.db.l3_dvrscheduler_db._notify_l3_agent_port_update-8746712059612', 'neutron.db.l3_hascheduler_db._notify_l3_agent_ha_port_update-8746712059630'] for port, after_update {{(pid=103379) _notify_loop /usr/local/lib/python3.8/dist-packages/neutron_lib/callbacks/manager.py:175}}
Dec 15 13:39:23.833504 n-d-815324-3 neutron-server[103378]: DEBUG neutron_lib.callbacks.manager [None req-50534fa0-cffa-4736-aefb-6d0ddec9ce27 admin admin] Publish callbacks [] for security_group, before_delete {{(pid=103378) _notify_loop /usr/local/lib/python3.8/dist-packages/neutron_lib/callbacks/manager.py:175}}
Dec 15 13:39:23.869825 n-d-815324-3 neutron-server[103379]: DEBUG neutron.api.rpc.handlers.resources_rpc [None req-0514520a-1ac6-4329-934d-82b4c62ceafd service neutron] Pushing event updated for resources: {'Port': ['ID=6c41fe6a-9689-4bb4-b589-3d15606e6ec4,revision_number=2']} {{(pid=103379) push /opt/stack/neutron/neutron/api/rpc/handlers/resources_rpc.py:237}}
Dec 15 13:39:23.896148 n-d-815324-3 neutron-server[103379]: DEBUG neutron.wsgi [req-571cfe61-4781-4a0f-98f5-102cc2ebea27 req-3cf6d070-09fd-4c12-baa5-88f590dc7248 service neutron] http://10.222.0.32:9696/v2.0/extensions returned with HTTP 200 {{(pid=103379) __call__ /opt/stack/neutron/neutron/wsgi.py:729}}
Dec 15 13:39:23.897647 n-d-815324-3 neutron-server[103379]: INFO neutron.wsgi [req-571cfe61-4781-4a0f-98f5-102cc2ebea27 req-3cf6d070-09fd-4c12-baa5-88f590dc7248 service neutron] 10.222.0.32 "GET /v2.0/extensions HTTP/1.1" status: 200 len: 14082 time: 0.0058184
Dec 15 13:39:23.911931 n-d-815324-3 neutron-server[103378]: DEBUG neutron_lib.callbacks.manager [None req-50534fa0-cffa-4736-aefb-6d0ddec9ce27 admin admin] Publish callbacks [] for security_group, precommit_delete {{(pid=103378) _notify_loop /usr/local/lib/python3.8/dist-packages/neutron_lib/callbacks/manager.py:175}}
Dec 15 13:39:23.916636 n-d-815324-3 neutron-server[103379]: DEBUG neutron.plugins.ml2.managers [req-8ba9fe70-24fc-4a54-a568-c4dcddf116a6 req-0514520a-1ac6-4329-934d-82b4c62ceafd service neutron] Attempting to bind port 6c41fe6a-9689-4bb4-b589-3d15606e6ec4 on host n-h1-815324-3 for vnic_type normal with profile {{(pid=103379) bind_port /opt/stack/neutron/neutron/plugins/ml2/managers.py:795}}
Dec 15 13:39:23.917199 n-d-815324-3 neutron-server[103379]: DEBUG neutron.plugins.ml2.managers [req-8ba9fe70-24fc-4a54-a568-c4dcddf116a6 req-0514520a-1ac6-4329-934d-82b4c62ceafd service neutron] Attempting to bind port 6c41fe6a-9689-4bb4-b589-3d15606e6ec4 by drivers openvswitch,hyperv on host n-h1-815324-3 at level 0 using segments [{'id': 'f3142356-82ef-4200-8aed-a37e0aeed044', 'network_type': 'vlan', 'physical_network': 'physnet1', 'segmentation_id': 1015, 'network_id': '4667d9a7-77a6-4764-83cd-72fdf77fd294'}] {{(pid=103379) _bind_port_level /opt/stack/neutron/neutron/plugins/ml2/managers.py:820}}
Dec 15 13:39:23.917868 n-d-815324-3 neutron-server[103379]: DEBUG neutron.plugins.ml2.drivers.mech_agent [req-8ba9fe70-24fc-4a54-a568-c4dcddf116a6 req-0514520a-1ac6-4329-934d-82b4c62ceafd service neutron] Attempting to bind port 6c41fe6a-9689-4bb4-b589-3d15606e6ec4 on network 4667d9a7-77a6-4764-83cd-72fdf77fd294 {{(pid=103379) bind_port /opt/stack/neutron/neutron/plugins/ml2/drivers/mech_agent.py:91}}
Dec 15 13:39:23.924764 n-d-815324-3 neutron-server[103379]: DEBUG neutron.plugins.ml2.drivers.mech_agent [req-8ba9fe70-24fc-4a54-a568-c4dcddf116a6 req-0514520a-1ac6-4329-934d-82b4c62ceafd service neutron] Port 6c41fe6a-9689-4bb4-b589-3d15606e6ec4 on network 4667d9a7-77a6-4764-83cd-72fdf77fd294 not bound, no agent of type Open vSwitch agent registered on host n-h1-815324-3 {{(pid=103379) bind_port /opt/stack/neutron/neutron/plugins/ml2/drivers/mech_agent.py:103}}
Dec 15 13:39:23.925272 n-d-815324-3 neutron-server[103379]: DEBUG neutron.plugins.ml2.drivers.mech_agent [req-8ba9fe70-24fc-4a54-a568-c4dcddf116a6 req-0514520a-1ac6-4329-934d-82b4c62ceafd service neutron] Attempting to bind port 6c41fe6a-9689-4bb4-b589-3d15606e6ec4 on network 4667d9a7-77a6-4764-83cd-72fdf77fd294 {{(pid=103379) bind_port /opt/stack/neutron/neutron/plugins/ml2/drivers/mech_agent.py:91}}
Dec 15 13:39:23.932937 n-d-815324-3 neutron-server[103379]: DEBUG neutron.plugins.ml2.drivers.mech_agent [req-8ba9fe70-24fc-4a54-a568-c4dcddf116a6 req-0514520a-1ac6-4329-934d-82b4c62ceafd service neutron] Checking agent: {'id': 'fb224ef0-593f-48b2-99d6-ccbeed75b739', 'agent_type': 'HyperV agent', 'binary': 'neutron-hyperv-agent', 'topic': 'N/A', 'host': 'n-h1-815324-3', 'admin_state_up': True, 'created_at': datetime.datetime(2021, 12, 15, 13, 36, 21), 'started_at': datetime.datetime(2021, 12, 15, 13, 36, 21), 'heartbeat_timestamp': datetime.datetime(2021, 12, 15, 13, 39, 21), 'description': None, 'resources_synced': None, 'availability_zone': None, 'alive': True, 'configurations': {'vswitch_mappings': {'physnet1$': 'br-data'}}, 'resource_versions': {}} {{(pid=103379) bind_port /opt/stack/neutron/neutron/plugins/ml2/drivers/mech_agent.py:110}}
Dec 15 13:39:23.933693 n-d-815324-3 neutron-server[103379]: DEBUG neutron.plugins.ml2.drivers.mech_agent [req-8ba9fe70-24fc-4a54-a568-c4dcddf116a6 req-0514520a-1ac6-4329-934d-82b4c62ceafd service neutron] Checking segment: {'id': 'f3142356-82ef-4200-8aed-a37e0aeed044', 'network_type': 'vlan', 'physical_network': 'physnet1', 'segmentation_id': 1015, 'network_id': '4667d9a7-77a6-4764-83cd-72fdf77fd294'} for mappings: {'physnet1$': 'br-data'} with network types: ['local', 'flat', 'vlan'] {{(pid=103379) check_segment_for_agent /opt/stack/neutron/neutron/plugins/ml2/drivers/mech_agent.py:371}}
Dec 15 13:39:23.934675 n-d-815324-3 neutron-server[103379]: DEBUG neutron.plugins.ml2.drivers.mech_agent [req-8ba9fe70-24fc-4a54-a568-c4dcddf116a6 req-0514520a-1ac6-4329-934d-82b4c62ceafd service neutron] Bound using segment: {'id': 'f3142356-82ef-4200-8aed-a37e0aeed044', 'network_type': 'vlan', 'physical_network': 'physnet1', 'segmentation_id': 1015, 'network_id': '4667d9a7-77a6-4764-83cd-72fdf77fd294'} {{(pid=103379) bind_port /opt/stack/neutron/neutron/plugins/ml2/drivers/mech_agent.py:120}}
Dec 15 13:39:23.935303 n-d-815324-3 neutron-server[103379]: DEBUG neutron.plugins.ml2.managers [req-8ba9fe70-24fc-4a54-a568-c4dcddf116a6 req-0514520a-1ac6-4329-934d-82b4c62ceafd service neutron] Bound port: 6c41fe6a-9689-4bb4-b589-3d15606e6ec4, host: n-h1-815324-3, vif_type: hyperv, vif_details: {"connectivity": "legacy", "port_filter": false}, binding_levels: [{'bound_driver': 'hyperv', 'bound_segment': {'id': 'f3142356-82ef-4200-8aed-a37e0aeed044', 'network_type': 'vlan', 'physical_network': 'physnet1', 'segmentation_id': 1015, 'network_id': '4667d9a7-77a6-4764-83cd-72fdf77fd294'}}] {{(pid=103379) _bind_port_level /opt/stack/neutron/neutron/plugins/ml2/managers.py:932}}
Dec 15 13:39:23.935946 n-d-815324-3 neutron-server[103379]: DEBUG neutron_lib.callbacks.manager [req-8ba9fe70-24fc-4a54-a568-c4dcddf116a6 req-0514520a-1ac6-4329-934d-82b4c62ceafd service neutron] Publish callbacks ['neutron.plugins.ml2.plugin.SecurityGroupDbMixin._ensure_default_security_group_handler-611610'] for port, before_update {{(pid=103379) _notify_loop /usr/local/lib/python3.8/dist-packages/neutron_lib/callbacks/manager.py:175}}
Dec 15 13:39:24.048260 n-d-815324-3 neutron-server[103378]: DEBUG neutron_lib.callbacks.manager [None req-50534fa0-cffa-4736-aefb-6d0ddec9ce27 admin admin] Publish callbacks ['neutron.plugins.ml2.ovo_rpc._ObjectChangeHandler.handle_event-1719909'] for security_group, after_delete {{(pid=103378) _notify_loop /usr/local/lib/python3.8/dist-packages/neutron_lib/callbacks/manager.py:175}}
Dec 15 13:39:24.051948 n-d-815324-3 neutron-server[103378]: DEBUG neutron_lib.callbacks.manager [None req-50534fa0-cffa-4736-aefb-6d0ddec9ce27 admin admin] Publish callbacks [] for security_group, before_response {{(pid=103378) _notify_loop /usr/local/lib/python3.8/dist-packages/neutron_lib/callbacks/manager.py:175}}
Dec 15 13:39:24.058350 n-d-815324-3 neutron-server[103378]: INFO neutron.wsgi [None req-50534fa0-cffa-4736-aefb-6d0ddec9ce27 admin admin] 10.222.0.32 "DELETE /v2.0/security-groups/528cd515-434d-4cdc-a9c9-5c2f75207f2c HTTP/1.1" status: 204 len: 168 time: 0.2954080
Dec 15 13:39:24.074222 n-d-815324-3 neutron-server[103378]: DEBUG neutron.api.rpc.handlers.resources_rpc [None req-50534fa0-cffa-4736-aefb-6d0ddec9ce27 admin admin] Pushing event deleted for resources: {'SecurityGroup': ['ID=528cd515-434d-4cdc-a9c9-5c2f75207f2c,revision_number=None']} {{(pid=103378) push /opt/stack/neutron/neutron/api/rpc/handlers/resources_rpc.py:237}}
Dec 15 13:39:24.108521 n-d-815324-3 neutron-server[103379]: DEBUG neutron.plugins.ml2.db [req-8ba9fe70-24fc-4a54-a568-c4dcddf116a6 req-0514520a-1ac6-4329-934d-82b4c62ceafd service neutron] For port 6c41fe6a-9689-4bb4-b589-3d15606e6ec4, host n-h1-815324-3, cleared binding levels {{(pid=103379) clear_binding_levels /opt/stack/neutron/neutron/plugins/ml2/db.py:87}}
Dec 15 13:39:24.172130 n-d-815324-3 neutron-server[103379]: DEBUG neutron.plugins.ml2.db [req-8ba9fe70-24fc-4a54-a568-c4dcddf116a6 req-0514520a-1ac6-4329-934d-82b4c62ceafd service neutron] For port 6c41fe6a-9689-4bb4-b589-3d15606e6ec4, host n-h1-815324-3, set binding levels [PortBindingLevel(driver='hyperv',host='n-h1-815324-3',level=0,port_id=6c41fe6a-9689-4bb4-b589-3d15606e6ec4,segment=NetworkSegment(f3142356-82ef-4200-8aed-a37e0aeed044),segment_id=f3142356-82ef-4200-8aed-a37e0aeed044)] {{(pid=103379) set_binding_levels /opt/stack/neutron/neutron/plugins/ml2/db.py:59}}
Dec 15 13:39:24.174486 n-d-815324-3 neutron-server[103379]: DEBUG neutron.pecan_wsgi.hooks.policy_enforcement [req-51bb9549-230e-4823-bce3-3a9508aa6c03 req-3b1907c1-651e-4809-ad70-c2778755922c service neutron] Attributes excluded by policy engine: ['standard_attr_id'] {{(pid=103379) _exclude_attributes_by_policy /opt/stack/neutron/neutron/pecan_wsgi/hooks/policy_enforcement.py:255}}
Dec 15 13:39:24.179833 n-d-815324-3 neutron-server[103379]: INFO neutron.wsgi [req-51bb9549-230e-4823-bce3-3a9508aa6c03 req-3b1907c1-651e-4809-ad70-c2778755922c service neutron] 10.222.0.85 "GET /v2.0/ports?tenant_id=457718dc070c40c0801e143b33cc2467&device_id=3efd83bb-e7e6-40c7-a000-a2507a5532a5 HTTP/1.1" status: 200 len: 1096 time: 0.1319408
Dec 15 13:39:24.181738 n-d-815324-3 neutron-server[103379]: DEBUG neutron_lib.callbacks.manager [req-8ba9fe70-24fc-4a54-a568-c4dcddf116a6 req-0514520a-1ac6-4329-934d-82b4c62ceafd service neutron] Publish callbacks ['neutron.plugins.ml2.plugin.SecurityGroupServerNotifierRpcMixin._notify_sg_on_port_change-611269', 'neutron.plugins.ml2.ovo_rpc._ObjectChangeHandler.handle_event-2067012', 'neutron.api.rpc.agentnotifiers.dhcp_rpc_agent_api.DhcpAgentNotifyAPI._native_event_send_dhcp_notification-1673629', 'neutron.db.l3_db.L3RpcNotifierMixin._notify_gateway_port_ip_changed-8746712608997', 'neutron.db.l3_dvrscheduler_db._notify_l3_agent_port_update-8746712059612', 'neutron.db.l3_hascheduler_db._notify_l3_agent_ha_port_update-8746712059630'] for port, after_update {{(pid=103379) _notify_loop /usr/local/lib/python3.8/dist-packages/neutron_lib/callbacks/manager.py:175}}
Dec 15 13:39:24.306975 n-d-815324-3 neutron-server[103379]: DEBUG neutron.pecan_wsgi.hooks.policy_enforcement [req-8ba9fe70-24fc-4a54-a568-c4dcddf116a6 req-0514520a-1ac6-4329-934d-82b4c62ceafd service neutron] Attributes excluded by policy engine: ['standard_attr_id'] {{(pid=103379) _exclude_attributes_by_policy /opt/stack/neutron/neutron/pecan_wsgi/hooks/policy_enforcement.py:255}}
Dec 15 13:39:24.307598 n-d-815324-3 neutron-server[103379]: DEBUG neutron_lib.callbacks.manager [req-8ba9fe70-24fc-4a54-a568-c4dcddf116a6 req-0514520a-1ac6-4329-934d-82b4c62ceafd service neutron] Publish callbacks ['neutron.notifiers.nova.Notifier._send_nova_notification-100968'] for port, before_response {{(pid=103379) _notify_loop /usr/local/lib/python3.8/dist-packages/neutron_lib/callbacks/manager.py:175}}
Dec 15 13:39:24.308998 n-d-815324-3 neutron-server[103379]: INFO neutron.wsgi [req-8ba9fe70-24fc-4a54-a568-c4dcddf116a6 req-0514520a-1ac6-4329-934d-82b4c62ceafd service neutron] 10.222.0.85 "PUT /v2.0/ports/6c41fe6a-9689-4bb4-b589-3d15606e6ec4 HTTP/1.1" status: 200 len: 1091 time: 1.1197665
Dec 15 13:39:24.518190 n-d-815324-3 neutron-server[103379]: DEBUG neutron.pecan_wsgi.hooks.policy_enforcement [req-51bb9549-230e-4823-bce3-3a9508aa6c03 req-7cb80945-751b-4a2a-aeef-e8d919102df7 service neutron] Attributes excluded by policy engine: ['standard_attr_id', 'vlan_transparent'] {{(pid=103379) _exclude_attributes_by_policy /opt/stack/neutron/neutron/pecan_wsgi/hooks/policy_enforcement.py:255}}
Dec 15 13:39:24.519685 n-d-815324-3 neutron-server[103379]: INFO neutron.wsgi [req-51bb9549-230e-4823-bce3-3a9508aa6c03 req-7cb80945-751b-4a2a-aeef-e8d919102df7 service neutron] 10.222.0.85 "GET /v2.0/networks?id=dd8522aa-f6ca-4c29-9f30-edc66a499ecc HTTP/1.1" status: 200 len: 922 time: 0.3144951
Dec 15 13:39:24.523981 n-d-815324-3 neutron-server[103379]: DEBUG neutron.api.rpc.handlers.resources_rpc [None req-0514520a-1ac6-4329-934d-82b4c62ceafd service neutron] Pushing event updated for resources: {'Port': ['ID=6c41fe6a-9689-4bb4-b589-3d15606e6ec4,revision_number=3']} {{(pid=103379) push /opt/stack/neutron/neutron/api/rpc/handlers/resources_rpc.py:237}}
Dec 15 13:39:24.580381 n-d-815324-3 neutron-server[103379]: INFO neutron.wsgi [req-51bb9549-230e-4823-bce3-3a9508aa6c03 req-b0c3dfb2-cbe9-4443-b429-9f00be50b997 service neutron] 10.222.0.85 "GET /v2.0/floatingips?fixed_ip_address=172.20.0.9&port_id=13c5f9e3-1477-451b-8069-be85ca51b5c7 HTTP/1.1" status: 200 len: 217 time: 0.0493031
Dec 15 13:39:24.627640 n-d-815324-3 neutron-server[103379]: DEBUG neutron.pecan_wsgi.hooks.policy_enforcement [req-8ba9fe70-24fc-4a54-a568-c4dcddf116a6 req-bdf0003c-f10d-4ee6-9e75-be5316a591f1 service neutron] Attributes excluded by policy engine: ['standard_attr_id'] {{(pid=103379) _exclude_attributes_by_policy /opt/stack/neutron/neutron/pecan_wsgi/hooks/policy_enforcement.py:255}}
Dec 15 13:39:24.629192 n-d-815324-3 neutron-server[103379]: INFO neutron.wsgi [req-8ba9fe70-24fc-4a54-a568-c4dcddf116a6 req-bdf0003c-f10d-4ee6-9e75-be5316a591f1 service neutron] 10.222.0.85 "GET /v2.0/ports?tenant_id=cd17767765114690a0f5d9425daecaa0&device_id=9644a8a4-f08b-4215-a4a4-ae7ade4567cf HTTP/1.1" status: 200 len: 1094 time: 0.2619731
Dec 15 13:39:24.635269 n-d-815324-3 neutron-server[103378]: DEBUG neutron.wsgi [-] (103378) accepted ('10.222.0.32', 39140) {{(pid=103378) server /usr/local/lib/python3.8/dist-packages/eventlet/wsgi.py:1004}}
Dec 15 13:39:24.640286 n-d-815324-3 neutron-server[103379]: DEBUG neutron.pecan_wsgi.hooks.policy_enforcement [req-6e59a7d6-2fd8-4583-aa0f-a72abe3c035b req-974da652-4208-4d6e-a6e2-3cc1a821180d tempest-LiveMigrationTest-692684573 tempest-LiveMigrationTest-692684573-project] Attributes excluded by policy engine: ['standard_attr_id', 'binding:profile', 'binding:host_id', 'binding:vif_type', 'binding:vif_details'] {{(pid=103379) _exclude_attributes_by_policy /opt/stack/neutron/neutron/pecan_wsgi/hooks/policy_enforcement.py:255}}
Dec 15 13:39:24.642360 n-d-815324-3 neutron-server[103379]: INFO neutron.wsgi [req-6e59a7d6-2fd8-4583-aa0f-a72abe3c035b req-974da652-4208-4d6e-a6e2-3cc1a821180d tempest-LiveMigrationTest-692684573 tempest-LiveMigrationTest-692684573-project] 10.222.0.32 "GET /v2.0/ports?device_id=ec95b428-030c-42ce-addc-07af1120ac92 HTTP/1.1" status: 200 len: 946 time: 0.2995410
Dec 15 13:39:24.662605 n-d-815324-3 neutron-server[103378]: DEBUG neutron_lib.callbacks.manager [None req-f79ac7d8-7cc7-4c56-9ca5-c30da1708e34 admin admin] Publish callbacks [] for security_group, before_create {{(pid=103378) _notify_loop /usr/local/lib/python3.8/dist-packages/neutron_lib/callbacks/manager.py:175}}
Dec 15 13:39:24.682050 n-d-815324-3 neutron-server[103378]: DEBUG neutron.wsgi [-] (103378) accepted ('10.222.0.32', 39142) {{(pid=103378) server /usr/local/lib/python3.8/dist-packages/eventlet/wsgi.py:1004}}
Dec 15 13:39:24.721030 n-d-815324-3 neutron-server[103379]: INFO neutron.wsgi [req-8ba9fe70-24fc-4a54-a568-c4dcddf116a6 req-c556e456-c61e-4c68-a595-3c3809a2ea31 service neutron] 10.222.0.85 "GET /v2.0/floatingips?fixed_ip_address=172.20.0.3&port_id=6c41fe6a-9689-4bb4-b589-3d15606e6ec4 HTTP/1.1" status: 200 len: 217 time: 0.0698609
Dec 15 13:39:24.737105 n-d-815324-3 neutron-server[103379]: DEBUG neutron.pecan_wsgi.hooks.policy_enforcement [req-51bb9549-230e-4823-bce3-3a9508aa6c03 req-26842d9b-7d83-4d5a-8a6c-91d066e070f4 service neutron] Attributes excluded by policy engine: ['standard_attr_id', 'shared'] {{(pid=103379) _exclude_attributes_by_policy /opt/stack/neutron/neutron/pecan_wsgi/hooks/policy_enforcement.py:255}}
Dec 15 13:39:24.738588 n-d-815324-3 neutron-server[103379]: INFO neutron.wsgi [req-51bb9549-230e-4823-bce3-3a9508aa6c03 req-26842d9b-7d83-4d5a-8a6c-91d066e070f4 service neutron] 10.222.0.85 "GET /v2.0/subnets?id=d00b65c8-c61e-45e1-97c6-77a7a7a03587 HTTP/1.1" status: 200 len: 860 time: 0.1489632
Dec 15 13:39:24.788018 n-d-815324-3 neutron-server[103378]: DEBUG neutron_lib.callbacks.manager [None req-f79ac7d8-7cc7-4c56-9ca5-c30da1708e34 admin admin] Publish callbacks [] for security_group, precommit_create {{(pid=103378) _notify_loop /usr/local/lib/python3.8/dist-packages/neutron_lib/callbacks/manager.py:175}}
Dec 15 13:39:24.793213 n-d-815324-3 neutron-server[103378]: DEBUG neutron_lib.callbacks.manager [None req-f79ac7d8-7cc7-4c56-9ca5-c30da1708e34 admin admin] Publish callbacks ['neutron.plugins.ml2.ovo_rpc._ObjectChangeHandler.handle_event-1719909'] for security_group, after_create {{(pid=103378) _notify_loop /usr/local/lib/python3.8/dist-packages/neutron_lib/callbacks/manager.py:175}}
Dec 15 13:39:24.807191 n-d-815324-3 neutron-server[103379]: INFO neutron.wsgi [req-51bb9549-230e-4823-bce3-3a9508aa6c03 req-7f807a6f-8c88-4582-8e83-04938c326dad service neutron] 10.222.0.85 "GET /v2.0/ports?network_id=dd8522aa-f6ca-4c29-9f30-edc66a499ecc&device_owner=network%3Adhcp HTTP/1.1" status: 200 len: 210 time: 0.0384126
Dec 15 13:39:24.817453 n-d-815324-3 neutron-server[103379]: INFO neutron.wsgi [req-6e59a7d6-2fd8-4583-aa0f-a72abe3c035b req-50b5d9f4-d68e-49ff-bd88-4f6c73da2fbf tempest-LiveMigrationTest-692684573 tempest-LiveMigrationTest-692684573-project] 10.222.0.32 "GET /v2.0/security-groups?id=b70ef2a2-26a6-4bab-a791-9187acb5a274&fields=id&fields=name HTTP/1.1" status: 200 len: 286 time: 0.1671045
Dec 15 13:39:24.844113 n-d-815324-3 neutron-server[103378]: INFO neutron.wsgi [None req-f79ac7d8-7cc7-4c56-9ca5-c30da1708e34 admin admin] 10.222.0.32 "GET /v2.0/security-groups?tenant_id=6757e2a8447b452aa624ded018fbdd6a&name=default HTTP/1.1" status: 200 len: 2996 time: 0.2032127
Dec 15 13:39:24.852154 n-d-815324-3 neutron-server[103378]: DEBUG neutron.wsgi [-] (103378) accepted ('10.222.0.32', 39148) {{(pid=103378) server /usr/local/lib/python3.8/dist-packages/eventlet/wsgi.py:1004}}
Dec 15 13:39:24.919528 n-d-815324-3 neutron-server[103378]: DEBUG neutron.api.rpc.handlers.resources_rpc [None req-f79ac7d8-7cc7-4c56-9ca5-c30da1708e34 admin admin] Pushing event updated for resources: {'SecurityGroup': ['ID=4c5ffce4-2c99-4ea2-845e-8976a5ce329a,revision_number=1']} {{(pid=103378) push /opt/stack/neutron/neutron/api/rpc/handlers/resources_rpc.py:237}}
Dec 15 13:39:24.995791 n-d-815324-3 neutron-server[103378]: DEBUG neutron_lib.callbacks.manager [None req-3a59d853-fce5-430c-9298-95ec9fede82e admin admin] Publish callbacks [] for security_group, before_delete {{(pid=103378) _notify_loop /usr/local/lib/python3.8/dist-packages/neutron_lib/callbacks/manager.py:175}}
Dec 15 13:39:25.001857 n-d-815324-3 neutron-server[103378]: INFO neutron.wsgi [None req-2974dc56-f7fd-45cc-8727-ac06eb855cb9 admin admin] 10.222.0.32 "GET /v2.0/security-groups?tenant_id=9c11ea2ba825479caa9b2b37d3ff5ec0&name=default HTTP/1.1" status: 200 len: 2996 time: 0.3185484
Dec 15 13:39:25.004333 n-d-815324-3 neutron-server[103378]: DEBUG neutron.wsgi [-] (103378) accepted ('10.222.0.32', 39156) {{(pid=103378) server /usr/local/lib/python3.8/dist-packages/eventlet/wsgi.py:1004}}
Dec 15 13:39:25.041742 n-d-815324-3 neutron-server[103378]: DEBUG neutron_lib.callbacks.manager [None req-3a59d853-fce5-430c-9298-95ec9fede82e admin admin] Publish callbacks [] for security_group, precommit_delete {{(pid=103378) _notify_loop /usr/local/lib/python3.8/dist-packages/neutron_lib/callbacks/manager.py:175}}
Dec 15 13:39:25.092577 n-d-815324-3 neutron-server[103378]: DEBUG neutron.wsgi [-] (103378) accepted ('10.222.0.32', 39158) {{(pid=103378) server /usr/local/lib/python3.8/dist-packages/eventlet/wsgi.py:1004}}
Dec 15 13:39:25.102701 n-d-815324-3 neutron-server[103378]: DEBUG neutron_lib.callbacks.manager [None req-a08c278c-9f90-460a-9c67-8391ac877c11 admin admin] Publish callbacks [] for security_group, before_delete {{(pid=103378) _notify_loop /usr/local/lib/python3.8/dist-packages/neutron_lib/callbacks/manager.py:175}}
Dec 15 13:39:25.122354 n-d-815324-3 neutron-server[103379]: DEBUG neutron.pecan_wsgi.hooks.policy_enforcement [req-8ba9fe70-24fc-4a54-a568-c4dcddf116a6 req-589740f2-e81d-4656-b420-8df64c8c7c79 service neutron] Attributes excluded by policy engine: ['standard_attr_id', 'shared'] {{(pid=103379) _exclude_attributes_by_policy /opt/stack/neutron/neutron/pecan_wsgi/hooks/policy_enforcement.py:255}}
Dec 15 13:39:25.125440 n-d-815324-3 neutron-server[103379]: INFO neutron.wsgi [req-8ba9fe70-24fc-4a54-a568-c4dcddf116a6 req-589740f2-e81d-4656-b420-8df64c8c7c79 service neutron] 10.222.0.85 "GET /v2.0/subnets?id=a0306573-6b55-4c0c-be6a-eded793ef1cf HTTP/1.1" status: 200 len: 860 time: 0.3888228
Dec 15 13:39:25.128970 n-d-815324-3 neutron-server[103378]: DEBUG neutron_lib.callbacks.manager [None req-a08c278c-9f90-460a-9c67-8391ac877c11 admin admin] Publish callbacks [] for security_group, precommit_delete {{(pid=103378) _notify_loop /usr/local/lib/python3.8/dist-packages/neutron_lib/callbacks/manager.py:175}}
Dec 15 13:39:25.138245 n-d-815324-3 neutron-server[103378]: DEBUG neutron_lib.callbacks.manager [None req-3a59d853-fce5-430c-9298-95ec9fede82e admin admin] Publish callbacks ['neutron.plugins.ml2.ovo_rpc._ObjectChangeHandler.handle_event-1719909'] for security_group, after_delete {{(pid=103378) _notify_loop /usr/local/lib/python3.8/dist-packages/neutron_lib/callbacks/manager.py:175}}
Dec 15 13:39:25.141717 n-d-815324-3 neutron-server[103378]: DEBUG neutron_lib.callbacks.manager [None req-3a59d853-fce5-430c-9298-95ec9fede82e admin admin] Publish callbacks [] for security_group, before_response {{(pid=103378) _notify_loop /usr/local/lib/python3.8/dist-packages/neutron_lib/callbacks/manager.py:175}}
Dec 15 13:39:25.142860 n-d-815324-3 neutron-server[103378]: INFO neutron.wsgi [None req-3a59d853-fce5-430c-9298-95ec9fede82e admin admin] 10.222.0.32 "DELETE /v2.0/security-groups/4c5ffce4-2c99-4ea2-845e-8976a5ce329a HTTP/1.1" status: 204 len: 168 time: 0.2895489
Dec 15 13:39:25.169803 n-d-815324-3 neutron-server[103378]: DEBUG neutron.api.rpc.handlers.resources_rpc [None req-3a59d853-fce5-430c-9298-95ec9fede82e admin admin] Pushing event deleted for resources: {'SecurityGroup': ['ID=4c5ffce4-2c99-4ea2-845e-8976a5ce329a,revision_number=None']} {{(pid=103378) push /opt/stack/neutron/neutron/api/rpc/handlers/resources_rpc.py:237}}
Dec 15 13:39:25.191456 n-d-815324-3 neutron-server[103378]: WARNING keystonemiddleware.auth_token [-] A valid token was submitted as a service token, but it was not a valid service token. This is incorrect but backwards compatible behaviour. This will be removed in future releases.
Dec 15 13:39:25.196206 n-d-815324-3 neutron-server[103378]: DEBUG neutron.wsgi [req-9c5f7d7a-c8a4-4a44-acc8-ad2fc2315332 req-786bce12-82c5-4f67-aa80-1431e4fa6c40 tempest-LiveAutoBlockMigrationV225Test-559734030 tempest-LiveAutoBlockMigrationV225Test-559734030-project-admin] http://10.222.0.32:9696/v2.0/extensions returned with HTTP 200 {{(pid=103378) __call__ /opt/stack/neutron/neutron/wsgi.py:729}}
Dec 15 13:39:25.205988 n-d-815324-3 neutron-server[103378]: INFO neutron.wsgi [req-9c5f7d7a-c8a4-4a44-acc8-ad2fc2315332 req-786bce12-82c5-4f67-aa80-1431e4fa6c40 tempest-LiveAutoBlockMigrationV225Test-559734030 tempest-LiveAutoBlockMigrationV225Test-559734030-project-admin] 10.222.0.32 "GET /v2.0/extensions HTTP/1.1" status: 200 len: 14082 time: 0.1121161
Dec 15 13:39:25.227013 n-d-815324-3 neutron-server[103379]: INFO neutron.wsgi [req-51bb9549-230e-4823-bce3-3a9508aa6c03 req-b24e5585-3334-42f5-a184-2cc59ed2bbd4 service neutron] 10.222.0.85 "GET /v2.0/networks/dd8522aa-f6ca-4c29-9f30-edc66a499ecc?fields=segments HTTP/1.1" status: 200 len: 212 time: 0.4032917
Dec 15 13:39:25.231676 n-d-815324-3 neutron-server[103378]: DEBUG neutron_lib.callbacks.manager [None req-a08c278c-9f90-460a-9c67-8391ac877c11 admin admin] Publish callbacks ['neutron.plugins.ml2.ovo_rpc._ObjectChangeHandler.handle_event-1719909'] for security_group, after_delete {{(pid=103378) _notify_loop /usr/local/lib/python3.8/dist-packages/neutron_lib/callbacks/manager.py:175}}
Dec 15 13:39:25.236529 n-d-815324-3 neutron-server[103378]: DEBUG neutron_lib.callbacks.manager [None req-a08c278c-9f90-460a-9c67-8391ac877c11 admin admin] Publish callbacks [] for security_group, before_response {{(pid=103378) _notify_loop /usr/local/lib/python3.8/dist-packages/neutron_lib/callbacks/manager.py:175}}
Dec 15 13:39:25.239160 n-d-815324-3 neutron-server[103379]: DEBUG neutron.pecan_wsgi.hooks.policy_enforcement [req-e7474aaf-b168-45a1-8c2c-ed452b9bbd5f req-97f1fb8f-be4d-4841-8997-b1d2c2c4d0fa tempest-DeleteServersAdminTestJSON-401352998 tempest-DeleteServersAdminTestJSON-401352998-project] Attributes excluded by policy engine: ['standard_attr_id', 'binding:profile', 'binding:host_id', 'binding:vif_type', 'binding:vif_details'] {{(pid=103379) _exclude_attributes_by_policy /opt/stack/neutron/neutron/pecan_wsgi/hooks/policy_enforcement.py:255}}
Dec 15 13:39:25.243449 n-d-815324-3 neutron-server[103379]: INFO neutron.wsgi [req-e7474aaf-b168-45a1-8c2c-ed452b9bbd5f req-97f1fb8f-be4d-4841-8997-b1d2c2c4d0fa tempest-DeleteServersAdminTestJSON-401352998 tempest-DeleteServersAdminTestJSON-401352998-project] 10.222.0.32 "GET /v2.0/ports?device_id=440b632b-52c5-4de6-9a48-7cdbf5616547 HTTP/1.1" status: 200 len: 950 time: 0.1145248
Dec 15 13:39:25.244244 n-d-815324-3 neutron-server[103379]: DEBUG neutron.pecan_wsgi.hooks.policy_enforcement [req-8ba9fe70-24fc-4a54-a568-c4dcddf116a6 req-66f6f3b2-5c72-48b4-9911-2bb08869c257 service neutron] Attributes excluded by policy engine: ['standard_attr_id'] {{(pid=103379) _exclude_attributes_by_policy /opt/stack/neutron/neutron/pecan_wsgi/hooks/policy_enforcement.py:255}}
Dec 15 13:39:25.244902 n-d-815324-3 neutron-server[103378]: INFO neutron.wsgi [None req-a08c278c-9f90-460a-9c67-8391ac877c11 admin admin] 10.222.0.32 "DELETE /v2.0/security-groups/10a44157-440e-40bd-aa95-71e4fb349075 HTTP/1.1" status: 204 len: 168 time: 0.2394965
Dec 15 13:39:25.245804 n-d-815324-3 neutron-server[103379]: INFO neutron.wsgi [req-8ba9fe70-24fc-4a54-a568-c4dcddf116a6 req-66f6f3b2-5c72-48b4-9911-2bb08869c257 service neutron] 10.222.0.85 "GET /v2.0/ports?network_id=4667d9a7-77a6-4764-83cd-72fdf77fd294&device_owner=network%3Adhcp HTTP/1.1" status: 200 len: 1163 time: 0.1050081
Dec 15 13:39:25.266733 n-d-815324-3 neutron-server[103378]: DEBUG neutron.api.rpc.handlers.resources_rpc [None req-a08c278c-9f90-460a-9c67-8391ac877c11 admin admin] Pushing event deleted for resources: {'SecurityGroup': ['ID=10a44157-440e-40bd-aa95-71e4fb349075,revision_number=None']} {{(pid=103378) push /opt/stack/neutron/neutron/api/rpc/handlers/resources_rpc.py:237}}
Dec 15 13:39:25.419867 n-d-815324-3 neutron-server[103379]: INFO neutron.wsgi [req-e7474aaf-b168-45a1-8c2c-ed452b9bbd5f req-888656fe-392c-42eb-af78-0571444c7be8 tempest-DeleteServersAdminTestJSON-401352998 tempest-DeleteServersAdminTestJSON-401352998-project] 10.222.0.32 "GET /v2.0/security-groups?id=9a25556e-fe73-4b2d-8986-e52b60733421&fields=id&fields=name HTTP/1.1" status: 200 len: 286 time: 0.1664593
Dec 15 13:39:25.432435 n-d-815324-3 neutron-server[103379]: INFO neutron.wsgi [req-51bb9549-230e-4823-bce3-3a9508aa6c03 req-7345e77d-f800-402a-ab65-63dea763b93f service neutron] 10.222.0.85 "GET /v2.0/networks/dd8522aa-f6ca-4c29-9f30-edc66a499ecc?fields=provider%3Aphysical_network&fields=provider%3Anetwork_type HTTP/1.1" status: 200 len: 281 time: 0.1907091
Dec 15 13:39:25.453659 n-d-815324-3 neutron-server[103379]: INFO neutron.wsgi [req-8ba9fe70-24fc-4a54-a568-c4dcddf116a6 req-8c80cb8b-7f8e-4bf2-99eb-4ff502b5d2e3 service neutron] 10.222.0.85 "GET /v2.0/networks/4667d9a7-77a6-4764-83cd-72fdf77fd294?fields=segments HTTP/1.1" status: 200 len: 212 time: 0.1977627
Dec 15 13:39:25.549957 n-d-815324-3 neutron-server[103378]: DEBUG neutron.pecan_wsgi.hooks.policy_enforcement [req-9c5f7d7a-c8a4-4a44-acc8-ad2fc2315332 req-47888f20-e890-4dbb-8a42-e24992e3a287 service neutron] Attributes excluded by policy engine: ['standard_attr_id'] {{(pid=103378) _exclude_attributes_by_policy /opt/stack/neutron/neutron/pecan_wsgi/hooks/policy_enforcement.py:255}}
Dec 15 13:39:25.553267 n-d-815324-3 neutron-server[103378]: INFO neutron.wsgi [req-9c5f7d7a-c8a4-4a44-acc8-ad2fc2315332 req-47888f20-e890-4dbb-8a42-e24992e3a287 service neutron] 10.222.0.32 "GET /v2.0/ports/13c5f9e3-1477-451b-8069-be85ca51b5c7 HTTP/1.1" status: 200 len: 1093 time: 0.2156110
Dec 15 13:39:25.562626 n-d-815324-3 neutron-server[103379]: DEBUG neutron.notifiers.nova [-] Sending events: [{'name': 'network-changed', 'server_uuid': '9644a8a4-f08b-4215-a4a4-ae7ade4567cf', 'tag': '6c41fe6a-9689-4bb4-b589-3d15606e6ec4'}] {{(pid=103379) send_events /opt/stack/neutron/neutron/notifiers/nova.py:262}}
Dec 15 13:39:25.565788 n-d-815324-3 neutron-server[103379]: DEBUG novaclient.v2.client [-] REQ: curl -g -i --cacert "/opt/stack/data/ca-bundle.pem" -X POST http://10.222.0.32/compute/v2.1/os-server-external-events -H "Accept: application/json" -H "Content-Type: application/json" -H "User-Agent: python-novaclient" -H "X-Auth-Token: {SHA256}eb0cc354a52cfe80b00644f1617d1f7da0a08bdb163b8099ca28ea3d8f3c91f9" -H "X-OpenStack-Nova-API-Version: 2.1" -H "X-OpenStack-Request-ID: req-c12f989f-76be-4b65-a730-73e805163292" -d '{"events": [{"name": "network-changed", "server_uuid": "9644a8a4-f08b-4215-a4a4-ae7ade4567cf", "tag": "6c41fe6a-9689-4bb4-b589-3d15606e6ec4"}]}' {{(pid=103379) _http_log_request /usr/local/lib/python3.8/dist-packages/keystoneauth1/session.py:519}}
Dec 15 13:39:25.567074 n-d-815324-3 neutron-server[103378]: DEBUG neutron.api.v2.base [req-9c5f7d7a-c8a4-4a44-acc8-ad2fc2315332 req-b1ba0bd0-dd93-44e4-bacb-943c7470bfe1 service neutron] Request body: {'binding': {'host': 'n-h2-815324-3', 'vnic_type': 'normal', 'profile': {}}} {{(pid=103378) prepare_request_body /opt/stack/neutron/neutron/api/v2/base.py:729}}
Dec 15 13:39:25.567814 n-d-815324-3 neutron-server[103378]: DEBUG neutron.api.v2.base [req-9c5f7d7a-c8a4-4a44-acc8-ad2fc2315332 req-b1ba0bd0-dd93-44e4-bacb-943c7470bfe1 service neutron] Unknown quota resources ['binding']. {{(pid=103378) _create /opt/stack/neutron/neutron/api/v2/base.py:496}}
Dec 15 13:39:25.618238 n-d-815324-3 neutron-server[103379]: INFO neutron.wsgi [req-8ba9fe70-24fc-4a54-a568-c4dcddf116a6 req-3a6eda85-d0b6-4c4d-a67c-ec545c801797 service neutron] 10.222.0.85 "GET /v2.0/networks/4667d9a7-77a6-4764-83cd-72fdf77fd294?fields=provider%3Aphysical_network&fields=provider%3Anetwork_type HTTP/1.1" status: 200 len: 281 time: 0.1578159
Dec 15 13:39:25.645002 n-d-815324-3 neutron-server[103379]: DEBUG neutron.pecan_wsgi.hooks.policy_enforcement [req-2d71c934-2f56-4adc-ab1b-b0e3cedb2593 req-0d7649ff-84b8-450c-bd50-8d4b66b34cd4 tempest-LiveMigrationNegativeTest-1144489096 tempest-LiveMigrationNegativeTest-1144489096-project] Attributes excluded by policy engine: ['standard_attr_id', 'binding:profile', 'binding:host_id', 'binding:vif_type', 'binding:vif_details'] {{(pid=103379) _exclude_attributes_by_policy /opt/stack/neutron/neutron/pecan_wsgi/hooks/policy_enforcement.py:255}}
Dec 15 13:39:25.646738 n-d-815324-3 neutron-server[103379]: INFO neutron.wsgi [req-2d71c934-2f56-4adc-ab1b-b0e3cedb2593 req-0d7649ff-84b8-450c-bd50-8d4b66b34cd4 tempest-LiveMigrationNegativeTest-1144489096 tempest-LiveMigrationNegativeTest-1144489096-project] 10.222.0.32 "GET /v2.0/ports?device_id=92367bc7-060f-4a6a-a1b1-117d9f07cf89 HTTP/1.1" status: 200 len: 949 time: 0.0759101
Dec 15 13:39:25.711620 n-d-815324-3 neutron-server[103379]: INFO neutron.wsgi [req-2d71c934-2f56-4adc-ab1b-b0e3cedb2593 req-991b94c2-bd4d-4f9f-ad1e-a5598ab11e69 tempest-LiveMigrationNegativeTest-1144489096 tempest-LiveMigrationNegativeTest-1144489096-project] 10.222.0.32 "GET /v2.0/security-groups?id=ee90076f-ea2c-4038-b944-4a8e482722ce&fields=id&fields=name HTTP/1.1" status: 200 len: 286 time: 0.0576341
Dec 15 13:39:25.759169 n-d-815324-3 neutron-server[103378]: DEBUG neutron.plugins.ml2.managers [req-9c5f7d7a-c8a4-4a44-acc8-ad2fc2315332 req-b1ba0bd0-dd93-44e4-bacb-943c7470bfe1 service neutron] Attempting to bind port 13c5f9e3-1477-451b-8069-be85ca51b5c7 on host n-h2-815324-3 for vnic_type normal with profile None {{(pid=103378) bind_port /opt/stack/neutron/neutron/plugins/ml2/managers.py:795}}
Dec 15 13:39:25.759708 n-d-815324-3 neutron-server[103378]: DEBUG neutron.plugins.ml2.managers [req-9c5f7d7a-c8a4-4a44-acc8-ad2fc2315332 req-b1ba0bd0-dd93-44e4-bacb-943c7470bfe1 service neutron] Attempting to bind port 13c5f9e3-1477-451b-8069-be85ca51b5c7 by drivers openvswitch,hyperv on host n-h2-815324-3 at level 0 using segments [{'id': '51a09a80-08c7-479b-a50f-b1e65d049572', 'network_type': 'vlan', 'physical_network': 'physnet1', 'segmentation_id': 1035, 'network_id': 'dd8522aa-f6ca-4c29-9f30-edc66a499ecc'}] {{(pid=103378) _bind_port_level /opt/stack/neutron/neutron/plugins/ml2/managers.py:820}}
Dec 15 13:39:25.761092 n-d-815324-3 neutron-server[103378]: DEBUG neutron.plugins.ml2.drivers.mech_agent [req-9c5f7d7a-c8a4-4a44-acc8-ad2fc2315332 req-b1ba0bd0-dd93-44e4-bacb-943c7470bfe1 service neutron] Attempting to bind port 13c5f9e3-1477-451b-8069-be85ca51b5c7 on network dd8522aa-f6ca-4c29-9f30-edc66a499ecc {{(pid=103378) bind_port /opt/stack/neutron/neutron/plugins/ml2/drivers/mech_agent.py:91}}
Dec 15 13:39:25.767536 n-d-815324-3 neutron-server[103378]: DEBUG neutron.plugins.ml2.drivers.mech_agent [req-9c5f7d7a-c8a4-4a44-acc8-ad2fc2315332 req-b1ba0bd0-dd93-44e4-bacb-943c7470bfe1 service neutron] Port 13c5f9e3-1477-451b-8069-be85ca51b5c7 on network dd8522aa-f6ca-4c29-9f30-edc66a499ecc not bound, no agent of type Open vSwitch agent registered on host n-h2-815324-3 {{(pid=103378) bind_port /opt/stack/neutron/neutron/plugins/ml2/drivers/mech_agent.py:103}}
Dec 15 13:39:25.767856 n-d-815324-3 neutron-server[103378]: DEBUG neutron.plugins.ml2.drivers.mech_agent [req-9c5f7d7a-c8a4-4a44-acc8-ad2fc2315332 req-b1ba0bd0-dd93-44e4-bacb-943c7470bfe1 service neutron] Attempting to bind port 13c5f9e3-1477-451b-8069-be85ca51b5c7 on network dd8522aa-f6ca-4c29-9f30-edc66a499ecc {{(pid=103378) bind_port /opt/stack/neutron/neutron/plugins/ml2/drivers/mech_agent.py:91}}
Dec 15 13:39:25.774079 n-d-815324-3 neutron-server[103378]: DEBUG neutron.plugins.ml2.drivers.mech_agent [req-9c5f7d7a-c8a4-4a44-acc8-ad2fc2315332 req-b1ba0bd0-dd93-44e4-bacb-943c7470bfe1 service neutron] Checking agent: {'id': 'cdebebb1-f467-4af1-a3cf-e60a67ec7002', 'agent_type': 'HyperV agent', 'binary': 'neutron-hyperv-agent', 'topic': 'N/A', 'host': 'n-h2-815324-3', 'admin_state_up': True, 'created_at': datetime.datetime(2021, 12, 15, 13, 36, 14), 'started_at': datetime.datetime(2021, 12, 15, 13, 36, 14), 'heartbeat_timestamp': datetime.datetime(2021, 12, 15, 13, 39, 14), 'description': None, 'resources_synced': None, 'availability_zone': None, 'alive': True, 'configurations': {'vswitch_mappings': {'physnet1$': 'br-data'}}, 'resource_versions': {}} {{(pid=103378) bind_port /opt/stack/neutron/neutron/plugins/ml2/drivers/mech_agent.py:110}}
Dec 15 13:39:25.774489 n-d-815324-3 neutron-server[103378]: DEBUG neutron.plugins.ml2.drivers.mech_agent [req-9c5f7d7a-c8a4-4a44-acc8-ad2fc2315332 req-b1ba0bd0-dd93-44e4-bacb-943c7470bfe1 service neutron] Checking segment: {'id': '51a09a80-08c7-479b-a50f-b1e65d049572', 'network_type': 'vlan', 'physical_network': 'physnet1', 'segmentation_id': 1035, 'network_id': 'dd8522aa-f6ca-4c29-9f30-edc66a499ecc'} for mappings: {'physnet1$': 'br-data'} with network types: ['local', 'flat', 'vlan'] {{(pid=103378) check_segment_for_agent /opt/stack/neutron/neutron/plugins/ml2/drivers/mech_agent.py:371}}
Dec 15 13:39:25.774846 n-d-815324-3 neutron-server[103378]: DEBUG neutron.plugins.ml2.drivers.mech_agent [req-9c5f7d7a-c8a4-4a44-acc8-ad2fc2315332 req-b1ba0bd0-dd93-44e4-bacb-943c7470bfe1 service neutron] Bound using segment: {'id': '51a09a80-08c7-479b-a50f-b1e65d049572', 'network_type': 'vlan', 'physical_network': 'physnet1', 'segmentation_id': 1035, 'network_id': 'dd8522aa-f6ca-4c29-9f30-edc66a499ecc'} {{(pid=103378) bind_port /opt/stack/neutron/neutron/plugins/ml2/drivers/mech_agent.py:120}}
Dec 15 13:39:25.775383 n-d-815324-3 neutron-server[103378]: DEBUG neutron.plugins.ml2.managers [req-9c5f7d7a-c8a4-4a44-acc8-ad2fc2315332 req-b1ba0bd0-dd93-44e4-bacb-943c7470bfe1 service neutron] Bound port: 13c5f9e3-1477-451b-8069-be85ca51b5c7, host: n-h2-815324-3, vif_type: hyperv, vif_details: {"connectivity": "legacy", "port_filter": false}, binding_levels: [{'bound_driver': 'hyperv', 'bound_segment': {'id': '51a09a80-08c7-479b-a50f-b1e65d049572', 'network_type': 'vlan', 'physical_network': 'physnet1', 'segmentation_id': 1035, 'network_id': 'dd8522aa-f6ca-4c29-9f30-edc66a499ecc'}}] {{(pid=103378) _bind_port_level /opt/stack/neutron/neutron/plugins/ml2/managers.py:932}}
Dec 15 13:39:25.789008 n-d-815324-3 neutron-server[103379]: DEBUG neutron.wsgi [-] (103379) accepted ('10.222.0.32', 39188) {{(pid=103379) server /usr/local/lib/python3.8/dist-packages/eventlet/wsgi.py:1004}}
Dec 15 13:39:25.810043 n-d-815324-3 neutron-server[103379]: DEBUG neutron_lib.callbacks.manager [None req-092783e0-a74a-4a06-a89f-2cd85aa38f43 admin admin] Publish callbacks [] for security_group, before_create {{(pid=103379) _notify_loop /usr/local/lib/python3.8/dist-packages/neutron_lib/callbacks/manager.py:175}}
Dec 15 13:39:25.885835 n-d-815324-3 neutron-server[103378]: DEBUG neutron.plugins.ml2.db [req-9c5f7d7a-c8a4-4a44-acc8-ad2fc2315332 req-b1ba0bd0-dd93-44e4-bacb-943c7470bfe1 service neutron] For port 13c5f9e3-1477-451b-8069-be85ca51b5c7, host n-h2-815324-3, set binding levels [PortBindingLevel(driver='hyperv',host='n-h2-815324-3',level=0,port_id=13c5f9e3-1477-451b-8069-be85ca51b5c7,segment=NetworkSegment(51a09a80-08c7-479b-a50f-b1e65d049572),segment_id=51a09a80-08c7-479b-a50f-b1e65d049572)] {{(pid=103378) set_binding_levels /opt/stack/neutron/neutron/plugins/ml2/db.py:59}}
Dec 15 13:39:25.894356 n-d-815324-3 neutron-server[103378]: DEBUG neutron_lib.callbacks.manager [req-9c5f7d7a-c8a4-4a44-acc8-ad2fc2315332 req-b1ba0bd0-dd93-44e4-bacb-943c7470bfe1 service neutron] Publish callbacks [] for binding, before_response {{(pid=103378) _notify_loop /usr/local/lib/python3.8/dist-packages/neutron_lib/callbacks/manager.py:175}}
Dec 15 13:39:25.895571 n-d-815324-3 neutron-server[103378]: INFO neutron.wsgi [req-9c5f7d7a-c8a4-4a44-acc8-ad2fc2315332 req-b1ba0bd0-dd93-44e4-bacb-943c7470bfe1 service neutron] 10.222.0.32 "POST /v2.0/ports/13c5f9e3-1477-451b-8069-be85ca51b5c7/bindings HTTP/1.1" status: 201 len: 389 time: 0.3338811
Dec 15 13:39:25.943332 n-d-815324-3 neutron-server[103379]: DEBUG neutron.pecan_wsgi.hooks.policy_enforcement [req-dc1163d6-dea1-4c33-9ded-6e9fecc67771 req-06b64a6c-85b5-4b99-b41d-8732470d9ea3 tempest-FloatingIPsAssociationTestJSON-1839368106 tempest-FloatingIPsAssociationTestJSON-1839368106-project] Attributes excluded by policy engine: ['standard_attr_id', 'binding:profile', 'binding:host_id', 'binding:vif_type', 'binding:vif_details'] {{(pid=103379) _exclude_attributes_by_policy /opt/stack/neutron/neutron/pecan_wsgi/hooks/policy_enforcement.py:255}}
Dec 15 13:39:25.944968 n-d-815324-3 neutron-server[103379]: INFO neutron.wsgi [req-dc1163d6-dea1-4c33-9ded-6e9fecc67771 req-06b64a6c-85b5-4b99-b41d-8732470d9ea3 tempest-FloatingIPsAssociationTestJSON-1839368106 tempest-FloatingIPsAssociationTestJSON-1839368106-project] 10.222.0.32 "GET /v2.0/ports?device_id=9644a8a4-f08b-4215-a4a4-ae7ade4567cf HTTP/1.1" status: 200 len: 943 time: 0.0979578
Dec 15 13:39:26.035966 n-d-815324-3 neutron-server[103379]: DEBUG neutron_lib.callbacks.manager [None req-092783e0-a74a-4a06-a89f-2cd85aa38f43 admin admin] Publish callbacks [] for security_group, precommit_create {{(pid=103379) _notify_loop /usr/local/lib/python3.8/dist-packages/neutron_lib/callbacks/manager.py:175}}
Dec 15 13:39:26.041673 n-d-815324-3 neutron-server[103379]: INFO neutron.wsgi [req-dc1163d6-dea1-4c33-9ded-6e9fecc67771 req-6d7a7fe7-ff9f-43af-b57a-60e463baca86 tempest-FloatingIPsAssociationTestJSON-1839368106 tempest-FloatingIPsAssociationTestJSON-1839368106-project] 10.222.0.32 "GET /v2.0/security-groups?id=7337019c-7613-4af7-8f58-24b6e7f3f403&fields=id&fields=name HTTP/1.1" status: 200 len: 286 time: 0.0867507
Dec 15 13:39:26.043109 n-d-815324-3 neutron-server[103379]: DEBUG neutron_lib.callbacks.manager [None req-092783e0-a74a-4a06-a89f-2cd85aa38f43 admin admin] Publish callbacks ['neutron.plugins.ml2.ovo_rpc._ObjectChangeHandler.handle_event-1719909'] for security_group, after_create {{(pid=103379) _notify_loop /usr/local/lib/python3.8/dist-packages/neutron_lib/callbacks/manager.py:175}}
Dec 15 13:39:26.099989 n-d-815324-3 neutron-server[103379]: INFO neutron.wsgi [None req-092783e0-a74a-4a06-a89f-2cd85aa38f43 admin admin] 10.222.0.32 "GET /v2.0/security-groups?tenant_id=53fa46904caf4b689276e8e85bd07e63&name=default HTTP/1.1" status: 200 len: 2996 time: 0.3074896
Dec 15 13:39:26.099989 n-d-815324-3 neutron-server[103379]: DEBUG neutron.api.rpc.handlers.resources_rpc [None req-092783e0-a74a-4a06-a89f-2cd85aa38f43 admin admin] Pushing event updated for resources: {'SecurityGroup': ['ID=7e2c2d82-b688-4d16-9b42-fc64bca06857,revision_number=1']} {{(pid=103379) push /opt/stack/neutron/neutron/api/rpc/handlers/resources_rpc.py:237}}
Dec 15 13:39:26.100574 n-d-815324-3 neutron-server[103378]: DEBUG neutron.wsgi [-] (103378) accepted ('10.222.0.32', 39204) {{(pid=103378) server /usr/local/lib/python3.8/dist-packages/eventlet/wsgi.py:1004}}
Dec 15 13:39:26.182987 n-d-815324-3 neutron-server[103378]: DEBUG neutron_lib.callbacks.manager [None req-a59a90f0-cf3d-4ac4-8ded-3640fb119b76 admin admin] Publish callbacks [] for security_group, before_delete {{(pid=103378) _notify_loop /usr/local/lib/python3.8/dist-packages/neutron_lib/callbacks/manager.py:175}}
Dec 15 13:39:26.208610 n-d-815324-3 neutron-server[103378]: DEBUG neutron_lib.callbacks.manager [None req-a59a90f0-cf3d-4ac4-8ded-3640fb119b76 admin admin] Publish callbacks [] for security_group, precommit_delete {{(pid=103378) _notify_loop /usr/local/lib/python3.8/dist-packages/neutron_lib/callbacks/manager.py:175}}
Dec 15 13:39:26.228219 n-d-815324-3 neutron-server[103379]: DEBUG neutron.pecan_wsgi.hooks.policy_enforcement [req-9c5f7d7a-c8a4-4a44-acc8-ad2fc2315332 req-9bd6133d-0e77-4625-85cd-6d6c1d90b3ca service neutron] Attributes excluded by policy engine: ['standard_attr_id'] {{(pid=103379) _exclude_attributes_by_policy /opt/stack/neutron/neutron/pecan_wsgi/hooks/policy_enforcement.py:255}}
Dec 15 13:39:26.229941 n-d-815324-3 neutron-server[103379]: INFO neutron.wsgi [req-9c5f7d7a-c8a4-4a44-acc8-ad2fc2315332 req-9bd6133d-0e77-4625-85cd-6d6c1d90b3ca service neutron] 10.222.0.67 "GET /v2.0/ports?tenant_id=457718dc070c40c0801e143b33cc2467&device_id=3efd83bb-e7e6-40c7-a000-a2507a5532a5 HTTP/1.1" status: 200 len: 1096 time: 0.0638673
Dec 15 13:39:26.278081 n-d-815324-3 neutron-server[103378]: DEBUG neutron_lib.callbacks.manager [None req-a59a90f0-cf3d-4ac4-8ded-3640fb119b76 admin admin] Publish callbacks ['neutron.plugins.ml2.ovo_rpc._ObjectChangeHandler.handle_event-1719909'] for security_group, after_delete {{(pid=103378) _notify_loop /usr/local/lib/python3.8/dist-packages/neutron_lib/callbacks/manager.py:175}}
