Mar 29 22:29:11.524190 n-d-815324-15 nova-scheduler[109794]: DEBUG nova.filters [None req-f7c03f0f-1447-4459-aa9a-6081e08ed81c tempest-FloatingIPsAssociationTestJSON-118195450 tempest-FloatingIPsAssociationTestJSON-118195450-project] Filter ComputeFilter returned 2 host(s) {{(pid=109794) get_filtered_objects /opt/stack/nova/nova/filters.py:102}}
Mar 29 22:29:11.524806 n-d-815324-15 nova-scheduler[109794]: DEBUG nova.filters [None req-f7c03f0f-1447-4459-aa9a-6081e08ed81c tempest-FloatingIPsAssociationTestJSON-118195450 tempest-FloatingIPsAssociationTestJSON-118195450-project] Filter ComputeCapabilitiesFilter returned 2 host(s) {{(pid=109794) get_filtered_objects /opt/stack/nova/nova/filters.py:102}}
Mar 29 22:29:11.525440 n-d-815324-15 nova-scheduler[109794]: DEBUG nova.filters [None req-f7c03f0f-1447-4459-aa9a-6081e08ed81c tempest-FloatingIPsAssociationTestJSON-118195450 tempest-FloatingIPsAssociationTestJSON-118195450-project] Filter ImagePropertiesFilter returned 2 host(s) {{(pid=109794) get_filtered_objects /opt/stack/nova/nova/filters.py:102}}
Mar 29 22:29:11.525865 n-d-815324-15 nova-scheduler[109793]: DEBUG oslo_concurrency.lockutils [None req-92765774-f480-4558-af6d-6753441aba5c tempest-ServersOnMultiNodesTest-1402405569 tempest-ServersOnMultiNodesTest-1402405569-project] Lock "('n-h2-815324-15', 'n-h2-815324-15')" acquired by "nova.scheduler.host_manager.HostState.update.._locked_update" :: waited 0.000s {{(pid=109793) inner /usr/local/lib/python3.8/dist-packages/oslo_concurrency/lockutils.py:386}}
Mar 29 22:29:11.526193 n-d-815324-15 nova-scheduler[109794]: DEBUG nova.filters [None req-f7c03f0f-1447-4459-aa9a-6081e08ed81c tempest-FloatingIPsAssociationTestJSON-118195450 tempest-FloatingIPsAssociationTestJSON-118195450-project] Filter ServerGroupAntiAffinityFilter returned 2 host(s) {{(pid=109794) get_filtered_objects /opt/stack/nova/nova/filters.py:102}}
Mar 29 22:29:11.526759 n-d-815324-15 nova-scheduler[109794]: DEBUG nova.filters [None req-f7c03f0f-1447-4459-aa9a-6081e08ed81c tempest-FloatingIPsAssociationTestJSON-118195450 tempest-FloatingIPsAssociationTestJSON-118195450-project] Filter ServerGroupAffinityFilter returned 2 host(s) {{(pid=109794) get_filtered_objects /opt/stack/nova/nova/filters.py:102}}
Mar 29 22:29:11.527333 n-d-815324-15 nova-scheduler[109794]: DEBUG nova.filters [None req-f7c03f0f-1447-4459-aa9a-6081e08ed81c tempest-FloatingIPsAssociationTestJSON-118195450 tempest-FloatingIPsAssociationTestJSON-118195450-project] Filter SameHostFilter returned 2 host(s) {{(pid=109794) get_filtered_objects /opt/stack/nova/nova/filters.py:102}}
Mar 29 22:29:11.527911 n-d-815324-15 nova-scheduler[109794]: DEBUG nova.filters [None req-f7c03f0f-1447-4459-aa9a-6081e08ed81c tempest-FloatingIPsAssociationTestJSON-118195450 tempest-FloatingIPsAssociationTestJSON-118195450-project] Filter DifferentHostFilter returned 2 host(s) {{(pid=109794) get_filtered_objects /opt/stack/nova/nova/filters.py:102}}
Mar 29 22:29:11.528512 n-d-815324-15 nova-scheduler[109794]: DEBUG nova.scheduler.manager [None req-f7c03f0f-1447-4459-aa9a-6081e08ed81c tempest-FloatingIPsAssociationTestJSON-118195450 tempest-FloatingIPsAssociationTestJSON-118195450-project] Filtered [(n-h2-815324-15, n-h2-815324-15) ram: 8703MB disk: 62464MB io_ops: 3 instances: 5, (n-h1-815324-15, n-h1-815324-15) ram: 12799MB disk: 63488MB io_ops: 1 instances: 3] {{(pid=109794) _get_sorted_hosts /opt/stack/nova/nova/scheduler/manager.py:610}}
Mar 29 22:29:11.529074 n-d-815324-15 nova-scheduler[109794]: DEBUG nova.weights [None req-f7c03f0f-1447-4459-aa9a-6081e08ed81c tempest-FloatingIPsAssociationTestJSON-118195450 tempest-FloatingIPsAssociationTestJSON-118195450-project] DiskWeigher: raw weights {('n-h2-815324-15', 'n-h2-815324-15'): 62464, ('n-h1-815324-15', 'n-h1-815324-15'): 63488} {{(pid=109794) get_weighed_objects /opt/stack/nova/nova/weights.py:136}}
Mar 29 22:29:11.529610 n-d-815324-15 nova-scheduler[109794]: DEBUG nova.weights [None req-f7c03f0f-1447-4459-aa9a-6081e08ed81c tempest-FloatingIPsAssociationTestJSON-118195450 tempest-FloatingIPsAssociationTestJSON-118195450-project] DiskWeigher: normalized weights {('n-h2-815324-15', 'n-h2-815324-15'): 0.9838709677419355, ('n-h1-815324-15', 'n-h1-815324-15'): 1.0} {{(pid=109794) get_weighed_objects /opt/stack/nova/nova/weights.py:148}}
Mar 29 22:29:11.530186 n-d-815324-15 nova-scheduler[109794]: DEBUG nova.weights [None req-f7c03f0f-1447-4459-aa9a-6081e08ed81c tempest-FloatingIPsAssociationTestJSON-118195450 tempest-FloatingIPsAssociationTestJSON-118195450-project] DiskWeigher: score (multiplier * weight) {('n-h2-815324-15', 'n-h2-815324-15'): '1.0 * 0.9838709677419355', ('n-h1-815324-15', 'n-h1-815324-15'): '1.0 * 1.0'} {{(pid=109794) get_weighed_objects /opt/stack/nova/nova/weights.py:166}}
Mar 29 22:29:11.530729 n-d-815324-15 nova-scheduler[109794]: DEBUG nova.weights [None req-f7c03f0f-1447-4459-aa9a-6081e08ed81c tempest-FloatingIPsAssociationTestJSON-118195450 tempest-FloatingIPsAssociationTestJSON-118195450-project] CPUWeigher: raw weights {('n-h2-815324-15', 'n-h2-815324-15'): 89.0, ('n-h1-815324-15', 'n-h1-815324-15'): 93.0} {{(pid=109794) get_weighed_objects /opt/stack/nova/nova/weights.py:136}}
Mar 29 22:29:11.531288 n-d-815324-15 nova-scheduler[109794]: DEBUG nova.weights [None req-f7c03f0f-1447-4459-aa9a-6081e08ed81c tempest-FloatingIPsAssociationTestJSON-118195450 tempest-FloatingIPsAssociationTestJSON-118195450-project] CPUWeigher: normalized weights {('n-h2-815324-15', 'n-h2-815324-15'): 0.956989247311828, ('n-h1-815324-15', 'n-h1-815324-15'): 1.0} {{(pid=109794) get_weighed_objects /opt/stack/nova/nova/weights.py:148}}
Mar 29 22:29:11.531553 n-d-815324-15 nova-scheduler[109793]: DEBUG nova.scheduler.host_manager [None req-92765774-f480-4558-af6d-6753441aba5c tempest-ServersOnMultiNodesTest-1402405569 tempest-ServersOnMultiNodesTest-1402405569-project] Update host state from compute node: ComputeNode(cpu_allocation_ratio=16.0,cpu_info='{"arch": "x86_64", "model": "Intel(R) Xeon(R) CPU E5-2430L 0 @ 2.00GHz", "vendor": "GenuineIntel", "topology": {"sockets": 1, "cores": 6, "threads": 1}, "features": ["mmx", "sse", "rdtsc", "pae", "sse2", "nx", "sse3", "xsave"]}',created_at=2022-03-29T22:24:50Z,current_workload=2,deleted=False,deleted_at=None,disk_allocation_ratio=1.0,disk_available_least=61,free_disk_gb=71,free_ram_mb=8703,host='n-h2-815324-15',host_ip=10.222.0.15,hypervisor_hostname='n-h2-815324-15',hypervisor_type='hyperv',hypervisor_version=10000,id=2,local_gb=79,local_gb_used=8,mapped=1,memory_mb=16383,memory_mb_used=7680,metrics='[]',numa_topology='{"nova_object.name": "NUMATopology", "nova_object.namespace": "nova", "nova_object.version": "1.2", "nova_object.data": {"cells": [{"nova_object.name": "NUMACell", "nova_object.namespace": "nova", "nova_object.version": "1.5", "nova_object.data": {"id": 0, "cpuset": [0, 1, 2, 3, 4, 5], "memory": 16383, "cpu_usage": 0, "memory_usage": 9550, "pinned_cpus": [], "siblings": [], "mempages": []}, "nova_object.changes": ["mempages", "siblings", "memory_usage", "cpu_usage", "cpuset", "pinned_cpus", "id", "memory"]}]}, "nova_object.changes": ["cells"]}',pci_device_pools=PciDevicePoolList,ram_allocation_ratio=1.5,running_vms=5,service_id=None,stats={failed_builds='0',io_workload='3',num_instances='5',num_os_type_None='5',num_proj_62e6b436ca76487cbd0d2a985c96356b='1',num_proj_afbeb3327c6e4315860629abb01462d2='1',num_proj_b05452ea065843898aa89dc7eda5b9ca='3',num_task_None='3',num_task_spawning='2',num_vm_active='2',num_vm_building='3'},supported_hv_specs=[HVSpec,HVSpec],updated_at=2022-03-29T22:28:53Z,uuid=433b89ec-4930-4f63-b1a1-c6bfb249a7df,vcpus=6,vcpus_used=7) {{(pid=109793) _locked_update /opt/stack/nova/nova/scheduler/host_manager.py:167}}
Mar 29 22:29:11.532049 n-d-815324-15 nova-scheduler[109794]: DEBUG nova.weights [None req-f7c03f0f-1447-4459-aa9a-6081e08ed81c tempest-FloatingIPsAssociationTestJSON-118195450 tempest-FloatingIPsAssociationTestJSON-118195450-project] CPUWeigher: score (multiplier * weight) {('n-h2-815324-15', 'n-h2-815324-15'): '1.0 * 0.956989247311828', ('n-h1-815324-15', 'n-h1-815324-15'): '1.0 * 1.0'} {{(pid=109794) get_weighed_objects /opt/stack/nova/nova/weights.py:166}}
Mar 29 22:29:11.533182 n-d-815324-15 nova-scheduler[109793]: DEBUG nova.scheduler.host_manager [None req-92765774-f480-4558-af6d-6753441aba5c tempest-ServersOnMultiNodesTest-1402405569 tempest-ServersOnMultiNodesTest-1402405569-project] Update host state with aggregates: [] {{(pid=109793) _locked_update /opt/stack/nova/nova/scheduler/host_manager.py:170}}
Mar 29 22:29:11.533641 n-d-815324-15 nova-scheduler[109794]: DEBUG nova.weights [None req-f7c03f0f-1447-4459-aa9a-6081e08ed81c tempest-FloatingIPsAssociationTestJSON-118195450 tempest-FloatingIPsAssociationTestJSON-118195450-project] MetricsWeigher: raw weights {('n-h2-815324-15', 'n-h2-815324-15'): 0.0, ('n-h1-815324-15', 'n-h1-815324-15'): 0.0} {{(pid=109794) get_weighed_objects /opt/stack/nova/nova/weights.py:136}}
Mar 29 22:29:11.534777 n-d-815324-15 nova-scheduler[109794]: DEBUG nova.weights [None req-f7c03f0f-1447-4459-aa9a-6081e08ed81c tempest-FloatingIPsAssociationTestJSON-118195450 tempest-FloatingIPsAssociationTestJSON-118195450-project] MetricsWeigher: normalized weights {('n-h2-815324-15', 'n-h2-815324-15'): 0, ('n-h1-815324-15', 'n-h1-815324-15'): 0} {{(pid=109794) get_weighed_objects /opt/stack/nova/nova/weights.py:148}}
Mar 29 22:29:11.535358 n-d-815324-15 nova-scheduler[109794]: DEBUG nova.weights [None req-f7c03f0f-1447-4459-aa9a-6081e08ed81c tempest-FloatingIPsAssociationTestJSON-118195450 tempest-FloatingIPsAssociationTestJSON-118195450-project] MetricsWeigher: score (multiplier * weight) {('n-h2-815324-15', 'n-h2-815324-15'): '1.0 * 0', ('n-h1-815324-15', 'n-h1-815324-15'): '1.0 * 0'} {{(pid=109794) get_weighed_objects /opt/stack/nova/nova/weights.py:166}}
Mar 29 22:29:11.535976 n-d-815324-15 nova-scheduler[109794]: DEBUG nova.weights [None req-f7c03f0f-1447-4459-aa9a-6081e08ed81c tempest-FloatingIPsAssociationTestJSON-118195450 tempest-FloatingIPsAssociationTestJSON-118195450-project] PCIWeigher: raw weights {('n-h2-815324-15', 'n-h2-815324-15'): 100, ('n-h1-815324-15', 'n-h1-815324-15'): 100} {{(pid=109794) get_weighed_objects /opt/stack/nova/nova/weights.py:136}}
Mar 29 22:29:11.536571 n-d-815324-15 nova-scheduler[109794]: DEBUG nova.weights [None req-f7c03f0f-1447-4459-aa9a-6081e08ed81c tempest-FloatingIPsAssociationTestJSON-118195450 tempest-FloatingIPsAssociationTestJSON-118195450-project] PCIWeigher: normalized weights {('n-h2-815324-15', 'n-h2-815324-15'): 0, ('n-h1-815324-15', 'n-h1-815324-15'): 0} {{(pid=109794) get_weighed_objects /opt/stack/nova/nova/weights.py:148}}
Mar 29 22:29:11.542492 n-d-815324-15 nova-scheduler[109794]: DEBUG nova.weights [None req-f7c03f0f-1447-4459-aa9a-6081e08ed81c tempest-FloatingIPsAssociationTestJSON-118195450 tempest-FloatingIPsAssociationTestJSON-118195450-project] PCIWeigher: score (multiplier * weight) {('n-h2-815324-15', 'n-h2-815324-15'): '1.0 * 0', ('n-h1-815324-15', 'n-h1-815324-15'): '1.0 * 0'} {{(pid=109794) get_weighed_objects /opt/stack/nova/nova/weights.py:166}}
Mar 29 22:29:11.542897 n-d-815324-15 nova-scheduler[109793]: DEBUG nova.scheduler.host_manager [None req-92765774-f480-4558-af6d-6753441aba5c tempest-ServersOnMultiNodesTest-1402405569 tempest-ServersOnMultiNodesTest-1402405569-project] Update host state with service dict: {'id': 4, 'uuid': '2a4e646f-6e67-4ac3-bad4-b451c7cfe34c', 'host': 'n-h2-815324-15', 'binary': 'nova-compute', 'topic': 'compute', 'report_count': 26, 'disabled': False, 'disabled_reason': None, 'last_seen_up': datetime.datetime(2022, 3, 29, 22, 29, 8, tzinfo=datetime.timezone.utc), 'forced_down': False, 'version': 61, 'created_at': datetime.datetime(2022, 3, 29, 22, 24, 48, tzinfo=datetime.timezone.utc), 'updated_at': datetime.datetime(2022, 3, 29, 22, 29, 8, tzinfo=datetime.timezone.utc), 'deleted_at': None, 'deleted': False} {{(pid=109793) _locked_update /opt/stack/nova/nova/scheduler/host_manager.py:173}}
Mar 29 22:29:11.543008 n-d-815324-15 nova-scheduler[109794]: DEBUG nova.weights [None req-f7c03f0f-1447-4459-aa9a-6081e08ed81c tempest-FloatingIPsAssociationTestJSON-118195450 tempest-FloatingIPsAssociationTestJSON-118195450-project] RAMWeigher: raw weights {('n-h2-815324-15', 'n-h2-815324-15'): 8703, ('n-h1-815324-15', 'n-h1-815324-15'): 12799} {{(pid=109794) get_weighed_objects /opt/stack/nova/nova/weights.py:136}}
Mar 29 22:29:11.543102 n-d-815324-15 nova-scheduler[109793]: DEBUG nova.scheduler.host_manager [None req-92765774-f480-4558-af6d-6753441aba5c tempest-ServersOnMultiNodesTest-1402405569 tempest-ServersOnMultiNodesTest-1402405569-project] Update host state with instances: ['7ad0185f-f083-4858-a039-1d1325990d94', 'a9583cb3-5941-4313-baf6-049c6ac716d6', '75d8cb8c-56df-4b73-bbd1-a91f948d25df', '01c1b386-0d24-414e-9ca1-624b4d9b3397', 'f70e095d-2745-4cec-a40a-4372986c2631', 'ec54b4f5-4f59-487c-82f2-2d1c5ba9edec', 'e9b35c6c-21c1-4d43-af64-bf73c03ab64a'] {{(pid=109793) _locked_update /opt/stack/nova/nova/scheduler/host_manager.py:176}}
Mar 29 22:29:11.543198 n-d-815324-15 nova-scheduler[109794]: DEBUG nova.weights [None req-f7c03f0f-1447-4459-aa9a-6081e08ed81c tempest-FloatingIPsAssociationTestJSON-118195450 tempest-FloatingIPsAssociationTestJSON-118195450-project] RAMWeigher: normalized weights {('n-h2-815324-15', 'n-h2-815324-15'): 0.6799749980467223, ('n-h1-815324-15', 'n-h1-815324-15'): 1.0} {{(pid=109794) get_weighed_objects /opt/stack/nova/nova/weights.py:148}}
Mar 29 22:29:11.543299 n-d-815324-15 nova-scheduler[109793]: DEBUG oslo_concurrency.lockutils [None req-92765774-f480-4558-af6d-6753441aba5c tempest-ServersOnMultiNodesTest-1402405569 tempest-ServersOnMultiNodesTest-1402405569-project] Lock "('n-h2-815324-15', 'n-h2-815324-15')" "released" by "nova.scheduler.host_manager.HostState.update.._locked_update" :: held 0.013s {{(pid=109793) inner /usr/local/lib/python3.8/dist-packages/oslo_concurrency/lockutils.py:400}}
Mar 29 22:29:11.543391 n-d-815324-15 nova-scheduler[109794]: DEBUG nova.weights [None req-f7c03f0f-1447-4459-aa9a-6081e08ed81c tempest-FloatingIPsAssociationTestJSON-118195450 tempest-FloatingIPsAssociationTestJSON-118195450-project] RAMWeigher: score (multiplier * weight) {('n-h2-815324-15', 'n-h2-815324-15'): '1.0 * 0.6799749980467223', ('n-h1-815324-15', 'n-h1-815324-15'): '1.0 * 1.0'} {{(pid=109794) get_weighed_objects /opt/stack/nova/nova/weights.py:166}}
Mar 29 22:29:11.543391 n-d-815324-15 nova-scheduler[109794]: DEBUG nova.weights [None req-f7c03f0f-1447-4459-aa9a-6081e08ed81c tempest-FloatingIPsAssociationTestJSON-118195450 tempest-FloatingIPsAssociationTestJSON-118195450-project] CrossCellWeigher: raw weights {('n-h2-815324-15', 'n-h2-815324-15'): 0, ('n-h1-815324-15', 'n-h1-815324-15'): 0} {{(pid=109794) get_weighed_objects /opt/stack/nova/nova/weights.py:136}}
Mar 29 22:29:11.543391 n-d-815324-15 nova-scheduler[109794]: DEBUG nova.weights [None req-f7c03f0f-1447-4459-aa9a-6081e08ed81c tempest-FloatingIPsAssociationTestJSON-118195450 tempest-FloatingIPsAssociationTestJSON-118195450-project] CrossCellWeigher: normalized weights {('n-h2-815324-15', 'n-h2-815324-15'): 0, ('n-h1-815324-15', 'n-h1-815324-15'): 0} {{(pid=109794) get_weighed_objects /opt/stack/nova/nova/weights.py:148}}
Mar 29 22:29:11.543628 n-d-815324-15 nova-scheduler[109793]: DEBUG oslo_concurrency.lockutils [None req-92765774-f480-4558-af6d-6753441aba5c tempest-ServersOnMultiNodesTest-1402405569 tempest-ServersOnMultiNodesTest-1402405569-project] Lock "99821a46-25d3-4936-a181-efb8445a96ac" acquired by "nova.context.set_target_cell..get_or_set_cached_cell_and_set_connections" :: waited 0.000s {{(pid=109793) inner /usr/local/lib/python3.8/dist-packages/oslo_concurrency/lockutils.py:386}}
Mar 29 22:29:11.543719 n-d-815324-15 nova-scheduler[109794]: DEBUG nova.weights [None req-f7c03f0f-1447-4459-aa9a-6081e08ed81c tempest-FloatingIPsAssociationTestJSON-118195450 tempest-FloatingIPsAssociationTestJSON-118195450-project] CrossCellWeigher: score (multiplier * weight) {('n-h2-815324-15', 'n-h2-815324-15'): '1000000.0 * 0', ('n-h1-815324-15', 'n-h1-815324-15'): '1000000.0 * 0'} {{(pid=109794) get_weighed_objects /opt/stack/nova/nova/weights.py:166}}
Mar 29 22:29:11.543719 n-d-815324-15 nova-scheduler[109794]: DEBUG nova.weights [None req-f7c03f0f-1447-4459-aa9a-6081e08ed81c tempest-FloatingIPsAssociationTestJSON-118195450 tempest-FloatingIPsAssociationTestJSON-118195450-project] ServerGroupSoftAffinityWeigher: raw weights {('n-h2-815324-15', 'n-h2-815324-15'): 0, ('n-h1-815324-15', 'n-h1-815324-15'): 0} {{(pid=109794) get_weighed_objects /opt/stack/nova/nova/weights.py:136}}
Mar 29 22:29:11.543719 n-d-815324-15 nova-scheduler[109794]: DEBUG nova.weights [None req-f7c03f0f-1447-4459-aa9a-6081e08ed81c tempest-FloatingIPsAssociationTestJSON-118195450 tempest-FloatingIPsAssociationTestJSON-118195450-project] ServerGroupSoftAffinityWeigher: normalized weights {('n-h2-815324-15', 'n-h2-815324-15'): 0, ('n-h1-815324-15', 'n-h1-815324-15'): 0} {{(pid=109794) get_weighed_objects /opt/stack/nova/nova/weights.py:148}}
Mar 29 22:29:11.543719 n-d-815324-15 nova-scheduler[109794]: DEBUG nova.weights [None req-f7c03f0f-1447-4459-aa9a-6081e08ed81c tempest-FloatingIPsAssociationTestJSON-118195450 tempest-FloatingIPsAssociationTestJSON-118195450-project] ServerGroupSoftAffinityWeigher: score (multiplier * weight) {('n-h2-815324-15', 'n-h2-815324-15'): '1.0 * 0', ('n-h1-815324-15', 'n-h1-815324-15'): '1.0 * 0'} {{(pid=109794) get_weighed_objects /opt/stack/nova/nova/weights.py:166}}
Mar 29 22:29:11.543719 n-d-815324-15 nova-scheduler[109794]: DEBUG nova.weights [None req-f7c03f0f-1447-4459-aa9a-6081e08ed81c tempest-FloatingIPsAssociationTestJSON-118195450 tempest-FloatingIPsAssociationTestJSON-118195450-project] ServerGroupSoftAntiAffinityWeigher: raw weights {('n-h2-815324-15', 'n-h2-815324-15'): 0, ('n-h1-815324-15', 'n-h1-815324-15'): 0} {{(pid=109794) get_weighed_objects /opt/stack/nova/nova/weights.py:136}}
Mar 29 22:29:11.543719 n-d-815324-15 nova-scheduler[109794]: DEBUG nova.weights [None req-f7c03f0f-1447-4459-aa9a-6081e08ed81c tempest-FloatingIPsAssociationTestJSON-118195450 tempest-FloatingIPsAssociationTestJSON-118195450-project] ServerGroupSoftAntiAffinityWeigher: normalized weights {('n-h2-815324-15', 'n-h2-815324-15'): 0, ('n-h1-815324-15', 'n-h1-815324-15'): 0} {{(pid=109794) get_weighed_objects /opt/stack/nova/nova/weights.py:148}}
Mar 29 22:29:11.543719 n-d-815324-15 nova-scheduler[109794]: DEBUG nova.weights [None req-f7c03f0f-1447-4459-aa9a-6081e08ed81c tempest-FloatingIPsAssociationTestJSON-118195450 tempest-FloatingIPsAssociationTestJSON-118195450-project] ServerGroupSoftAntiAffinityWeigher: score (multiplier * weight) {('n-h2-815324-15', 'n-h2-815324-15'): '1.0 * 0', ('n-h1-815324-15', 'n-h1-815324-15'): '1.0 * 0'} {{(pid=109794) get_weighed_objects /opt/stack/nova/nova/weights.py:166}}
Mar 29 22:29:11.543719 n-d-815324-15 nova-scheduler[109794]: DEBUG nova.weights [None req-f7c03f0f-1447-4459-aa9a-6081e08ed81c tempest-FloatingIPsAssociationTestJSON-118195450 tempest-FloatingIPsAssociationTestJSON-118195450-project] IoOpsWeigher: raw weights {('n-h2-815324-15', 'n-h2-815324-15'): 3, ('n-h1-815324-15', 'n-h1-815324-15'): 1} {{(pid=109794) get_weighed_objects /opt/stack/nova/nova/weights.py:136}}
Mar 29 22:29:11.544584 n-d-815324-15 nova-scheduler[109794]: DEBUG nova.weights [None req-f7c03f0f-1447-4459-aa9a-6081e08ed81c tempest-FloatingIPsAssociationTestJSON-118195450 tempest-FloatingIPsAssociationTestJSON-118195450-project] IoOpsWeigher: normalized weights {('n-h2-815324-15', 'n-h2-815324-15'): 1.0, ('n-h1-815324-15', 'n-h1-815324-15'): 0.3333333333333333} {{(pid=109794) get_weighed_objects /opt/stack/nova/nova/weights.py:148}}
Mar 29 22:29:11.545114 n-d-815324-15 nova-scheduler[109793]: DEBUG oslo_concurrency.lockutils [None req-92765774-f480-4558-af6d-6753441aba5c tempest-ServersOnMultiNodesTest-1402405569 tempest-ServersOnMultiNodesTest-1402405569-project] Lock "99821a46-25d3-4936-a181-efb8445a96ac" "released" by "nova.context.set_target_cell..get_or_set_cached_cell_and_set_connections" :: held 0.000s {{(pid=109793) inner /usr/local/lib/python3.8/dist-packages/oslo_concurrency/lockutils.py:400}}
Mar 29 22:29:11.545308 n-d-815324-15 nova-scheduler[109794]: DEBUG nova.weights [None req-f7c03f0f-1447-4459-aa9a-6081e08ed81c tempest-FloatingIPsAssociationTestJSON-118195450 tempest-FloatingIPsAssociationTestJSON-118195450-project] IoOpsWeigher: score (multiplier * weight) {('n-h2-815324-15', 'n-h2-815324-15'): '-1.0 * 1.0', ('n-h1-815324-15', 'n-h1-815324-15'): '-1.0 * 0.3333333333333333'} {{(pid=109794) get_weighed_objects /opt/stack/nova/nova/weights.py:166}}
Mar 29 22:29:11.545989 n-d-815324-15 nova-scheduler[109794]: DEBUG nova.weights [None req-f7c03f0f-1447-4459-aa9a-6081e08ed81c tempest-FloatingIPsAssociationTestJSON-118195450 tempest-FloatingIPsAssociationTestJSON-118195450-project] BuildFailureWeigher: raw weights {('n-h2-815324-15', 'n-h2-815324-15'): 0, ('n-h1-815324-15', 'n-h1-815324-15'): 0} {{(pid=109794) get_weighed_objects /opt/stack/nova/nova/weights.py:136}}
Mar 29 22:29:11.546532 n-d-815324-15 nova-scheduler[109794]: DEBUG nova.weights [None req-f7c03f0f-1447-4459-aa9a-6081e08ed81c tempest-FloatingIPsAssociationTestJSON-118195450 tempest-FloatingIPsAssociationTestJSON-118195450-project] BuildFailureWeigher: normalized weights {('n-h2-815324-15', 'n-h2-815324-15'): 0, ('n-h1-815324-15', 'n-h1-815324-15'): 0} {{(pid=109794) get_weighed_objects /opt/stack/nova/nova/weights.py:148}}
Mar 29 22:29:11.547109 n-d-815324-15 nova-scheduler[109794]: DEBUG nova.weights [None req-f7c03f0f-1447-4459-aa9a-6081e08ed81c tempest-FloatingIPsAssociationTestJSON-118195450 tempest-FloatingIPsAssociationTestJSON-118195450-project] BuildFailureWeigher: score (multiplier * weight) {('n-h2-815324-15', 'n-h2-815324-15'): '-1000000.0 * 0', ('n-h1-815324-15', 'n-h1-815324-15'): '-1000000.0 * 0'} {{(pid=109794) get_weighed_objects /opt/stack/nova/nova/weights.py:166}}
Mar 29 22:29:11.548832 n-d-815324-15 nova-scheduler[109794]: DEBUG nova.scheduler.manager [None req-f7c03f0f-1447-4459-aa9a-6081e08ed81c tempest-FloatingIPsAssociationTestJSON-118195450 tempest-FloatingIPsAssociationTestJSON-118195450-project] Weighed [WeighedHost [host: (n-h1-815324-15, n-h1-815324-15) ram: 12799MB disk: 63488MB io_ops: 1 instances: 3, weight: 2.6666666666666665], WeighedHost [host: (n-h2-815324-15, n-h2-815324-15) ram: 8703MB disk: 62464MB io_ops: 3 instances: 5, weight: 1.6208352131004857]] {{(pid=109794) _get_sorted_hosts /opt/stack/nova/nova/scheduler/manager.py:632}}
Mar 29 22:29:11.549473 n-d-815324-15 nova-scheduler[109794]: DEBUG nova.scheduler.utils [None req-f7c03f0f-1447-4459-aa9a-6081e08ed81c tempest-FloatingIPsAssociationTestJSON-118195450 tempest-FloatingIPsAssociationTestJSON-118195450-project] Attempting to claim resources in the placement API for instance 71e0d630-bc43-4406-91bc-a6b541ce9f58 {{(pid=109794) claim_resources /opt/stack/nova/nova/scheduler/utils.py:1253}}
Mar 29 22:29:11.558157 n-d-815324-15 nova-scheduler[109793]: DEBUG oslo_concurrency.lockutils [None req-92765774-f480-4558-af6d-6753441aba5c tempest-ServersOnMultiNodesTest-1402405569 tempest-ServersOnMultiNodesTest-1402405569-project] Lock "('n-h1-815324-15', 'n-h1-815324-15')" acquired by "nova.scheduler.host_manager.HostState.update.._locked_update" :: waited 0.000s {{(pid=109793) inner /usr/local/lib/python3.8/dist-packages/oslo_concurrency/lockutils.py:386}}
Mar 29 22:29:11.558943 n-d-815324-15 nova-scheduler[109793]: DEBUG nova.scheduler.host_manager [None req-92765774-f480-4558-af6d-6753441aba5c tempest-ServersOnMultiNodesTest-1402405569 tempest-ServersOnMultiNodesTest-1402405569-project] Update host state from compute node: ComputeNode(cpu_allocation_ratio=16.0,cpu_info='{"arch": "x86_64", "model": "Intel(R) Xeon(R) CPU E5-2430L 0 @ 2.00GHz", "vendor": "GenuineIntel", "topology": {"sockets": 1, "cores": 6, "threads": 1}, "features": ["mmx", "sse", "rdtsc", "pae", "sse2", "nx", "sse3", "xsave"]}',created_at=2022-03-29T22:24:48Z,current_workload=1,deleted=False,deleted_at=None,disk_allocation_ratio=1.0,disk_available_least=62,free_disk_gb=76,free_ram_mb=12799,host='n-h1-815324-15',host_ip=10.222.0.45,hypervisor_hostname='n-h1-815324-15',hypervisor_type='hyperv',hypervisor_version=10000,id=1,local_gb=79,local_gb_used=3,mapped=1,memory_mb=16383,memory_mb_used=3584,metrics='[]',numa_topology='{"nova_object.name": "NUMATopology", "nova_object.namespace": "nova", "nova_object.version": "1.2", "nova_object.data": {"cells": [{"nova_object.name": "NUMACell", "nova_object.namespace": "nova", "nova_object.version": "1.5", "nova_object.data": {"id": 0, "cpuset": [0, 1, 2, 3, 4, 5], "memory": 16383, "cpu_usage": 0, "memory_usage": 10702, "pinned_cpus": [], "siblings": [], "mempages": []}, "nova_object.changes": ["siblings", "cpuset", "memory_usage", "mempages", "pinned_cpus", "cpu_usage", "id", "memory"]}]}, "nova_object.changes": ["cells"]}',pci_device_pools=PciDevicePoolList,ram_allocation_ratio=1.5,running_vms=3,service_id=None,stats={failed_builds='0',io_workload='1',num_instances='3',num_os_type_None='3',num_proj_26ea182b176b4386affd3b6e8ee984b1='1',num_proj_b05452ea065843898aa89dc7eda5b9ca='2',num_task_None='2',num_task_spawning='1',num_vm_active='2',num_vm_building='1'},supported_hv_specs=[HVSpec,HVSpec],updated_at=2022-03-29T22:29:07Z,uuid=5091e837-3423-4123-b907-b18c5e36eb1f,vcpus=6,vcpus_used=3) {{(pid=109793) _locked_update /opt/stack/nova/nova/scheduler/host_manager.py:167}}
Mar 29 22:29:11.559759 n-d-815324-15 nova-scheduler[109793]: DEBUG nova.scheduler.host_manager [None req-92765774-f480-4558-af6d-6753441aba5c tempest-ServersOnMultiNodesTest-1402405569 tempest-ServersOnMultiNodesTest-1402405569-project] Update host state with aggregates: [] {{(pid=109793) _locked_update /opt/stack/nova/nova/scheduler/host_manager.py:170}}
Mar 29 22:29:11.561711 n-d-815324-15 nova-scheduler[109793]: DEBUG nova.scheduler.host_manager [None req-92765774-f480-4558-af6d-6753441aba5c tempest-ServersOnMultiNodesTest-1402405569 tempest-ServersOnMultiNodesTest-1402405569-project] Update host state with service dict: {'id': 3, 'uuid': '247304f3-9adf-433e-98f8-fde2964acea6', 'host': 'n-h1-815324-15', 'binary': 'nova-compute', 'topic': 'compute', 'report_count': 26, 'disabled': False, 'disabled_reason': None, 'last_seen_up': datetime.datetime(2022, 3, 29, 22, 29, 6, tzinfo=datetime.timezone.utc), 'forced_down': False, 'version': 61, 'created_at': datetime.datetime(2022, 3, 29, 22, 24, 47, tzinfo=datetime.timezone.utc), 'updated_at': datetime.datetime(2022, 3, 29, 22, 29, 6, tzinfo=datetime.timezone.utc), 'deleted_at': None, 'deleted': False} {{(pid=109793) _locked_update /opt/stack/nova/nova/scheduler/host_manager.py:173}}
Mar 29 22:29:11.562756 n-d-815324-15 nova-scheduler[109793]: DEBUG nova.scheduler.host_manager [None req-92765774-f480-4558-af6d-6753441aba5c tempest-ServersOnMultiNodesTest-1402405569 tempest-ServersOnMultiNodesTest-1402405569-project] Update host state with instances: ['0a69a3ce-1c8a-4ea3-bbc9-6a3a18e79590', 'bb8f48fb-c256-4f3b-accc-c1dbcfe3cf27', '5d048b36-e5db-4fe2-9bb6-298c5081b1e5'] {{(pid=109793) _locked_update /opt/stack/nova/nova/scheduler/host_manager.py:176}}
Mar 29 22:29:11.565180 n-d-815324-15 nova-scheduler[109793]: DEBUG oslo_concurrency.lockutils [None req-92765774-f480-4558-af6d-6753441aba5c tempest-ServersOnMultiNodesTest-1402405569 tempest-ServersOnMultiNodesTest-1402405569-project] Lock "('n-h1-815324-15', 'n-h1-815324-15')" "released" by "nova.scheduler.host_manager.HostState.update.._locked_update" :: held 0.006s {{(pid=109793) inner /usr/local/lib/python3.8/dist-packages/oslo_concurrency/lockutils.py:400}}
Mar 29 22:29:11.565845 n-d-815324-15 nova-scheduler[109793]: DEBUG nova.filters [None req-92765774-f480-4558-af6d-6753441aba5c tempest-ServersOnMultiNodesTest-1402405569 tempest-ServersOnMultiNodesTest-1402405569-project] Starting with 2 host(s) {{(pid=109793) get_filtered_objects /opt/stack/nova/nova/filters.py:70}}
Mar 29 22:29:11.566466 n-d-815324-15 nova-scheduler[109793]: DEBUG nova.filters [None req-92765774-f480-4558-af6d-6753441aba5c tempest-ServersOnMultiNodesTest-1402405569 tempest-ServersOnMultiNodesTest-1402405569-project] Filter AvailabilityZoneFilter returned 2 host(s) {{(pid=109793) get_filtered_objects /opt/stack/nova/nova/filters.py:102}}
Mar 29 22:29:11.568630 n-d-815324-15 nova-scheduler[109793]: DEBUG nova.filters [None req-92765774-f480-4558-af6d-6753441aba5c tempest-ServersOnMultiNodesTest-1402405569 tempest-ServersOnMultiNodesTest-1402405569-project] Filter ComputeFilter returned 2 host(s) {{(pid=109793) get_filtered_objects /opt/stack/nova/nova/filters.py:102}}
Mar 29 22:29:11.569106 n-d-815324-15 nova-scheduler[109793]: DEBUG nova.filters [None req-92765774-f480-4558-af6d-6753441aba5c tempest-ServersOnMultiNodesTest-1402405569 tempest-ServersOnMultiNodesTest-1402405569-project] Filter ComputeCapabilitiesFilter returned 2 host(s) {{(pid=109793) get_filtered_objects /opt/stack/nova/nova/filters.py:102}}
Mar 29 22:29:11.571995 n-d-815324-15 nova-scheduler[109793]: DEBUG nova.filters [None req-92765774-f480-4558-af6d-6753441aba5c tempest-ServersOnMultiNodesTest-1402405569 tempest-ServersOnMultiNodesTest-1402405569-project] Filter ImagePropertiesFilter returned 2 host(s) {{(pid=109793) get_filtered_objects /opt/stack/nova/nova/filters.py:102}}
Mar 29 22:29:11.572471 n-d-815324-15 nova-scheduler[109793]: DEBUG nova.filters [None req-92765774-f480-4558-af6d-6753441aba5c tempest-ServersOnMultiNodesTest-1402405569 tempest-ServersOnMultiNodesTest-1402405569-project] Filter ServerGroupAntiAffinityFilter returned 2 host(s) {{(pid=109793) get_filtered_objects /opt/stack/nova/nova/filters.py:102}}
Mar 29 22:29:11.575580 n-d-815324-15 nova-scheduler[109793]: DEBUG nova.filters [None req-92765774-f480-4558-af6d-6753441aba5c tempest-ServersOnMultiNodesTest-1402405569 tempest-ServersOnMultiNodesTest-1402405569-project] Filter ServerGroupAffinityFilter returned 2 host(s) {{(pid=109793) get_filtered_objects /opt/stack/nova/nova/filters.py:102}}
Mar 29 22:29:11.576975 n-d-815324-15 nova-scheduler[109793]: DEBUG nova.filters [None req-92765774-f480-4558-af6d-6753441aba5c tempest-ServersOnMultiNodesTest-1402405569 tempest-ServersOnMultiNodesTest-1402405569-project] Filter SameHostFilter returned 2 host(s) {{(pid=109793) get_filtered_objects /opt/stack/nova/nova/filters.py:102}}
Mar 29 22:29:11.576975 n-d-815324-15 nova-scheduler[109793]: DEBUG nova.filters [None req-92765774-f480-4558-af6d-6753441aba5c tempest-ServersOnMultiNodesTest-1402405569 tempest-ServersOnMultiNodesTest-1402405569-project] Filter DifferentHostFilter returned 1 host(s) {{(pid=109793) get_filtered_objects /opt/stack/nova/nova/filters.py:102}}
Mar 29 22:29:11.577581 n-d-815324-15 nova-scheduler[109793]: DEBUG nova.scheduler.manager [None req-92765774-f480-4558-af6d-6753441aba5c tempest-ServersOnMultiNodesTest-1402405569 tempest-ServersOnMultiNodesTest-1402405569-project] Filtered [(n-h2-815324-15, n-h2-815324-15) ram: 8703MB disk: 62464MB io_ops: 3 instances: 5] {{(pid=109793) _get_sorted_hosts /opt/stack/nova/nova/scheduler/manager.py:610}}
Mar 29 22:29:11.580374 n-d-815324-15 nova-scheduler[109793]: DEBUG nova.scheduler.manager [None req-92765774-f480-4558-af6d-6753441aba5c tempest-ServersOnMultiNodesTest-1402405569 tempest-ServersOnMultiNodesTest-1402405569-project] Weighed [WeighedHost [host: (n-h2-815324-15, n-h2-815324-15) ram: 8703MB disk: 62464MB io_ops: 3 instances: 5, weight: 0.0]] {{(pid=109793) _get_sorted_hosts /opt/stack/nova/nova/scheduler/manager.py:632}}
Mar 29 22:29:11.581142 n-d-815324-15 nova-scheduler[109793]: DEBUG nova.scheduler.utils [None req-92765774-f480-4558-af6d-6753441aba5c tempest-ServersOnMultiNodesTest-1402405569 tempest-ServersOnMultiNodesTest-1402405569-project] Attempting to claim resources in the placement API for instance 9ed3cb18-fbf4-4b5b-be8f-a3f696295785 {{(pid=109793) claim_resources /opt/stack/nova/nova/scheduler/utils.py:1253}}
Mar 29 22:29:11.874438 n-d-815324-15 nova-scheduler[109793]: DEBUG nova.scheduler.manager [None req-92765774-f480-4558-af6d-6753441aba5c tempest-ServersOnMultiNodesTest-1402405569 tempest-ServersOnMultiNodesTest-1402405569-project] [instance: 9ed3cb18-fbf4-4b5b-be8f-a3f696295785] Selected host: (n-h2-815324-15, n-h2-815324-15) ram: 8703MB disk: 62464MB io_ops: 3 instances: 5 {{(pid=109793) _consume_selected_host /opt/stack/nova/nova/scheduler/manager.py:513}}
Mar 29 22:29:11.875030 n-d-815324-15 nova-scheduler[109793]: DEBUG oslo_concurrency.lockutils [None req-92765774-f480-4558-af6d-6753441aba5c tempest-ServersOnMultiNodesTest-1402405569 tempest-ServersOnMultiNodesTest-1402405569-project] Lock "('n-h2-815324-15', 'n-h2-815324-15')" acquired by "nova.scheduler.host_manager.HostState.consume_from_request.._locked" :: waited 0.000s {{(pid=109793) inner /usr/local/lib/python3.8/dist-packages/oslo_concurrency/lockutils.py:386}}
Mar 29 22:29:11.875740 n-d-815324-15 nova-scheduler[109793]: DEBUG oslo_concurrency.lockutils [None req-92765774-f480-4558-af6d-6753441aba5c tempest-ServersOnMultiNodesTest-1402405569 tempest-ServersOnMultiNodesTest-1402405569-project] Lock "('n-h2-815324-15', 'n-h2-815324-15')" "released" by "nova.scheduler.host_manager.HostState.consume_from_request.._locked" :: held 0.000s {{(pid=109793) inner /usr/local/lib/python3.8/dist-packages/oslo_concurrency/lockutils.py:400}}
Mar 29 22:29:12.040435 n-d-815324-15 nova-scheduler[109794]: DEBUG nova.scheduler.manager [None req-f7c03f0f-1447-4459-aa9a-6081e08ed81c tempest-FloatingIPsAssociationTestJSON-118195450 tempest-FloatingIPsAssociationTestJSON-118195450-project] [instance: 71e0d630-bc43-4406-91bc-a6b541ce9f58] Selected host: (n-h1-815324-15, n-h1-815324-15) ram: 12799MB disk: 63488MB io_ops: 1 instances: 3 {{(pid=109794) _consume_selected_host /opt/stack/nova/nova/scheduler/manager.py:513}}
Mar 29 22:29:12.041553 n-d-815324-15 nova-scheduler[109794]: DEBUG oslo_concurrency.lockutils [None req-f7c03f0f-1447-4459-aa9a-6081e08ed81c tempest-FloatingIPsAssociationTestJSON-118195450 tempest-FloatingIPsAssociationTestJSON-118195450-project] Lock "('n-h1-815324-15', 'n-h1-815324-15')" acquired by "nova.scheduler.host_manager.HostState.consume_from_request.._locked" :: waited 0.000s {{(pid=109794) inner /usr/local/lib/python3.8/dist-packages/oslo_concurrency/lockutils.py:386}}
Mar 29 22:29:12.042196 n-d-815324-15 nova-scheduler[109794]: DEBUG oslo_concurrency.lockutils [None req-f7c03f0f-1447-4459-aa9a-6081e08ed81c tempest-FloatingIPsAssociationTestJSON-118195450 tempest-FloatingIPsAssociationTestJSON-118195450-project] Lock "('n-h1-815324-15', 'n-h1-815324-15')" "released" by "nova.scheduler.host_manager.HostState.consume_from_request.._locked" :: held 0.001s {{(pid=109794) inner /usr/local/lib/python3.8/dist-packages/oslo_concurrency/lockutils.py:400}}
Mar 29 22:29:32.488255 n-d-815324-15 nova-scheduler[109793]: DEBUG nova.scheduler.manager [None req-4609c9d2-a92c-4240-aed3-9e0309bf87c3 tempest-ServersOnMultiNodesTest-1402405569 tempest-ServersOnMultiNodesTest-1402405569-project] Starting to schedule for instances: ['a1de9ffa-95f9-48de-98fd-e6bd8f841f6e'] {{(pid=109793) select_destinations /opt/stack/nova/nova/scheduler/manager.py:141}}
Mar 29 22:29:32.488845 n-d-815324-15 nova-scheduler[109793]: DEBUG nova.scheduler.request_filter [None req-4609c9d2-a92c-4240-aed3-9e0309bf87c3 tempest-ServersOnMultiNodesTest-1402405569 tempest-ServersOnMultiNodesTest-1402405569-project] compute_status_filter request filter added forbidden trait COMPUTE_STATUS_DISABLED {{(pid=109793) compute_status_filter /opt/stack/nova/nova/scheduler/request_filter.py:254}}
Mar 29 22:29:32.489224 n-d-815324-15 nova-scheduler[109793]: DEBUG nova.scheduler.request_filter [None req-4609c9d2-a92c-4240-aed3-9e0309bf87c3 tempest-ServersOnMultiNodesTest-1402405569 tempest-ServersOnMultiNodesTest-1402405569-project] Request filter 'compute_status_filter' took 0.0 seconds {{(pid=109793) wrapper /opt/stack/nova/nova/scheduler/request_filter.py:46}}
Mar 29 22:29:32.489653 n-d-815324-15 nova-scheduler[109793]: DEBUG nova.scheduler.request_filter [None req-4609c9d2-a92c-4240-aed3-9e0309bf87c3 tempest-ServersOnMultiNodesTest-1402405569 tempest-ServersOnMultiNodesTest-1402405569-project] Request filter 'accelerators_filter' took 0.0 seconds {{(pid=109793) wrapper /opt/stack/nova/nova/scheduler/request_filter.py:46}}
Mar 29 22:29:32.490120 n-d-815324-15 nova-scheduler[109793]: DEBUG nova.scheduler.request_filter [None req-4609c9d2-a92c-4240-aed3-9e0309bf87c3 tempest-ServersOnMultiNodesTest-1402405569 tempest-ServersOnMultiNodesTest-1402405569-project] Request filter 'remote_managed_ports_filter' took 0.0 seconds {{(pid=109793) wrapper /opt/stack/nova/nova/scheduler/request_filter.py:46}}
Mar 29 22:29:32.667920 n-d-815324-15 nova-scheduler[109793]: DEBUG oslo_concurrency.lockutils [None req-4609c9d2-a92c-4240-aed3-9e0309bf87c3 tempest-ServersOnMultiNodesTest-1402405569 tempest-ServersOnMultiNodesTest-1402405569-project] Lock "99821a46-25d3-4936-a181-efb8445a96ac" acquired by "nova.context.set_target_cell..get_or_set_cached_cell_and_set_connections" :: waited 0.000s {{(pid=109793) inner /usr/local/lib/python3.8/dist-packages/oslo_concurrency/lockutils.py:386}}
Mar 29 22:29:32.667920 n-d-815324-15 nova-scheduler[109793]: DEBUG oslo_concurrency.lockutils [None req-4609c9d2-a92c-4240-aed3-9e0309bf87c3 tempest-ServersOnMultiNodesTest-1402405569 tempest-ServersOnMultiNodesTest-1402405569-project] Lock "99821a46-25d3-4936-a181-efb8445a96ac" "released" by "nova.context.set_target_cell..get_or_set_cached_cell_and_set_connections" :: held 0.001s {{(pid=109793) inner /usr/local/lib/python3.8/dist-packages/oslo_concurrency/lockutils.py:400}}
Mar 29 22:29:32.710259 n-d-815324-15 nova-scheduler[109793]: DEBUG oslo_concurrency.lockutils [None req-4609c9d2-a92c-4240-aed3-9e0309bf87c3 tempest-ServersOnMultiNodesTest-1402405569 tempest-ServersOnMultiNodesTest-1402405569-project] Lock "99821a46-25d3-4936-a181-efb8445a96ac" acquired by "nova.context.set_target_cell..get_or_set_cached_cell_and_set_connections" :: waited 0.000s {{(pid=109793) inner /usr/local/lib/python3.8/dist-packages/oslo_concurrency/lockutils.py:386}}
Mar 29 22:29:32.710719 n-d-815324-15 nova-scheduler[109793]: DEBUG oslo_concurrency.lockutils [None req-4609c9d2-a92c-4240-aed3-9e0309bf87c3 tempest-ServersOnMultiNodesTest-1402405569 tempest-ServersOnMultiNodesTest-1402405569-project] Lock "99821a46-25d3-4936-a181-efb8445a96ac" "released" by "nova.context.set_target_cell..get_or_set_cached_cell_and_set_connections" :: held 0.001s {{(pid=109793) inner /usr/local/lib/python3.8/dist-packages/oslo_concurrency/lockutils.py:400}}
Mar 29 22:29:32.736540 n-d-815324-15 nova-scheduler[109793]: DEBUG oslo_concurrency.lockutils [None req-4609c9d2-a92c-4240-aed3-9e0309bf87c3 tempest-ServersOnMultiNodesTest-1402405569 tempest-ServersOnMultiNodesTest-1402405569-project] Lock "('n-h2-815324-15', 'n-h2-815324-15')" acquired by "nova.scheduler.host_manager.HostState.update.._locked_update" :: waited 0.000s {{(pid=109793) inner /usr/local/lib/python3.8/dist-packages/oslo_concurrency/lockutils.py:386}}
Mar 29 22:29:32.742754 n-d-815324-15 nova-scheduler[109793]: DEBUG nova.scheduler.host_manager [None req-4609c9d2-a92c-4240-aed3-9e0309bf87c3 tempest-ServersOnMultiNodesTest-1402405569 tempest-ServersOnMultiNodesTest-1402405569-project] Update host state from compute node: ComputeNode(cpu_allocation_ratio=16.0,cpu_info='{"arch": "x86_64", "model": "Intel(R) Xeon(R) CPU E5-2430L 0 @ 2.00GHz", "vendor": "GenuineIntel", "topology": {"sockets": 1, "cores": 6, "threads": 1}, "features": ["mmx", "sse", "rdtsc", "pae", "sse2", "nx", "sse3", "xsave"]}',created_at=2022-03-29T22:24:50Z,current_workload=2,deleted=False,deleted_at=None,disk_allocation_ratio=1.0,disk_available_least=61,free_disk_gb=70,free_ram_mb=7679,host='n-h2-815324-15',host_ip=10.222.0.15,hypervisor_hostname='n-h2-815324-15',hypervisor_type='hyperv',hypervisor_version=10000,id=2,local_gb=79,local_gb_used=9,mapped=1,memory_mb=16383,memory_mb_used=8704,metrics='[]',numa_topology='{"nova_object.name": "NUMATopology", "nova_object.namespace": "nova", "nova_object.version": "1.2", "nova_object.data": {"cells": [{"nova_object.name": "NUMACell", "nova_object.namespace": "nova", "nova_object.version": "1.5", "nova_object.data": {"id": 0, "cpuset": [0, 1, 2, 3, 4, 5], "memory": 16383, "cpu_usage": 0, "memory_usage": 9550, "pinned_cpus": [], "siblings": [], "mempages": []}, "nova_object.changes": ["mempages", "siblings", "memory_usage", "cpu_usage", "cpuset", "pinned_cpus", "id", "memory"]}]}, "nova_object.changes": ["cells"]}',pci_device_pools=PciDevicePoolList,ram_allocation_ratio=1.5,running_vms=6,service_id=None,stats={failed_builds='0',io_workload='4',num_instances='6',num_os_type_None='6',num_proj_62e6b436ca76487cbd0d2a985c96356b='1',num_proj_afbeb3327c6e4315860629abb01462d2='1',num_proj_b05452ea065843898aa89dc7eda5b9ca='4',num_task_None='4',num_task_spawning='2',num_vm_active='2',num_vm_building='4'},supported_hv_specs=[HVSpec,HVSpec],updated_at=2022-03-29T22:29:14Z,uuid=433b89ec-4930-4f63-b1a1-c6bfb249a7df,vcpus=6,vcpus_used=8) {{(pid=109793) _locked_update /opt/stack/nova/nova/scheduler/host_manager.py:167}}
Mar 29 22:29:32.755605 n-d-815324-15 nova-scheduler[109793]: DEBUG nova.scheduler.host_manager [None req-4609c9d2-a92c-4240-aed3-9e0309bf87c3 tempest-ServersOnMultiNodesTest-1402405569 tempest-ServersOnMultiNodesTest-1402405569-project] Update host state with aggregates: [] {{(pid=109793) _locked_update /opt/stack/nova/nova/scheduler/host_manager.py:170}}
Mar 29 22:29:32.756461 n-d-815324-15 nova-scheduler[109793]: DEBUG nova.scheduler.host_manager [None req-4609c9d2-a92c-4240-aed3-9e0309bf87c3 tempest-ServersOnMultiNodesTest-1402405569 tempest-ServersOnMultiNodesTest-1402405569-project] Update host state with service dict: {'id': 4, 'uuid': '2a4e646f-6e67-4ac3-bad4-b451c7cfe34c', 'host': 'n-h2-815324-15', 'binary': 'nova-compute', 'topic': 'compute', 'report_count': 28, 'disabled': False, 'disabled_reason': None, 'last_seen_up': datetime.datetime(2022, 3, 29, 22, 29, 28, tzinfo=datetime.timezone.utc), 'forced_down': False, 'version': 61, 'created_at': datetime.datetime(2022, 3, 29, 22, 24, 48, tzinfo=datetime.timezone.utc), 'updated_at': datetime.datetime(2022, 3, 29, 22, 29, 28, tzinfo=datetime.timezone.utc), 'deleted_at': None, 'deleted': False} {{(pid=109793) _locked_update /opt/stack/nova/nova/scheduler/host_manager.py:173}}
Mar 29 22:29:32.757118 n-d-815324-15 nova-scheduler[109793]: DEBUG nova.scheduler.host_manager [None req-4609c9d2-a92c-4240-aed3-9e0309bf87c3 tempest-ServersOnMultiNodesTest-1402405569 tempest-ServersOnMultiNodesTest-1402405569-project] Update host state with instances: ['7ad0185f-f083-4858-a039-1d1325990d94', 'a9583cb3-5941-4313-baf6-049c6ac716d6', '75d8cb8c-56df-4b73-bbd1-a91f948d25df', '01c1b386-0d24-414e-9ca1-624b4d9b3397', 'f70e095d-2745-4cec-a40a-4372986c2631', 'ec54b4f5-4f59-487c-82f2-2d1c5ba9edec', 'e9b35c6c-21c1-4d43-af64-bf73c03ab64a', '9ed3cb18-fbf4-4b5b-be8f-a3f696295785'] {{(pid=109793) _locked_update /opt/stack/nova/nova/scheduler/host_manager.py:176}}
Mar 29 22:29:32.757885 n-d-815324-15 nova-scheduler[109793]: DEBUG oslo_concurrency.lockutils [None req-4609c9d2-a92c-4240-aed3-9e0309bf87c3 tempest-ServersOnMultiNodesTest-1402405569 tempest-ServersOnMultiNodesTest-1402405569-project] Lock "('n-h2-815324-15', 'n-h2-815324-15')" "released" by "nova.scheduler.host_manager.HostState.update.._locked_update" :: held 0.022s {{(pid=109793) inner /usr/local/lib/python3.8/dist-packages/oslo_concurrency/lockutils.py:400}}
Mar 29 22:29:32.758972 n-d-815324-15 nova-scheduler[109793]: DEBUG oslo_concurrency.lockutils [None req-4609c9d2-a92c-4240-aed3-9e0309bf87c3 tempest-ServersOnMultiNodesTest-1402405569 tempest-ServersOnMultiNodesTest-1402405569-project] Lock "99821a46-25d3-4936-a181-efb8445a96ac" acquired by "nova.context.set_target_cell..get_or_set_cached_cell_and_set_connections" :: waited 0.000s {{(pid=109793) inner /usr/local/lib/python3.8/dist-packages/oslo_concurrency/lockutils.py:386}}
Mar 29 22:29:32.759589 n-d-815324-15 nova-scheduler[109793]: DEBUG oslo_concurrency.lockutils [None req-4609c9d2-a92c-4240-aed3-9e0309bf87c3 tempest-ServersOnMultiNodesTest-1402405569 tempest-ServersOnMultiNodesTest-1402405569-project] Lock "99821a46-25d3-4936-a181-efb8445a96ac" "released" by "nova.context.set_target_cell..get_or_set_cached_cell_and_set_connections" :: held 0.001s {{(pid=109793) inner /usr/local/lib/python3.8/dist-packages/oslo_concurrency/lockutils.py:400}}
Mar 29 22:29:32.768886 n-d-815324-15 nova-scheduler[109793]: DEBUG oslo_concurrency.lockutils [None req-4609c9d2-a92c-4240-aed3-9e0309bf87c3 tempest-ServersOnMultiNodesTest-1402405569 tempest-ServersOnMultiNodesTest-1402405569-project] Lock "('n-h1-815324-15', 'n-h1-815324-15')" acquired by "nova.scheduler.host_manager.HostState.update.._locked_update" :: waited 0.000s {{(pid=109793) inner /usr/local/lib/python3.8/dist-packages/oslo_concurrency/lockutils.py:386}}
Mar 29 22:29:32.771971 n-d-815324-15 nova-scheduler[109793]: DEBUG nova.scheduler.host_manager [None req-4609c9d2-a92c-4240-aed3-9e0309bf87c3 tempest-ServersOnMultiNodesTest-1402405569 tempest-ServersOnMultiNodesTest-1402405569-project] Update host state from compute node: ComputeNode(cpu_allocation_ratio=16.0,cpu_info='{"arch": "x86_64", "model": "Intel(R) Xeon(R) CPU E5-2430L 0 @ 2.00GHz", "vendor": "GenuineIntel", "topology": {"sockets": 1, "cores": 6, "threads": 1}, "features": ["mmx", "sse", "rdtsc", "pae", "sse2", "nx", "sse3", "xsave"]}',created_at=2022-03-29T22:24:48Z,current_workload=1,deleted=False,deleted_at=None,disk_allocation_ratio=1.0,disk_available_least=62,free_disk_gb=74,free_ram_mb=10751,host='n-h1-815324-15',host_ip=10.222.0.45,hypervisor_hostname='n-h1-815324-15',hypervisor_type='hyperv',hypervisor_version=10000,id=1,local_gb=79,local_gb_used=5,mapped=1,memory_mb=16383,memory_mb_used=5632,metrics='[]',numa_topology='{"nova_object.name": "NUMATopology", "nova_object.namespace": "nova", "nova_object.version": "1.2", "nova_object.data": {"cells": [{"nova_object.name": "NUMACell", "nova_object.namespace": "nova", "nova_object.version": "1.5", "nova_object.data": {"id": 0, "cpuset": [0, 1, 2, 3, 4, 5], "memory": 16383, "cpu_usage": 0, "memory_usage": 10702, "pinned_cpus": [], "siblings": [], "mempages": []}, "nova_object.changes": ["siblings", "cpuset", "memory_usage", "mempages", "pinned_cpus", "cpu_usage", "id", "memory"]}]}, "nova_object.changes": ["cells"]}',pci_device_pools=PciDevicePoolList,ram_allocation_ratio=1.5,running_vms=5,service_id=None,stats={failed_builds='0',io_workload='3',num_instances='5',num_os_type_None='5',num_proj_1d8ecc5fe334432ba5b5b1bdca31d3a4='1',num_proj_26ea182b176b4386affd3b6e8ee984b1='1',num_proj_92624f483ffc4b3e91ad72652b46eded='1',num_proj_b05452ea065843898aa89dc7eda5b9ca='2',num_task_None='4',num_task_spawning='1',num_vm_active='2',num_vm_building='3'},supported_hv_specs=[HVSpec,HVSpec],updated_at=2022-03-29T22:29:14Z,uuid=5091e837-3423-4123-b907-b18c5e36eb1f,vcpus=6,vcpus_used=5) {{(pid=109793) _locked_update /opt/stack/nova/nova/scheduler/host_manager.py:167}}
Mar 29 22:29:32.783755 n-d-815324-15 nova-scheduler[109793]: DEBUG nova.scheduler.host_manager [None req-4609c9d2-a92c-4240-aed3-9e0309bf87c3 tempest-ServersOnMultiNodesTest-1402405569 tempest-ServersOnMultiNodesTest-1402405569-project] Update host state with aggregates: [] {{(pid=109793) _locked_update /opt/stack/nova/nova/scheduler/host_manager.py:170}}
Mar 29 22:29:32.785379 n-d-815324-15 nova-scheduler[109793]: DEBUG nova.scheduler.host_manager [None req-4609c9d2-a92c-4240-aed3-9e0309bf87c3 tempest-ServersOnMultiNodesTest-1402405569 tempest-ServersOnMultiNodesTest-1402405569-project] Update host state with service dict: {'id': 3, 'uuid': '247304f3-9adf-433e-98f8-fde2964acea6', 'host': 'n-h1-815324-15', 'binary': 'nova-compute', 'topic': 'compute', 'report_count': 28, 'disabled': False, 'disabled_reason': None, 'last_seen_up': datetime.datetime(2022, 3, 29, 22, 29, 26, tzinfo=datetime.timezone.utc), 'forced_down': False, 'version': 61, 'created_at': datetime.datetime(2022, 3, 29, 22, 24, 47, tzinfo=datetime.timezone.utc), 'updated_at': datetime.datetime(2022, 3, 29, 22, 29, 26, tzinfo=datetime.timezone.utc), 'deleted_at': None, 'deleted': False} {{(pid=109793) _locked_update /opt/stack/nova/nova/scheduler/host_manager.py:173}}
Mar 29 22:29:32.786308 n-d-815324-15 nova-scheduler[109793]: DEBUG nova.scheduler.host_manager [None req-4609c9d2-a92c-4240-aed3-9e0309bf87c3 tempest-ServersOnMultiNodesTest-1402405569 tempest-ServersOnMultiNodesTest-1402405569-project] Update host state with instances: ['0a69a3ce-1c8a-4ea3-bbc9-6a3a18e79590', 'bb8f48fb-c256-4f3b-accc-c1dbcfe3cf27', '5d048b36-e5db-4fe2-9bb6-298c5081b1e5', '9c61b73b-26a6-44fe-9065-95a92311e6d8', '71e0d630-bc43-4406-91bc-a6b541ce9f58'] {{(pid=109793) _locked_update /opt/stack/nova/nova/scheduler/host_manager.py:176}}
Mar 29 22:29:32.787512 n-d-815324-15 nova-scheduler[109793]: DEBUG oslo_concurrency.lockutils [None req-4609c9d2-a92c-4240-aed3-9e0309bf87c3 tempest-ServersOnMultiNodesTest-1402405569 tempest-ServersOnMultiNodesTest-1402405569-project] Lock "('n-h1-815324-15', 'n-h1-815324-15')" "released" by "nova.scheduler.host_manager.HostState.update.._locked_update" :: held 0.019s {{(pid=109793) inner /usr/local/lib/python3.8/dist-packages/oslo_concurrency/lockutils.py:400}}
Mar 29 22:29:32.788245 n-d-815324-15 nova-scheduler[109793]: DEBUG nova.filters [None req-4609c9d2-a92c-4240-aed3-9e0309bf87c3 tempest-ServersOnMultiNodesTest-1402405569 tempest-ServersOnMultiNodesTest-1402405569-project] Starting with 2 host(s) {{(pid=109793) get_filtered_objects /opt/stack/nova/nova/filters.py:70}}
