Oct 21 15:54:10.464634 n-d-815017-2 devstack@placement-api.service[107494]: DEBUG placement.objects.research_context [req-6bb19319-83cb-4371-b796-3e8529832c69 req-f6890fef-1801-4cb9-b4f5-f6279a40310e service placement] found 2 providers after filtering by previous result {{(pid=107494) get_provider_ids_matching /opt/stack/placement/placement/objects/research_context.py:580}}
Oct 21 15:54:10.493620 n-d-815017-2 devstack@placement-api.service[107494]: DEBUG placement.objects.allocation_candidate [req-6bb19319-83cb-4371-b796-3e8529832c69 req-f6890fef-1801-4cb9-b4f5-f6279a40310e service placement] RequestGroup(use_same_provider=False, resources={DISK_GB:1, MEMORY_MB:1024, VCPU:1}, traits=[], aggregates=[]) (suffix '') returned 2 matches {{(pid=107494) _get_by_requests /opt/stack/placement/placement/objects/allocation_candidate.py:145}}
Oct 21 15:54:10.494332 n-d-815017-2 devstack@placement-api.service[107494]: DEBUG placement.objects.allocation_candidate [req-6bb19319-83cb-4371-b796-3e8529832c69 req-f6890fef-1801-4cb9-b4f5-f6279a40310e service placement] Merging candidates yields 2 allocation requests and 2 provider summaries {{(pid=107494) _merge_candidates /opt/stack/placement/placement/objects/allocation_candidate.py:783}}
Oct 21 15:54:10.497303 n-d-815017-2 devstack@placement-api.service[107494]: INFO placement.requestlog [req-6bb19319-83cb-4371-b796-3e8529832c69 req-f6890fef-1801-4cb9-b4f5-f6279a40310e service placement] 10.222.0.53 "GET /placement/allocation_candidates?limit=1000&resources=DISK_GB%3A1%2CMEMORY_MB%3A1024%2CVCPU%3A1&root_required=%21COMPUTE_STATUS_DISABLED" status: 200 len: 1309 microversion: 1.36
Oct 21 15:54:10.498555 n-d-815017-2 devstack@placement-api.service[107494]: [pid: 107494|app: 0|req: 45/92] 10.222.0.53 () {60 vars in 1506 bytes} [Thu Oct 21 15:54:10 2021] GET /placement/allocation_candidates?limit=1000&resources=DISK_GB%3A1%2CMEMORY_MB%3A1024%2CVCPU%3A1&root_required=%21COMPUTE_STATUS_DISABLED => generated 1309 bytes in 145 msecs (HTTP/1.1 200) 8 headers in 297 bytes (1 switches on core 0)
Oct 21 15:54:10.592940 n-d-815017-2 devstack@placement-api.service[107495]: DEBUG placement.requestlog [req-6bb19319-83cb-4371-b796-3e8529832c69 req-d2c465a7-20a4-4094-89bb-1b3190547af7 None None] Starting request: 10.222.0.53 "GET /placement/allocations/40113024-de2b-47a4-825b-05d6009ee291" {{(pid=107495) __call__ /opt/stack/placement/placement/requestlog.py:55}}
Oct 21 15:54:10.607804 n-d-815017-2 devstack@placement-api.service[107495]: INFO placement.requestlog [req-6bb19319-83cb-4371-b796-3e8529832c69 req-d2c465a7-20a4-4094-89bb-1b3190547af7 service placement] 10.222.0.53 "GET /placement/allocations/40113024-de2b-47a4-825b-05d6009ee291" status: 200 len: 19 microversion: 1.28
Oct 21 15:54:10.611275 n-d-815017-2 devstack@placement-api.service[107495]: [pid: 107495|app: 0|req: 48/93] 10.222.0.53 () {60 vars in 1380 bytes} [Thu Oct 21 15:54:10 2021] GET /placement/allocations/40113024-de2b-47a4-825b-05d6009ee291 => generated 19 bytes in 18 msecs (HTTP/1.1 200) 8 headers in 295 bytes (1 switches on core 0)
Oct 21 15:54:10.619611 n-d-815017-2 devstack@placement-api.service[107494]: DEBUG placement.requestlog [req-6bb19319-83cb-4371-b796-3e8529832c69 req-627b459b-7a09-4b8f-8277-1e98d828b5d6 None None] Starting request: 10.222.0.53 "PUT /placement/allocations/40113024-de2b-47a4-825b-05d6009ee291" {{(pid=107494) __call__ /opt/stack/placement/placement/requestlog.py:55}}
Oct 21 15:54:10.762620 n-d-815017-2 devstack@placement-api.service[107494]: DEBUG placement.handlers.allocation [req-6bb19319-83cb-4371-b796-3e8529832c69 req-627b459b-7a09-4b8f-8277-1e98d828b5d6 service placement] Successfully wrote allocations [, , ] {{(pid=107494) _update_consumers_and_create_allocations /opt/stack/placement/placement/handlers/allocation.py:462}}
Oct 21 15:54:10.779061 n-d-815017-2 devstack@placement-api.service[107494]: INFO placement.requestlog [req-6bb19319-83cb-4371-b796-3e8529832c69 req-627b459b-7a09-4b8f-8277-1e98d828b5d6 service placement] 10.222.0.53 "PUT /placement/allocations/40113024-de2b-47a4-825b-05d6009ee291" status: 204 len: 0 microversion: 1.36
Oct 21 15:54:10.779801 n-d-815017-2 devstack@placement-api.service[107494]: [pid: 107494|app: 0|req: 46/94] 10.222.0.53 () {64 vars in 1433 bytes} [Thu Oct 21 15:54:10 2021] PUT /placement/allocations/40113024-de2b-47a4-825b-05d6009ee291 => generated 0 bytes in 161 msecs (HTTP/1.1 204) 5 headers in 199 bytes (1 switches on core 0)
Oct 21 15:54:10.887831 n-d-815017-2 devstack@placement-api.service[107495]: DEBUG placement.requestlog [req-f1bdf253-2609-40c4-8eb4-730d65e03215 req-5ff455a7-25e6-4a02-8de3-3c3acceccfe0 None None] Starting request: 10.222.0.26 "GET /placement/resource_providers/98f05d7b-b236-4f81-ae47-41c11bb73794/allocations" {{(pid=107495) __call__ /opt/stack/placement/placement/requestlog.py:55}}
Oct 21 15:54:10.918557 n-d-815017-2 devstack@placement-api.service[107495]: INFO placement.requestlog [req-f1bdf253-2609-40c4-8eb4-730d65e03215 req-5ff455a7-25e6-4a02-8de3-3c3acceccfe0 service placement] 10.222.0.26 "GET /placement/resource_providers/98f05d7b-b236-4f81-ae47-41c11bb73794/allocations" status: 200 len: 356 microversion: 1.0
Oct 21 15:54:10.920034 n-d-815017-2 devstack@placement-api.service[107495]: [pid: 107495|app: 0|req: 49/95] 10.222.0.26 () {58 vars in 1390 bytes} [Thu Oct 21 15:54:10 2021] GET /placement/resource_providers/98f05d7b-b236-4f81-ae47-41c11bb73794/allocations => generated 356 bytes in 32 msecs (HTTP/1.1 200) 6 headers in 224 bytes (1 switches on core 0)
Oct 21 15:54:11.442560 n-d-815017-2 devstack@placement-api.service[107495]: DEBUG placement.requestlog [req-c49a10ef-0e50-465d-bcac-86b52b4f2cea req-a42b31d2-5fc8-404d-8b9c-22cb7083eadb None None] Starting request: 10.222.0.39 "GET /placement/resource_providers/98d6ae9a-4425-4ea0-a096-e9139c76be69/allocations" {{(pid=107495) __call__ /opt/stack/placement/placement/requestlog.py:55}}
Oct 21 15:54:11.443165 n-d-815017-2 devstack@placement-api.service[107494]: DEBUG placement.requestlog [req-6bb19319-83cb-4371-b796-3e8529832c69 req-d20bb8aa-5512-4f96-8724-c66499f85439 None None] Starting request: 10.222.0.39 "GET /placement/allocations/40113024-de2b-47a4-825b-05d6009ee291" {{(pid=107494) __call__ /opt/stack/placement/placement/requestlog.py:55}}
Oct 21 15:54:11.479279 n-d-815017-2 devstack@placement-api.service[107494]: INFO placement.requestlog [req-6bb19319-83cb-4371-b796-3e8529832c69 req-d20bb8aa-5512-4f96-8724-c66499f85439 service placement] 10.222.0.39 "GET /placement/allocations/40113024-de2b-47a4-825b-05d6009ee291" status: 200 len: 258 microversion: 1.28
Oct 21 15:54:11.480317 n-d-815017-2 devstack@placement-api.service[107494]: [pid: 107494|app: 0|req: 47/96] 10.222.0.39 () {60 vars in 1377 bytes} [Thu Oct 21 15:54:11 2021] GET /placement/allocations/40113024-de2b-47a4-825b-05d6009ee291 => generated 258 bytes in 39 msecs (HTTP/1.1 200) 8 headers in 296 bytes (2 switches on core 0)
Oct 21 15:54:11.486167 n-d-815017-2 devstack@placement-api.service[107495]: INFO placement.requestlog [req-c49a10ef-0e50-465d-bcac-86b52b4f2cea req-a42b31d2-5fc8-404d-8b9c-22cb7083eadb service placement] 10.222.0.39 "GET /placement/resource_providers/98d6ae9a-4425-4ea0-a096-e9139c76be69/allocations" status: 200 len: 355 microversion: 1.0
Oct 21 15:54:11.486820 n-d-815017-2 devstack@placement-api.service[107495]: [pid: 107495|app: 0|req: 50/97] 10.222.0.39 () {58 vars in 1390 bytes} [Thu Oct 21 15:54:11 2021] GET /placement/resource_providers/98d6ae9a-4425-4ea0-a096-e9139c76be69/allocations => generated 355 bytes in 44 msecs (HTTP/1.1 200) 6 headers in 224 bytes (1 switches on core 0)
Oct 21 15:54:19.365984 n-d-815017-2 devstack@placement-api.service[107494]: DEBUG placement.requestlog [req-819e5901-e90a-4918-8f76-c34a46b2b502 req-cc34dfcf-57b1-4fc8-8574-b4650d73ffb4 None None] Starting request: 10.222.0.53 "GET /placement/allocation_candidates?limit=1000&resources=DISK_GB%3A1%2CMEMORY_MB%3A1024%2CVCPU%3A1&root_required=%21COMPUTE_STATUS_DISABLED" {{(pid=107494) __call__ /opt/stack/placement/placement/requestlog.py:55}}
Oct 21 15:54:19.400728 n-d-815017-2 devstack@placement-api.service[107494]: DEBUG placement.objects.research_context [req-819e5901-e90a-4918-8f76-c34a46b2b502 req-cc34dfcf-57b1-4fc8-8574-b4650d73ffb4 service placement] getting providers with 1 DISK_GB {{(pid=107494) __init__ /opt/stack/placement/placement/objects/research_context.py:126}}
Oct 21 15:54:19.473124 n-d-815017-2 devstack@placement-api.service[107494]: DEBUG placement.objects.research_context [req-819e5901-e90a-4918-8f76-c34a46b2b502 req-cc34dfcf-57b1-4fc8-8574-b4650d73ffb4 service placement] getting providers with 1024 MEMORY_MB {{(pid=107494) __init__ /opt/stack/placement/placement/objects/research_context.py:126}}
Oct 21 15:54:19.478843 n-d-815017-2 devstack@placement-api.service[107494]: DEBUG placement.objects.research_context [req-819e5901-e90a-4918-8f76-c34a46b2b502 req-cc34dfcf-57b1-4fc8-8574-b4650d73ffb4 service placement] getting providers with 1 VCPU {{(pid=107494) __init__ /opt/stack/placement/placement/objects/research_context.py:126}}
Oct 21 15:54:19.484755 n-d-815017-2 devstack@placement-api.service[107494]: DEBUG placement.objects.research_context [req-819e5901-e90a-4918-8f76-c34a46b2b502 req-cc34dfcf-57b1-4fc8-8574-b4650d73ffb4 service placement] found 2 providers with available 1 DISK_GB {{(pid=107494) get_provider_ids_matching /opt/stack/placement/placement/objects/research_context.py:549}}
Oct 21 15:54:19.485023 n-d-815017-2 devstack@placement-api.service[107494]: DEBUG placement.objects.research_context [req-819e5901-e90a-4918-8f76-c34a46b2b502 req-cc34dfcf-57b1-4fc8-8574-b4650d73ffb4 service placement] found 2 providers with available 1024 MEMORY_MB {{(pid=107494) get_provider_ids_matching /opt/stack/placement/placement/objects/research_context.py:549}}
Oct 21 15:54:19.485358 n-d-815017-2 devstack@placement-api.service[107494]: DEBUG placement.objects.research_context [req-819e5901-e90a-4918-8f76-c34a46b2b502 req-cc34dfcf-57b1-4fc8-8574-b4650d73ffb4 service placement] found 2 providers after filtering by previous result {{(pid=107494) get_provider_ids_matching /opt/stack/placement/placement/objects/research_context.py:580}}
Oct 21 15:54:19.485612 n-d-815017-2 devstack@placement-api.service[107494]: DEBUG placement.objects.research_context [req-819e5901-e90a-4918-8f76-c34a46b2b502 req-cc34dfcf-57b1-4fc8-8574-b4650d73ffb4 service placement] found 2 providers with available 1 VCPU {{(pid=107494) get_provider_ids_matching /opt/stack/placement/placement/objects/research_context.py:549}}
Oct 21 15:54:19.485861 n-d-815017-2 devstack@placement-api.service[107494]: DEBUG placement.objects.research_context [req-819e5901-e90a-4918-8f76-c34a46b2b502 req-cc34dfcf-57b1-4fc8-8574-b4650d73ffb4 service placement] found 2 providers after filtering by previous result {{(pid=107494) get_provider_ids_matching /opt/stack/placement/placement/objects/research_context.py:580}}
Oct 21 15:54:19.497008 n-d-815017-2 devstack@placement-api.service[107494]: DEBUG placement.objects.allocation_candidate [req-819e5901-e90a-4918-8f76-c34a46b2b502 req-cc34dfcf-57b1-4fc8-8574-b4650d73ffb4 service placement] RequestGroup(use_same_provider=False, resources={DISK_GB:1, MEMORY_MB:1024, VCPU:1}, traits=[], aggregates=[]) (suffix '') returned 2 matches {{(pid=107494) _get_by_requests /opt/stack/placement/placement/objects/allocation_candidate.py:145}}
Oct 21 15:54:19.497886 n-d-815017-2 devstack@placement-api.service[107494]: DEBUG placement.objects.allocation_candidate [req-819e5901-e90a-4918-8f76-c34a46b2b502 req-cc34dfcf-57b1-4fc8-8574-b4650d73ffb4 service placement] Merging candidates yields 2 allocation requests and 2 provider summaries {{(pid=107494) _merge_candidates /opt/stack/placement/placement/objects/allocation_candidate.py:783}}
Oct 21 15:54:19.499469 n-d-815017-2 devstack@placement-api.service[107494]: INFO placement.requestlog [req-819e5901-e90a-4918-8f76-c34a46b2b502 req-cc34dfcf-57b1-4fc8-8574-b4650d73ffb4 service placement] 10.222.0.53 "GET /placement/allocation_candidates?limit=1000&resources=DISK_GB%3A1%2CMEMORY_MB%3A1024%2CVCPU%3A1&root_required=%21COMPUTE_STATUS_DISABLED" status: 200 len: 1309 microversion: 1.36
Oct 21 15:54:19.499708 n-d-815017-2 devstack@placement-api.service[107494]: [pid: 107494|app: 0|req: 48/98] 10.222.0.53 () {60 vars in 1506 bytes} [Thu Oct 21 15:54:19 2021] GET /placement/allocation_candidates?limit=1000&resources=DISK_GB%3A1%2CMEMORY_MB%3A1024%2CVCPU%3A1&root_required=%21COMPUTE_STATUS_DISABLED => generated 1309 bytes in 134 msecs (HTTP/1.1 200) 8 headers in 297 bytes (2 switches on core 0)
Oct 21 15:54:19.579029 n-d-815017-2 devstack@placement-api.service[107495]: DEBUG placement.requestlog [req-819e5901-e90a-4918-8f76-c34a46b2b502 req-c82e4a85-61d5-4854-b129-f705753fcb31 None None] Starting request: 10.222.0.53 "GET /placement/allocations/43ef46d3-a0f6-4532-939e-c49e9daa73f5" {{(pid=107495) __call__ /opt/stack/placement/placement/requestlog.py:55}}
Oct 21 15:54:19.590230 n-d-815017-2 devstack@placement-api.service[107495]: INFO placement.requestlog [req-819e5901-e90a-4918-8f76-c34a46b2b502 req-c82e4a85-61d5-4854-b129-f705753fcb31 service placement] 10.222.0.53 "GET /placement/allocations/43ef46d3-a0f6-4532-939e-c49e9daa73f5" status: 200 len: 19 microversion: 1.28
Oct 21 15:54:19.591215 n-d-815017-2 devstack@placement-api.service[107495]: [pid: 107495|app: 0|req: 51/99] 10.222.0.53 () {60 vars in 1380 bytes} [Thu Oct 21 15:54:19 2021] GET /placement/allocations/43ef46d3-a0f6-4532-939e-c49e9daa73f5 => generated 19 bytes in 12 msecs (HTTP/1.1 200) 8 headers in 295 bytes (1 switches on core 0)
Oct 21 15:54:19.597893 n-d-815017-2 devstack@placement-api.service[107494]: DEBUG placement.requestlog [req-819e5901-e90a-4918-8f76-c34a46b2b502 req-793f04aa-175d-449e-88c5-b6b25d5af8d8 None None] Starting request: 10.222.0.53 "PUT /placement/allocations/43ef46d3-a0f6-4532-939e-c49e9daa73f5" {{(pid=107494) __call__ /opt/stack/placement/placement/requestlog.py:55}}
Oct 21 15:54:19.685742 n-d-815017-2 devstack@placement-api.service[107494]: DEBUG placement.handlers.allocation [req-819e5901-e90a-4918-8f76-c34a46b2b502 req-793f04aa-175d-449e-88c5-b6b25d5af8d8 service placement] Successfully wrote allocations [, , ] {{(pid=107494) _update_consumers_and_create_allocations /opt/stack/placement/placement/handlers/allocation.py:462}}
Oct 21 15:54:19.690506 n-d-815017-2 devstack@placement-api.service[107494]: INFO placement.requestlog [req-819e5901-e90a-4918-8f76-c34a46b2b502 req-793f04aa-175d-449e-88c5-b6b25d5af8d8 service placement] 10.222.0.53 "PUT /placement/allocations/43ef46d3-a0f6-4532-939e-c49e9daa73f5" status: 204 len: 0 microversion: 1.36
Oct 21 15:54:19.691069 n-d-815017-2 devstack@placement-api.service[107494]: [pid: 107494|app: 0|req: 49/100] 10.222.0.53 () {64 vars in 1433 bytes} [Thu Oct 21 15:54:19 2021] PUT /placement/allocations/43ef46d3-a0f6-4532-939e-c49e9daa73f5 => generated 0 bytes in 93 msecs (HTTP/1.1 204) 5 headers in 199 bytes (1 switches on core 0)
Oct 21 15:54:20.051656 n-d-815017-2 devstack@placement-api.service[107495]: DEBUG placement.requestlog [req-819e5901-e90a-4918-8f76-c34a46b2b502 req-c0a9fe21-6c82-4ff9-8783-75ef841524fc None None] Starting request: 10.222.0.26 "GET /placement/allocations/43ef46d3-a0f6-4532-939e-c49e9daa73f5" {{(pid=107495) __call__ /opt/stack/placement/placement/requestlog.py:55}}
Oct 21 15:54:20.072352 n-d-815017-2 devstack@placement-api.service[107495]: INFO placement.requestlog [req-819e5901-e90a-4918-8f76-c34a46b2b502 req-c0a9fe21-6c82-4ff9-8783-75ef841524fc service placement] 10.222.0.26 "GET /placement/allocations/43ef46d3-a0f6-4532-939e-c49e9daa73f5" status: 200 len: 259 microversion: 1.28
Oct 21 15:54:20.072873 n-d-815017-2 devstack@placement-api.service[107495]: [pid: 107495|app: 0|req: 52/101] 10.222.0.26 () {60 vars in 1377 bytes} [Thu Oct 21 15:54:20 2021] GET /placement/allocations/43ef46d3-a0f6-4532-939e-c49e9daa73f5 => generated 259 bytes in 30 msecs (HTTP/1.1 200) 8 headers in 296 bytes (2 switches on core 0)
Oct 21 15:54:20.535516 n-d-815017-2 devstack@placement-api.service[107494]: DEBUG placement.requestlog [None req-092c61bd-8ded-4fef-ae93-815552b719c6 None None] Starting request: 10.222.0.53 "GET /placement/" {{(pid=107494) __call__ /opt/stack/placement/placement/requestlog.py:55}}
Oct 21 15:54:20.537881 n-d-815017-2 devstack@placement-api.service[107494]: INFO placement.requestlog [None req-092c61bd-8ded-4fef-ae93-815552b719c6 None None] 10.222.0.53 "GET /placement/" status: 200 len: 136 microversion: 1.0
Oct 21 15:54:20.539481 n-d-815017-2 devstack@placement-api.service[107494]: [pid: 107494|app: 0|req: 50/102] 10.222.0.53 () {54 vars in 907 bytes} [Thu Oct 21 15:54:20 2021] GET /placement => generated 136 bytes in 4 msecs (HTTP/1.1 200) 6 headers in 224 bytes (1 switches on core 0)
Oct 21 15:54:20.552947 n-d-815017-2 devstack@placement-api.service[107495]: DEBUG placement.requestlog [req-a5d0ca20-12d3-4926-ba7a-310cbd5fdc29 req-5fc88a4a-8e59-4016-8714-40097f44f2ef None None] Starting request: 10.222.0.53 "GET /placement/resource_providers/98d6ae9a-4425-4ea0-a096-e9139c76be69/traits" {{(pid=107495) __call__ /opt/stack/placement/placement/requestlog.py:55}}
Oct 21 15:54:20.638814 n-d-815017-2 devstack@placement-api.service[107495]: INFO placement.requestlog [req-a5d0ca20-12d3-4926-ba7a-310cbd5fdc29 req-5fc88a4a-8e59-4016-8714-40097f44f2ef service placement] 10.222.0.53 "GET /placement/resource_providers/98d6ae9a-4425-4ea0-a096-e9139c76be69/traits" status: 200 len: 211 microversion: 1.6
Oct 21 15:54:20.649760 n-d-815017-2 devstack@placement-api.service[107495]: [pid: 107495|app: 0|req: 53/103] 10.222.0.53 () {60 vars in 1412 bytes} [Thu Oct 21 15:54:20 2021] GET /placement/resource_providers/98d6ae9a-4425-4ea0-a096-e9139c76be69/traits => generated 211 bytes in 93 msecs (HTTP/1.1 200) 6 headers in 224 bytes (1 switches on core 0)
Oct 21 15:54:21.789986 n-d-815017-2 devstack@placement-api.service[107494]: DEBUG placement.requestlog [None req-5b7eddf5-57ec-489a-847d-14436963816c None None] Starting request: 10.222.0.53 "GET /placement/" {{(pid=107494) __call__ /opt/stack/placement/placement/requestlog.py:55}}
Oct 21 15:54:21.791716 n-d-815017-2 devstack@placement-api.service[107494]: INFO placement.requestlog [None req-5b7eddf5-57ec-489a-847d-14436963816c None None] 10.222.0.53 "GET /placement/" status: 200 len: 136 microversion: 1.0
Oct 21 15:54:21.791886 n-d-815017-2 devstack@placement-api.service[107494]: [pid: 107494|app: 0|req: 51/104] 10.222.0.53 () {54 vars in 916 bytes} [Thu Oct 21 15:54:21 2021] GET /placement => generated 136 bytes in 2 msecs (HTTP/1.1 200) 6 headers in 224 bytes (1 switches on core 0)
Oct 21 15:54:21.807161 n-d-815017-2 devstack@placement-api.service[107495]: DEBUG placement.requestlog [req-a5d0ca20-12d3-4926-ba7a-310cbd5fdc29 req-d2de2939-189b-4a35-ae04-d4ed999e6a68 None None] Starting request: 10.222.0.53 "GET /placement/allocations/bb7065ba-6db9-4780-a922-b6a5b17979bd" {{(pid=107495) __call__ /opt/stack/placement/placement/requestlog.py:55}}
Oct 21 15:54:22.048326 n-d-815017-2 devstack@placement-api.service[107495]: INFO placement.requestlog [req-a5d0ca20-12d3-4926-ba7a-310cbd5fdc29 req-d2de2939-189b-4a35-ae04-d4ed999e6a68 service placement] 10.222.0.53 "GET /placement/allocations/bb7065ba-6db9-4780-a922-b6a5b17979bd" status: 200 len: 258 microversion: 1.28
Oct 21 15:54:22.048856 n-d-815017-2 devstack@placement-api.service[107495]: [pid: 107495|app: 0|req: 54/105] 10.222.0.53 () {60 vars in 1380 bytes} [Thu Oct 21 15:54:21 2021] GET /placement/allocations/bb7065ba-6db9-4780-a922-b6a5b17979bd => generated 258 bytes in 242 msecs (HTTP/1.1 200) 8 headers in 296 bytes (1 switches on core 0)
Oct 21 15:54:22.057817 n-d-815017-2 devstack@placement-api.service[107494]: DEBUG placement.requestlog [req-a5d0ca20-12d3-4926-ba7a-310cbd5fdc29 req-fdd6b01b-cad5-4786-b007-42e3ff380761 None None] Starting request: 10.222.0.53 "GET /placement/allocations/bb7065ba-6db9-4780-a922-b6a5b17979bd" {{(pid=107494) __call__ /opt/stack/placement/placement/requestlog.py:55}}
Oct 21 15:54:22.108076 n-d-815017-2 devstack@placement-api.service[107494]: INFO placement.requestlog [req-a5d0ca20-12d3-4926-ba7a-310cbd5fdc29 req-fdd6b01b-cad5-4786-b007-42e3ff380761 service placement] 10.222.0.53 "GET /placement/allocations/bb7065ba-6db9-4780-a922-b6a5b17979bd" status: 200 len: 258 microversion: 1.28
Oct 21 15:54:22.115145 n-d-815017-2 devstack@placement-api.service[107495]: DEBUG placement.requestlog [req-a5d0ca20-12d3-4926-ba7a-310cbd5fdc29 req-5e76bb18-3c31-464a-82ad-6580b2e920e4 None None] Starting request: 10.222.0.53 "GET /placement/allocations/5d0f778d-7cc2-431d-88b2-f01bc9687d80" {{(pid=107495) __call__ /opt/stack/placement/placement/requestlog.py:55}}
Oct 21 15:54:22.116374 n-d-815017-2 devstack@placement-api.service[107494]: [pid: 107494|app: 0|req: 52/106] 10.222.0.53 () {60 vars in 1380 bytes} [Thu Oct 21 15:54:22 2021] GET /placement/allocations/bb7065ba-6db9-4780-a922-b6a5b17979bd => generated 258 bytes in 58 msecs (HTTP/1.1 200) 8 headers in 296 bytes (1 switches on core 0)
Oct 21 15:54:22.133901 n-d-815017-2 devstack@placement-api.service[107495]: INFO placement.requestlog [req-a5d0ca20-12d3-4926-ba7a-310cbd5fdc29 req-5e76bb18-3c31-464a-82ad-6580b2e920e4 service placement] 10.222.0.53 "GET /placement/allocations/5d0f778d-7cc2-431d-88b2-f01bc9687d80" status: 200 len: 19 microversion: 1.28
Oct 21 15:54:22.134391 n-d-815017-2 devstack@placement-api.service[107495]: [pid: 107495|app: 0|req: 55/107] 10.222.0.53 () {60 vars in 1380 bytes} [Thu Oct 21 15:54:22 2021] GET /placement/allocations/5d0f778d-7cc2-431d-88b2-f01bc9687d80 => generated 19 bytes in 20 msecs (HTTP/1.1 200) 8 headers in 295 bytes (2 switches on core 0)
Oct 21 15:54:22.141527 n-d-815017-2 devstack@placement-api.service[107494]: DEBUG placement.requestlog [req-a5d0ca20-12d3-4926-ba7a-310cbd5fdc29 req-8bde46aa-74aa-45a6-8759-0e5072e01206 None None] Starting request: 10.222.0.53 "POST /placement/allocations" {{(pid=107494) __call__ /opt/stack/placement/placement/requestlog.py:55}}
Oct 21 15:54:22.300830 n-d-815017-2 devstack@placement-api.service[107494]: DEBUG placement.handlers.allocation [req-a5d0ca20-12d3-4926-ba7a-310cbd5fdc29 req-8bde46aa-74aa-45a6-8759-0e5072e01206 service placement] Successfully wrote allocations [, , , , , ] {{(pid=107494) _update_consumers_and_create_allocations /opt/stack/placement/placement/handlers/allocation.py:572}}
Oct 21 15:54:22.306982 n-d-815017-2 devstack@placement-api.service[107494]: INFO placement.requestlog [req-a5d0ca20-12d3-4926-ba7a-310cbd5fdc29 req-8bde46aa-74aa-45a6-8759-0e5072e01206 service placement] 10.222.0.53 "POST /placement/allocations" status: 204 len: 0 microversion: 1.28
Oct 21 15:54:22.307796 n-d-815017-2 devstack@placement-api.service[107494]: [pid: 107494|app: 0|req: 53/108] 10.222.0.53 () {64 vars in 1323 bytes} [Thu Oct 21 15:54:22 2021] POST /placement/allocations => generated 0 bytes in 166 msecs (HTTP/1.1 204) 5 headers in 199 bytes (1 switches on core 0)
Oct 21 15:54:22.332451 n-d-815017-2 devstack@placement-api.service[107495]: DEBUG placement.requestlog [req-a5d0ca20-12d3-4926-ba7a-310cbd5fdc29 req-aa626211-07ac-4a39-a528-a58a8cd5150d None None] Starting request: 10.222.0.53 "GET /placement/allocation_candidates?limit=1000&resources=DISK_GB%3A1%2CMEMORY_MB%3A1024%2CVCPU%3A1&root_required=%21COMPUTE_STATUS_DISABLED" {{(pid=107495) __call__ /opt/stack/placement/placement/requestlog.py:55}}
Oct 21 15:54:22.390889 n-d-815017-2 devstack@placement-api.service[107495]: DEBUG placement.objects.research_context [req-a5d0ca20-12d3-4926-ba7a-310cbd5fdc29 req-aa626211-07ac-4a39-a528-a58a8cd5150d service placement] getting providers with 1 DISK_GB {{(pid=107495) __init__ /opt/stack/placement/placement/objects/research_context.py:126}}
Oct 21 15:54:22.412420 n-d-815017-2 devstack@placement-api.service[107495]: DEBUG placement.objects.research_context [req-a5d0ca20-12d3-4926-ba7a-310cbd5fdc29 req-aa626211-07ac-4a39-a528-a58a8cd5150d service placement] getting providers with 1024 MEMORY_MB {{(pid=107495) __init__ /opt/stack/placement/placement/objects/research_context.py:126}}
Oct 21 15:54:22.428111 n-d-815017-2 devstack@placement-api.service[107495]: DEBUG placement.objects.research_context [req-a5d0ca20-12d3-4926-ba7a-310cbd5fdc29 req-aa626211-07ac-4a39-a528-a58a8cd5150d service placement] getting providers with 1 VCPU {{(pid=107495) __init__ /opt/stack/placement/placement/objects/research_context.py:126}}
Oct 21 15:54:22.436749 n-d-815017-2 devstack@placement-api.service[107495]: DEBUG placement.objects.research_context [req-a5d0ca20-12d3-4926-ba7a-310cbd5fdc29 req-aa626211-07ac-4a39-a528-a58a8cd5150d service placement] found 2 providers with available 1 DISK_GB {{(pid=107495) get_provider_ids_matching /opt/stack/placement/placement/objects/research_context.py:549}}
Oct 21 15:54:22.438132 n-d-815017-2 devstack@placement-api.service[107495]: DEBUG placement.objects.research_context [req-a5d0ca20-12d3-4926-ba7a-310cbd5fdc29 req-aa626211-07ac-4a39-a528-a58a8cd5150d service placement] found 2 providers with available 1024 MEMORY_MB {{(pid=107495) get_provider_ids_matching /opt/stack/placement/placement/objects/research_context.py:549}}
Oct 21 15:54:22.438742 n-d-815017-2 devstack@placement-api.service[107495]: DEBUG placement.objects.research_context [req-a5d0ca20-12d3-4926-ba7a-310cbd5fdc29 req-aa626211-07ac-4a39-a528-a58a8cd5150d service placement] found 2 providers after filtering by previous result {{(pid=107495) get_provider_ids_matching /opt/stack/placement/placement/objects/research_context.py:580}}
Oct 21 15:54:22.440007 n-d-815017-2 devstack@placement-api.service[107495]: DEBUG placement.objects.research_context [req-a5d0ca20-12d3-4926-ba7a-310cbd5fdc29 req-aa626211-07ac-4a39-a528-a58a8cd5150d service placement] found 2 providers with available 1 VCPU {{(pid=107495) get_provider_ids_matching /opt/stack/placement/placement/objects/research_context.py:549}}
Oct 21 15:54:22.440524 n-d-815017-2 devstack@placement-api.service[107495]: DEBUG placement.objects.research_context [req-a5d0ca20-12d3-4926-ba7a-310cbd5fdc29 req-aa626211-07ac-4a39-a528-a58a8cd5150d service placement] found 2 providers after filtering by previous result {{(pid=107495) get_provider_ids_matching /opt/stack/placement/placement/objects/research_context.py:580}}
Oct 21 15:54:22.465384 n-d-815017-2 devstack@placement-api.service[107495]: DEBUG placement.objects.allocation_candidate [req-a5d0ca20-12d3-4926-ba7a-310cbd5fdc29 req-aa626211-07ac-4a39-a528-a58a8cd5150d service placement] RequestGroup(use_same_provider=False, resources={DISK_GB:1, MEMORY_MB:1024, VCPU:1}, traits=[], aggregates=[]) (suffix '') returned 2 matches {{(pid=107495) _get_by_requests /opt/stack/placement/placement/objects/allocation_candidate.py:145}}
Oct 21 15:54:22.466605 n-d-815017-2 devstack@placement-api.service[107495]: DEBUG placement.objects.allocation_candidate [req-a5d0ca20-12d3-4926-ba7a-310cbd5fdc29 req-aa626211-07ac-4a39-a528-a58a8cd5150d service placement] Merging candidates yields 2 allocation requests and 2 provider summaries {{(pid=107495) _merge_candidates /opt/stack/placement/placement/objects/allocation_candidate.py:783}}
Oct 21 15:54:22.470335 n-d-815017-2 devstack@placement-api.service[107495]: INFO placement.requestlog [req-a5d0ca20-12d3-4926-ba7a-310cbd5fdc29 req-aa626211-07ac-4a39-a528-a58a8cd5150d service placement] 10.222.0.53 "GET /placement/allocation_candidates?limit=1000&resources=DISK_GB%3A1%2CMEMORY_MB%3A1024%2CVCPU%3A1&root_required=%21COMPUTE_STATUS_DISABLED" status: 200 len: 1309 microversion: 1.36
Oct 21 15:54:22.471125 n-d-815017-2 devstack@placement-api.service[107495]: [pid: 107495|app: 0|req: 56/109] 10.222.0.53 () {60 vars in 1506 bytes} [Thu Oct 21 15:54:22 2021] GET /placement/allocation_candidates?limit=1000&resources=DISK_GB%3A1%2CMEMORY_MB%3A1024%2CVCPU%3A1&root_required=%21COMPUTE_STATUS_DISABLED => generated 1309 bytes in 139 msecs (HTTP/1.1 200) 8 headers in 297 bytes (1 switches on core 0)
Oct 21 15:54:22.562733 n-d-815017-2 devstack@placement-api.service[107494]: DEBUG placement.requestlog [req-a5d0ca20-12d3-4926-ba7a-310cbd5fdc29 req-f8703077-54b1-4655-9620-c311f2164274 None None] Starting request: 10.222.0.53 "GET /placement/allocations/bb7065ba-6db9-4780-a922-b6a5b17979bd" {{(pid=107494) __call__ /opt/stack/placement/placement/requestlog.py:55}}
Oct 21 15:54:22.579055 n-d-815017-2 devstack@placement-api.service[107494]: INFO placement.requestlog [req-a5d0ca20-12d3-4926-ba7a-310cbd5fdc29 req-f8703077-54b1-4655-9620-c311f2164274 service placement] 10.222.0.53 "GET /placement/allocations/bb7065ba-6db9-4780-a922-b6a5b17979bd" status: 200 len: 19 microversion: 1.28
Oct 21 15:54:22.580654 n-d-815017-2 devstack@placement-api.service[107494]: [pid: 107494|app: 0|req: 54/110] 10.222.0.53 () {60 vars in 1380 bytes} [Thu Oct 21 15:54:22 2021] GET /placement/allocations/bb7065ba-6db9-4780-a922-b6a5b17979bd => generated 19 bytes in 18 msecs (HTTP/1.1 200) 8 headers in 295 bytes (1 switches on core 0)
Oct 21 15:54:22.600267 n-d-815017-2 devstack@placement-api.service[107495]: DEBUG placement.requestlog [req-a5d0ca20-12d3-4926-ba7a-310cbd5fdc29 req-c3bac2c7-e196-4358-9650-b0b02ed623c6 None None] Starting request: 10.222.0.53 "PUT /placement/allocations/bb7065ba-6db9-4780-a922-b6a5b17979bd" {{(pid=107495) __call__ /opt/stack/placement/placement/requestlog.py:55}}
Oct 21 15:54:22.713878 n-d-815017-2 devstack@placement-api.service[107495]: DEBUG placement.handlers.allocation [req-a5d0ca20-12d3-4926-ba7a-310cbd5fdc29 req-c3bac2c7-e196-4358-9650-b0b02ed623c6 service placement] Successfully wrote allocations [, , ] {{(pid=107495) _update_consumers_and_create_allocations /opt/stack/placement/placement/handlers/allocation.py:462}}
Oct 21 15:54:22.720523 n-d-815017-2 devstack@placement-api.service[107495]: INFO placement.requestlog [req-a5d0ca20-12d3-4926-ba7a-310cbd5fdc29 req-c3bac2c7-e196-4358-9650-b0b02ed623c6 service placement] 10.222.0.53 "PUT /placement/allocations/bb7065ba-6db9-4780-a922-b6a5b17979bd" status: 204 len: 0 microversion: 1.36
Oct 21 15:54:22.721334 n-d-815017-2 devstack@placement-api.service[107495]: [pid: 107495|app: 0|req: 57/111] 10.222.0.53 () {64 vars in 1433 bytes} [Thu Oct 21 15:54:22 2021] PUT /placement/allocations/bb7065ba-6db9-4780-a922-b6a5b17979bd => generated 0 bytes in 123 msecs (HTTP/1.1 204) 5 headers in 199 bytes (1 switches on core 0)
Oct 21 15:54:23.055298 n-d-815017-2 devstack@placement-api.service[107494]: DEBUG placement.requestlog [req-a5d0ca20-12d3-4926-ba7a-310cbd5fdc29 req-54f13b05-21a1-43f7-93a3-6f6ab0d0cf04 None None] Starting request: 10.222.0.26 "GET /placement/allocations/bb7065ba-6db9-4780-a922-b6a5b17979bd" {{(pid=107494) __call__ /opt/stack/placement/placement/requestlog.py:55}}
Oct 21 15:54:23.086386 n-d-815017-2 devstack@placement-api.service[107494]: INFO placement.requestlog [req-a5d0ca20-12d3-4926-ba7a-310cbd5fdc29 req-54f13b05-21a1-43f7-93a3-6f6ab0d0cf04 service placement] 10.222.0.26 "GET /placement/allocations/bb7065ba-6db9-4780-a922-b6a5b17979bd" status: 200 len: 259 microversion: 1.28
Oct 21 15:54:23.087148 n-d-815017-2 devstack@placement-api.service[107494]: [pid: 107494|app: 0|req: 55/112] 10.222.0.26 () {60 vars in 1377 bytes} [Thu Oct 21 15:54:23 2021] GET /placement/allocations/bb7065ba-6db9-4780-a922-b6a5b17979bd => generated 259 bytes in 32 msecs (HTTP/1.1 200) 8 headers in 296 bytes (1 switches on core 0)
Oct 21 15:54:33.235482 n-d-815017-2 devstack@placement-api.service[107495]: DEBUG placement.requestlog [req-7091b71b-af00-4984-b03a-23b1f9cc4305 req-980d3693-4378-4a5b-98d7-86ea6a3b3b06 None None] Starting request: 10.222.0.26 "DELETE /placement/allocations/e936f24e-2180-440e-ba7f-3062ea28c19b" {{(pid=107495) __call__ /opt/stack/placement/placement/requestlog.py:55}}
Oct 21 15:54:33.272920 n-d-815017-2 devstack@placement-api.service[107495]: DEBUG placement.handlers.allocation [req-7091b71b-af00-4984-b03a-23b1f9cc4305 req-980d3693-4378-4a5b-98d7-86ea6a3b3b06 service placement] Successfully deleted allocations [, , ] {{(pid=107495) delete_allocations /opt/stack/placement/placement/handlers/allocation.py:627}}
Oct 21 15:54:33.273455 n-d-815017-2 devstack@placement-api.service[107495]: INFO placement.requestlog [req-7091b71b-af00-4984-b03a-23b1f9cc4305 req-980d3693-4378-4a5b-98d7-86ea6a3b3b06 service placement] 10.222.0.26 "DELETE /placement/allocations/e936f24e-2180-440e-ba7f-3062ea28c19b" status: 204 len: 0 microversion: 1.0
Oct 21 15:54:33.273908 n-d-815017-2 devstack@placement-api.service[107495]: [pid: 107495|app: 0|req: 58/113] 10.222.0.26 () {60 vars in 1355 bytes} [Thu Oct 21 15:54:33 2021] DELETE /placement/allocations/e936f24e-2180-440e-ba7f-3062ea28c19b => generated 0 bytes in 38 msecs (HTTP/1.1 204) 5 headers in 198 bytes (1 switches on core 0)
Oct 21 15:54:34.302424 n-d-815017-2 devstack@placement-api.service[107494]: DEBUG placement.requestlog [req-f1e4a2f4-4d50-45fa-9f89-17250cc848a1 req-293d5eb7-1bbc-477f-b2aa-1925a38d36bc None None] Starting request: 10.222.0.53 "GET /placement/allocation_candidates?limit=1000&resources=DISK_GB%3A1%2CMEMORY_MB%3A1024%2CVCPU%3A1&root_required=%21COMPUTE_STATUS_DISABLED" {{(pid=107494) __call__ /opt/stack/placement/placement/requestlog.py:55}}
Oct 21 15:54:34.341600 n-d-815017-2 devstack@placement-api.service[107494]: DEBUG placement.objects.research_context [req-f1e4a2f4-4d50-45fa-9f89-17250cc848a1 req-293d5eb7-1bbc-477f-b2aa-1925a38d36bc service placement] getting providers with 1 DISK_GB {{(pid=107494) __init__ /opt/stack/placement/placement/objects/research_context.py:126}}
Oct 21 15:54:34.348942 n-d-815017-2 devstack@placement-api.service[107494]: DEBUG placement.objects.research_context [req-f1e4a2f4-4d50-45fa-9f89-17250cc848a1 req-293d5eb7-1bbc-477f-b2aa-1925a38d36bc service placement] getting providers with 1024 MEMORY_MB {{(pid=107494) __init__ /opt/stack/placement/placement/objects/research_context.py:126}}
Oct 21 15:54:34.358032 n-d-815017-2 devstack@placement-api.service[107494]: DEBUG placement.objects.research_context [req-f1e4a2f4-4d50-45fa-9f89-17250cc848a1 req-293d5eb7-1bbc-477f-b2aa-1925a38d36bc service placement] getting providers with 1 VCPU {{(pid=107494) __init__ /opt/stack/placement/placement/objects/research_context.py:126}}
Oct 21 15:54:34.366339 n-d-815017-2 devstack@placement-api.service[107494]: DEBUG placement.objects.research_context [req-f1e4a2f4-4d50-45fa-9f89-17250cc848a1 req-293d5eb7-1bbc-477f-b2aa-1925a38d36bc service placement] found 2 providers with available 1 DISK_GB {{(pid=107494) get_provider_ids_matching /opt/stack/placement/placement/objects/research_context.py:549}}
Oct 21 15:54:34.367424 n-d-815017-2 devstack@placement-api.service[107494]: DEBUG placement.objects.research_context [req-f1e4a2f4-4d50-45fa-9f89-17250cc848a1 req-293d5eb7-1bbc-477f-b2aa-1925a38d36bc service placement] found 2 providers with available 1024 MEMORY_MB {{(pid=107494) get_provider_ids_matching /opt/stack/placement/placement/objects/research_context.py:549}}
Oct 21 15:54:34.368083 n-d-815017-2 devstack@placement-api.service[107494]: DEBUG placement.objects.research_context [req-f1e4a2f4-4d50-45fa-9f89-17250cc848a1 req-293d5eb7-1bbc-477f-b2aa-1925a38d36bc service placement] found 2 providers after filtering by previous result {{(pid=107494) get_provider_ids_matching /opt/stack/placement/placement/objects/research_context.py:580}}
Oct 21 15:54:34.368549 n-d-815017-2 devstack@placement-api.service[107494]: DEBUG placement.objects.research_context [req-f1e4a2f4-4d50-45fa-9f89-17250cc848a1 req-293d5eb7-1bbc-477f-b2aa-1925a38d36bc service placement] found 2 providers with available 1 VCPU {{(pid=107494) get_provider_ids_matching /opt/stack/placement/placement/objects/research_context.py:549}}
Oct 21 15:54:34.369018 n-d-815017-2 devstack@placement-api.service[107494]: DEBUG placement.objects.research_context [req-f1e4a2f4-4d50-45fa-9f89-17250cc848a1 req-293d5eb7-1bbc-477f-b2aa-1925a38d36bc service placement] found 2 providers after filtering by previous result {{(pid=107494) get_provider_ids_matching /opt/stack/placement/placement/objects/research_context.py:580}}
Oct 21 15:54:34.406579 n-d-815017-2 devstack@placement-api.service[107494]: DEBUG placement.objects.allocation_candidate [req-f1e4a2f4-4d50-45fa-9f89-17250cc848a1 req-293d5eb7-1bbc-477f-b2aa-1925a38d36bc service placement] RequestGroup(use_same_provider=False, resources={DISK_GB:1, MEMORY_MB:1024, VCPU:1}, traits=[], aggregates=[]) (suffix '') returned 2 matches {{(pid=107494) _get_by_requests /opt/stack/placement/placement/objects/allocation_candidate.py:145}}
Oct 21 15:54:34.407336 n-d-815017-2 devstack@placement-api.service[107494]: DEBUG placement.objects.allocation_candidate [req-f1e4a2f4-4d50-45fa-9f89-17250cc848a1 req-293d5eb7-1bbc-477f-b2aa-1925a38d36bc service placement] Merging candidates yields 2 allocation requests and 2 provider summaries {{(pid=107494) _merge_candidates /opt/stack/placement/placement/objects/allocation_candidate.py:783}}
Oct 21 15:54:34.411481 n-d-815017-2 devstack@placement-api.service[107494]: INFO placement.requestlog [req-f1e4a2f4-4d50-45fa-9f89-17250cc848a1 req-293d5eb7-1bbc-477f-b2aa-1925a38d36bc service placement] 10.222.0.53 "GET /placement/allocation_candidates?limit=1000&resources=DISK_GB%3A1%2CMEMORY_MB%3A1024%2CVCPU%3A1&root_required=%21COMPUTE_STATUS_DISABLED" status: 200 len: 1309 microversion: 1.36
Oct 21 15:54:34.412707 n-d-815017-2 devstack@placement-api.service[107494]: [pid: 107494|app: 0|req: 56/114] 10.222.0.53 () {60 vars in 1506 bytes} [Thu Oct 21 15:54:34 2021] GET /placement/allocation_candidates?limit=1000&resources=DISK_GB%3A1%2CMEMORY_MB%3A1024%2CVCPU%3A1&root_required=%21COMPUTE_STATUS_DISABLED => generated 1309 bytes in 111 msecs (HTTP/1.1 200) 8 headers in 297 bytes (1 switches on core 0)
Oct 21 15:54:34.495419 n-d-815017-2 devstack@placement-api.service[107495]: DEBUG placement.requestlog [req-f1e4a2f4-4d50-45fa-9f89-17250cc848a1 req-853fefc2-eac8-435d-9bb7-e1fa14957428 None None] Starting request: 10.222.0.53 "GET /placement/allocations/8c241a7a-3f52-4b97-89d1-db727967ad39" {{(pid=107495) __call__ /opt/stack/placement/placement/requestlog.py:55}}
Oct 21 15:54:34.509956 n-d-815017-2 devstack@placement-api.service[107495]: INFO placement.requestlog [req-f1e4a2f4-4d50-45fa-9f89-17250cc848a1 req-853fefc2-eac8-435d-9bb7-e1fa14957428 service placement] 10.222.0.53 "GET /placement/allocations/8c241a7a-3f52-4b97-89d1-db727967ad39" status: 200 len: 19 microversion: 1.28
Oct 21 15:54:34.511205 n-d-815017-2 devstack@placement-api.service[107495]: [pid: 107495|app: 0|req: 59/115] 10.222.0.53 () {60 vars in 1380 bytes} [Thu Oct 21 15:54:34 2021] GET /placement/allocations/8c241a7a-3f52-4b97-89d1-db727967ad39 => generated 19 bytes in 16 msecs (HTTP/1.1 200) 8 headers in 295 bytes (1 switches on core 0)
Oct 21 15:54:34.519234 n-d-815017-2 devstack@placement-api.service[107494]: DEBUG placement.requestlog [req-f1e4a2f4-4d50-45fa-9f89-17250cc848a1 req-ebfb27fa-50a4-4dbe-af67-5b2335a52b6a None None] Starting request: 10.222.0.53 "PUT /placement/allocations/8c241a7a-3f52-4b97-89d1-db727967ad39" {{(pid=107494) __call__ /opt/stack/placement/placement/requestlog.py:55}}
Oct 21 15:54:34.621134 n-d-815017-2 devstack@placement-api.service[107494]: DEBUG placement.handlers.allocation [req-f1e4a2f4-4d50-45fa-9f89-17250cc848a1 req-ebfb27fa-50a4-4dbe-af67-5b2335a52b6a service placement] Successfully wrote allocations [, , ] {{(pid=107494) _update_consumers_and_create_allocations /opt/stack/placement/placement/handlers/allocation.py:462}}
Oct 21 15:54:34.627828 n-d-815017-2 devstack@placement-api.service[107494]: INFO placement.requestlog [req-f1e4a2f4-4d50-45fa-9f89-17250cc848a1 req-ebfb27fa-50a4-4dbe-af67-5b2335a52b6a service placement] 10.222.0.53 "PUT /placement/allocations/8c241a7a-3f52-4b97-89d1-db727967ad39" status: 204 len: 0 microversion: 1.36
Oct 21 15:54:34.628584 n-d-815017-2 devstack@placement-api.service[107494]: [pid: 107494|app: 0|req: 57/116] 10.222.0.53 () {64 vars in 1433 bytes} [Thu Oct 21 15:54:34 2021] PUT /placement/allocations/8c241a7a-3f52-4b97-89d1-db727967ad39 => generated 0 bytes in 109 msecs (HTTP/1.1 204) 5 headers in 199 bytes (1 switches on core 0)
Oct 21 15:54:35.001777 n-d-815017-2 devstack@placement-api.service[107495]: DEBUG placement.requestlog [req-f1e4a2f4-4d50-45fa-9f89-17250cc848a1 req-753283ee-9bfa-438f-beeb-b1adc989dc56 None None] Starting request: 10.222.0.39 "GET /placement/allocations/8c241a7a-3f52-4b97-89d1-db727967ad39" {{(pid=107495) __call__ /opt/stack/placement/placement/requestlog.py:55}}
Oct 21 15:54:35.018202 n-d-815017-2 devstack@placement-api.service[107495]: INFO placement.requestlog [req-f1e4a2f4-4d50-45fa-9f89-17250cc848a1 req-753283ee-9bfa-438f-beeb-b1adc989dc56 service placement] 10.222.0.39 "GET /placement/allocations/8c241a7a-3f52-4b97-89d1-db727967ad39" status: 200 len: 258 microversion: 1.28
Oct 21 15:54:35.019224 n-d-815017-2 devstack@placement-api.service[107495]: [pid: 107495|app: 0|req: 60/117] 10.222.0.39 () {60 vars in 1377 bytes} [Thu Oct 21 15:54:35 2021] GET /placement/allocations/8c241a7a-3f52-4b97-89d1-db727967ad39 => generated 258 bytes in 18 msecs (HTTP/1.1 200) 8 headers in 296 bytes (2 switches on core 0)
Oct 21 15:54:37.524203 n-d-815017-2 devstack@placement-api.service[107494]: DEBUG placement.requestlog [None req-f866a0e8-6873-4414-9d13-22c6b7b82887 None None] Starting request: 10.222.0.53 "GET /placement/" {{(pid=107494) __call__ /opt/stack/placement/placement/requestlog.py:55}}
Oct 21 15:54:37.525202 n-d-815017-2 devstack@placement-api.service[107494]: INFO placement.requestlog [None req-f866a0e8-6873-4414-9d13-22c6b7b82887 None None] 10.222.0.53 "GET /placement/" status: 200 len: 136 microversion: 1.0
Oct 21 15:54:37.525401 n-d-815017-2 devstack@placement-api.service[107494]: [pid: 107494|app: 0|req: 58/118] 10.222.0.53 () {54 vars in 916 bytes} [Thu Oct 21 15:54:37 2021] GET /placement => generated 136 bytes in 1 msecs (HTTP/1.1 200) 6 headers in 224 bytes (1 switches on core 0)
Oct 21 15:54:37.535527 n-d-815017-2 devstack@placement-api.service[107495]: DEBUG placement.requestlog [req-84720cf0-b9dd-4f3e-a731-9efd07bd4632 req-bbc4e9da-1f7e-44a5-979c-76d3264445c7 None None] Starting request: 10.222.0.53 "GET /placement/allocations/43ef46d3-a0f6-4532-939e-c49e9daa73f5" {{(pid=107495) __call__ /opt/stack/placement/placement/requestlog.py:55}}
Oct 21 15:54:37.681948 n-d-815017-2 devstack@placement-api.service[107495]: INFO placement.requestlog [req-84720cf0-b9dd-4f3e-a731-9efd07bd4632 req-bbc4e9da-1f7e-44a5-979c-76d3264445c7 service placement] 10.222.0.53 "GET /placement/allocations/43ef46d3-a0f6-4532-939e-c49e9daa73f5" status: 200 len: 259 microversion: 1.28
Oct 21 15:54:37.682984 n-d-815017-2 devstack@placement-api.service[107495]: [pid: 107495|app: 0|req: 61/119] 10.222.0.53 () {60 vars in 1380 bytes} [Thu Oct 21 15:54:37 2021] GET /placement/allocations/43ef46d3-a0f6-4532-939e-c49e9daa73f5 => generated 259 bytes in 148 msecs (HTTP/1.1 200) 8 headers in 296 bytes (1 switches on core 0)
Oct 21 15:54:37.689739 n-d-815017-2 devstack@placement-api.service[107494]: DEBUG placement.requestlog [req-84720cf0-b9dd-4f3e-a731-9efd07bd4632 req-b7ce4bde-f8f7-4348-a6b6-7bf83904357f None None] Starting request: 10.222.0.53 "GET /placement/allocations/43ef46d3-a0f6-4532-939e-c49e9daa73f5" {{(pid=107494) __call__ /opt/stack/placement/placement/requestlog.py:55}}
Oct 21 15:54:37.706679 n-d-815017-2 devstack@placement-api.service[107494]: INFO placement.requestlog [req-84720cf0-b9dd-4f3e-a731-9efd07bd4632 req-b7ce4bde-f8f7-4348-a6b6-7bf83904357f service placement] 10.222.0.53 "GET /placement/allocations/43ef46d3-a0f6-4532-939e-c49e9daa73f5" status: 200 len: 259 microversion: 1.28
Oct 21 15:54:37.707767 n-d-815017-2 devstack@placement-api.service[107494]: [pid: 107494|app: 0|req: 59/120] 10.222.0.53 () {60 vars in 1380 bytes} [Thu Oct 21 15:54:37 2021] GET /placement/allocations/43ef46d3-a0f6-4532-939e-c49e9daa73f5 => generated 259 bytes in 18 msecs (HTTP/1.1 200) 8 headers in 296 bytes (1 switches on core 0)
Oct 21 15:54:37.713946 n-d-815017-2 devstack@placement-api.service[107495]: DEBUG placement.requestlog [req-84720cf0-b9dd-4f3e-a731-9efd07bd4632 req-47284af3-952c-4330-820d-162d9e9155a5 None None] Starting request: 10.222.0.53 "GET /placement/allocations/c69699b8-70e8-4351-8e8b-c034d4e59479" {{(pid=107495) __call__ /opt/stack/placement/placement/requestlog.py:55}}
Oct 21 15:54:37.736430 n-d-815017-2 devstack@placement-api.service[107495]: INFO placement.requestlog [req-84720cf0-b9dd-4f3e-a731-9efd07bd4632 req-47284af3-952c-4330-820d-162d9e9155a5 service placement] 10.222.0.53 "GET /placement/allocations/c69699b8-70e8-4351-8e8b-c034d4e59479" status: 200 len: 19 microversion: 1.28
Oct 21 15:54:37.744062 n-d-815017-2 devstack@placement-api.service[107495]: [pid: 107495|app: 0|req: 62/121] 10.222.0.53 () {60 vars in 1380 bytes} [Thu Oct 21 15:54:37 2021] GET /placement/allocations/c69699b8-70e8-4351-8e8b-c034d4e59479 => generated 19 bytes in 31 msecs (HTTP/1.1 200) 8 headers in 295 bytes (1 switches on core 0)
Oct 21 15:54:37.744739 n-d-815017-2 devstack@placement-api.service[107494]: DEBUG placement.requestlog [req-84720cf0-b9dd-4f3e-a731-9efd07bd4632 req-991f1275-4db2-4f30-9379-cbe3fe4e62b8 None None] Starting request: 10.222.0.53 "POST /placement/allocations" {{(pid=107494) __call__ /opt/stack/placement/placement/requestlog.py:55}}
Oct 21 15:54:37.838629 n-d-815017-2 devstack@placement-api.service[107494]: DEBUG placement.handlers.allocation [req-84720cf0-b9dd-4f3e-a731-9efd07bd4632 req-991f1275-4db2-4f30-9379-cbe3fe4e62b8 service placement] Successfully wrote allocations [, , , , , ] {{(pid=107494) _update_consumers_and_create_allocations /opt/stack/placement/placement/handlers/allocation.py:572}}
Oct 21 15:54:37.846945 n-d-815017-2 devstack@placement-api.service[107494]: INFO placement.requestlog [req-84720cf0-b9dd-4f3e-a731-9efd07bd4632 req-991f1275-4db2-4f30-9379-cbe3fe4e62b8 service placement] 10.222.0.53 "POST /placement/allocations" status: 204 len: 0 microversion: 1.28
Oct 21 15:54:37.849359 n-d-815017-2 devstack@placement-api.service[107494]: [pid: 107494|app: 0|req: 60/122] 10.222.0.53 () {64 vars in 1323 bytes} [Thu Oct 21 15:54:37 2021] POST /placement/allocations => generated 0 bytes in 105 msecs (HTTP/1.1 204) 5 headers in 199 bytes (2 switches on core 0)
Oct 21 15:54:37.910045 n-d-815017-2 devstack@placement-api.service[107495]: DEBUG placement.requestlog [req-84720cf0-b9dd-4f3e-a731-9efd07bd4632 req-f3c1db9e-f8fd-4306-b940-a78781877f47 None None] Starting request: 10.222.0.53 "GET /placement/allocations/43ef46d3-a0f6-4532-939e-c49e9daa73f5" {{(pid=107495) __call__ /opt/stack/placement/placement/requestlog.py:55}}
Oct 21 15:54:38.076891 n-d-815017-2 devstack@placement-api.service[107495]: INFO placement.requestlog [req-84720cf0-b9dd-4f3e-a731-9efd07bd4632 req-f3c1db9e-f8fd-4306-b940-a78781877f47 service placement] 10.222.0.53 "GET /placement/allocations/43ef46d3-a0f6-4532-939e-c49e9daa73f5" status: 200 len: 19 microversion: 1.28
Oct 21 15:54:38.084741 n-d-815017-2 devstack@placement-api.service[107494]: DEBUG placement.requestlog [req-84720cf0-b9dd-4f3e-a731-9efd07bd4632 req-7d4007df-489d-40e2-81f4-1534cada0529 None None] Starting request: 10.222.0.53 "PUT /placement/allocations/43ef46d3-a0f6-4532-939e-c49e9daa73f5" {{(pid=107494) __call__ /opt/stack/placement/placement/requestlog.py:55}}
Oct 21 15:54:38.085286 n-d-815017-2 devstack@placement-api.service[107495]: [pid: 107495|app: 0|req: 63/123] 10.222.0.53 () {60 vars in 1380 bytes} [Thu Oct 21 15:54:37 2021] GET /placement/allocations/43ef46d3-a0f6-4532-939e-c49e9daa73f5 => generated 19 bytes in 175 msecs (HTTP/1.1 200) 8 headers in 295 bytes (1 switches on core 0)
Oct 21 15:54:38.169055 n-d-815017-2 devstack@placement-api.service[107494]: DEBUG placement.handlers.allocation [req-84720cf0-b9dd-4f3e-a731-9efd07bd4632 req-7d4007df-489d-40e2-81f4-1534cada0529 service placement] Successfully wrote allocations [, , ] {{(pid=107494) _update_consumers_and_create_allocations /opt/stack/placement/placement/handlers/allocation.py:462}}
Oct 21 15:54:38.177437 n-d-815017-2 devstack@placement-api.service[107494]: INFO placement.requestlog [req-84720cf0-b9dd-4f3e-a731-9efd07bd4632 req-7d4007df-489d-40e2-81f4-1534cada0529 service placement] 10.222.0.53 "PUT /placement/allocations/43ef46d3-a0f6-4532-939e-c49e9daa73f5" status: 204 len: 0 microversion: 1.28
Oct 21 15:54:38.177780 n-d-815017-2 devstack@placement-api.service[107494]: [pid: 107494|app: 0|req: 61/124] 10.222.0.53 () {64 vars in 1433 bytes} [Thu Oct 21 15:54:38 2021] PUT /placement/allocations/43ef46d3-a0f6-4532-939e-c49e9daa73f5 => generated 0 bytes in 93 msecs (HTTP/1.1 204) 5 headers in 199 bytes (2 switches on core 0)
Oct 21 15:54:38.360078 n-d-815017-2 devstack@placement-api.service[107495]: DEBUG placement.requestlog [req-84720cf0-b9dd-4f3e-a731-9efd07bd4632 req-161e4bb6-e553-4a26-a446-2da5134fec05 None None] Starting request: 10.222.0.39 "GET /placement/allocations/43ef46d3-a0f6-4532-939e-c49e9daa73f5" {{(pid=107495) __call__ /opt/stack/placement/placement/requestlog.py:55}}
Oct 21 15:54:38.386202 n-d-815017-2 devstack@placement-api.service[107495]: INFO placement.requestlog [req-84720cf0-b9dd-4f3e-a731-9efd07bd4632 req-161e4bb6-e553-4a26-a446-2da5134fec05 service placement] 10.222.0.39 "GET /placement/allocations/43ef46d3-a0f6-4532-939e-c49e9daa73f5" status: 200 len: 258 microversion: 1.28
Oct 21 15:54:38.386679 n-d-815017-2 devstack@placement-api.service[107495]: [pid: 107495|app: 0|req: 64/125] 10.222.0.39 () {60 vars in 1377 bytes} [Thu Oct 21 15:54:38 2021] GET /placement/allocations/43ef46d3-a0f6-4532-939e-c49e9daa73f5 => generated 258 bytes in 27 msecs (HTTP/1.1 200) 8 headers in 296 bytes (1 switches on core 0)
