Oct 20 12:31:17.458299 n-d-814743-1 devstack@n-api.service[100043]: [pid: 100043|app: 0|req: 8/17] 10.222.0.61 () {64 vars in 1282 bytes} [Wed Oct 20 12:31:17 2021] POST /compute/v2.1/flavors => generated 404 bytes in 93 msecs (HTTP/1.1 200) 9 headers in 359 bytes (1 switches on core 0)
Oct 20 12:31:17.467195 n-d-814743-1 devstack@n-api.service[100042]: DEBUG nova.api.openstack.wsgi [None req-4c87e316-e99c-47fa-8739-00b3bff6af60 admin admin] Action: 'create', calling method: >, body: {"extra_specs": {"hw_rng:allowed": "True"}} {{(pid=100042) _process_stack /opt/stack/nova/nova/api/openstack/wsgi.py:511}}
Oct 20 12:31:17.491753 n-d-814743-1 devstack@n-api.service[100042]: INFO nova.api.openstack.requestlog [None req-4c87e316-e99c-47fa-8739-00b3bff6af60 admin admin] 10.222.0.61 "POST /compute/v2.1/flavors/d4/os-extra_specs" status: 200 len: 43 microversion: 2.61 time: 0.028186
Oct 20 12:31:17.492331 n-d-814743-1 devstack@n-api.service[100042]: [pid: 100042|app: 0|req: 10/18] 10.222.0.61 () {64 vars in 1335 bytes} [Wed Oct 20 12:31:17 2021] POST /compute/v2.1/flavors/d4/os-extra_specs => generated 43 bytes in 30 msecs (HTTP/1.1 200) 9 headers in 358 bytes (1 switches on core 0)
Oct 20 12:31:19.917297 n-d-814743-1 devstack@n-api.service[100043]: DEBUG nova.api.openstack.wsgi [None req-e17c4aa4-1ba5-4852-92e9-b75adb67402b admin admin] Calling method '>' {{(pid=100043) _process_stack /opt/stack/nova/nova/api/openstack/wsgi.py:513}}
Oct 20 12:31:19.918959 n-d-814743-1 devstack@n-api.service[100043]: INFO nova.api.openstack.requestlog [None req-e17c4aa4-1ba5-4852-92e9-b75adb67402b admin admin] 10.222.0.61 "GET /compute/v2.1" status: 200 len: 388 microversion: 2.1 time: 0.002080
Oct 20 12:31:19.919506 n-d-814743-1 devstack@n-api.service[100043]: [pid: 100043|app: 0|req: 9/19] 10.222.0.61 () {54 vars in 930 bytes} [Wed Oct 20 12:31:19 2021] GET /compute/v2.1 => generated 388 bytes in 3 msecs (HTTP/1.1 200) 9 headers in 357 bytes (1 switches on core 0)
Oct 20 12:31:19.985485 n-d-814743-1 devstack@n-api.service[100042]: DEBUG nova.api.openstack.wsgi [None req-79c6eae8-a254-4cb8-b487-d8cbe008d2bf admin admin] Calling method '>' {{(pid=100042) _process_stack /opt/stack/nova/nova/api/openstack/wsgi.py:513}}
Oct 20 12:31:20.011421 n-d-814743-1 devstack@n-api.service[100042]: INFO nova.api.openstack.requestlog [None req-79c6eae8-a254-4cb8-b487-d8cbe008d2bf admin admin] 10.222.0.61 "GET /compute/v2.1/flavors/detail?is_public=True" status: 200 len: 2106 microversion: 2.61 time: 0.084962
Oct 20 12:31:20.025994 n-d-814743-1 devstack@n-api.service[100042]: [pid: 100042|app: 0|req: 11/20] 10.222.0.61 () {60 vars in 1291 bytes} [Wed Oct 20 12:31:19 2021] GET /compute/v2.1/flavors/detail?is_public=True => generated 2106 bytes in 100 msecs (HTTP/1.1 200) 9 headers in 360 bytes (1 switches on core 0)
Oct 20 12:31:22.368270 n-d-814743-1 devstack@n-api.service[100043]: DEBUG nova.api.openstack.wsgi [None req-e17c4aa4-1ba5-4852-92e9-b75adb67402b admin admin] Calling method '>' {{(pid=100043) _process_stack /opt/stack/nova/nova/api/openstack/wsgi.py:513}}
Oct 20 12:31:22.369446 n-d-814743-1 devstack@n-api.service[100043]: INFO nova.api.openstack.requestlog [None req-e17c4aa4-1ba5-4852-92e9-b75adb67402b admin admin] 10.222.0.61 "GET /compute/v2.1" status: 200 len: 388 microversion: 2.1 time: 0.001593
Oct 20 12:31:22.370767 n-d-814743-1 devstack@n-api.service[100043]: [pid: 100043|app: 0|req: 10/21] 10.222.0.61 () {54 vars in 930 bytes} [Wed Oct 20 12:31:22 2021] GET /compute/v2.1 => generated 388 bytes in 3 msecs (HTTP/1.1 200) 9 headers in 357 bytes (1 switches on core 0)
Oct 20 12:31:22.434171 n-d-814743-1 devstack@n-api.service[100042]: DEBUG nova.api.openstack.wsgi [None req-1cc6ae87-f7ee-4709-a742-77ab6d59d447 admin admin] Action: 'create', calling method: >, body: {"flavor": {"rxtx_factor": 1.0, "vcpus": 1, "name": "m1.tiny", "os-flavor-access:is_public": true, "swap": 0, "OS-FLV-EXT-DATA:ephemeral": 0, "ram": 512, "id": "1", "disk": 1}} {{(pid=100042) _process_stack /opt/stack/nova/nova/api/openstack/wsgi.py:511}}
Oct 20 12:31:22.457204 n-d-814743-1 devstack@n-api.service[100042]: INFO nova.api.openstack.requestlog [None req-1cc6ae87-f7ee-4709-a742-77ab6d59d447 admin admin] 10.222.0.61 "POST /compute/v2.1/flavors" status: 200 len: 402 microversion: 2.61 time: 0.077307
Oct 20 12:31:22.472419 n-d-814743-1 devstack@n-api.service[100043]: DEBUG nova.api.openstack.wsgi [None req-bc549816-919d-4dce-8437-67bd2e872dd7 admin admin] Action: 'create', calling method: >, body: {"extra_specs": {"hw_rng:allowed": "True"}} {{(pid=100043) _process_stack /opt/stack/nova/nova/api/openstack/wsgi.py:511}}
Oct 20 12:31:22.477823 n-d-814743-1 devstack@n-api.service[100042]: [pid: 100042|app: 0|req: 12/22] 10.222.0.61 () {64 vars in 1282 bytes} [Wed Oct 20 12:31:22 2021] POST /compute/v2.1/flavors => generated 402 bytes in 97 msecs (HTTP/1.1 200) 9 headers in 359 bytes (1 switches on core 0)
Oct 20 12:31:22.502542 n-d-814743-1 devstack@n-api.service[100043]: INFO nova.api.openstack.requestlog [None req-bc549816-919d-4dce-8437-67bd2e872dd7 admin admin] 10.222.0.61 "POST /compute/v2.1/flavors/1/os-extra_specs" status: 200 len: 43 microversion: 2.61 time: 0.034738
Oct 20 12:31:22.522285 n-d-814743-1 devstack@n-api.service[100043]: [pid: 100043|app: 0|req: 11/23] 10.222.0.61 () {64 vars in 1332 bytes} [Wed Oct 20 12:31:22 2021] POST /compute/v2.1/flavors/1/os-extra_specs => generated 43 bytes in 55 msecs (HTTP/1.1 200) 9 headers in 358 bytes (1 switches on core 0)
Oct 20 12:31:24.907384 n-d-814743-1 devstack@n-api.service[100042]: DEBUG nova.api.openstack.wsgi [None req-1cc6ae87-f7ee-4709-a742-77ab6d59d447 admin admin] Calling method '>' {{(pid=100042) _process_stack /opt/stack/nova/nova/api/openstack/wsgi.py:513}}
Oct 20 12:31:24.908422 n-d-814743-1 devstack@n-api.service[100042]: INFO nova.api.openstack.requestlog [None req-1cc6ae87-f7ee-4709-a742-77ab6d59d447 admin admin] 10.222.0.61 "GET /compute/v2.1" status: 200 len: 388 microversion: 2.1 time: 0.001513
Oct 20 12:31:24.908832 n-d-814743-1 devstack@n-api.service[100042]: [pid: 100042|app: 0|req: 13/24] 10.222.0.61 () {54 vars in 930 bytes} [Wed Oct 20 12:31:24 2021] GET /compute/v2.1 => generated 388 bytes in 2 msecs (HTTP/1.1 200) 9 headers in 357 bytes (1 switches on core 0)
Oct 20 12:31:24.967963 n-d-814743-1 devstack@n-api.service[100043]: DEBUG nova.api.openstack.wsgi [None req-f1bc782b-4828-4535-8600-a0e5cae78a3a admin admin] Action: 'create', calling method: >, body: {"flavor": {"name": "m1.small", "OS-FLV-EXT-DATA:ephemeral": 0, "id": "2", "vcpus": 1, "ram": 2048, "swap": 0, "disk": 20, "rxtx_factor": 1.0, "os-flavor-access:is_public": true}} {{(pid=100043) _process_stack /opt/stack/nova/nova/api/openstack/wsgi.py:511}}
Oct 20 12:31:24.985625 n-d-814743-1 devstack@n-api.service[100043]: INFO nova.api.openstack.requestlog [None req-f1bc782b-4828-4535-8600-a0e5cae78a3a admin admin] 10.222.0.61 "POST /compute/v2.1/flavors" status: 200 len: 405 microversion: 2.61 time: 0.070258
Oct 20 12:31:24.986198 n-d-814743-1 devstack@n-api.service[100043]: [pid: 100043|app: 0|req: 12/25] 10.222.0.61 () {64 vars in 1282 bytes} [Wed Oct 20 12:31:24 2021] POST /compute/v2.1/flavors => generated 405 bytes in 71 msecs (HTTP/1.1 200) 9 headers in 359 bytes (2 switches on core 0)
Oct 20 12:31:24.998277 n-d-814743-1 devstack@n-api.service[100042]: DEBUG nova.api.openstack.wsgi [None req-c5279054-2536-4f03-befc-1fd4b74d09cc admin admin] Action: 'create', calling method: >, body: {"extra_specs": {"hw_rng:allowed": "True"}} {{(pid=100042) _process_stack /opt/stack/nova/nova/api/openstack/wsgi.py:511}}
Oct 20 12:31:25.020945 n-d-814743-1 devstack@n-api.service[100042]: INFO nova.api.openstack.requestlog [None req-c5279054-2536-4f03-befc-1fd4b74d09cc admin admin] 10.222.0.61 "POST /compute/v2.1/flavors/2/os-extra_specs" status: 200 len: 43 microversion: 2.61 time: 0.026177
Oct 20 12:31:25.021574 n-d-814743-1 devstack@n-api.service[100042]: [pid: 100042|app: 0|req: 14/26] 10.222.0.61 () {64 vars in 1332 bytes} [Wed Oct 20 12:31:24 2021] POST /compute/v2.1/flavors/2/os-extra_specs => generated 43 bytes in 27 msecs (HTTP/1.1 200) 9 headers in 358 bytes (1 switches on core 0)
Oct 20 12:31:27.313015 n-d-814743-1 devstack@n-api.service[100043]: DEBUG nova.api.openstack.wsgi [None req-f1bc782b-4828-4535-8600-a0e5cae78a3a admin admin] Calling method '>' {{(pid=100043) _process_stack /opt/stack/nova/nova/api/openstack/wsgi.py:513}}
Oct 20 12:31:27.314658 n-d-814743-1 devstack@n-api.service[100043]: INFO nova.api.openstack.requestlog [None req-f1bc782b-4828-4535-8600-a0e5cae78a3a admin admin] 10.222.0.61 "GET /compute/v2.1" status: 200 len: 388 microversion: 2.1 time: 0.002037
Oct 20 12:31:27.315033 n-d-814743-1 devstack@n-api.service[100043]: [pid: 100043|app: 0|req: 13/27] 10.222.0.61 () {54 vars in 930 bytes} [Wed Oct 20 12:31:27 2021] GET /compute/v2.1 => generated 388 bytes in 3 msecs (HTTP/1.1 200) 9 headers in 357 bytes (2 switches on core 0)
Oct 20 12:31:27.378385 n-d-814743-1 devstack@n-api.service[100042]: DEBUG nova.api.openstack.wsgi [None req-74346371-70f7-4ac9-95a2-1e18ec7ed222 admin admin] Action: 'create', calling method: >, body: {"flavor": {"name": "m1.medium", "os-flavor-access:is_public": true, "ram": 4096, "swap": 0, "id": "3", "vcpus": 2, "disk": 40, "OS-FLV-EXT-DATA:ephemeral": 0, "rxtx_factor": 1.0}} {{(pid=100042) _process_stack /opt/stack/nova/nova/api/openstack/wsgi.py:511}}
Oct 20 12:31:27.399028 n-d-814743-1 devstack@n-api.service[100042]: INFO nova.api.openstack.requestlog [None req-74346371-70f7-4ac9-95a2-1e18ec7ed222 admin admin] 10.222.0.61 "POST /compute/v2.1/flavors" status: 200 len: 406 microversion: 2.61 time: 0.077559
Oct 20 12:31:27.399574 n-d-814743-1 devstack@n-api.service[100042]: [pid: 100042|app: 0|req: 15/28] 10.222.0.61 () {64 vars in 1282 bytes} [Wed Oct 20 12:31:27 2021] POST /compute/v2.1/flavors => generated 406 bytes in 79 msecs (HTTP/1.1 200) 9 headers in 359 bytes (1 switches on core 0)
Oct 20 12:31:27.413713 n-d-814743-1 devstack@n-api.service[100043]: DEBUG nova.api.openstack.wsgi [None req-fb04115b-7409-438a-9af3-213a87b6ef00 admin admin] Action: 'create', calling method: >, body: {"extra_specs": {"hw_rng:allowed": "True"}} {{(pid=100043) _process_stack /opt/stack/nova/nova/api/openstack/wsgi.py:511}}
Oct 20 12:31:27.441408 n-d-814743-1 devstack@n-api.service[100043]: INFO nova.api.openstack.requestlog [None req-fb04115b-7409-438a-9af3-213a87b6ef00 admin admin] 10.222.0.61 "POST /compute/v2.1/flavors/3/os-extra_specs" status: 200 len: 43 microversion: 2.61 time: 0.032703
Oct 20 12:31:27.442149 n-d-814743-1 devstack@n-api.service[100043]: [pid: 100043|app: 0|req: 14/29] 10.222.0.61 () {64 vars in 1332 bytes} [Wed Oct 20 12:31:27 2021] POST /compute/v2.1/flavors/3/os-extra_specs => generated 43 bytes in 34 msecs (HTTP/1.1 200) 9 headers in 358 bytes (1 switches on core 0)
Oct 20 12:31:30.097211 n-d-814743-1 devstack@n-api.service[100042]: DEBUG nova.api.openstack.wsgi [None req-74346371-70f7-4ac9-95a2-1e18ec7ed222 admin admin] Calling method '>' {{(pid=100042) _process_stack /opt/stack/nova/nova/api/openstack/wsgi.py:513}}
Oct 20 12:31:30.098370 n-d-814743-1 devstack@n-api.service[100042]: INFO nova.api.openstack.requestlog [None req-74346371-70f7-4ac9-95a2-1e18ec7ed222 admin admin] 10.222.0.61 "GET /compute/v2.1" status: 200 len: 388 microversion: 2.1 time: 0.001618
Oct 20 12:31:30.098842 n-d-814743-1 devstack@n-api.service[100042]: [pid: 100042|app: 0|req: 16/30] 10.222.0.61 () {54 vars in 930 bytes} [Wed Oct 20 12:31:30 2021] GET /compute/v2.1 => generated 388 bytes in 3 msecs (HTTP/1.1 200) 9 headers in 357 bytes (1 switches on core 0)
Oct 20 12:31:30.157533 n-d-814743-1 devstack@n-api.service[100043]: DEBUG nova.api.openstack.wsgi [None req-67436d21-4d3f-47d0-a7d2-3a5c5891de97 admin admin] Action: 'create', calling method: >, body: {"flavor": {"disk": 80, "vcpus": 4, "OS-FLV-EXT-DATA:ephemeral": 0, "ram": 8192, "rxtx_factor": 1.0, "swap": 0, "id": "4", "name": "m1.large", "os-flavor-access:is_public": true}} {{(pid=100043) _process_stack /opt/stack/nova/nova/api/openstack/wsgi.py:511}}
Oct 20 12:31:30.175136 n-d-814743-1 devstack@n-api.service[100043]: INFO nova.api.openstack.requestlog [None req-67436d21-4d3f-47d0-a7d2-3a5c5891de97 admin admin] 10.222.0.61 "POST /compute/v2.1/flavors" status: 200 len: 405 microversion: 2.61 time: 0.069738
Oct 20 12:31:30.175691 n-d-814743-1 devstack@n-api.service[100043]: [pid: 100043|app: 0|req: 15/31] 10.222.0.61 () {64 vars in 1282 bytes} [Wed Oct 20 12:31:30 2021] POST /compute/v2.1/flavors => generated 405 bytes in 71 msecs (HTTP/1.1 200) 9 headers in 359 bytes (2 switches on core 0)
Oct 20 12:31:30.188832 n-d-814743-1 devstack@n-api.service[100042]: DEBUG nova.api.openstack.wsgi [None req-1aa1c612-5a7f-4e8a-96d7-ff97ed5fdbf1 admin admin] Action: 'create', calling method: >, body: {"extra_specs": {"hw_rng:allowed": "True"}} {{(pid=100042) _process_stack /opt/stack/nova/nova/api/openstack/wsgi.py:511}}
Oct 20 12:31:30.210872 n-d-814743-1 devstack@n-api.service[100042]: INFO nova.api.openstack.requestlog [None req-1aa1c612-5a7f-4e8a-96d7-ff97ed5fdbf1 admin admin] 10.222.0.61 "POST /compute/v2.1/flavors/4/os-extra_specs" status: 200 len: 43 microversion: 2.61 time: 0.025598
Oct 20 12:31:30.211611 n-d-814743-1 devstack@n-api.service[100042]: [pid: 100042|app: 0|req: 17/32] 10.222.0.61 () {64 vars in 1332 bytes} [Wed Oct 20 12:31:30 2021] POST /compute/v2.1/flavors/4/os-extra_specs => generated 43 bytes in 27 msecs (HTTP/1.1 200) 9 headers in 358 bytes (1 switches on core 0)
Oct 20 12:31:32.567389 n-d-814743-1 devstack@n-api.service[100043]: DEBUG nova.api.openstack.wsgi [None req-67436d21-4d3f-47d0-a7d2-3a5c5891de97 admin admin] Calling method '>' {{(pid=100043) _process_stack /opt/stack/nova/nova/api/openstack/wsgi.py:513}}
Oct 20 12:31:32.569081 n-d-814743-1 devstack@n-api.service[100043]: INFO nova.api.openstack.requestlog [None req-67436d21-4d3f-47d0-a7d2-3a5c5891de97 admin admin] 10.222.0.61 "GET /compute/v2.1" status: 200 len: 388 microversion: 2.1 time: 0.002136
Oct 20 12:31:32.581339 n-d-814743-1 devstack@n-api.service[100043]: [pid: 100043|app: 0|req: 16/33] 10.222.0.61 () {54 vars in 930 bytes} [Wed Oct 20 12:31:32 2021] GET /compute/v2.1 => generated 388 bytes in 9 msecs (HTTP/1.1 200) 9 headers in 357 bytes (1 switches on core 0)
Oct 20 12:31:32.633782 n-d-814743-1 devstack@n-api.service[100042]: DEBUG nova.api.openstack.wsgi [None req-af36173e-cda6-43c3-9cf5-2cd3c7f18cd8 admin admin] Action: 'create', calling method: >, body: {"flavor": {"OS-FLV-EXT-DATA:ephemeral": 0, "os-flavor-access:is_public": true, "name": "m1.xlarge", "disk": 160, "rxtx_factor": 1.0, "swap": 0, "vcpus": 8, "id": "5", "ram": 16384}} {{(pid=100042) _process_stack /opt/stack/nova/nova/api/openstack/wsgi.py:511}}
Oct 20 12:31:32.652264 n-d-814743-1 devstack@n-api.service[100042]: INFO nova.api.openstack.requestlog [None req-af36173e-cda6-43c3-9cf5-2cd3c7f18cd8 admin admin] 10.222.0.61 "POST /compute/v2.1/flavors" status: 200 len: 408 microversion: 2.61 time: 0.075368
Oct 20 12:31:32.652818 n-d-814743-1 devstack@n-api.service[100042]: [pid: 100042|app: 0|req: 18/34] 10.222.0.61 () {64 vars in 1282 bytes} [Wed Oct 20 12:31:32 2021] POST /compute/v2.1/flavors => generated 408 bytes in 77 msecs (HTTP/1.1 200) 9 headers in 359 bytes (1 switches on core 0)
Oct 20 12:31:32.666690 n-d-814743-1 devstack@n-api.service[100043]: DEBUG nova.api.openstack.wsgi [None req-96c2623c-d359-44c4-b45e-f5631c4327f4 admin admin] Action: 'create', calling method: >, body: {"extra_specs": {"hw_rng:allowed": "True"}} {{(pid=100043) _process_stack /opt/stack/nova/nova/api/openstack/wsgi.py:511}}
Oct 20 12:31:32.690773 n-d-814743-1 devstack@n-api.service[100043]: INFO nova.api.openstack.requestlog [None req-96c2623c-d359-44c4-b45e-f5631c4327f4 admin admin] 10.222.0.61 "POST /compute/v2.1/flavors/5/os-extra_specs" status: 200 len: 43 microversion: 2.61 time: 0.029149
Oct 20 12:31:32.691358 n-d-814743-1 devstack@n-api.service[100043]: [pid: 100043|app: 0|req: 17/35] 10.222.0.61 () {64 vars in 1332 bytes} [Wed Oct 20 12:31:32 2021] POST /compute/v2.1/flavors/5/os-extra_specs => generated 43 bytes in 30 msecs (HTTP/1.1 200) 9 headers in 358 bytes (1 switches on core 0)
Oct 20 12:32:16.135732 n-d-814743-1 devstack@n-api.service[100042]: DEBUG nova.api.openstack.wsgi [None req-af36173e-cda6-43c3-9cf5-2cd3c7f18cd8 admin admin] Calling method '>' {{(pid=100042) _process_stack /opt/stack/nova/nova/api/openstack/wsgi.py:513}}
Oct 20 12:32:16.137129 n-d-814743-1 devstack@n-api.service[100042]: INFO nova.api.openstack.requestlog [None req-af36173e-cda6-43c3-9cf5-2cd3c7f18cd8 admin admin] 10.222.0.61 "GET /compute/v2.1" status: 200 len: 388 microversion: 2.1 time: 0.001848
Oct 20 12:32:16.137674 n-d-814743-1 devstack@n-api.service[100042]: [pid: 100042|app: 0|req: 19/36] 10.222.0.61 () {54 vars in 930 bytes} [Wed Oct 20 12:32:16 2021] GET /compute/v2.1 => generated 388 bytes in 3 msecs (HTTP/1.1 200) 9 headers in 357 bytes (1 switches on core 0)
Oct 20 12:32:16.194483 n-d-814743-1 devstack@n-api.service[100043]: DEBUG nova.api.openstack.wsgi [None req-edb88e0b-9b90-4ca5-a5a2-1fc389ce7b5c admin admin] Calling method '>' {{(pid=100043) _process_stack /opt/stack/nova/nova/api/openstack/wsgi.py:513}}
Oct 20 12:32:16.211689 n-d-814743-1 devstack@n-api.service[100043]: INFO nova.api.openstack.requestlog [None req-edb88e0b-9b90-4ca5-a5a2-1fc389ce7b5c admin admin] 10.222.0.61 "GET /compute/v2.1/flavors/detail?is_public=True" status: 200 len: 4202 microversion: 2.61 time: 0.067638
Oct 20 12:32:16.212221 n-d-814743-1 devstack@n-api.service[100043]: [pid: 100043|app: 0|req: 18/37] 10.222.0.61 () {60 vars in 1291 bytes} [Wed Oct 20 12:32:16 2021] GET /compute/v2.1/flavors/detail?is_public=True => generated 4202 bytes in 69 msecs (HTTP/1.1 200) 9 headers in 360 bytes (1 switches on core 0)
Oct 20 12:32:17.716280 n-d-814743-1 devstack@n-api.service[100042]: DEBUG nova.api.openstack.wsgi [None req-af36173e-cda6-43c3-9cf5-2cd3c7f18cd8 admin admin] Calling method '>' {{(pid=100042) _process_stack /opt/stack/nova/nova/api/openstack/wsgi.py:513}}
Oct 20 12:32:17.717293 n-d-814743-1 devstack@n-api.service[100042]: INFO nova.api.openstack.requestlog [None req-af36173e-cda6-43c3-9cf5-2cd3c7f18cd8 admin admin] 10.222.0.61 "GET /compute/v2.1" status: 200 len: 388 microversion: 2.1 time: 0.001428
Oct 20 12:32:17.717717 n-d-814743-1 devstack@n-api.service[100042]: [pid: 100042|app: 0|req: 20/38] 10.222.0.61 () {56 vars in 1074 bytes} [Wed Oct 20 12:32:17 2021] GET /compute/v2.1 => generated 388 bytes in 2 msecs (HTTP/1.1 200) 9 headers in 357 bytes (1 switches on core 0)
Oct 20 12:32:17.921924 n-d-814743-1 devstack@n-api.service[100043]: DEBUG nova.api.openstack.wsgi [None req-9888f672-edbc-4244-988f-40aeff2dcad1 admin admin] Calling method '>' {{(pid=100043) _process_stack /opt/stack/nova/nova/api/openstack/wsgi.py:513}}
Oct 20 12:32:17.927378 n-d-814743-1 devstack@n-api.service[100043]: INFO nova.api.openstack.wsgi [None req-9888f672-edbc-4244-988f-40aeff2dcad1 admin admin] HTTP exception thrown: Flavor 42 could not be found.
Oct 20 12:32:17.927878 n-d-814743-1 devstack@n-api.service[100043]: DEBUG nova.api.openstack.wsgi [None req-9888f672-edbc-4244-988f-40aeff2dcad1 admin admin] Returning 404 to user: Flavor 42 could not be found. {{(pid=100043) __call__ /opt/stack/nova/nova/api/openstack/wsgi.py:936}}
Oct 20 12:32:17.928665 n-d-814743-1 devstack@n-api.service[100043]: INFO nova.api.openstack.requestlog [None req-9888f672-edbc-4244-988f-40aeff2dcad1 admin admin] 10.222.0.61 "GET /compute/v2.1/flavors/42" status: 404 len: 75 microversion: 2.90 time: 0.057917
Oct 20 12:32:17.929166 n-d-814743-1 devstack@n-api.service[100043]: [pid: 100043|app: 0|req: 19/39] 10.222.0.61 () {60 vars in 1190 bytes} [Wed Oct 20 12:32:17 2021] GET /compute/v2.1/flavors/42 => generated 75 bytes in 59 msecs (HTTP/1.1 404) 9 headers in 380 bytes (1 switches on core 0)
Oct 20 12:32:17.939768 n-d-814743-1 devstack@n-api.service[100042]: DEBUG nova.api.openstack.wsgi [None req-43743d17-7963-4452-98c8-ef56c660b57e admin admin] Calling method '>' {{(pid=100042) _process_stack /opt/stack/nova/nova/api/openstack/wsgi.py:513}}
Oct 20 12:32:17.960063 n-d-814743-1 devstack@n-api.service[100042]: INFO nova.api.openstack.requestlog [None req-43743d17-7963-4452-98c8-ef56c660b57e admin admin] 10.222.0.61 "GET /compute/v2.1/flavors?is_public=None" status: 200 len: 2056 microversion: 2.90 time: 0.023823
Oct 20 12:32:17.960605 n-d-814743-1 devstack@n-api.service[100042]: [pid: 100042|app: 0|req: 21/40] 10.222.0.61 () {60 vars in 1210 bytes} [Wed Oct 20 12:32:17 2021] GET /compute/v2.1/flavors?is_public=None => generated 2056 bytes in 25 msecs (HTTP/1.1 200) 9 headers in 360 bytes (1 switches on core 0)
Oct 20 12:32:17.970630 n-d-814743-1 devstack@n-api.service[100043]: DEBUG nova.api.openstack.wsgi [None req-e0a0c755-6504-4b56-9da4-b47cf6bb4572 admin admin] Calling method '>' {{(pid=100043) _process_stack /opt/stack/nova/nova/api/openstack/wsgi.py:513}}
Oct 20 12:32:17.991521 n-d-814743-1 devstack@n-api.service[100043]: INFO nova.api.openstack.requestlog [None req-e0a0c755-6504-4b56-9da4-b47cf6bb4572 admin admin] 10.222.0.61 "GET /compute/v2.1/flavors?is_public=None" status: 200 len: 2056 microversion: 2.90 time: 0.024336
Oct 20 12:32:17.992044 n-d-814743-1 devstack@n-api.service[100043]: [pid: 100043|app: 0|req: 20/41] 10.222.0.61 () {60 vars in 1210 bytes} [Wed Oct 20 12:32:17 2021] GET /compute/v2.1/flavors?is_public=None => generated 2056 bytes in 25 msecs (HTTP/1.1 200) 9 headers in 360 bytes (1 switches on core 0)
Oct 20 12:32:18.002397 n-d-814743-1 devstack@n-api.service[100042]: DEBUG nova.api.openstack.wsgi [None req-de927e5a-c457-4aa1-a66b-f1237001f377 admin admin] Calling method '>' {{(pid=100042) _process_stack /opt/stack/nova/nova/api/openstack/wsgi.py:513}}
Oct 20 12:32:18.007629 n-d-814743-1 devstack@n-api.service[100042]: INFO nova.api.openstack.wsgi [None req-de927e5a-c457-4aa1-a66b-f1237001f377 admin admin] HTTP exception thrown: Flavor 42 could not be found.
Oct 20 12:32:18.008324 n-d-814743-1 devstack@n-api.service[100042]: DEBUG nova.api.openstack.wsgi [None req-de927e5a-c457-4aa1-a66b-f1237001f377 admin admin] Returning 404 to user: Flavor 42 could not be found. {{(pid=100042) __call__ /opt/stack/nova/nova/api/openstack/wsgi.py:936}}
Oct 20 12:32:18.009123 n-d-814743-1 devstack@n-api.service[100042]: INFO nova.api.openstack.requestlog [None req-de927e5a-c457-4aa1-a66b-f1237001f377 admin admin] 10.222.0.61 "GET /compute/v2.1/flavors/42" status: 404 len: 75 microversion: 2.90 time: 0.010317
Oct 20 12:32:18.009650 n-d-814743-1 devstack@n-api.service[100042]: [pid: 100042|app: 0|req: 22/42] 10.222.0.61 () {60 vars in 1190 bytes} [Wed Oct 20 12:32:17 2021] GET /compute/v2.1/flavors/42 => generated 75 bytes in 11 msecs (HTTP/1.1 404) 9 headers in 380 bytes (1 switches on core 0)
Oct 20 12:32:19.423194 n-d-814743-1 devstack@n-api.service[100043]: DEBUG nova.api.openstack.wsgi [None req-e0a0c755-6504-4b56-9da4-b47cf6bb4572 admin admin] Calling method '>' {{(pid=100043) _process_stack /opt/stack/nova/nova/api/openstack/wsgi.py:513}}
Oct 20 12:32:19.424188 n-d-814743-1 devstack@n-api.service[100043]: INFO nova.api.openstack.requestlog [None req-e0a0c755-6504-4b56-9da4-b47cf6bb4572 admin admin] 10.222.0.61 "GET /compute/v2.1" status: 200 len: 388 microversion: 2.1 time: 0.001407
Oct 20 12:32:19.424581 n-d-814743-1 devstack@n-api.service[100043]: [pid: 100043|app: 0|req: 21/43] 10.222.0.61 () {56 vars in 1074 bytes} [Wed Oct 20 12:32:19 2021] GET /compute/v2.1 => generated 388 bytes in 2 msecs (HTTP/1.1 200) 9 headers in 357 bytes (1 switches on core 0)
Oct 20 12:32:19.614768 n-d-814743-1 devstack@n-api.service[100042]: DEBUG nova.api.openstack.wsgi [None req-3fcdb98c-110c-47d6-bf38-68a17aed4c4f admin admin] Calling method '>' {{(pid=100042) _process_stack /opt/stack/nova/nova/api/openstack/wsgi.py:513}}
Oct 20 12:32:19.620519 n-d-814743-1 devstack@n-api.service[100042]: INFO nova.api.openstack.wsgi [None req-3fcdb98c-110c-47d6-bf38-68a17aed4c4f admin admin] HTTP exception thrown: Flavor 84 could not be found.
Oct 20 12:32:19.621067 n-d-814743-1 devstack@n-api.service[100042]: DEBUG nova.api.openstack.wsgi [None req-3fcdb98c-110c-47d6-bf38-68a17aed4c4f admin admin] Returning 404 to user: Flavor 84 could not be found. {{(pid=100042) __call__ /opt/stack/nova/nova/api/openstack/wsgi.py:936}}
Oct 20 12:32:19.621879 n-d-814743-1 devstack@n-api.service[100042]: INFO nova.api.openstack.requestlog [None req-3fcdb98c-110c-47d6-bf38-68a17aed4c4f admin admin] 10.222.0.61 "GET /compute/v2.1/flavors/84" status: 404 len: 75 microversion: 2.90 time: 0.057995
Oct 20 12:32:19.622381 n-d-814743-1 devstack@n-api.service[100042]: [pid: 100042|app: 0|req: 23/44] 10.222.0.61 () {60 vars in 1190 bytes} [Wed Oct 20 12:32:19 2021] GET /compute/v2.1/flavors/84 => generated 75 bytes in 59 msecs (HTTP/1.1 404) 9 headers in 380 bytes (1 switches on core 0)
Oct 20 12:32:19.632043 n-d-814743-1 devstack@n-api.service[100043]: DEBUG nova.api.openstack.wsgi [None req-e8a12591-7bc9-4ccc-9d94-c069635e5b27 admin admin] Calling method '>' {{(pid=100043) _process_stack /opt/stack/nova/nova/api/openstack/wsgi.py:513}}
Oct 20 12:32:19.645268 n-d-814743-1 devstack@n-api.service[100043]: INFO nova.api.openstack.requestlog [None req-e8a12591-7bc9-4ccc-9d94-c069635e5b27 admin admin] 10.222.0.61 "GET /compute/v2.1/flavors?is_public=None" status: 200 len: 2056 microversion: 2.90 time: 0.016726
Oct 20 12:32:19.645810 n-d-814743-1 devstack@n-api.service[100043]: [pid: 100043|app: 0|req: 22/45] 10.222.0.61 () {60 vars in 1210 bytes} [Wed Oct 20 12:32:19 2021] GET /compute/v2.1/flavors?is_public=None => generated 2056 bytes in 18 msecs (HTTP/1.1 200) 9 headers in 360 bytes (1 switches on core 0)
Oct 20 12:32:19.656093 n-d-814743-1 devstack@n-api.service[100042]: DEBUG nova.api.openstack.wsgi [None req-f90ef24a-c1b3-4c78-8b96-d756c44f6bcc admin admin] Calling method '>' {{(pid=100042) _process_stack /opt/stack/nova/nova/api/openstack/wsgi.py:513}}
Oct 20 12:32:19.670910 n-d-814743-1 devstack@n-api.service[100042]: INFO nova.api.openstack.requestlog [None req-f90ef24a-c1b3-4c78-8b96-d756c44f6bcc admin admin] 10.222.0.61 "GET /compute/v2.1/flavors?is_public=None" status: 200 len: 2056 microversion: 2.90 time: 0.018204
Oct 20 12:32:19.671427 n-d-814743-1 devstack@n-api.service[100042]: [pid: 100042|app: 0|req: 24/46] 10.222.0.61 () {60 vars in 1210 bytes} [Wed Oct 20 12:32:19 2021] GET /compute/v2.1/flavors?is_public=None => generated 2056 bytes in 19 msecs (HTTP/1.1 200) 9 headers in 360 bytes (1 switches on core 0)
Oct 20 12:32:19.680956 n-d-814743-1 devstack@n-api.service[100043]: DEBUG nova.api.openstack.wsgi [None req-b63b4487-258a-4ced-bd14-706377ec4e41 admin admin] Calling method '>' {{(pid=100043) _process_stack /opt/stack/nova/nova/api/openstack/wsgi.py:513}}
Oct 20 12:32:19.686145 n-d-814743-1 devstack@n-api.service[100043]: INFO nova.api.openstack.wsgi [None req-b63b4487-258a-4ced-bd14-706377ec4e41 admin admin] HTTP exception thrown: Flavor 84 could not be found.
Oct 20 12:32:19.686686 n-d-814743-1 devstack@n-api.service[100043]: DEBUG nova.api.openstack.wsgi [None req-b63b4487-258a-4ced-bd14-706377ec4e41 admin admin] Returning 404 to user: Flavor 84 could not be found. {{(pid=100043) __call__ /opt/stack/nova/nova/api/openstack/wsgi.py:936}}
Oct 20 12:32:19.687452 n-d-814743-1 devstack@n-api.service[100043]: INFO nova.api.openstack.requestlog [None req-b63b4487-258a-4ced-bd14-706377ec4e41 admin admin] 10.222.0.61 "GET /compute/v2.1/flavors/84" status: 404 len: 75 microversion: 2.90 time: 0.010053
Oct 20 12:32:19.687933 n-d-814743-1 devstack@n-api.service[100043]: [pid: 100043|app: 0|req: 23/47] 10.222.0.61 () {60 vars in 1190 bytes} [Wed Oct 20 12:32:19 2021] GET /compute/v2.1/flavors/84 => generated 75 bytes in 11 msecs (HTTP/1.1 404) 9 headers in 380 bytes (2 switches on core 0)
Oct 20 12:32:21.094408 n-d-814743-1 devstack@n-api.service[100042]: DEBUG nova.api.openstack.wsgi [None req-f90ef24a-c1b3-4c78-8b96-d756c44f6bcc admin admin] Calling method '>' {{(pid=100042) _process_stack /opt/stack/nova/nova/api/openstack/wsgi.py:513}}
Oct 20 12:32:21.095420 n-d-814743-1 devstack@n-api.service[100042]: INFO nova.api.openstack.requestlog [None req-f90ef24a-c1b3-4c78-8b96-d756c44f6bcc admin admin] 10.222.0.61 "GET /compute/v2.1" status: 200 len: 388 microversion: 2.1 time: 0.001457
Oct 20 12:32:21.095808 n-d-814743-1 devstack@n-api.service[100042]: [pid: 100042|app: 0|req: 25/48] 10.222.0.61 () {56 vars in 1074 bytes} [Wed Oct 20 12:32:21 2021] GET /compute/v2.1 => generated 388 bytes in 2 msecs (HTTP/1.1 200) 9 headers in 357 bytes (1 switches on core 0)
Oct 20 12:32:21.285234 n-d-814743-1 devstack@n-api.service[100043]: DEBUG nova.api.openstack.wsgi [None req-12b003a0-0df4-4392-b450-f92dbac9dfde admin admin] Calling method '>' {{(pid=100043) _process_stack /opt/stack/nova/nova/api/openstack/wsgi.py:513}}
Oct 20 12:32:21.291542 n-d-814743-1 devstack@n-api.service[100043]: INFO nova.api.openstack.wsgi [None req-12b003a0-0df4-4392-b450-f92dbac9dfde admin admin] HTTP exception thrown: Flavor 451 could not be found.
Oct 20 12:32:21.292095 n-d-814743-1 devstack@n-api.service[100043]: DEBUG nova.api.openstack.wsgi [None req-12b003a0-0df4-4392-b450-f92dbac9dfde admin admin] Returning 404 to user: Flavor 451 could not be found. {{(pid=100043) __call__ /opt/stack/nova/nova/api/openstack/wsgi.py:936}}
Oct 20 12:32:21.292871 n-d-814743-1 devstack@n-api.service[100043]: INFO nova.api.openstack.requestlog [None req-12b003a0-0df4-4392-b450-f92dbac9dfde admin admin] 10.222.0.61 "GET /compute/v2.1/flavors/451" status: 404 len: 76 microversion: 2.90 time: 0.058522
Oct 20 12:32:21.293402 n-d-814743-1 devstack@n-api.service[100043]: [pid: 100043|app: 0|req: 24/49] 10.222.0.61 () {60 vars in 1193 bytes} [Wed Oct 20 12:32:21 2021] GET /compute/v2.1/flavors/451 => generated 76 bytes in 60 msecs (HTTP/1.1 404) 9 headers in 380 bytes (1 switches on core 0)
Oct 20 12:32:21.303158 n-d-814743-1 devstack@n-api.service[100042]: DEBUG nova.api.openstack.wsgi [None req-8c008dc8-615c-42df-8b9b-ff15563d2901 admin admin] Calling method '>' {{(pid=100042) _process_stack /opt/stack/nova/nova/api/openstack/wsgi.py:513}}
Oct 20 12:32:21.316847 n-d-814743-1 devstack@n-api.service[100042]: INFO nova.api.openstack.requestlog [None req-8c008dc8-615c-42df-8b9b-ff15563d2901 admin admin] 10.222.0.61 "GET /compute/v2.1/flavors?is_public=None" status: 200 len: 2056 microversion: 2.90 time: 0.017281
Oct 20 12:32:21.317399 n-d-814743-1 devstack@n-api.service[100042]: [pid: 100042|app: 0|req: 26/50] 10.222.0.61 () {60 vars in 1210 bytes} [Wed Oct 20 12:32:21 2021] GET /compute/v2.1/flavors?is_public=None => generated 2056 bytes in 18 msecs (HTTP/1.1 200) 9 headers in 360 bytes (1 switches on core 0)
Oct 20 12:32:21.327979 n-d-814743-1 devstack@n-api.service[100043]: DEBUG nova.api.openstack.wsgi [None req-01454033-2d18-4f15-9c68-f1451646c738 admin admin] Calling method '>' {{(pid=100043) _process_stack /opt/stack/nova/nova/api/openstack/wsgi.py:513}}
Oct 20 12:32:21.341146 n-d-814743-1 devstack@n-api.service[100043]: INFO nova.api.openstack.requestlog [None req-01454033-2d18-4f15-9c68-f1451646c738 admin admin] 10.222.0.61 "GET /compute/v2.1/flavors?is_public=None" status: 200 len: 2056 microversion: 2.90 time: 0.016639
Oct 20 12:32:21.341694 n-d-814743-1 devstack@n-api.service[100043]: [pid: 100043|app: 0|req: 25/51] 10.222.0.61 () {60 vars in 1210 bytes} [Wed Oct 20 12:32:21 2021] GET /compute/v2.1/flavors?is_public=None => generated 2056 bytes in 18 msecs (HTTP/1.1 200) 9 headers in 360 bytes (2 switches on core 0)
Oct 20 12:32:21.351146 n-d-814743-1 devstack@n-api.service[100042]: DEBUG nova.api.openstack.wsgi [None req-48c8baf5-ba34-46f6-89b5-99e276301f12 admin admin] Calling method '>' {{(pid=100042) _process_stack /opt/stack/nova/nova/api/openstack/wsgi.py:513}}
Oct 20 12:32:21.356242 n-d-814743-1 devstack@n-api.service[100042]: INFO nova.api.openstack.wsgi [None req-48c8baf5-ba34-46f6-89b5-99e276301f12 admin admin] HTTP exception thrown: Flavor 451 could not be found.
Oct 20 12:32:21.356793 n-d-814743-1 devstack@n-api.service[100042]: DEBUG nova.api.openstack.wsgi [None req-48c8baf5-ba34-46f6-89b5-99e276301f12 admin admin] Returning 404 to user: Flavor 451 could not be found. {{(pid=100042) __call__ /opt/stack/nova/nova/api/openstack/wsgi.py:936}}
Oct 20 12:32:21.357594 n-d-814743-1 devstack@n-api.service[100042]: INFO nova.api.openstack.requestlog [None req-48c8baf5-ba34-46f6-89b5-99e276301f12 admin admin] 10.222.0.61 "GET /compute/v2.1/flavors/451" status: 404 len: 76 microversion: 2.90 time: 0.009864
Oct 20 12:32:21.358080 n-d-814743-1 devstack@n-api.service[100042]: [pid: 100042|app: 0|req: 27/52] 10.222.0.61 () {60 vars in 1193 bytes} [Wed Oct 20 12:32:21 2021] GET /compute/v2.1/flavors/451 => generated 76 bytes in 11 msecs (HTTP/1.1 404) 9 headers in 380 bytes (1 switches on core 0)
Oct 20 12:32:22.754676 n-d-814743-1 devstack@n-api.service[100043]: DEBUG nova.api.openstack.wsgi [None req-01454033-2d18-4f15-9c68-f1451646c738 admin admin] Calling method '>' {{(pid=100043) _process_stack /opt/stack/nova/nova/api/openstack/wsgi.py:513}}
Oct 20 12:32:22.755677 n-d-814743-1 devstack@n-api.service[100043]: INFO nova.api.openstack.requestlog [None req-01454033-2d18-4f15-9c68-f1451646c738 admin admin] 10.222.0.61 "GET /compute/v2.1" status: 200 len: 388 microversion: 2.1 time: 0.001415
Oct 20 12:32:22.756071 n-d-814743-1 devstack@n-api.service[100043]: [pid: 100043|app: 0|req: 26/53] 10.222.0.61 () {56 vars in 1074 bytes} [Wed Oct 20 12:32:22 2021] GET /compute/v2.1 => generated 388 bytes in 2 msecs (HTTP/1.1 200) 9 headers in 357 bytes (1 switches on core 0)
Oct 20 12:32:22.946039 n-d-814743-1 devstack@n-api.service[100042]: DEBUG nova.api.openstack.wsgi [None req-c3dadcfa-d578-4d34-b82d-c71c3be7e582 admin admin] Action: 'create', calling method: >, body: {"flavor": {"name": "m1.nano", "ram": 256, "vcpus": 1, "disk": 1, "id": "42", "swap": 0, "OS-FLV-EXT-DATA:ephemeral": 0, "rxtx_factor": 1.0, "os-flavor-access:is_public": true}} {{(pid=100042) _process_stack /opt/stack/nova/nova/api/openstack/wsgi.py:511}}
Oct 20 12:32:22.964724 n-d-814743-1 devstack@n-api.service[100042]: INFO nova.api.openstack.requestlog [None req-c3dadcfa-d578-4d34-b82d-c71c3be7e582 admin admin] 10.222.0.61 "POST /compute/v2.1/flavors" status: 200 len: 404 microversion: 2.90 time: 0.069651
Oct 20 12:32:22.965193 n-d-814743-1 devstack@n-api.service[100042]: [pid: 100042|app: 0|req: 28/54] 10.222.0.61 () {64 vars in 1235 bytes} [Wed Oct 20 12:32:22 2021] POST /compute/v2.1/flavors => generated 404 bytes in 71 msecs (HTTP/1.1 200) 9 headers in 359 bytes (2 switches on core 0)
Oct 20 12:32:24.388172 n-d-814743-1 devstack@n-api.service[100043]: DEBUG nova.api.openstack.wsgi [None req-01454033-2d18-4f15-9c68-f1451646c738 admin admin] Calling method '>' {{(pid=100043) _process_stack /opt/stack/nova/nova/api/openstack/wsgi.py:513}}
Oct 20 12:32:24.389167 n-d-814743-1 devstack@n-api.service[100043]: INFO nova.api.openstack.requestlog [None req-01454033-2d18-4f15-9c68-f1451646c738 admin admin] 10.222.0.61 "GET /compute/v2.1" status: 200 len: 388 microversion: 2.1 time: 0.001402
Oct 20 12:32:24.389613 n-d-814743-1 devstack@n-api.service[100043]: [pid: 100043|app: 0|req: 27/55] 10.222.0.61 () {56 vars in 1074 bytes} [Wed Oct 20 12:32:24 2021] GET /compute/v2.1 => generated 388 bytes in 2 msecs (HTTP/1.1 200) 9 headers in 357 bytes (1 switches on core 0)
Oct 20 12:32:24.579157 n-d-814743-1 devstack@n-api.service[100042]: DEBUG nova.api.openstack.wsgi [None req-54471e53-53e5-42f7-9f1b-fb268c61078c admin admin] Action: 'create', calling method: >, body: {"flavor": {"name": "m1.micro", "ram": 256, "vcpus": 1, "disk": 2, "id": "84", "swap": 0, "OS-FLV-EXT-DATA:ephemeral": 0, "rxtx_factor": 1.0, "os-flavor-access:is_public": true}} {{(pid=100042) _process_stack /opt/stack/nova/nova/api/openstack/wsgi.py:511}}
Oct 20 12:32:24.596921 n-d-814743-1 devstack@n-api.service[100042]: INFO nova.api.openstack.requestlog [None req-54471e53-53e5-42f7-9f1b-fb268c61078c admin admin] 10.222.0.61 "POST /compute/v2.1/flavors" status: 200 len: 405 microversion: 2.90 time: 0.068123
Oct 20 12:32:24.597495 n-d-814743-1 devstack@n-api.service[100042]: [pid: 100042|app: 0|req: 29/56] 10.222.0.61 () {64 vars in 1235 bytes} [Wed Oct 20 12:32:24 2021] POST /compute/v2.1/flavors => generated 405 bytes in 69 msecs (HTTP/1.1 200) 9 headers in 359 bytes (1 switches on core 0)
Oct 20 12:32:26.012171 n-d-814743-1 devstack@n-api.service[100043]: DEBUG nova.api.openstack.wsgi [None req-01454033-2d18-4f15-9c68-f1451646c738 admin admin] Calling method '>' {{(pid=100043) _process_stack /opt/stack/nova/nova/api/openstack/wsgi.py:513}}
Oct 20 12:32:26.013179 n-d-814743-1 devstack@n-api.service[100043]: INFO nova.api.openstack.requestlog [None req-01454033-2d18-4f15-9c68-f1451646c738 admin admin] 10.222.0.61 "GET /compute/v2.1" status: 200 len: 388 microversion: 2.1 time: 0.001474
Oct 20 12:32:26.013606 n-d-814743-1 devstack@n-api.service[100043]: [pid: 100043|app: 0|req: 28/57] 10.222.0.61 () {56 vars in 1074 bytes} [Wed Oct 20 12:32:26 2021] GET /compute/v2.1 => generated 388 bytes in 2 msecs (HTTP/1.1 200) 9 headers in 357 bytes (1 switches on core 0)
Oct 20 12:32:26.201202 n-d-814743-1 devstack@n-api.service[100042]: DEBUG nova.api.openstack.wsgi [None req-d62551a7-79ac-4665-93af-45426e221f0d admin admin] Action: 'create', calling method: >, body: {"flavor": {"name": "m1.heat", "ram": 512, "vcpus": 1, "disk": 1, "id": "451", "swap": 0, "OS-FLV-EXT-DATA:ephemeral": 0, "rxtx_factor": 1.0, "os-flavor-access:is_public": true}} {{(pid=100042) _process_stack /opt/stack/nova/nova/api/openstack/wsgi.py:511}}
Oct 20 12:32:26.219384 n-d-814743-1 devstack@n-api.service[100042]: INFO nova.api.openstack.requestlog [None req-d62551a7-79ac-4665-93af-45426e221f0d admin admin] 10.222.0.61 "POST /compute/v2.1/flavors" status: 200 len: 407 microversion: 2.90 time: 0.069295
Oct 20 12:32:26.219969 n-d-814743-1 devstack@n-api.service[100042]: [pid: 100042|app: 0|req: 30/58] 10.222.0.61 () {64 vars in 1235 bytes} [Wed Oct 20 12:32:26 2021] POST /compute/v2.1/flavors => generated 407 bytes in 70 msecs (HTTP/1.1 200) 9 headers in 359 bytes (1 switches on core 0)
Oct 20 12:32:27.606483 n-d-814743-1 devstack@n-api.service[100043]: DEBUG nova.api.openstack.wsgi [None req-01454033-2d18-4f15-9c68-f1451646c738 admin admin] Calling method '>' {{(pid=100043) _process_stack /opt/stack/nova/nova/api/openstack/wsgi.py:513}}
Oct 20 12:32:27.607482 n-d-814743-1 devstack@n-api.service[100043]: INFO nova.api.openstack.requestlog [None req-01454033-2d18-4f15-9c68-f1451646c738 admin admin] 10.222.0.61 "GET /compute/v2.1" status: 200 len: 388 microversion: 2.1 time: 0.001408
Oct 20 12:32:27.608044 n-d-814743-1 devstack@n-api.service[100043]: [pid: 100043|app: 0|req: 29/59] 10.222.0.61 () {56 vars in 1074 bytes} [Wed Oct 20 12:32:27 2021] GET /compute/v2.1 => generated 388 bytes in 2 msecs (HTTP/1.1 200) 9 headers in 357 bytes (1 switches on core 0)
Oct 20 12:32:27.796421 n-d-814743-1 devstack@n-api.service[100042]: DEBUG nova.api.openstack.wsgi [None req-d3a5a7df-65f1-4bb6-ab41-b485e4026be3 admin admin] Action: 'create', calling method: >, body: {"flavor": {"name": "m1.heat2", "ram": 1024, "vcpus": 1, "disk": 1, "id": "452", "swap": 0, "OS-FLV-EXT-DATA:ephemeral": 0, "rxtx_factor": 1.0, "os-flavor-access:is_public": true}} {{(pid=100042) _process_stack /opt/stack/nova/nova/api/openstack/wsgi.py:511}}
Oct 20 12:32:27.813623 n-d-814743-1 devstack@n-api.service[100042]: INFO nova.api.openstack.requestlog [None req-d3a5a7df-65f1-4bb6-ab41-b485e4026be3 admin admin] 10.222.0.61 "POST /compute/v2.1/flavors" status: 200 len: 409 microversion: 2.90 time: 0.068209
Oct 20 12:32:27.814162 n-d-814743-1 devstack@n-api.service[100042]: [pid: 100042|app: 0|req: 31/60] 10.222.0.61 () {64 vars in 1235 bytes} [Wed Oct 20 12:32:27 2021] POST /compute/v2.1/flavors => generated 409 bytes in 69 msecs (HTTP/1.1 200) 9 headers in 359 bytes (1 switches on core 0)
Oct 20 12:32:29.210232 n-d-814743-1 devstack@n-api.service[100043]: DEBUG nova.api.openstack.wsgi [None req-01454033-2d18-4f15-9c68-f1451646c738 admin admin] Calling method '>' {{(pid=100043) _process_stack /opt/stack/nova/nova/api/openstack/wsgi.py:513}}
Oct 20 12:32:29.211797 n-d-814743-1 devstack@n-api.service[100043]: INFO nova.api.openstack.requestlog [None req-01454033-2d18-4f15-9c68-f1451646c738 admin admin] 10.222.0.61 "GET /compute/v2.1" status: 200 len: 388 microversion: 2.1 time: 0.001988
Oct 20 12:32:29.212193 n-d-814743-1 devstack@n-api.service[100043]: [pid: 100043|app: 0|req: 30/61] 10.222.0.61 () {56 vars in 1074 bytes} [Wed Oct 20 12:32:29 2021] GET /compute/v2.1 => generated 388 bytes in 3 msecs (HTTP/1.1 200) 9 headers in 357 bytes (1 switches on core 0)
Oct 20 12:32:29.401210 n-d-814743-1 devstack@n-api.service[100042]: DEBUG nova.api.openstack.wsgi [None req-6c73bce5-2c61-4076-9345-8821c774e3ed admin admin] Calling method '>' {{(pid=100042) _process_stack /opt/stack/nova/nova/api/openstack/wsgi.py:513}}
Oct 20 12:32:29.420751 n-d-814743-1 devstack@n-api.service[100042]: INFO nova.api.openstack.requestlog [None req-6c73bce5-2c61-4076-9345-8821c774e3ed admin admin] 10.222.0.61 "GET /compute/v2.1/flavors/detail" status: 200 len: 5777 microversion: 2.90 time: 0.070827
Oct 20 12:32:29.421226 n-d-814743-1 devstack@n-api.service[100042]: [pid: 100042|app: 0|req: 32/62] 10.222.0.61 () {60 vars in 1202 bytes} [Wed Oct 20 12:32:29 2021] GET /compute/v2.1/flavors/detail => generated 5777 bytes in 72 msecs (HTTP/1.1 200) 9 headers in 360 bytes (1 switches on core 0)
Oct 20 12:33:15.873924 n-d-814743-1 devstack@n-api.service[100043]: DEBUG nova.api.openstack.wsgi [None req-01454033-2d18-4f15-9c68-f1451646c738 admin admin] Calling method '>' {{(pid=100043) _process_stack /opt/stack/nova/nova/api/openstack/wsgi.py:513}}
Oct 20 12:33:15.874954 n-d-814743-1 devstack@n-api.service[100043]: INFO nova.api.openstack.requestlog [None req-01454033-2d18-4f15-9c68-f1451646c738 admin admin] 10.222.0.61 "GET /compute/v2.1" status: 200 len: 388 microversion: 2.1 time: 0.001441
Oct 20 12:33:15.875348 n-d-814743-1 devstack@n-api.service[100043]: [pid: 100043|app: 0|req: 31/63] 10.222.0.61 () {54 vars in 930 bytes} [Wed Oct 20 12:33:15 2021] GET /compute/v2.1 => generated 388 bytes in 2 msecs (HTTP/1.1 200) 9 headers in 357 bytes (1 switches on core 0)
Oct 20 12:33:15.934982 n-d-814743-1 devstack@n-api.service[100042]: DEBUG nova.api.openstack.wsgi [None req-98d47373-8df7-43e9-9403-36d968ffcde0 admin admin] Calling method '>' {{(pid=100042) _process_stack /opt/stack/nova/nova/api/openstack/wsgi.py:513}}
Oct 20 12:33:15.954312 n-d-814743-1 devstack@n-api.service[100042]: INFO nova.api.openstack.requestlog [None req-98d47373-8df7-43e9-9403-36d968ffcde0 admin admin] 10.222.0.61 "GET /compute/v2.1/flavors/detail?is_public=True" status: 200 len: 5791 microversion: 2.61 time: 0.072450
Oct 20 12:33:15.954846 n-d-814743-1 devstack@n-api.service[100042]: [pid: 100042|app: 0|req: 33/64] 10.222.0.61 () {60 vars in 1291 bytes} [Wed Oct 20 12:33:15 2021] GET /compute/v2.1/flavors/detail?is_public=True => generated 5791 bytes in 74 msecs (HTTP/1.1 200) 9 headers in 360 bytes (1 switches on core 0)
Oct 20 12:33:15.977300 n-d-814743-1 devstack@n-api.service[100043]: DEBUG nova.api.openstack.wsgi [None req-7f47e6b4-7bcf-46d0-806e-fa3d6a1360c0 admin admin] Calling method '>' {{(pid=100043) _process_stack /opt/stack/nova/nova/api/openstack/wsgi.py:513}}
Oct 20 12:33:15.985007 n-d-814743-1 devstack@n-api.service[100043]: INFO nova.api.openstack.requestlog [None req-7f47e6b4-7bcf-46d0-806e-fa3d6a1360c0 admin admin] 10.222.0.61 "GET /compute/v2.1/flavors/42/os-extra_specs" status: 200 len: 19 microversion: 2.61 time: 0.011311
Oct 20 12:33:15.985570 n-d-814743-1 devstack@n-api.service[100043]: [pid: 100043|app: 0|req: 32/65] 10.222.0.61 () {60 vars in 1282 bytes} [Wed Oct 20 12:33:15 2021] GET /compute/v2.1/flavors/42/os-extra_specs => generated 19 bytes in 12 msecs (HTTP/1.1 200) 9 headers in 358 bytes (1 switches on core 0)
Oct 20 12:33:15.997972 n-d-814743-1 devstack@n-api.service[100042]: DEBUG nova.api.openstack.wsgi [None req-3d54256c-4012-4e6e-b7e3-26bc017a996a admin admin] Calling method '>' {{(pid=100042) _process_stack /opt/stack/nova/nova/api/openstack/wsgi.py:513}}
Oct 20 12:33:16.005535 n-d-814743-1 devstack@n-api.service[100042]: INFO nova.api.openstack.requestlog [None req-3d54256c-4012-4e6e-b7e3-26bc017a996a admin admin] 10.222.0.61 "GET /compute/v2.1/flavors/451/os-extra_specs" status: 200 len: 19 microversion: 2.61 time: 0.010962
Oct 20 12:33:16.006037 n-d-814743-1 devstack@n-api.service[100042]: [pid: 100042|app: 0|req: 34/66] 10.222.0.61 () {60 vars in 1285 bytes} [Wed Oct 20 12:33:15 2021] GET /compute/v2.1/flavors/451/os-extra_specs => generated 19 bytes in 12 msecs (HTTP/1.1 200) 9 headers in 358 bytes (1 switches on core 0)
Oct 20 12:33:16.018170 n-d-814743-1 devstack@n-api.service[100043]: DEBUG nova.api.openstack.wsgi [None req-f4c0bc4f-3112-4458-8360-363db5ca7ccd admin admin] Calling method '>' {{(pid=100043) _process_stack /opt/stack/nova/nova/api/openstack/wsgi.py:513}}
Oct 20 12:33:16.025649 n-d-814743-1 devstack@n-api.service[100043]: INFO nova.api.openstack.requestlog [None req-f4c0bc4f-3112-4458-8360-363db5ca7ccd admin admin] 10.222.0.61 "GET /compute/v2.1/flavors/452/os-extra_specs" status: 200 len: 19 microversion: 2.61 time: 0.010866
Oct 20 12:33:16.026161 n-d-814743-1 devstack@n-api.service[100043]: [pid: 100043|app: 0|req: 33/67] 10.222.0.61 () {60 vars in 1285 bytes} [Wed Oct 20 12:33:16 2021] GET /compute/v2.1/flavors/452/os-extra_specs => generated 19 bytes in 12 msecs (HTTP/1.1 200) 9 headers in 358 bytes (2 switches on core 0)
Oct 20 12:33:16.038736 n-d-814743-1 devstack@n-api.service[100042]: DEBUG nova.api.openstack.wsgi [None req-4612920b-ef94-4c35-b07b-71e2efc24159 admin admin] Calling method '>' {{(pid=100042) _process_stack /opt/stack/nova/nova/api/openstack/wsgi.py:513}}
Oct 20 12:33:16.046360 n-d-814743-1 devstack@n-api.service[100042]: INFO nova.api.openstack.requestlog [None req-4612920b-ef94-4c35-b07b-71e2efc24159 admin admin] 10.222.0.61 "GET /compute/v2.1/flavors/84/os-extra_specs" status: 200 len: 19 microversion: 2.61 time: 0.010996
Oct 20 12:33:16.046872 n-d-814743-1 devstack@n-api.service[100042]: [pid: 100042|app: 0|req: 35/68] 10.222.0.61 () {60 vars in 1282 bytes} [Wed Oct 20 12:33:16 2021] GET /compute/v2.1/flavors/84/os-extra_specs => generated 19 bytes in 12 msecs (HTTP/1.1 200) 9 headers in 358 bytes (2 switches on core 0)
Oct 20 12:34:43.531374 n-d-814743-1 devstack@n-api.service[100043]: DEBUG nova.api.openstack.wsgi [None req-f86bef86-912f-493d-a80c-97b5fe0ef880 tempest-verify_tempest_config-67021745 tempest-verify_tempest_config-67021745-project] Calling method '>' {{(pid=100043) _process_stack /opt/stack/nova/nova/api/openstack/wsgi.py:513}}
Oct 20 12:34:43.533402 n-d-814743-1 devstack@n-api.service[100043]: INFO nova.api.openstack.requestlog [None req-f86bef86-912f-493d-a80c-97b5fe0ef880 tempest-verify_tempest_config-67021745 tempest-verify_tempest_config-67021745-project] 10.222.0.61 "GET /compute/v2.1/extensions" status: 200 len: 22700 microversion: 2.1 time: 0.105020
Oct 20 12:34:43.533936 n-d-814743-1 devstack@n-api.service[100043]: [pid: 100043|app: 0|req: 34/69] 10.222.0.61 () {58 vars in 1133 bytes} [Wed Oct 20 12:34:43 2021] GET /compute/v2.1/extensions => generated 22700 bytes in 106 msecs (HTTP/1.1 200) 9 headers in 359 bytes (1 switches on core 0)
Oct 20 12:38:28.858403 n-d-814743-1 devstack@n-api.service[100042]: DEBUG nova.api.openstack.wsgi [None req-4612920b-ef94-4c35-b07b-71e2efc24159 admin admin] Calling method '>' {{(pid=100042) _process_stack /opt/stack/nova/nova/api/openstack/wsgi.py:513}}
Oct 20 12:38:28.859406 n-d-814743-1 devstack@n-api.service[100042]: INFO nova.api.openstack.requestlog [None req-4612920b-ef94-4c35-b07b-71e2efc24159 admin admin] 10.222.0.61 "GET /compute/v2.1" status: 200 len: 388 microversion: 2.1 time: 0.001446
Oct 20 12:38:28.859795 n-d-814743-1 devstack@n-api.service[100042]: [pid: 100042|app: 0|req: 36/70] 10.222.0.61 () {56 vars in 1074 bytes} [Wed Oct 20 12:38:28 2021] GET /compute/v2.1 => generated 388 bytes in 2 msecs (HTTP/1.1 200) 9 headers in 357 bytes (1 switches on core 0)
Oct 20 12:38:29.112222 n-d-814743-1 devstack@n-api.service[100043]: DEBUG nova.api.openstack.wsgi [None req-384222e0-4ec3-4e31-85d4-32a617d357a9 admin admin] Calling method '>' {{(pid=100043) _process_stack /opt/stack/nova/nova/api/openstack/wsgi.py:513}}
Oct 20 12:38:29.113396 n-d-814743-1 devstack@n-api.service[100043]: /usr/local/lib/python3.8/dist-packages/oslo_policy/policy.py:1064: UserWarning: Policy os_compute_api:os-services:list failed scope check. The token used to make the request was project scoped but the policy requires ['system'] scope. This behavior may change in the future where using the intended scope is required
Oct 20 12:38:29.113396 n-d-814743-1 devstack@n-api.service[100043]: warnings.warn(msg)
Oct 20 12:38:29.114898 n-d-814743-1 devstack@n-api.service[100043]: DEBUG oslo_concurrency.lockutils [None req-384222e0-4ec3-4e31-85d4-32a617d357a9 admin admin] Lock "00000000-0000-0000-0000-000000000000" acquired by "nova.context.set_target_cell..get_or_set_cached_cell_and_set_connections" :: waited 0.000s {{(pid=100043) inner /usr/local/lib/python3.8/dist-packages/oslo_concurrency/lockutils.py:355}}
