Oct 27 18:06:16.288751 n-d-814735-5 neutron-server[102325]: DEBUG neutron.plugins.ml2.drivers.mech_agent [None req-2888ebe1-1299-446b-85b7-48674e4cc21e None None] Checking agent: {'id': '34273712-f520-473d-98bf-95870ca6dfd8', 'agent_type': 'Open vSwitch agent', 'binary': 'neutron-openvswitch-agent', 'topic': 'N/A', 'host': 'n-d-814735-5', 'admin_state_up': True, 'created_at': datetime.datetime(2021, 10, 27, 17, 56, 12), 'started_at': datetime.datetime(2021, 10, 27, 17, 56, 42), 'heartbeat_timestamp': datetime.datetime(2021, 10, 27, 18, 6, 12), 'description': None, 'resources_synced': None, 'availability_zone': None, 'alive': True, 'configurations': {'arp_responder_enabled': False, 'baremetal_smartnic': False, 'bridge_mappings': {'physnet1': 'br-data'}, 'datapath_type': 'system', 'devices': 0, 'enable_distributed_routing': False, 'extensions': [], 'in_distributed_mode': False, 'integration_bridge': 'br-int', 'l2_population': False, 'log_agent_heartbeats': False, 'ovs_capabilities': {'datapath_types': ['netdev', 'system'], 'iface_types': ['erspan', 'geneve', 'gre', 'internal', 'ip6erspan', 'ip6gre', 'lisp', 'patch', 'stt', 'system', 'tap', 'vxlan']}, 'ovs_hybrid_plug': False, 'resource_provider_bandwidths': {}, 'resource_provider_hypervisors': {'br-data': 'n-d-814735-5'}, 'resource_provider_inventory_defaults': {'allocation_ratio': 1.0, 'min_unit': 1, 'step_size': 1, 'reserved': 0}, 'resource_provider_packet_processing_inventory_defaults': {'allocation_ratio': 1.0, 'min_unit': 1, 'step_size': 1, 'reserved': 0}, 'resource_provider_packet_processing_with_direction': {}, 'resource_provider_packet_processing_without_direction': {}, 'tunnel_types': [], 'tunneling_ip': None, 'vhostuser_socket_dir': '/var/run/openvswitch'}, 'resource_versions': {'AddressGroup': '1.2', 'ConntrackHelper': '1.0', 'Log': '1.0', 'Network': '1.1', 'Port': '1.7', 'PortForwarding': '1.2', 'QosPolicy': '1.10', 'SecurityGroup': '1.4', 'SecurityGroupRule': '1.2', 'SubPort': '1.0', 'Subnet': '1.1', 'Trunk': '1.1'}} {{(pid=102325) bind_port /opt/stack/neutron/neutron/plugins/ml2/drivers/mech_agent.py:110}}
Oct 27 18:06:16.289566 n-d-814735-5 neutron-server[102325]: DEBUG neutron.plugins.ml2.drivers.mech_agent [None req-2888ebe1-1299-446b-85b7-48674e4cc21e None None] Checking segment: {'id': '840599b8-91f6-451d-a12b-38cedc44f2a5', 'network_type': 'vlan', 'physical_network': 'physnet1', 'segmentation_id': 1066, 'network_id': 'd9f7217b-a833-4811-a467-4d08404a3d4f'} for mappings: {'physnet1': 'br-data'} with network types: ['local', 'flat', 'vlan'] {{(pid=102325) check_segment_for_agent /opt/stack/neutron/neutron/plugins/ml2/drivers/mech_agent.py:358}}
Oct 27 18:06:16.290241 n-d-814735-5 neutron-server[102325]: DEBUG neutron_lib.callbacks.manager [None req-2888ebe1-1299-446b-85b7-48674e4cc21e None None] Publish callbacks [] for ovs_bridge_name, before_read {{(pid=102325) _notify_loop /usr/local/lib/python3.8/dist-packages/neutron_lib/callbacks/manager.py:175}}
Oct 27 18:06:16.290874 n-d-814735-5 neutron-server[102325]: DEBUG neutron.plugins.ml2.drivers.mech_agent [None req-2888ebe1-1299-446b-85b7-48674e4cc21e None None] Bound using segment: {'id': '840599b8-91f6-451d-a12b-38cedc44f2a5', 'network_type': 'vlan', 'physical_network': 'physnet1', 'segmentation_id': 1066, 'network_id': 'd9f7217b-a833-4811-a467-4d08404a3d4f'} {{(pid=102325) bind_port /opt/stack/neutron/neutron/plugins/ml2/drivers/mech_agent.py:120}}
Oct 27 18:06:16.291836 n-d-814735-5 neutron-server[102325]: DEBUG neutron.plugins.ml2.managers [None req-2888ebe1-1299-446b-85b7-48674e4cc21e None None] Bound port: 56399d6f-2764-4c57-b79d-6de10aea9d08, host: n-d-814735-5, vif_type: ovs, vif_details: {"connectivity": "l2", "port_filter": true, "ovs_hybrid_plug": false, "datapath_type": "system", "bridge_name": "br-int"}, binding_levels: [{'bound_driver': 'openvswitch', 'bound_segment': {'id': '840599b8-91f6-451d-a12b-38cedc44f2a5', 'network_type': 'vlan', 'physical_network': 'physnet1', 'segmentation_id': 1066, 'network_id': 'd9f7217b-a833-4811-a467-4d08404a3d4f'}}] {{(pid=102325) _bind_port_level /opt/stack/neutron/neutron/plugins/ml2/managers.py:933}}
Oct 27 18:06:16.292470 n-d-814735-5 neutron-server[102325]: DEBUG neutron_lib.callbacks.manager [None req-2888ebe1-1299-446b-85b7-48674e4cc21e None None] Publish callbacks ['neutron.plugins.ml2.plugin.SecurityGroupDbMixin._ensure_default_security_group_handler-3775179'] for port, before_update {{(pid=102325) _notify_loop /usr/local/lib/python3.8/dist-packages/neutron_lib/callbacks/manager.py:175}}
Oct 27 18:06:16.323364 n-d-814735-5 neutron-server[102325]: DEBUG neutron.db.provisioning_blocks [None req-0a7592d2-563c-44ac-b23b-51c9101a21a8 None None] Provisioning complete for port 4725fa64-7a13-4b1c-8460-ac629ec7b030 triggered by entity L2. {{(pid=102325) provisioning_complete /opt/stack/neutron/neutron/db/provisioning_blocks.py:139}}
Oct 27 18:06:16.324064 n-d-814735-5 neutron-server[102325]: DEBUG neutron_lib.callbacks.manager [None req-0a7592d2-563c-44ac-b23b-51c9101a21a8 None None] Publish callbacks ['neutron.plugins.ml2.plugin.Ml2Plugin._port_provisioned-3893627'] for port, provisioning_complete {{(pid=102325) _notify_loop /usr/local/lib/python3.8/dist-packages/neutron_lib/callbacks/manager.py:175}}
Oct 27 18:06:16.363140 n-d-814735-5 neutron-server[102324]: DEBUG neutron.api.rpc.handlers.resources_rpc [None req-d6e8dd0c-84bb-4c9e-af56-4bf226f2a0a8 admin admin] Pushing event updated for resources: {'Port': ['ID=a1f49b10-3cbc-4c3a-b1e4-4b515afb6c4a,revision_number=1']} {{(pid=102324) push /opt/stack/neutron/neutron/api/rpc/handlers/resources_rpc.py:237}}
Oct 27 18:06:16.368589 n-d-814735-5 neutron-server[102324]: DEBUG neutron.wsgi [-] (102324) accepted ('10.222.0.105', 54126) {{(pid=102324) server /usr/local/lib/python3.8/dist-packages/eventlet/wsgi.py:982}}
Oct 27 18:06:16.423651 n-d-814735-5 neutron-server[102325]: DEBUG neutron.plugins.ml2.db [None req-2888ebe1-1299-446b-85b7-48674e4cc21e None None] For port 56399d6f-2764-4c57-b79d-6de10aea9d08, host n-d-814735-5, cleared binding levels {{(pid=102325) clear_binding_levels /opt/stack/neutron/neutron/plugins/ml2/db.py:87}}
Oct 27 18:06:16.427124 n-d-814735-5 neutron-server[102325]: DEBUG neutron.plugins.ml2.db [None req-2888ebe1-1299-446b-85b7-48674e4cc21e None None] For port 56399d6f-2764-4c57-b79d-6de10aea9d08, host n-d-814735-5, set binding levels [PortBindingLevel(driver='openvswitch',host='n-d-814735-5',level=0,port_id=56399d6f-2764-4c57-b79d-6de10aea9d08,segment=NetworkSegment(840599b8-91f6-451d-a12b-38cedc44f2a5),segment_id=840599b8-91f6-451d-a12b-38cedc44f2a5)] {{(pid=102325) set_binding_levels /opt/stack/neutron/neutron/plugins/ml2/db.py:59}}
Oct 27 18:06:16.453736 n-d-814735-5 neutron-server[102325]: DEBUG neutron_lib.callbacks.manager [None req-2888ebe1-1299-446b-85b7-48674e4cc21e None None] Publish callbacks ['neutron.plugins.ml2.plugin.SecurityGroupServerNotifierRpcMixin._notify_sg_on_port_change-3775143', 'neutron.plugins.ml2.ovo_rpc._ObjectChangeHandler.handle_event-16033', 'neutron.api.rpc.agentnotifiers.dhcp_rpc_agent_api.DhcpAgentNotifyAPI._native_event_send_dhcp_notification-649406', 'neutron.db.l3_db.L3RpcNotifierMixin._notify_gateway_port_ip_changed-8775580388590', 'neutron.db.l3_dvrscheduler_db._notify_l3_agent_port_update-8775579892574', 'neutron.db.l3_hascheduler_db._notify_l3_agent_ha_port_update-8775579892592'] for port, after_update {{(pid=102325) _notify_loop /usr/local/lib/python3.8/dist-packages/neutron_lib/callbacks/manager.py:175}}
Oct 27 18:06:16.525014 n-d-814735-5 neutron-server[102324]: DEBUG neutron_lib.callbacks.manager [None req-8afd64df-4833-447f-874a-6155602dd1d2 admin admin] Publish callbacks [] for security_group, before_create {{(pid=102324) _notify_loop /usr/local/lib/python3.8/dist-packages/neutron_lib/callbacks/manager.py:175}}
Oct 27 18:06:16.564108 n-d-814735-5 neutron-server[102325]: DEBUG neutron.api.rpc.handlers.resources_rpc [None req-2888ebe1-1299-446b-85b7-48674e4cc21e None None] Pushing event updated for resources: {'Port': ['ID=56399d6f-2764-4c57-b79d-6de10aea9d08,revision_number=2']} {{(pid=102325) push /opt/stack/neutron/neutron/api/rpc/handlers/resources_rpc.py:237}}
Oct 27 18:06:16.646602 n-d-814735-5 neutron-server[102324]: DEBUG neutron_lib.callbacks.manager [None req-d6e8dd0c-84bb-4c9e-af56-4bf226f2a0a8 admin admin] Publish callbacks [] for router_gateway, after_create {{(pid=102324) _notify_loop /usr/local/lib/python3.8/dist-packages/neutron_lib/callbacks/manager.py:175}}
Oct 27 18:06:16.733245 n-d-814735-5 neutron-server[102323]: INFO neutron.wsgi [req-33af0124-8191-49eb-a601-b47fd98485ba req-c9ed125b-2adc-4adf-9998-b68ec0d64f8f tempest-AggregatesAdminTestJSON-518054482 tempest-AggregatesAdminTestJSON-518054482-project] 10.222.0.105 "GET /v2.0/ports?device_id=d06a8408-703c-4d5b-ac6b-b1960ee8c032 HTTP/1.1" status: 200 len: 210 time: 0.6570621
Oct 27 18:06:16.822758 n-d-814735-5 neutron-server[102323]: DEBUG neutron.wsgi [-] (102323) accepted ('10.222.0.98', 53056) {{(pid=102323) server /usr/local/lib/python3.8/dist-packages/eventlet/wsgi.py:982}}
Oct 27 18:06:16.906258 n-d-814735-5 neutron-server[102324]: DEBUG neutron_lib.callbacks.manager [None req-8afd64df-4833-447f-874a-6155602dd1d2 admin admin] Publish callbacks [] for security_group, precommit_create {{(pid=102324) _notify_loop /usr/local/lib/python3.8/dist-packages/neutron_lib/callbacks/manager.py:175}}
Oct 27 18:06:16.929085 n-d-814735-5 neutron-server[102324]: DEBUG neutron_lib.callbacks.manager [None req-8afd64df-4833-447f-874a-6155602dd1d2 admin admin] Publish callbacks ['neutron.plugins.ml2.ovo_rpc._ObjectChangeHandler.handle_event-675584'] for security_group, after_create {{(pid=102324) _notify_loop /usr/local/lib/python3.8/dist-packages/neutron_lib/callbacks/manager.py:175}}
Oct 27 18:06:16.929320 n-d-814735-5 neutron-server[102323]: INFO neutron.wsgi [req-7d21e884-75a1-4262-8619-772559ffc6f1 req-07f36e7b-38c5-4a3b-9105-bf3212a24baf tempest-AggregatesAdminTestJSON-518054482 tempest-AggregatesAdminTestJSON-518054482-project] 10.222.0.98 "GET /v2.0/networks?tenant_id=8f1245d8c0ed4018a4fb8248b015a13f&shared=False HTTP/1.1" status: 200 len: 213 time: 0.1021955
Oct 27 18:06:17.007971 n-d-814735-5 neutron-server[102324]: DEBUG neutron.api.rpc.handlers.resources_rpc [None req-8afd64df-4833-447f-874a-6155602dd1d2 admin admin] Pushing event updated for resources: {'SecurityGroup': ['ID=dde0af24-2cf5-4324-bfe0-9ce52a2430f9,revision_number=1']} {{(pid=102324) push /opt/stack/neutron/neutron/api/rpc/handlers/resources_rpc.py:237}}
Oct 27 18:06:17.018385 n-d-814735-5 neutron-server[102324]: INFO neutron.wsgi [None req-8afd64df-4833-447f-874a-6155602dd1d2 admin admin] 10.222.0.105 "GET /v2.0/security-groups?tenant_id=ebf08ad10fd1493aa5e143a57807b58c&name=default HTTP/1.1" status: 200 len: 2975 time: 0.6476853
Oct 27 18:06:17.020931 n-d-814735-5 neutron-server[102324]: DEBUG neutron.wsgi [-] (102324) accepted ('10.222.0.105', 54136) {{(pid=102324) server /usr/local/lib/python3.8/dist-packages/eventlet/wsgi.py:982}}
Oct 27 18:06:17.124677 n-d-814735-5 neutron-server[102324]: DEBUG neutron.wsgi [-] (102324) accepted ('10.222.0.105', 54138) {{(pid=102324) server /usr/local/lib/python3.8/dist-packages/eventlet/wsgi.py:982}}
Oct 27 18:06:17.206385 n-d-814735-5 neutron-server[102324]: DEBUG neutron_lib.callbacks.manager [None req-e792e44d-28f4-4179-90cb-b43be6c6dd46 admin admin] Publish callbacks [] for security_group, before_delete {{(pid=102324) _notify_loop /usr/local/lib/python3.8/dist-packages/neutron_lib/callbacks/manager.py:175}}
Oct 27 18:06:17.226185 n-d-814735-5 neutron-server[102323]: DEBUG neutron.pecan_wsgi.hooks.policy_enforcement [req-7d21e884-75a1-4262-8619-772559ffc6f1 req-de5d754e-a0d6-4117-a948-cd8b218f2f41 tempest-AggregatesAdminTestJSON-518054482 tempest-AggregatesAdminTestJSON-518054482-project] Attributes excluded by policy engine: ['standard_attr_id', 'vlan_transparent', 'provider:network_type', 'provider:physical_network', 'provider:segmentation_id'] {{(pid=102323) _exclude_attributes_by_policy /opt/stack/neutron/neutron/pecan_wsgi/hooks/policy_enforcement.py:255}}
Oct 27 18:06:17.227918 n-d-814735-5 neutron-server[102323]: INFO neutron.wsgi [req-7d21e884-75a1-4262-8619-772559ffc6f1 req-de5d754e-a0d6-4117-a948-cd8b218f2f41 tempest-AggregatesAdminTestJSON-518054482 tempest-AggregatesAdminTestJSON-518054482-project] 10.222.0.98 "GET /v2.0/networks?shared=True HTTP/1.1" status: 200 len: 769 time: 0.2927737
Oct 27 18:06:17.264063 n-d-814735-5 neutron-server[102324]: DEBUG neutron_lib.callbacks.manager [None req-e792e44d-28f4-4179-90cb-b43be6c6dd46 admin admin] Publish callbacks [] for security_group, precommit_delete {{(pid=102324) _notify_loop /usr/local/lib/python3.8/dist-packages/neutron_lib/callbacks/manager.py:175}}
Oct 27 18:06:17.297946 n-d-814735-5 neutron-server[102324]: DEBUG neutron_lib.callbacks.manager [None req-d6e8dd0c-84bb-4c9e-af56-4bf226f2a0a8 admin admin] Publish callbacks ['neutron.services.l3_router.l3_router_plugin.L3_HA_NAT_db_mixin._after_router_create-545354', 'neutron.services.l3_router.l3_router_plugin.DVRResourceOperationHandler._create_snat_interfaces_after_change-542869'] for router, after_create {{(pid=102324) _notify_loop /usr/local/lib/python3.8/dist-packages/neutron_lib/callbacks/manager.py:175}}
Oct 27 18:06:17.346495 n-d-814735-5 neutron-server[102323]: DEBUG neutron.api.v2.base [req-7d21e884-75a1-4262-8619-772559ffc6f1 req-843f5228-0767-4fb4-beba-8fb34e3b674a tempest-AggregatesAdminTestJSON-518054482 tempest-AggregatesAdminTestJSON-518054482-project] Request body: {'port': {'device_id': 'd06a8408-703c-4d5b-ac6b-b1960ee8c032', 'network_id': 'd6621187-838c-45f6-b207-4e35a66fe2f1', 'admin_state_up': True, 'tenant_id': '8f1245d8c0ed4018a4fb8248b015a13f'}} {{(pid=102323) prepare_request_body /opt/stack/neutron/neutron/api/v2/base.py:729}}
Oct 27 18:06:17.445211 n-d-814735-5 neutron-server[102324]: DEBUG neutron.api.v2.base [None req-778412d8-2ff8-4d70-ba26-c642dfabe108 admin admin] Request body: {'network': {'name': 'tempest-VolumesAdminNegativeTest-1878291661-network', 'tenant_id': 'd256d0789647489e9c114df4b7224941'}} {{(pid=102324) prepare_request_body /opt/stack/neutron/neutron/api/v2/base.py:729}}
Oct 27 18:06:17.596683 n-d-814735-5 neutron-server[102324]: DEBUG neutron.pecan_wsgi.hooks.quota_enforcement [None req-778412d8-2ff8-4d70-ba26-c642dfabe108 admin admin] Made reservation on behalf of d256d0789647489e9c114df4b7224941 for: {'network': 1} {{(pid=102324) before /opt/stack/neutron/neutron/pecan_wsgi/hooks/quota_enforcement.py:53}}
Oct 27 18:06:17.599993 n-d-814735-5 neutron-server[102324]: DEBUG neutron_lib.callbacks.manager [None req-778412d8-2ff8-4d70-ba26-c642dfabe108 admin admin] Publish callbacks ['neutron.plugins.ml2.plugin.SecurityGroupDbMixin._ensure_default_security_group_handler-3775179'] for network, before_create {{(pid=102324) _notify_loop /usr/local/lib/python3.8/dist-packages/neutron_lib/callbacks/manager.py:175}}
Oct 27 18:06:17.621434 n-d-814735-5 neutron-server[102324]: DEBUG neutron_lib.callbacks.manager [None req-778412d8-2ff8-4d70-ba26-c642dfabe108 admin admin] Publish callbacks [] for security_group, before_create {{(pid=102324) _notify_loop /usr/local/lib/python3.8/dist-packages/neutron_lib/callbacks/manager.py:175}}
Oct 27 18:06:17.741126 n-d-814735-5 neutron-server[102324]: DEBUG neutron_lib.callbacks.manager [None req-778412d8-2ff8-4d70-ba26-c642dfabe108 admin admin] Publish callbacks [] for security_group, precommit_create {{(pid=102324) _notify_loop /usr/local/lib/python3.8/dist-packages/neutron_lib/callbacks/manager.py:175}}
Oct 27 18:06:17.742423 n-d-814735-5 neutron-server[102324]: DEBUG neutron_lib.callbacks.manager [None req-e792e44d-28f4-4179-90cb-b43be6c6dd46 admin admin] Publish callbacks ['neutron.plugins.ml2.ovo_rpc._ObjectChangeHandler.handle_event-675584'] for security_group, after_delete {{(pid=102324) _notify_loop /usr/local/lib/python3.8/dist-packages/neutron_lib/callbacks/manager.py:175}}
Oct 27 18:06:17.744953 n-d-814735-5 neutron-server[102324]: DEBUG neutron_lib.callbacks.manager [None req-e792e44d-28f4-4179-90cb-b43be6c6dd46 admin admin] Publish callbacks [] for security_group, before_response {{(pid=102324) _notify_loop /usr/local/lib/python3.8/dist-packages/neutron_lib/callbacks/manager.py:175}}
Oct 27 18:06:17.746141 n-d-814735-5 neutron-server[102324]: INFO neutron.wsgi [None req-e792e44d-28f4-4179-90cb-b43be6c6dd46 admin admin] 10.222.0.105 "DELETE /v2.0/security-groups/dde0af24-2cf5-4324-bfe0-9ce52a2430f9 HTTP/1.1" status: 204 len: 168 time: 0.7231610
Oct 27 18:06:17.762760 n-d-814735-5 neutron-server[102324]: DEBUG neutron_lib.callbacks.manager [None req-778412d8-2ff8-4d70-ba26-c642dfabe108 admin admin] Publish callbacks ['neutron.plugins.ml2.ovo_rpc._ObjectChangeHandler.handle_event-675584'] for security_group, after_create {{(pid=102324) _notify_loop /usr/local/lib/python3.8/dist-packages/neutron_lib/callbacks/manager.py:175}}
Oct 27 18:06:17.784649 n-d-814735-5 neutron-server[102324]: DEBUG neutron.scheduler.l3_agent_scheduler [None req-d6e8dd0c-84bb-4c9e-af56-4bf226f2a0a8 admin admin] Router 999a416b-c3d7-4e75-8a49-870a1ed9ba4f is scheduled to L3 agent f3b59dd3-9a67-4bd4-907c-4fd2b005f846 with binding_index 1 {{(pid=102324) bind_router /opt/stack/neutron/neutron/scheduler/l3_agent_scheduler.py:209}}
Oct 27 18:06:17.787749 n-d-814735-5 neutron-server[102324]: DEBUG neutron.api.rpc.handlers.resources_rpc [None req-e792e44d-28f4-4179-90cb-b43be6c6dd46 admin admin] Pushing event deleted for resources: {'SecurityGroup': ['ID=dde0af24-2cf5-4324-bfe0-9ce52a2430f9,revision_number=None']} {{(pid=102324) push /opt/stack/neutron/neutron/api/rpc/handlers/resources_rpc.py:237}}
Oct 27 18:06:17.849253 n-d-814735-5 neutron-server[102324]: DEBUG neutron.plugins.ml2.drivers.helpers [None req-778412d8-2ff8-4d70-ba26-c642dfabe108 admin admin] vlan segment allocate from pool success with {'vlan_id': 1079, 'physical_network': 'physnet1'} {{(pid=102324) allocate_partially_specified_segment /opt/stack/neutron/neutron/plugins/ml2/drivers/helpers.py:153}}
Oct 27 18:06:17.911302 n-d-814735-5 neutron-server[102324]: DEBUG neutron_lib.callbacks.manager [None req-778412d8-2ff8-4d70-ba26-c642dfabe108 admin admin] Publish callbacks ['neutron.plugins.ml2.plugin.Ml2Plugin._handle_segment_change-3884820'] for segment, precommit_create {{(pid=102324) _notify_loop /usr/local/lib/python3.8/dist-packages/neutron_lib/callbacks/manager.py:175}}
Oct 27 18:06:17.912909 n-d-814735-5 neutron-server[102324]: INFO neutron.db.segments_db [None req-778412d8-2ff8-4d70-ba26-c642dfabe108 admin admin] Added segment 204858ae-99ea-498e-b3fe-32dfa658eb99 of type vlan for network f66fd9ec-db88-4a12-be84-ae66f03afda5
Oct 27 18:06:17.954893 n-d-814735-5 neutron-server[102323]: DEBUG neutron.pecan_wsgi.hooks.quota_enforcement [req-7d21e884-75a1-4262-8619-772559ffc6f1 req-843f5228-0767-4fb4-beba-8fb34e3b674a tempest-AggregatesAdminTestJSON-518054482 tempest-AggregatesAdminTestJSON-518054482-project] Made reservation on behalf of 8f1245d8c0ed4018a4fb8248b015a13f for: {'port': 1} {{(pid=102323) before /opt/stack/neutron/neutron/pecan_wsgi/hooks/quota_enforcement.py:53}}
Oct 27 18:06:17.959198 n-d-814735-5 neutron-server[102323]: DEBUG neutron_lib.callbacks.manager [req-7d21e884-75a1-4262-8619-772559ffc6f1 req-843f5228-0767-4fb4-beba-8fb34e3b674a tempest-AggregatesAdminTestJSON-518054482 tempest-AggregatesAdminTestJSON-518054482-project] Publish callbacks ['neutron.plugins.ml2.plugin.SecurityGroupDbMixin._ensure_default_security_group_handler-3775179'] for port, before_create {{(pid=102323) _notify_loop /usr/local/lib/python3.8/dist-packages/neutron_lib/callbacks/manager.py:175}}
Oct 27 18:06:17.974229 n-d-814735-5 neutron-server[102323]: DEBUG neutron_lib.callbacks.manager [req-7d21e884-75a1-4262-8619-772559ffc6f1 req-843f5228-0767-4fb4-beba-8fb34e3b674a tempest-AggregatesAdminTestJSON-518054482 tempest-AggregatesAdminTestJSON-518054482-project] Publish callbacks [] for security_group, before_create {{(pid=102323) _notify_loop /usr/local/lib/python3.8/dist-packages/neutron_lib/callbacks/manager.py:175}}
Oct 27 18:06:17.989833 n-d-814735-5 neutron-server[102324]: DEBUG neutron.api.rpc.handlers.resources_rpc [None req-778412d8-2ff8-4d70-ba26-c642dfabe108 admin admin] Pushing event updated for resources: {'SecurityGroup': ['ID=b3658b1d-6faa-48a2-b6ee-1b9f290ea0e1,revision_number=1']} {{(pid=102324) push /opt/stack/neutron/neutron/api/rpc/handlers/resources_rpc.py:237}}
Oct 27 18:06:18.065595 n-d-814735-5 neutron-server[102323]: INFO neutron.wsgi [req-0a46371b-8931-4652-bfe0-4067f121ca74 req-e4ac26be-57b1-4dca-b4c3-0ddc8127b70e tempest-AggregatesAdminTestJSON-518054482 tempest-AggregatesAdminTestJSON-518054482-project] 10.222.0.105 "GET /v2.0/ports?device_id=d06a8408-703c-4d5b-ac6b-b1960ee8c032 HTTP/1.1" status: 200 len: 210 time: 0.0411003
Oct 27 18:06:18.079216 n-d-814735-5 neutron-server[102325]: DEBUG neutron.api.rpc.handlers.dhcp_rpc [None req-bf674588-8d3e-4f05-a673-7702cce29099 None None] Network d9f7217b-a833-4811-a467-4d08404a3d4f requested from n-d-814735-5 {{(pid=102325) get_network_info /opt/stack/neutron/neutron/api/rpc/handlers/dhcp_rpc.py:218}}
Oct 27 18:06:18.132886 n-d-814735-5 neutron-server[102324]: DEBUG neutron_lib.callbacks.manager [None req-778412d8-2ff8-4d70-ba26-c642dfabe108 admin admin] Publish callbacks ['neutron.services.auto_allocate.db._ensure_external_network_default_value_callback-8775579911855'] for network, precommit_create {{(pid=102324) _notify_loop /usr/local/lib/python3.8/dist-packages/neutron_lib/callbacks/manager.py:175}}
Oct 27 18:06:18.161488 n-d-814735-5 neutron-server[102325]: DEBUG neutron.plugins.ml2.rpc [None req-0a7592d2-563c-44ac-b23b-51c9101a21a8 None None] Device 56399d6f-2764-4c57-b79d-6de10aea9d08 up at agent ovs-agent-n-d-814735-5 {{(pid=102325) update_device_up /opt/stack/neutron/neutron/plugins/ml2/rpc.py:296}}
Oct 27 18:06:18.171399 n-d-814735-5 neutron-server[102324]: DEBUG neutron.api.rpc.agentnotifiers.l3_rpc_agent_api [None req-d6e8dd0c-84bb-4c9e-af56-4bf226f2a0a8 admin admin] Notify agent at l3_agent.n-d-814735-5 the message routers_updated {{(pid=102324) _agent_notification /opt/stack/neutron/neutron/api/rpc/agentnotifiers/l3_rpc_agent_api.py:65}}
Oct 27 18:06:18.174634 n-d-814735-5 neutron-server[102323]: DEBUG neutron_lib.callbacks.manager [req-7d21e884-75a1-4262-8619-772559ffc6f1 req-843f5228-0767-4fb4-beba-8fb34e3b674a tempest-AggregatesAdminTestJSON-518054482 tempest-AggregatesAdminTestJSON-518054482-project] Publish callbacks [] for security_group, precommit_create {{(pid=102323) _notify_loop /usr/local/lib/python3.8/dist-packages/neutron_lib/callbacks/manager.py:175}}
Oct 27 18:06:18.183316 n-d-814735-5 neutron-server[102326]: DEBUG neutron.api.rpc.handlers.l3_rpc [None req-e5904b0e-1c13-4a07-b71e-c1c8f56dfeb1 None None] Sync routers for ids ['999a416b-c3d7-4e75-8a49-870a1ed9ba4f'] in n-d-814735-5 {{(pid=102326) sync_routers /opt/stack/neutron/neutron/api/rpc/handlers/l3_rpc.py:125}}
Oct 27 18:06:18.187186 n-d-814735-5 neutron-server[102324]: DEBUG neutron_lib.callbacks.manager [None req-778412d8-2ff8-4d70-ba26-c642dfabe108 admin admin] Publish callbacks ['neutron.plugins.ml2.ovo_rpc._ObjectChangeHandler.handle_event-744370', 'neutron.api.rpc.agentnotifiers.dhcp_rpc_agent_api.DhcpAgentNotifyAPI._native_event_send_dhcp_notification-649406'] for network, after_create {{(pid=102324) _notify_loop /usr/local/lib/python3.8/dist-packages/neutron_lib/callbacks/manager.py:175}}
Oct 27 18:06:18.188885 n-d-814735-5 neutron-server[102324]: DEBUG neutron.pecan_wsgi.hooks.policy_enforcement [None req-778412d8-2ff8-4d70-ba26-c642dfabe108 admin admin] Attributes excluded by policy engine: ['standard_attr_id', 'vlan_transparent'] {{(pid=102324) _exclude_attributes_by_policy /opt/stack/neutron/neutron/pecan_wsgi/hooks/policy_enforcement.py:255}}
Oct 27 18:06:18.189534 n-d-814735-5 neutron-server[102324]: DEBUG neutron_lib.callbacks.manager [None req-778412d8-2ff8-4d70-ba26-c642dfabe108 admin admin] Publish callbacks ['neutron.api.rpc.agentnotifiers.dhcp_rpc_agent_api.DhcpAgentNotifyAPI._send_dhcp_notification-649388'] for network, before_response {{(pid=102324) _notify_loop /usr/local/lib/python3.8/dist-packages/neutron_lib/callbacks/manager.py:175}}
Oct 27 18:06:18.194458 n-d-814735-5 neutron-server[102323]: DEBUG neutron_lib.callbacks.manager [req-7d21e884-75a1-4262-8619-772559ffc6f1 req-843f5228-0767-4fb4-beba-8fb34e3b674a tempest-AggregatesAdminTestJSON-518054482 tempest-AggregatesAdminTestJSON-518054482-project] Publish callbacks ['neutron.plugins.ml2.ovo_rpc._ObjectChangeHandler.handle_event-675584'] for security_group, after_create {{(pid=102323) _notify_loop /usr/local/lib/python3.8/dist-packages/neutron_lib/callbacks/manager.py:175}}
Oct 27 18:06:18.211990 n-d-814735-5 neutron-server[102326]: DEBUG neutron.db.l3_dvrscheduler_db [None req-e5904b0e-1c13-4a07-b71e-c1c8f56dfeb1 None None] Routers {'999a416b-c3d7-4e75-8a49-870a1ed9ba4f'} bound to L3 agent in host n-d-814735-5 {{(pid=102326) _get_router_ids_for_agent /opt/stack/neutron/neutron/db/l3_dvrscheduler_db.py:420}}
Oct 27 18:06:18.216002 n-d-814735-5 neutron-server[102326]: DEBUG neutron.db.l3_hamode_db [None req-e5904b0e-1c13-4a07-b71e-c1c8f56dfeb1 None None] neutron.services.l3_router.l3_router_plugin.L3RouterPlugin method get_ha_sync_data_for_host called with arguments (, 'n-d-814735-5', Agent(admin_state_up=True,agent_type='L3 agent',availability_zone='nova',binary='neutron-l3-agent',configurations={"agent_mode": "legacy", "ex_gw_ports": 2, "extensions": [], "floating_ips": 0, "handle_internal_only_routers": true, "interface_driver": "openvswitch", "interfaces": 1, "log_agent_heartbeats": false, "routers": 2},created_at=2021-10-27T17:56:10Z,description=,heartbeat_timestamp=2021-10-27T18:06:10Z,host='n-d-814735-5',id=f3b59dd3-9a67-4bd4-907c-4fd2b005f846,load=0,resource_versions=,resources_synced=,started_at=2021-10-27T17:56:10Z,topic='l3_agent')) {'router_ids': ['999a416b-c3d7-4e75-8a49-870a1ed9ba4f'], 'active': True} {{(pid=102326) wrapper /usr/local/lib/python3.8/dist-packages/oslo_log/helpers.py:65}}
Oct 27 18:06:18.259470 n-d-814735-5 neutron-server[102324]: DEBUG neutron.api.rpc.handlers.resources_rpc [None req-778412d8-2ff8-4d70-ba26-c642dfabe108 admin admin] Pushing event updated for resources: {'Network': ['ID=f66fd9ec-db88-4a12-be84-ae66f03afda5,revision_number=1']} {{(pid=102324) push /opt/stack/neutron/neutron/api/rpc/handlers/resources_rpc.py:237}}
Oct 27 18:06:18.280405 n-d-814735-5 neutron-server[102324]: DEBUG neutron_lib.callbacks.manager [None req-d6e8dd0c-84bb-4c9e-af56-4bf226f2a0a8 admin admin] Publish callbacks [] for router, before_response {{(pid=102324) _notify_loop /usr/local/lib/python3.8/dist-packages/neutron_lib/callbacks/manager.py:175}}
Oct 27 18:06:18.286837 n-d-814735-5 neutron-server[102324]: INFO neutron.wsgi [None req-d6e8dd0c-84bb-4c9e-af56-4bf226f2a0a8 admin admin] 10.222.0.105 "POST /v2.0/routers HTTP/1.1" status: 201 len: 934 time: 3.6256838
Oct 27 18:06:18.292684 n-d-814735-5 neutron-server[102324]: DEBUG neutron.wsgi [-] (102324) accepted ('10.222.0.105', 54188) {{(pid=102324) server /usr/local/lib/python3.8/dist-packages/eventlet/wsgi.py:982}}
Oct 27 18:06:18.309701 n-d-814735-5 neutron-server[102325]: DEBUG neutron.plugins.ml2.rpc [None req-0a7592d2-563c-44ac-b23b-51c9101a21a8 None None] Network f66fd9ec-db88-4a12-be84-ae66f03afda5 details requested by agent ovs-agent-n-d-814735-5 with host n-d-814735-5 {{(pid=102325) get_network_details /opt/stack/neutron/neutron/plugins/ml2/rpc.py:248}}
Oct 27 18:06:18.369898 n-d-814735-5 neutron-server[102325]: DEBUG neutron.db.provisioning_blocks [None req-5cf01f76-c49a-4f3f-8036-3879f396c4f9 None None] Provisioning complete for port 56399d6f-2764-4c57-b79d-6de10aea9d08 triggered by entity DHCP. {{(pid=102325) provisioning_complete /opt/stack/neutron/neutron/db/provisioning_blocks.py:139}}
Oct 27 18:06:18.370613 n-d-814735-5 neutron-server[102325]: DEBUG neutron_lib.callbacks.manager [None req-5cf01f76-c49a-4f3f-8036-3879f396c4f9 None None] Publish callbacks ['neutron.plugins.ml2.plugin.Ml2Plugin._port_provisioned-3893627'] for port, provisioning_complete {{(pid=102325) _notify_loop /usr/local/lib/python3.8/dist-packages/neutron_lib/callbacks/manager.py:175}}
Oct 27 18:06:18.482787 n-d-814735-5 neutron-server[102323]: DEBUG neutron.api.rpc.handlers.resources_rpc [None req-843f5228-0767-4fb4-beba-8fb34e3b674a tempest-AggregatesAdminTestJSON-518054482 tempest-AggregatesAdminTestJSON-518054482-project] Pushing event updated for resources: {'SecurityGroup': ['ID=9007c341-146e-4897-ad08-1cf20376ec2a,revision_number=1']} {{(pid=102323) push /opt/stack/neutron/neutron/api/rpc/handlers/resources_rpc.py:237}}
Oct 27 18:06:18.529296 n-d-814735-5 neutron-server[102326]: DEBUG neutron.db.l3_dvr_db [None req-e5904b0e-1c13-4a07-b71e-c1c8f56dfeb1 None None] Set router 999a416b-c3d7-4e75-8a49-870a1ed9ba4f gateway port host: n-d-814735-5 {{(pid=102326) _build_routers_list /opt/stack/neutron/neutron/db/l3_dvr_db.py:906}}
Oct 27 18:06:18.697911 n-d-814735-5 neutron-server[102324]: INFO neutron.wsgi [None req-778412d8-2ff8-4d70-ba26-c642dfabe108 admin admin] 10.222.0.105 "POST /v2.0/networks HTTP/1.1" status: 201 len: 889 time: 1.5727155
Oct 27 18:06:18.702576 n-d-814735-5 neutron-server[102324]: DEBUG neutron.wsgi [-] (102324) accepted ('10.222.0.105', 54200) {{(pid=102324) server /usr/local/lib/python3.8/dist-packages/eventlet/wsgi.py:982}}
Oct 27 18:06:18.790782 n-d-814735-5 neutron-server[102324]: DEBUG neutron.api.v2.base [None req-9d021520-be2f-4370-b633-442e60e442d3 admin admin] Request body: {'subnet': {'network_id': 'f66fd9ec-db88-4a12-be84-ae66f03afda5', 'cidr': '172.20.0.0/28', 'name': 'tempest-VolumesAdminNegativeTest-1878291661-subnet', 'tenant_id': 'd256d0789647489e9c114df4b7224941', 'enable_dhcp': False, 'ip_version': 4}} {{(pid=102324) prepare_request_body /opt/stack/neutron/neutron/api/v2/base.py:729}}
Oct 27 18:06:18.888698 n-d-814735-5 neutron-server[102324]: DEBUG neutron.pecan_wsgi.hooks.quota_enforcement [None req-9d021520-be2f-4370-b633-442e60e442d3 admin admin] Made reservation on behalf of d256d0789647489e9c114df4b7224941 for: {'subnet': 1} {{(pid=102324) before /opt/stack/neutron/neutron/pecan_wsgi/hooks/quota_enforcement.py:53}}
Oct 27 18:06:18.899805 n-d-814735-5 neutron-server[102324]: DEBUG neutron_lib.callbacks.manager [None req-9d021520-be2f-4370-b633-442e60e442d3 admin admin] Publish callbacks [] for subnet, before_create {{(pid=102324) _notify_loop /usr/local/lib/python3.8/dist-packages/neutron_lib/callbacks/manager.py:175}}
Oct 27 18:06:18.954097 n-d-814735-5 neutron-server[102325]: DEBUG neutron.db.provisioning_blocks [None req-0a7592d2-563c-44ac-b23b-51c9101a21a8 None None] Provisioning complete for port 56399d6f-2764-4c57-b79d-6de10aea9d08 triggered by entity L2. {{(pid=102325) provisioning_complete /opt/stack/neutron/neutron/db/provisioning_blocks.py:139}}
Oct 27 18:06:18.960367 n-d-814735-5 neutron-server[102325]: DEBUG neutron_lib.callbacks.manager [None req-0a7592d2-563c-44ac-b23b-51c9101a21a8 None None] Publish callbacks ['neutron.plugins.ml2.plugin.Ml2Plugin._port_provisioned-3893627'] for port, provisioning_complete {{(pid=102325) _notify_loop /usr/local/lib/python3.8/dist-packages/neutron_lib/callbacks/manager.py:175}}
Oct 27 18:06:18.980576 n-d-814735-5 neutron-server[102323]: DEBUG neutron.db.db_base_plugin_common [req-7d21e884-75a1-4262-8619-772559ffc6f1 req-843f5228-0767-4fb4-beba-8fb34e3b674a tempest-AggregatesAdminTestJSON-518054482 tempest-AggregatesAdminTestJSON-518054482-project] Allocated IP 192.168.233.118 (d6621187-838c-45f6-b207-4e35a66fe2f1/28355ff7-2902-48ca-b6e4-5750c9f1c339/e6a95c7f-51da-4115-9307-ced95df525ee) {{(pid=102323) _store_ip_allocation /opt/stack/neutron/neutron/db/db_base_plugin_common.py:131}}
Oct 27 18:06:19.240677 n-d-814735-5 neutron-server[102326]: DEBUG neutron.db.l3_hamode_db [None req-e5904b0e-1c13-4a07-b71e-c1c8f56dfeb1 None None] neutron.services.l3_router.l3_router_plugin.L3RouterPlugin method _process_sync_ha_data called with arguments (, [{'id': '999a416b-c3d7-4e75-8a49-870a1ed9ba4f', 'name': 'tempest-ServersWithSpecificFlavorTestJSON-17568636-router', 'tenant_id': 'db073a837efd4d4d83a063774aaab21b', 'admin_state_up': True, 'status': 'ACTIVE', 'external_gateway_info': {'network_id': '1fc3ca33-4fcc-4570-b9f8-46a31267ff29', 'external_fixed_ips': [{'subnet_id': 'e5c6d228-817e-4766-8d4d-2bd9a5fa6c24', 'ip_address': '172.25.5.151'}], 'enable_snat': True}, 'gw_port_id': 'a1f49b10-3cbc-4c3a-b1e4-4b515afb6c4a', 'description': '', 'availability_zones': ['nova'], 'distributed': False, 'ha': False, 'ha_vr_id': 0, 'availability_zone_hints': [], 'routes': [], 'flavor_id': None, 'tags': [], 'created_at': '2021-10-27T18:06:14Z', 'updated_at': '2021-10-27T18:06:16Z', 'revision_number': 3, 'project_id': 'db073a837efd4d4d83a063774aaab21b', 'gw_port': {'id': 'a1f49b10-3cbc-4c3a-b1e4-4b515afb6c4a', 'name': '', 'network_id': '1fc3ca33-4fcc-4570-b9f8-46a31267ff29', 'tenant_id': '', 'mac_address': 'fa:16:3e:d8:b0:a8', 'admin_state_up': True, 'status': 'DOWN', 'device_id': '999a416b-c3d7-4e75-8a49-870a1ed9ba4f', 'device_owner': 'network:router_gateway', 'standard_attr_id': 93, 'fixed_ips': [{'subnet_id': 'e5c6d228-817e-4766-8d4d-2bd9a5fa6c24', 'ip_address': '172.25.5.151', 'prefixlen': 24}], 'allowed_address_pairs': [], 'extra_dhcp_opts': [], 'security_groups': [], 'description': '', 'binding:vnic_type': 'normal', 'binding:profile': {}, 'binding:host_id': '', 'binding:vif_type': 'unbound', 'binding:vif_details': {}, 'port_security_enabled': False, 'tags': [], 'created_at': '2021-10-27T18:06:15Z', 'updated_at': '2021-10-27T18:06:15Z', 'revision_number': 1, 'project_id': '', 'subnets': [{'id': 'e5c6d228-817e-4766-8d4d-2bd9a5fa6c24', 'cidr': '172.25.5.0/24', 'gateway_ip': '172.25.5.1', 'dns_nameservers': [], 'ipv6_ra_mode': None, 'subnetpool_id': None}], 'extra_subnets': [], 'address_scopes': {4: None, 6: None}, 'mtu': 1500}, 'enable_snat': True, 'gw_port_host': 'n-d-814735-5'}], 'n-d-814735-5', False) {} {{(pid=102326) wrapper /usr/local/lib/python3.8/dist-packages/oslo_log/helpers.py:65}}
Oct 27 18:06:19.345396 n-d-814735-5 neutron-server[102323]: INFO neutron.wsgi [req-eef96fcb-73ea-4a51-9e9c-0d18ab750008 req-20025af3-29a3-40a4-aa7e-d2d75cca1377 tempest-AggregatesAdminTestJSON-518054482 tempest-AggregatesAdminTestJSON-518054482-project] 10.222.0.105 "GET /v2.0/ports?device_id=d06a8408-703c-4d5b-ac6b-b1960ee8c032 HTTP/1.1" status: 200 len: 210 time: 0.0518951
Oct 27 18:06:19.367975 n-d-814735-5 neutron-server[102326]: DEBUG neutron.api.rpc.handlers.l3_rpc [None req-e5904b0e-1c13-4a07-b71e-c1c8f56dfeb1 None None] Checking router: 999a416b-c3d7-4e75-8a49-870a1ed9ba4f for host: n-d-814735-5 {{(pid=102326) _ensure_host_set_on_ports /opt/stack/neutron/neutron/api/rpc/handlers/l3_rpc.py:155}}
Oct 27 18:06:19.369625 n-d-814735-5 neutron-server[102326]: DEBUG neutron.api.rpc.handlers.l3_rpc [None req-e5904b0e-1c13-4a07-b71e-c1c8f56dfeb1 None None] Updating router 999a416b-c3d7-4e75-8a49-870a1ed9ba4f port a1f49b10-3cbc-4c3a-b1e4-4b515afb6c4a binding host n-d-814735-5 {{(pid=102326) _ensure_host_set_on_port /opt/stack/neutron/neutron/api/rpc/handlers/l3_rpc.py:205}}
Oct 27 18:06:19.425297 n-d-814735-5 neutron-server[102326]: DEBUG neutron_lib.callbacks.manager [None req-e5904b0e-1c13-4a07-b71e-c1c8f56dfeb1 None None] Publish callbacks ['neutron.plugins.ml2.plugin.SecurityGroupDbMixin._ensure_default_security_group_handler-3775179'] for port, before_update {{(pid=102326) _notify_loop /usr/local/lib/python3.8/dist-packages/neutron_lib/callbacks/manager.py:175}}
Oct 27 18:06:19.498672 n-d-814735-5 neutron-server[102323]: DEBUG neutron_lib.callbacks.manager [req-7d21e884-75a1-4262-8619-772559ffc6f1 req-843f5228-0767-4fb4-beba-8fb34e3b674a tempest-AggregatesAdminTestJSON-518054482 tempest-AggregatesAdminTestJSON-518054482-project] Publish callbacks [] for port, precommit_create {{(pid=102323) _notify_loop /usr/local/lib/python3.8/dist-packages/neutron_lib/callbacks/manager.py:175}}
Oct 27 18:06:19.573736 n-d-814735-5 neutron-server[102325]: DEBUG neutron_lib.callbacks.manager [None req-5cf01f76-c49a-4f3f-8036-3879f396c4f9 None None] Publish callbacks ['neutron.plugins.ml2.plugin.SecurityGroupDbMixin._ensure_default_security_group_handler-3775179'] for port, before_update {{(pid=102325) _notify_loop /usr/local/lib/python3.8/dist-packages/neutron_lib/callbacks/manager.py:175}}
Oct 27 18:06:19.620894 n-d-814735-5 neutron-server[102323]: DEBUG neutron_lib.callbacks.manager [req-7d21e884-75a1-4262-8619-772559ffc6f1 req-843f5228-0767-4fb4-beba-8fb34e3b674a tempest-AggregatesAdminTestJSON-518054482 tempest-AggregatesAdminTestJSON-518054482-project] Publish callbacks ['neutron.plugins.ml2.plugin.SecurityGroupServerNotifierRpcMixin._notify_sg_on_port_change-3775143', 'neutron.plugins.ml2.ovo_rpc._ObjectChangeHandler.handle_event-16033', 'neutron.api.rpc.agentnotifiers.dhcp_rpc_agent_api.DhcpAgentNotifyAPI._native_event_send_dhcp_notification-649406', 'neutron.db.l3_dvrscheduler_db._notify_l3_agent_new_port-8775579892556'] for port, after_create {{(pid=102323) _notify_loop /usr/local/lib/python3.8/dist-packages/neutron_lib/callbacks/manager.py:175}}
Oct 27 18:06:19.748235 n-d-814735-5 neutron-server[102323]: DEBUG neutron.scheduler.dhcp_agent_scheduler [req-7d21e884-75a1-4262-8619-772559ffc6f1 req-843f5228-0767-4fb4-beba-8fb34e3b674a tempest-AggregatesAdminTestJSON-518054482 tempest-AggregatesAdminTestJSON-518054482-project] Network d6621187-838c-45f6-b207-4e35a66fe2f1 is already hosted by enough agents. {{(pid=102323) _get_dhcp_agents_hosting_network /opt/stack/neutron/neutron/scheduler/dhcp_agent_scheduler.py:275}}
Oct 27 18:06:19.759769 n-d-814735-5 neutron-server[102325]: DEBUG neutron_lib.callbacks.manager [None req-0a7592d2-563c-44ac-b23b-51c9101a21a8 None None] Publish callbacks ['neutron.plugins.ml2.plugin.SecurityGroupDbMixin._ensure_default_security_group_handler-3775179'] for port, before_update {{(pid=102325) _notify_loop /usr/local/lib/python3.8/dist-packages/neutron_lib/callbacks/manager.py:175}}
Oct 27 18:06:19.763792 n-d-814735-5 neutron-server[102323]: DEBUG neutron.scheduler.base_scheduler [req-7d21e884-75a1-4262-8619-772559ffc6f1 req-843f5228-0767-4fb4-beba-8fb34e3b674a tempest-AggregatesAdminTestJSON-518054482 tempest-AggregatesAdminTestJSON-518054482-project] Resources bound (agent type, host, resource id): {{(pid=102323) schedule /opt/stack/neutron/neutron/scheduler/base_scheduler.py:57}}
Oct 27 18:06:19.772245 n-d-814735-5 neutron-server[102323]: DEBUG neutron.db.l3_dvrscheduler_db [req-7d21e884-75a1-4262-8619-772559ffc6f1 req-843f5228-0767-4fb4-beba-8fb34e3b674a tempest-AggregatesAdminTestJSON-518054482 tempest-AggregatesAdminTestJSON-518054482-project] Received port after_create {{(pid=102323) _notify_l3_agent_new_port /opt/stack/neutron/neutron/db/l3_dvrscheduler_db.py:535}}
Oct 27 18:06:19.779638 n-d-814735-5 neutron-server[102323]: DEBUG neutron.pecan_wsgi.hooks.policy_enforcement [req-7d21e884-75a1-4262-8619-772559ffc6f1 req-843f5228-0767-4fb4-beba-8fb34e3b674a tempest-AggregatesAdminTestJSON-518054482 tempest-AggregatesAdminTestJSON-518054482-project] Attributes excluded by policy engine: ['standard_attr_id', 'binding:profile', 'binding:host_id', 'binding:vif_type', 'binding:vif_details', 'network'] {{(pid=102323) _exclude_attributes_by_policy /opt/stack/neutron/neutron/pecan_wsgi/hooks/policy_enforcement.py:255}}
Oct 27 18:06:19.780434 n-d-814735-5 neutron-server[102323]: DEBUG neutron_lib.callbacks.manager [req-7d21e884-75a1-4262-8619-772559ffc6f1 req-843f5228-0767-4fb4-beba-8fb34e3b674a tempest-AggregatesAdminTestJSON-518054482 tempest-AggregatesAdminTestJSON-518054482-project] Publish callbacks ['neutron.notifiers.nova.Notifier._send_nova_notification-25899', 'neutron.api.rpc.agentnotifiers.dhcp_rpc_agent_api.DhcpAgentNotifyAPI._send_dhcp_notification-649388'] for port, before_response {{(pid=102323) _notify_loop /usr/local/lib/python3.8/dist-packages/neutron_lib/callbacks/manager.py:175}}
Oct 27 18:06:19.806628 n-d-814735-5 neutron-server[102323]: DEBUG neutron.wsgi [-] (102323) accepted ('10.222.0.105', 54226) {{(pid=102323) server /usr/local/lib/python3.8/dist-packages/eventlet/wsgi.py:982}}
Oct 27 18:06:19.823721 n-d-814735-5 neutron-server[102323]: INFO neutron.wsgi [req-7d21e884-75a1-4262-8619-772559ffc6f1 req-843f5228-0767-4fb4-beba-8fb34e3b674a tempest-AggregatesAdminTestJSON-518054482 tempest-AggregatesAdminTestJSON-518054482-project] 10.222.0.98 "POST /v2.0/ports HTTP/1.1" status: 201 len: 938 time: 2.4818685
Oct 27 18:06:19.828863 n-d-814735-5 neutron-server[102323]: DEBUG neutron.api.rpc.handlers.resources_rpc [None req-843f5228-0767-4fb4-beba-8fb34e3b674a tempest-AggregatesAdminTestJSON-518054482 tempest-AggregatesAdminTestJSON-518054482-project] Pushing event updated for resources: {'Port': ['ID=e6a95c7f-51da-4115-9307-ced95df525ee,revision_number=1']} {{(pid=102323) push /opt/stack/neutron/neutron/api/rpc/handlers/resources_rpc.py:237}}
Oct 27 18:06:19.855652 n-d-814735-5 neutron-server[102323]: DEBUG neutron.wsgi [req-7d21e884-75a1-4262-8619-772559ffc6f1 req-0812f820-20bf-41d9-995a-ef9e8d79dc1a tempest-AggregatesAdminTestJSON-518054482 tempest-AggregatesAdminTestJSON-518054482-project] http://10.222.0.105:9696/v2.0/extensions returned with HTTP 200 {{(pid=102323) __call__ /opt/stack/neutron/neutron/wsgi.py:729}}
Oct 27 18:06:19.856884 n-d-814735-5 neutron-server[102323]: INFO neutron.wsgi [req-7d21e884-75a1-4262-8619-772559ffc6f1 req-0812f820-20bf-41d9-995a-ef9e8d79dc1a tempest-AggregatesAdminTestJSON-518054482 tempest-AggregatesAdminTestJSON-518054482-project] 10.222.0.98 "GET /v2.0/extensions HTTP/1.1" status: 200 len: 13641 time: 0.0109477
Oct 27 18:06:19.867154 n-d-814735-5 neutron-server[102325]: DEBUG neutron.plugins.ml2.db [None req-5cf01f76-c49a-4f3f-8036-3879f396c4f9 None None] For port 56399d6f-2764-4c57-b79d-6de10aea9d08, host n-d-814735-5, got binding levels [PortBindingLevel(driver='openvswitch',host='n-d-814735-5',level=0,port_id=56399d6f-2764-4c57-b79d-6de10aea9d08,segment=NetworkSegment(840599b8-91f6-451d-a12b-38cedc44f2a5),segment_id=840599b8-91f6-451d-a12b-38cedc44f2a5)] {{(pid=102325) get_binding_level_objs /opt/stack/neutron/neutron/plugins/ml2/db.py:74}}
Oct 27 18:06:19.939729 n-d-814735-5 neutron-server[102325]: DEBUG neutron_lib.callbacks.manager [None req-5cf01f76-c49a-4f3f-8036-3879f396c4f9 None None] Publish callbacks ['neutron.plugins.ml2.plugin.SecurityGroupServerNotifierRpcMixin._notify_sg_on_port_change-3775143', 'neutron.plugins.ml2.ovo_rpc._ObjectChangeHandler.handle_event-16033', 'neutron.api.rpc.agentnotifiers.dhcp_rpc_agent_api.DhcpAgentNotifyAPI._native_event_send_dhcp_notification-649406', 'neutron.db.l3_db.L3RpcNotifierMixin._notify_gateway_port_ip_changed-8775580388590', 'neutron.db.l3_dvrscheduler_db._notify_l3_agent_port_update-8775579892574', 'neutron.db.l3_hascheduler_db._notify_l3_agent_ha_port_update-8775579892592'] for port, after_update {{(pid=102325) _notify_loop /usr/local/lib/python3.8/dist-packages/neutron_lib/callbacks/manager.py:175}}
Oct 27 18:06:20.135642 n-d-814735-5 neutron-server[102323]: DEBUG neutron_lib.callbacks.manager [None req-877a7a16-94fd-4fb5-8779-c06598c0d6d8 admin admin] Publish callbacks [] for security_group, before_create {{(pid=102323) _notify_loop /usr/local/lib/python3.8/dist-packages/neutron_lib/callbacks/manager.py:175}}
Oct 27 18:06:20.145137 n-d-814735-5 neutron-server[102325]: DEBUG neutron_lib.db.api [None req-0a7592d2-563c-44ac-b23b-51c9101a21a8 None None] Retry wrapper got retriable exception: UPDATE statement on table 'standardattributes' expected to update 1 row(s); 0 were matched. {{(pid=102325) wrapped /usr/local/lib/python3.8/dist-packages/neutron_lib/db/api.py:183}}
Oct 27 18:06:20.145601 n-d-814735-5 neutron-server[102325]: DEBUG oslo_db.api [None req-0a7592d2-563c-44ac-b23b-51c9101a21a8 None None] Performing DB retry for function neutron.plugins.ml2.plugin.Ml2Plugin.update_port_statuses {{(pid=102325) wrapper /usr/local/lib/python3.8/dist-packages/oslo_db/api.py:155}}
Oct 27 18:06:20.188015 n-d-814735-5 neutron-server[102326]: DEBUG neutron_lib.callbacks.manager [None req-e5904b0e-1c13-4a07-b71e-c1c8f56dfeb1 None None] Publish callbacks [] for port, precommit_update {{(pid=102326) _notify_loop /usr/local/lib/python3.8/dist-packages/neutron_lib/callbacks/manager.py:175}}
Oct 27 18:06:20.191727 n-d-814735-5 neutron-server[102324]: DEBUG neutron_lib.callbacks.manager [None req-9d021520-be2f-4370-b633-442e60e442d3 admin admin] Publish callbacks ['neutron.plugins.ml2.ovo_rpc._ObjectChangeHandler.handle_event-725738', 'neutron.api.rpc.agentnotifiers.dhcp_rpc_agent_api.DhcpAgentNotifyAPI._native_event_send_dhcp_notification-649406'] for subnet, after_create {{(pid=102324) _notify_loop /usr/local/lib/python3.8/dist-packages/neutron_lib/callbacks/manager.py:175}}
Oct 27 18:06:20.214691 n-d-814735-5 neutron-server[102326]: DEBUG neutron_lib.callbacks.manager [None req-e5904b0e-1c13-4a07-b71e-c1c8f56dfeb1 None None] Publish callbacks ['neutron.plugins.ml2.plugin.SecurityGroupServerNotifierRpcMixin._notify_sg_on_port_change-3775143', 'neutron.plugins.ml2.ovo_rpc._ObjectChangeHandler.handle_event-16033', 'neutron.api.rpc.agentnotifiers.dhcp_rpc_agent_api.DhcpAgentNotifyAPI._native_event_send_dhcp_notification-649406', 'neutron.db.l3_db.L3RpcNotifierMixin._notify_gateway_port_ip_changed-8775580388590', 'neutron.db.l3_dvrscheduler_db._notify_l3_agent_port_update-8775579892574', 'neutron.db.l3_hascheduler_db._notify_l3_agent_ha_port_update-8775579892592'] for port, after_update {{(pid=102326) _notify_loop /usr/local/lib/python3.8/dist-packages/neutron_lib/callbacks/manager.py:175}}
Oct 27 18:06:20.235572 n-d-814735-5 neutron-server[102325]: DEBUG neutron.api.rpc.handlers.resources_rpc [None req-5cf01f76-c49a-4f3f-8036-3879f396c4f9 None None] Pushing event updated for resources: {'Port': ['ID=56399d6f-2764-4c57-b79d-6de10aea9d08,revision_number=3']} {{(pid=102325) push /opt/stack/neutron/neutron/api/rpc/handlers/resources_rpc.py:237}}
Oct 27 18:06:20.401932 n-d-814735-5 neutron-server[102325]: DEBUG neutron.db.provisioning_blocks [None req-e4d748cd-d6e1-402f-ada8-0160e8da0f11 None None] Provisioning complete for port e6a95c7f-51da-4115-9307-ced95df525ee triggered by entity DHCP. {{(pid=102325) provisioning_complete /opt/stack/neutron/neutron/db/provisioning_blocks.py:139}}
Oct 27 18:06:20.403830 n-d-814735-5 neutron-server[102325]: DEBUG neutron_lib.callbacks.manager [None req-e4d748cd-d6e1-402f-ada8-0160e8da0f11 None None] Publish callbacks ['neutron.plugins.ml2.plugin.Ml2Plugin._port_provisioned-3893627'] for port, provisioning_complete {{(pid=102325) _notify_loop /usr/local/lib/python3.8/dist-packages/neutron_lib/callbacks/manager.py:175}}
Oct 27 18:06:20.407873 n-d-814735-5 neutron-server[102326]: DEBUG neutron.api.rpc.handlers.resources_rpc [None req-ee094107-5eec-46fc-bff2-b890ad0d653b None None] Pushing event updated for resources: {'Port': ['ID=a1f49b10-3cbc-4c3a-b1e4-4b515afb6c4a,revision_number=2']} {{(pid=102326) push /opt/stack/neutron/neutron/api/rpc/handlers/resources_rpc.py:237}}
Oct 27 18:06:20.423196 n-d-814735-5 neutron-server[102326]: DEBUG neutron.plugins.ml2.managers [None req-e5904b0e-1c13-4a07-b71e-c1c8f56dfeb1 None None] Attempting to bind port a1f49b10-3cbc-4c3a-b1e4-4b515afb6c4a on host n-d-814735-5 for vnic_type normal with profile {{(pid=102326) bind_port /opt/stack/neutron/neutron/plugins/ml2/managers.py:795}}
Oct 27 18:06:20.425740 n-d-814735-5 neutron-server[102326]: DEBUG neutron.plugins.ml2.managers [None req-e5904b0e-1c13-4a07-b71e-c1c8f56dfeb1 None None] Attempting to bind port a1f49b10-3cbc-4c3a-b1e4-4b515afb6c4a by drivers openvswitch,hyperv on host n-d-814735-5 at level 0 using segments [{'id': '80760644-a987-419b-b7eb-eafa5fb7ff10', 'network_type': 'flat', 'physical_network': 'physnet1', 'segmentation_id': None, 'network_id': '1fc3ca33-4fcc-4570-b9f8-46a31267ff29'}] {{(pid=102326) _bind_port_level /opt/stack/neutron/neutron/plugins/ml2/managers.py:820}}
Oct 27 18:06:20.426971 n-d-814735-5 neutron-server[102326]: DEBUG neutron.plugins.ml2.drivers.mech_agent [None req-e5904b0e-1c13-4a07-b71e-c1c8f56dfeb1 None None] Attempting to bind port a1f49b10-3cbc-4c3a-b1e4-4b515afb6c4a on network 1fc3ca33-4fcc-4570-b9f8-46a31267ff29 {{(pid=102326) bind_port /opt/stack/neutron/neutron/plugins/ml2/drivers/mech_agent.py:91}}
