Oct 19 12:38:14.877592 n-d-814561-1 devstack@placement-api.service[101206]: [pid: 101206|app: 0|req: 82/159] 10.222.0.24 () {60 vars in 1380 bytes} [Tue Oct 19 12:38:14 2021] GET /placement/allocations/19b16e9f-b0e4-4a9b-b70e-f469d35dc04e => generated 19 bytes in 25 msecs (HTTP/1.1 200) 8 headers in 295 bytes (1 switches on core 0)
Oct 19 12:38:15.037562 n-d-814561-1 devstack@placement-api.service[101207]: DEBUG placement.handlers.allocation [req-0b75e09e-fd7e-4dbc-80c6-611b7ceda729 req-0fcf8b59-78f3-4c27-98ce-37a4063644ed service placement] Successfully wrote allocations [, , , , , ] {{(pid=101207) _update_consumers_and_create_allocations /opt/stack/placement/placement/handlers/allocation.py:572}}
Oct 19 12:38:15.048149 n-d-814561-1 devstack@placement-api.service[101207]: INFO placement.requestlog [req-0b75e09e-fd7e-4dbc-80c6-611b7ceda729 req-0fcf8b59-78f3-4c27-98ce-37a4063644ed service placement] 10.222.0.24 "POST /placement/allocations" status: 204 len: 0 microversion: 1.28
Oct 19 12:38:15.048686 n-d-814561-1 devstack@placement-api.service[101207]: [pid: 101207|app: 0|req: 78/160] 10.222.0.24 () {64 vars in 1323 bytes} [Tue Oct 19 12:38:14 2021] POST /placement/allocations => generated 0 bytes in 177 msecs (HTTP/1.1 204) 5 headers in 199 bytes (1 switches on core 0)
Oct 19 12:38:15.150299 n-d-814561-1 devstack@placement-api.service[101206]: DEBUG placement.requestlog [req-0b75e09e-fd7e-4dbc-80c6-611b7ceda729 req-5500a45f-a312-4a5f-9778-6c2063db0f66 None None] Starting request: 10.222.0.24 "GET /placement/allocations/d7a06e4f-332e-468a-89a5-c22bec36e290" {{(pid=101206) __call__ /opt/stack/placement/placement/requestlog.py:55}}
Oct 19 12:38:15.174534 n-d-814561-1 devstack@placement-api.service[101206]: INFO placement.requestlog [req-0b75e09e-fd7e-4dbc-80c6-611b7ceda729 req-5500a45f-a312-4a5f-9778-6c2063db0f66 service placement] 10.222.0.24 "GET /placement/allocations/d7a06e4f-332e-468a-89a5-c22bec36e290" status: 200 len: 19 microversion: 1.28
Oct 19 12:38:15.174996 n-d-814561-1 devstack@placement-api.service[101206]: [pid: 101206|app: 0|req: 83/161] 10.222.0.24 () {60 vars in 1380 bytes} [Tue Oct 19 12:38:15 2021] GET /placement/allocations/d7a06e4f-332e-468a-89a5-c22bec36e290 => generated 19 bytes in 25 msecs (HTTP/1.1 200) 8 headers in 295 bytes (1 switches on core 0)
Oct 19 12:38:15.181819 n-d-814561-1 devstack@placement-api.service[101207]: DEBUG placement.requestlog [req-0b75e09e-fd7e-4dbc-80c6-611b7ceda729 req-346016ad-ec1f-4569-987e-ff5ab48339fb None None] Starting request: 10.222.0.24 "PUT /placement/allocations/d7a06e4f-332e-468a-89a5-c22bec36e290" {{(pid=101207) __call__ /opt/stack/placement/placement/requestlog.py:55}}
Oct 19 12:38:15.294472 n-d-814561-1 devstack@placement-api.service[101207]: DEBUG placement.handlers.allocation [req-0b75e09e-fd7e-4dbc-80c6-611b7ceda729 req-346016ad-ec1f-4569-987e-ff5ab48339fb service placement] Successfully wrote allocations [, , ] {{(pid=101207) _update_consumers_and_create_allocations /opt/stack/placement/placement/handlers/allocation.py:462}}
Oct 19 12:38:15.300062 n-d-814561-1 devstack@placement-api.service[101207]: INFO placement.requestlog [req-0b75e09e-fd7e-4dbc-80c6-611b7ceda729 req-346016ad-ec1f-4569-987e-ff5ab48339fb service placement] 10.222.0.24 "PUT /placement/allocations/d7a06e4f-332e-468a-89a5-c22bec36e290" status: 204 len: 0 microversion: 1.28
Oct 19 12:38:15.300658 n-d-814561-1 devstack@placement-api.service[101207]: [pid: 101207|app: 0|req: 79/162] 10.222.0.24 () {64 vars in 1433 bytes} [Tue Oct 19 12:38:15 2021] PUT /placement/allocations/d7a06e4f-332e-468a-89a5-c22bec36e290 => generated 0 bytes in 120 msecs (HTTP/1.1 204) 5 headers in 199 bytes (1 switches on core 0)
Oct 19 12:38:15.462914 n-d-814561-1 devstack@placement-api.service[101206]: DEBUG placement.requestlog [req-0b75e09e-fd7e-4dbc-80c6-611b7ceda729 req-b9a03256-f314-4a37-a160-f925444969f6 None None] Starting request: 10.222.0.52 "GET /placement/allocations/d7a06e4f-332e-468a-89a5-c22bec36e290" {{(pid=101206) __call__ /opt/stack/placement/placement/requestlog.py:55}}
Oct 19 12:38:15.495635 n-d-814561-1 devstack@placement-api.service[101206]: INFO placement.requestlog [req-0b75e09e-fd7e-4dbc-80c6-611b7ceda729 req-b9a03256-f314-4a37-a160-f925444969f6 service placement] 10.222.0.52 "GET /placement/allocations/d7a06e4f-332e-468a-89a5-c22bec36e290" status: 200 len: 259 microversion: 1.28
Oct 19 12:38:15.499293 n-d-814561-1 devstack@placement-api.service[101206]: [pid: 101206|app: 0|req: 84/163] 10.222.0.52 () {60 vars in 1377 bytes} [Tue Oct 19 12:38:15 2021] GET /placement/allocations/d7a06e4f-332e-468a-89a5-c22bec36e290 => generated 259 bytes in 37 msecs (HTTP/1.1 200) 8 headers in 296 bytes (1 switches on core 0)
Oct 19 12:38:20.097325 n-d-814561-1 devstack@placement-api.service[101207]: DEBUG placement.requestlog [req-dec2dafa-0c3c-4e7e-9a37-65ccc2599d02 req-f4152d49-a2a7-4b0f-bbf1-b27e3a3e03a1 None None] Starting request: 10.222.0.52 "GET /placement/resource_providers/b84dfce7-692e-4edf-b6de-b8ad329be6ae/allocations" {{(pid=101207) __call__ /opt/stack/placement/placement/requestlog.py:55}}
Oct 19 12:38:20.125673 n-d-814561-1 devstack@placement-api.service[101207]: INFO placement.requestlog [req-dec2dafa-0c3c-4e7e-9a37-65ccc2599d02 req-f4152d49-a2a7-4b0f-bbf1-b27e3a3e03a1 service placement] 10.222.0.52 "GET /placement/resource_providers/b84dfce7-692e-4edf-b6de-b8ad329be6ae/allocations" status: 200 len: 760 microversion: 1.0
Oct 19 12:38:20.126361 n-d-814561-1 devstack@placement-api.service[101207]: [pid: 101207|app: 0|req: 80/164] 10.222.0.52 () {58 vars in 1390 bytes} [Tue Oct 19 12:38:20 2021] GET /placement/resource_providers/b84dfce7-692e-4edf-b6de-b8ad329be6ae/allocations => generated 760 bytes in 29 msecs (HTTP/1.1 200) 6 headers in 224 bytes (1 switches on core 0)
Oct 19 12:38:23.050467 n-d-814561-1 devstack@placement-api.service[101206]: DEBUG placement.requestlog [req-0dbdee8e-19bd-40f6-9763-dc2890d481e3 req-aefe9c6b-20da-48fb-b070-67adc282a449 None None] Starting request: 10.222.0.24 "GET /placement/allocation_candidates?limit=1000&resources=DISK_GB%3A1%2CMEMORY_MB%3A1024%2CVCPU%3A1&root_required=%21COMPUTE_STATUS_DISABLED" {{(pid=101206) __call__ /opt/stack/placement/placement/requestlog.py:55}}
Oct 19 12:38:23.085090 n-d-814561-1 devstack@placement-api.service[101206]: DEBUG placement.objects.research_context [req-0dbdee8e-19bd-40f6-9763-dc2890d481e3 req-aefe9c6b-20da-48fb-b070-67adc282a449 service placement] getting providers with 1 DISK_GB {{(pid=101206) __init__ /opt/stack/placement/placement/objects/research_context.py:126}}
Oct 19 12:38:23.093243 n-d-814561-1 devstack@placement-api.service[101206]: DEBUG placement.objects.research_context [req-0dbdee8e-19bd-40f6-9763-dc2890d481e3 req-aefe9c6b-20da-48fb-b070-67adc282a449 service placement] getting providers with 1024 MEMORY_MB {{(pid=101206) __init__ /opt/stack/placement/placement/objects/research_context.py:126}}
Oct 19 12:38:23.118808 n-d-814561-1 devstack@placement-api.service[101206]: DEBUG placement.objects.research_context [req-0dbdee8e-19bd-40f6-9763-dc2890d481e3 req-aefe9c6b-20da-48fb-b070-67adc282a449 service placement] getting providers with 1 VCPU {{(pid=101206) __init__ /opt/stack/placement/placement/objects/research_context.py:126}}
Oct 19 12:38:23.136371 n-d-814561-1 devstack@placement-api.service[101206]: DEBUG placement.objects.research_context [req-0dbdee8e-19bd-40f6-9763-dc2890d481e3 req-aefe9c6b-20da-48fb-b070-67adc282a449 service placement] found 2 providers with available 1 DISK_GB {{(pid=101206) get_provider_ids_matching /opt/stack/placement/placement/objects/research_context.py:549}}
Oct 19 12:38:23.137049 n-d-814561-1 devstack@placement-api.service[101206]: DEBUG placement.objects.research_context [req-0dbdee8e-19bd-40f6-9763-dc2890d481e3 req-aefe9c6b-20da-48fb-b070-67adc282a449 service placement] found 2 providers with available 1024 MEMORY_MB {{(pid=101206) get_provider_ids_matching /opt/stack/placement/placement/objects/research_context.py:549}}
Oct 19 12:38:23.141195 n-d-814561-1 devstack@placement-api.service[101206]: DEBUG placement.objects.research_context [req-0dbdee8e-19bd-40f6-9763-dc2890d481e3 req-aefe9c6b-20da-48fb-b070-67adc282a449 service placement] found 2 providers after filtering by previous result {{(pid=101206) get_provider_ids_matching /opt/stack/placement/placement/objects/research_context.py:580}}
Oct 19 12:38:23.141761 n-d-814561-1 devstack@placement-api.service[101206]: DEBUG placement.objects.research_context [req-0dbdee8e-19bd-40f6-9763-dc2890d481e3 req-aefe9c6b-20da-48fb-b070-67adc282a449 service placement] found 2 providers with available 1 VCPU {{(pid=101206) get_provider_ids_matching /opt/stack/placement/placement/objects/research_context.py:549}}
Oct 19 12:38:23.142248 n-d-814561-1 devstack@placement-api.service[101206]: DEBUG placement.objects.research_context [req-0dbdee8e-19bd-40f6-9763-dc2890d481e3 req-aefe9c6b-20da-48fb-b070-67adc282a449 service placement] found 2 providers after filtering by previous result {{(pid=101206) get_provider_ids_matching /opt/stack/placement/placement/objects/research_context.py:580}}
Oct 19 12:38:23.169341 n-d-814561-1 devstack@placement-api.service[101206]: DEBUG placement.objects.allocation_candidate [req-0dbdee8e-19bd-40f6-9763-dc2890d481e3 req-aefe9c6b-20da-48fb-b070-67adc282a449 service placement] RequestGroup(use_same_provider=False, resources={DISK_GB:1, MEMORY_MB:1024, VCPU:1}, traits=[], aggregates=[]) (suffix '') returned 2 matches {{(pid=101206) _get_by_requests /opt/stack/placement/placement/objects/allocation_candidate.py:145}}
Oct 19 12:38:23.169760 n-d-814561-1 devstack@placement-api.service[101206]: DEBUG placement.objects.allocation_candidate [req-0dbdee8e-19bd-40f6-9763-dc2890d481e3 req-aefe9c6b-20da-48fb-b070-67adc282a449 service placement] Merging candidates yields 2 allocation requests and 2 provider summaries {{(pid=101206) _merge_candidates /opt/stack/placement/placement/objects/allocation_candidate.py:783}}
Oct 19 12:38:23.171628 n-d-814561-1 devstack@placement-api.service[101206]: INFO placement.requestlog [req-0dbdee8e-19bd-40f6-9763-dc2890d481e3 req-aefe9c6b-20da-48fb-b070-67adc282a449 service placement] 10.222.0.24 "GET /placement/allocation_candidates?limit=1000&resources=DISK_GB%3A1%2CMEMORY_MB%3A1024%2CVCPU%3A1&root_required=%21COMPUTE_STATUS_DISABLED" status: 200 len: 1309 microversion: 1.36
Oct 19 12:38:23.172238 n-d-814561-1 devstack@placement-api.service[101206]: [pid: 101206|app: 0|req: 85/165] 10.222.0.24 () {60 vars in 1506 bytes} [Tue Oct 19 12:38:23 2021] GET /placement/allocation_candidates?limit=1000&resources=DISK_GB%3A1%2CMEMORY_MB%3A1024%2CVCPU%3A1&root_required=%21COMPUTE_STATUS_DISABLED => generated 1309 bytes in 122 msecs (HTTP/1.1 200) 8 headers in 297 bytes (1 switches on core 0)
Oct 19 12:38:23.242398 n-d-814561-1 devstack@placement-api.service[101207]: DEBUG placement.requestlog [req-0dbdee8e-19bd-40f6-9763-dc2890d481e3 req-1edee724-b261-46af-9286-e63d4c6c6a90 None None] Starting request: 10.222.0.24 "GET /placement/allocations/a2c8ffe5-8b22-4d42-bd11-f955a3356f2f" {{(pid=101207) __call__ /opt/stack/placement/placement/requestlog.py:55}}
Oct 19 12:38:23.255633 n-d-814561-1 devstack@placement-api.service[101207]: INFO placement.requestlog [req-0dbdee8e-19bd-40f6-9763-dc2890d481e3 req-1edee724-b261-46af-9286-e63d4c6c6a90 service placement] 10.222.0.24 "GET /placement/allocations/a2c8ffe5-8b22-4d42-bd11-f955a3356f2f" status: 200 len: 19 microversion: 1.28
Oct 19 12:38:23.256307 n-d-814561-1 devstack@placement-api.service[101207]: [pid: 101207|app: 0|req: 81/166] 10.222.0.24 () {60 vars in 1380 bytes} [Tue Oct 19 12:38:23 2021] GET /placement/allocations/a2c8ffe5-8b22-4d42-bd11-f955a3356f2f => generated 19 bytes in 14 msecs (HTTP/1.1 200) 8 headers in 295 bytes (1 switches on core 0)
Oct 19 12:38:23.272305 n-d-814561-1 devstack@placement-api.service[101206]: DEBUG placement.requestlog [req-0dbdee8e-19bd-40f6-9763-dc2890d481e3 req-d9b92665-eb9a-4144-8f49-77975db8623f None None] Starting request: 10.222.0.24 "PUT /placement/allocations/a2c8ffe5-8b22-4d42-bd11-f955a3356f2f" {{(pid=101206) __call__ /opt/stack/placement/placement/requestlog.py:55}}
Oct 19 12:38:23.359205 n-d-814561-1 devstack@placement-api.service[101206]: DEBUG placement.handlers.allocation [req-0dbdee8e-19bd-40f6-9763-dc2890d481e3 req-d9b92665-eb9a-4144-8f49-77975db8623f service placement] Successfully wrote allocations [, , ] {{(pid=101206) _update_consumers_and_create_allocations /opt/stack/placement/placement/handlers/allocation.py:462}}
Oct 19 12:38:23.363483 n-d-814561-1 devstack@placement-api.service[101206]: INFO placement.requestlog [req-0dbdee8e-19bd-40f6-9763-dc2890d481e3 req-d9b92665-eb9a-4144-8f49-77975db8623f service placement] 10.222.0.24 "PUT /placement/allocations/a2c8ffe5-8b22-4d42-bd11-f955a3356f2f" status: 204 len: 0 microversion: 1.36
Oct 19 12:38:23.367603 n-d-814561-1 devstack@placement-api.service[101206]: [pid: 101206|app: 0|req: 86/167] 10.222.0.24 () {64 vars in 1433 bytes} [Tue Oct 19 12:38:23 2021] PUT /placement/allocations/a2c8ffe5-8b22-4d42-bd11-f955a3356f2f => generated 0 bytes in 93 msecs (HTTP/1.1 204) 5 headers in 199 bytes (1 switches on core 0)
Oct 19 12:38:23.624838 n-d-814561-1 devstack@placement-api.service[101207]: DEBUG placement.requestlog [req-8d25d4fd-82de-47bf-835c-1169776132f7 req-649ea917-e73f-4ec0-9d35-78606a134218 None None] Starting request: 10.222.0.52 "DELETE /placement/allocations/69803682-d4b7-49fa-8596-aa5be969cc59" {{(pid=101207) __call__ /opt/stack/placement/placement/requestlog.py:55}}
Oct 19 12:38:23.688111 n-d-814561-1 devstack@placement-api.service[101207]: DEBUG placement.handlers.allocation [req-8d25d4fd-82de-47bf-835c-1169776132f7 req-649ea917-e73f-4ec0-9d35-78606a134218 service placement] Successfully deleted allocations [, , ] {{(pid=101207) delete_allocations /opt/stack/placement/placement/handlers/allocation.py:627}}
Oct 19 12:38:23.689099 n-d-814561-1 devstack@placement-api.service[101207]: INFO placement.requestlog [req-8d25d4fd-82de-47bf-835c-1169776132f7 req-649ea917-e73f-4ec0-9d35-78606a134218 service placement] 10.222.0.52 "DELETE /placement/allocations/69803682-d4b7-49fa-8596-aa5be969cc59" status: 204 len: 0 microversion: 1.0
Oct 19 12:38:23.690393 n-d-814561-1 devstack@placement-api.service[101207]: [pid: 101207|app: 0|req: 82/168] 10.222.0.52 () {60 vars in 1355 bytes} [Tue Oct 19 12:38:23 2021] DELETE /placement/allocations/69803682-d4b7-49fa-8596-aa5be969cc59 => generated 0 bytes in 65 msecs (HTTP/1.1 204) 5 headers in 198 bytes (1 switches on core 0)
Oct 19 12:38:23.725754 n-d-814561-1 devstack@placement-api.service[101206]: DEBUG placement.requestlog [req-0dbdee8e-19bd-40f6-9763-dc2890d481e3 req-d69a7e84-e99f-4c02-97b6-a1ede64817d1 None None] Starting request: 10.222.0.52 "GET /placement/allocations/a2c8ffe5-8b22-4d42-bd11-f955a3356f2f" {{(pid=101206) __call__ /opt/stack/placement/placement/requestlog.py:55}}
Oct 19 12:38:23.748951 n-d-814561-1 devstack@placement-api.service[101206]: INFO placement.requestlog [req-0dbdee8e-19bd-40f6-9763-dc2890d481e3 req-d69a7e84-e99f-4c02-97b6-a1ede64817d1 service placement] 10.222.0.52 "GET /placement/allocations/a2c8ffe5-8b22-4d42-bd11-f955a3356f2f" status: 200 len: 259 microversion: 1.28
Oct 19 12:38:23.749547 n-d-814561-1 devstack@placement-api.service[101206]: [pid: 101206|app: 0|req: 87/169] 10.222.0.52 () {60 vars in 1377 bytes} [Tue Oct 19 12:38:23 2021] GET /placement/allocations/a2c8ffe5-8b22-4d42-bd11-f955a3356f2f => generated 259 bytes in 24 msecs (HTTP/1.1 200) 8 headers in 296 bytes (1 switches on core 0)
Oct 19 12:38:24.341439 n-d-814561-1 devstack@placement-api.service[101207]: DEBUG placement.requestlog [req-94878373-172e-4426-9bfd-5d8c131db1f1 req-e6edc864-af39-4431-a865-abb2a55cdb07 None None] Starting request: 10.222.0.24 "GET /placement/allocation_candidates?limit=1000&resources=DISK_GB%3A1%2CMEMORY_MB%3A1024%2CVCPU%3A1&root_required=%21COMPUTE_STATUS_DISABLED" {{(pid=101207) __call__ /opt/stack/placement/placement/requestlog.py:55}}
Oct 19 12:38:24.395109 n-d-814561-1 devstack@placement-api.service[101207]: DEBUG placement.objects.research_context [req-94878373-172e-4426-9bfd-5d8c131db1f1 req-e6edc864-af39-4431-a865-abb2a55cdb07 service placement] getting providers with 1 DISK_GB {{(pid=101207) __init__ /opt/stack/placement/placement/objects/research_context.py:126}}
Oct 19 12:38:24.402184 n-d-814561-1 devstack@placement-api.service[101207]: DEBUG placement.objects.research_context [req-94878373-172e-4426-9bfd-5d8c131db1f1 req-e6edc864-af39-4431-a865-abb2a55cdb07 service placement] getting providers with 1024 MEMORY_MB {{(pid=101207) __init__ /opt/stack/placement/placement/objects/research_context.py:126}}
Oct 19 12:38:24.409186 n-d-814561-1 devstack@placement-api.service[101207]: DEBUG placement.objects.research_context [req-94878373-172e-4426-9bfd-5d8c131db1f1 req-e6edc864-af39-4431-a865-abb2a55cdb07 service placement] getting providers with 1 VCPU {{(pid=101207) __init__ /opt/stack/placement/placement/objects/research_context.py:126}}
Oct 19 12:38:24.416253 n-d-814561-1 devstack@placement-api.service[101207]: DEBUG placement.objects.research_context [req-94878373-172e-4426-9bfd-5d8c131db1f1 req-e6edc864-af39-4431-a865-abb2a55cdb07 service placement] found 2 providers with available 1 DISK_GB {{(pid=101207) get_provider_ids_matching /opt/stack/placement/placement/objects/research_context.py:549}}
Oct 19 12:38:24.416529 n-d-814561-1 devstack@placement-api.service[101207]: DEBUG placement.objects.research_context [req-94878373-172e-4426-9bfd-5d8c131db1f1 req-e6edc864-af39-4431-a865-abb2a55cdb07 service placement] found 2 providers with available 1024 MEMORY_MB {{(pid=101207) get_provider_ids_matching /opt/stack/placement/placement/objects/research_context.py:549}}
Oct 19 12:38:24.416957 n-d-814561-1 devstack@placement-api.service[101207]: DEBUG placement.objects.research_context [req-94878373-172e-4426-9bfd-5d8c131db1f1 req-e6edc864-af39-4431-a865-abb2a55cdb07 service placement] found 2 providers after filtering by previous result {{(pid=101207) get_provider_ids_matching /opt/stack/placement/placement/objects/research_context.py:580}}
Oct 19 12:38:24.417359 n-d-814561-1 devstack@placement-api.service[101207]: DEBUG placement.objects.research_context [req-94878373-172e-4426-9bfd-5d8c131db1f1 req-e6edc864-af39-4431-a865-abb2a55cdb07 service placement] found 2 providers with available 1 VCPU {{(pid=101207) get_provider_ids_matching /opt/stack/placement/placement/objects/research_context.py:549}}
Oct 19 12:38:24.417761 n-d-814561-1 devstack@placement-api.service[101207]: DEBUG placement.objects.research_context [req-94878373-172e-4426-9bfd-5d8c131db1f1 req-e6edc864-af39-4431-a865-abb2a55cdb07 service placement] found 2 providers after filtering by previous result {{(pid=101207) get_provider_ids_matching /opt/stack/placement/placement/objects/research_context.py:580}}
Oct 19 12:38:24.430099 n-d-814561-1 devstack@placement-api.service[101207]: DEBUG placement.objects.allocation_candidate [req-94878373-172e-4426-9bfd-5d8c131db1f1 req-e6edc864-af39-4431-a865-abb2a55cdb07 service placement] RequestGroup(use_same_provider=False, resources={DISK_GB:1, MEMORY_MB:1024, VCPU:1}, traits=[], aggregates=[]) (suffix '') returned 2 matches {{(pid=101207) _get_by_requests /opt/stack/placement/placement/objects/allocation_candidate.py:145}}
Oct 19 12:38:24.430638 n-d-814561-1 devstack@placement-api.service[101207]: DEBUG placement.objects.allocation_candidate [req-94878373-172e-4426-9bfd-5d8c131db1f1 req-e6edc864-af39-4431-a865-abb2a55cdb07 service placement] Merging candidates yields 2 allocation requests and 2 provider summaries {{(pid=101207) _merge_candidates /opt/stack/placement/placement/objects/allocation_candidate.py:783}}
Oct 19 12:38:24.432361 n-d-814561-1 devstack@placement-api.service[101207]: INFO placement.requestlog [req-94878373-172e-4426-9bfd-5d8c131db1f1 req-e6edc864-af39-4431-a865-abb2a55cdb07 service placement] 10.222.0.24 "GET /placement/allocation_candidates?limit=1000&resources=DISK_GB%3A1%2CMEMORY_MB%3A1024%2CVCPU%3A1&root_required=%21COMPUTE_STATUS_DISABLED" status: 200 len: 1309 microversion: 1.36
Oct 19 12:38:24.444311 n-d-814561-1 devstack@placement-api.service[101207]: [pid: 101207|app: 0|req: 83/170] 10.222.0.24 () {60 vars in 1506 bytes} [Tue Oct 19 12:38:24 2021] GET /placement/allocation_candidates?limit=1000&resources=DISK_GB%3A1%2CMEMORY_MB%3A1024%2CVCPU%3A1&root_required=%21COMPUTE_STATUS_DISABLED => generated 1309 bytes in 104 msecs (HTTP/1.1 200) 8 headers in 297 bytes (1 switches on core 0)
Oct 19 12:38:24.490551 n-d-814561-1 devstack@placement-api.service[101206]: DEBUG placement.requestlog [req-94878373-172e-4426-9bfd-5d8c131db1f1 req-7cc93506-0888-48eb-ab1b-f16749407c8d None None] Starting request: 10.222.0.24 "GET /placement/allocations/ae77b6e5-1c11-4579-a482-b68dfb60def4" {{(pid=101206) __call__ /opt/stack/placement/placement/requestlog.py:55}}
Oct 19 12:38:24.511149 n-d-814561-1 devstack@placement-api.service[101206]: INFO placement.requestlog [req-94878373-172e-4426-9bfd-5d8c131db1f1 req-7cc93506-0888-48eb-ab1b-f16749407c8d service placement] 10.222.0.24 "GET /placement/allocations/ae77b6e5-1c11-4579-a482-b68dfb60def4" status: 200 len: 19 microversion: 1.28
Oct 19 12:38:24.511542 n-d-814561-1 devstack@placement-api.service[101206]: [pid: 101206|app: 0|req: 88/171] 10.222.0.24 () {60 vars in 1380 bytes} [Tue Oct 19 12:38:24 2021] GET /placement/allocations/ae77b6e5-1c11-4579-a482-b68dfb60def4 => generated 19 bytes in 22 msecs (HTTP/1.1 200) 8 headers in 295 bytes (1 switches on core 0)
Oct 19 12:38:24.520154 n-d-814561-1 devstack@placement-api.service[101207]: DEBUG placement.requestlog [req-94878373-172e-4426-9bfd-5d8c131db1f1 req-843d2438-4c29-4c67-9b40-816f045819b7 None None] Starting request: 10.222.0.24 "PUT /placement/allocations/ae77b6e5-1c11-4579-a482-b68dfb60def4" {{(pid=101207) __call__ /opt/stack/placement/placement/requestlog.py:55}}
Oct 19 12:38:24.574314 n-d-814561-1 devstack@placement-api.service[101207]: DEBUG placement.handlers.allocation [req-94878373-172e-4426-9bfd-5d8c131db1f1 req-843d2438-4c29-4c67-9b40-816f045819b7 service placement] Successfully wrote allocations [, , ] {{(pid=101207) _update_consumers_and_create_allocations /opt/stack/placement/placement/handlers/allocation.py:462}}
Oct 19 12:38:24.577449 n-d-814561-1 devstack@placement-api.service[101207]: INFO placement.requestlog [req-94878373-172e-4426-9bfd-5d8c131db1f1 req-843d2438-4c29-4c67-9b40-816f045819b7 service placement] 10.222.0.24 "PUT /placement/allocations/ae77b6e5-1c11-4579-a482-b68dfb60def4" status: 204 len: 0 microversion: 1.36
Oct 19 12:38:24.578053 n-d-814561-1 devstack@placement-api.service[101207]: [pid: 101207|app: 0|req: 84/172] 10.222.0.24 () {64 vars in 1433 bytes} [Tue Oct 19 12:38:24 2021] PUT /placement/allocations/ae77b6e5-1c11-4579-a482-b68dfb60def4 => generated 0 bytes in 58 msecs (HTTP/1.1 204) 5 headers in 199 bytes (1 switches on core 0)
Oct 19 12:38:24.881880 n-d-814561-1 devstack@placement-api.service[101206]: DEBUG placement.requestlog [req-94878373-172e-4426-9bfd-5d8c131db1f1 req-48081dc9-eba5-4c47-ab76-fcc7a290e2d6 None None] Starting request: 10.222.0.52 "GET /placement/allocations/ae77b6e5-1c11-4579-a482-b68dfb60def4" {{(pid=101206) __call__ /opt/stack/placement/placement/requestlog.py:55}}
Oct 19 12:38:24.915106 n-d-814561-1 devstack@placement-api.service[101206]: INFO placement.requestlog [req-94878373-172e-4426-9bfd-5d8c131db1f1 req-48081dc9-eba5-4c47-ab76-fcc7a290e2d6 service placement] 10.222.0.52 "GET /placement/allocations/ae77b6e5-1c11-4579-a482-b68dfb60def4" status: 200 len: 259 microversion: 1.28
Oct 19 12:38:24.915631 n-d-814561-1 devstack@placement-api.service[101206]: [pid: 101206|app: 0|req: 89/173] 10.222.0.52 () {60 vars in 1377 bytes} [Tue Oct 19 12:38:24 2021] GET /placement/allocations/ae77b6e5-1c11-4579-a482-b68dfb60def4 => generated 259 bytes in 34 msecs (HTTP/1.1 200) 8 headers in 296 bytes (1 switches on core 0)
Oct 19 12:38:26.992201 n-d-814561-1 devstack@placement-api.service[101207]: DEBUG placement.requestlog [None req-3824dd26-c11b-4970-b302-f35dadcceb3f None None] Starting request: 10.222.0.24 "GET /placement/" {{(pid=101207) __call__ /opt/stack/placement/placement/requestlog.py:55}}
Oct 19 12:38:26.994821 n-d-814561-1 devstack@placement-api.service[101207]: INFO placement.requestlog [None req-3824dd26-c11b-4970-b302-f35dadcceb3f None None] 10.222.0.24 "GET /placement/" status: 200 len: 136 microversion: 1.0
Oct 19 12:38:26.996452 n-d-814561-1 devstack@placement-api.service[101207]: [pid: 101207|app: 0|req: 85/174] 10.222.0.24 () {54 vars in 916 bytes} [Tue Oct 19 12:38:26 2021] GET /placement => generated 136 bytes in 4 msecs (HTTP/1.1 200) 6 headers in 224 bytes (1 switches on core 0)
Oct 19 12:38:27.007879 n-d-814561-1 devstack@placement-api.service[101206]: DEBUG placement.requestlog [req-293e93c1-07b1-444a-a54b-5e60a5c9a45a req-8dcc75b6-3d14-4d89-9df2-a0cd0d0eed25 None None] Starting request: 10.222.0.24 "GET /placement/allocations/17322668-ded0-46f5-ba1a-a6990130a2b4" {{(pid=101206) __call__ /opt/stack/placement/placement/requestlog.py:55}}
Oct 19 12:38:27.140213 n-d-814561-1 devstack@placement-api.service[101206]: INFO placement.requestlog [req-293e93c1-07b1-444a-a54b-5e60a5c9a45a req-8dcc75b6-3d14-4d89-9df2-a0cd0d0eed25 service placement] 10.222.0.24 "GET /placement/allocations/17322668-ded0-46f5-ba1a-a6990130a2b4" status: 200 len: 259 microversion: 1.28
Oct 19 12:38:27.141782 n-d-814561-1 devstack@placement-api.service[101206]: [pid: 101206|app: 0|req: 90/175] 10.222.0.24 () {60 vars in 1380 bytes} [Tue Oct 19 12:38:27 2021] GET /placement/allocations/17322668-ded0-46f5-ba1a-a6990130a2b4 => generated 259 bytes in 134 msecs (HTTP/1.1 200) 8 headers in 296 bytes (2 switches on core 0)
Oct 19 12:38:27.150471 n-d-814561-1 devstack@placement-api.service[101207]: DEBUG placement.requestlog [req-293e93c1-07b1-444a-a54b-5e60a5c9a45a req-ef22bf06-8979-4c58-ba83-0fca3236fed8 None None] Starting request: 10.222.0.24 "GET /placement/allocations/17322668-ded0-46f5-ba1a-a6990130a2b4" {{(pid=101207) __call__ /opt/stack/placement/placement/requestlog.py:55}}
Oct 19 12:38:27.184184 n-d-814561-1 devstack@placement-api.service[101206]: DEBUG placement.requestlog [req-9e9c11f5-f9b6-455c-a895-31ba6a084290 req-f3e48c1a-95cb-46d1-8300-d51f68dfacee None None] Starting request: 10.222.0.52 "GET /placement/resource_providers/b84dfce7-692e-4edf-b6de-b8ad329be6ae/allocations" {{(pid=101206) __call__ /opt/stack/placement/placement/requestlog.py:55}}
Oct 19 12:38:27.185128 n-d-814561-1 devstack@placement-api.service[101207]: INFO placement.requestlog [req-293e93c1-07b1-444a-a54b-5e60a5c9a45a req-ef22bf06-8979-4c58-ba83-0fca3236fed8 service placement] 10.222.0.24 "GET /placement/allocations/17322668-ded0-46f5-ba1a-a6990130a2b4" status: 200 len: 259 microversion: 1.28
Oct 19 12:38:27.191731 n-d-814561-1 devstack@placement-api.service[101207]: [pid: 101207|app: 0|req: 86/176] 10.222.0.24 () {60 vars in 1380 bytes} [Tue Oct 19 12:38:27 2021] GET /placement/allocations/17322668-ded0-46f5-ba1a-a6990130a2b4 => generated 259 bytes in 41 msecs (HTTP/1.1 200) 8 headers in 296 bytes (1 switches on core 0)
Oct 19 12:38:27.194142 n-d-814561-1 devstack@placement-api.service[101207]: DEBUG placement.requestlog [req-293e93c1-07b1-444a-a54b-5e60a5c9a45a req-1ce8b5ae-ad8c-4c4b-b51a-5b96217e921e None None] Starting request: 10.222.0.24 "GET /placement/allocations/93acc9a6-8a03-4a67-a394-03d9cba0aa04" {{(pid=101207) __call__ /opt/stack/placement/placement/requestlog.py:55}}
Oct 19 12:38:27.209886 n-d-814561-1 devstack@placement-api.service[101207]: INFO placement.requestlog [req-293e93c1-07b1-444a-a54b-5e60a5c9a45a req-1ce8b5ae-ad8c-4c4b-b51a-5b96217e921e service placement] 10.222.0.24 "GET /placement/allocations/93acc9a6-8a03-4a67-a394-03d9cba0aa04" status: 200 len: 19 microversion: 1.28
Oct 19 12:38:27.210431 n-d-814561-1 devstack@placement-api.service[101207]: [pid: 101207|app: 0|req: 87/177] 10.222.0.24 () {60 vars in 1380 bytes} [Tue Oct 19 12:38:27 2021] GET /placement/allocations/93acc9a6-8a03-4a67-a394-03d9cba0aa04 => generated 19 bytes in 16 msecs (HTTP/1.1 200) 8 headers in 295 bytes (2 switches on core 0)
Oct 19 12:38:27.216931 n-d-814561-1 devstack@placement-api.service[101207]: DEBUG placement.requestlog [req-293e93c1-07b1-444a-a54b-5e60a5c9a45a req-ab2301bc-3c87-474e-ac79-765e49da550b None None] Starting request: 10.222.0.24 "POST /placement/allocations" {{(pid=101207) __call__ /opt/stack/placement/placement/requestlog.py:55}}
Oct 19 12:38:27.221398 n-d-814561-1 devstack@placement-api.service[101206]: INFO placement.requestlog [req-9e9c11f5-f9b6-455c-a895-31ba6a084290 req-f3e48c1a-95cb-46d1-8300-d51f68dfacee service placement] 10.222.0.52 "GET /placement/resource_providers/b84dfce7-692e-4edf-b6de-b8ad329be6ae/allocations" status: 200 len: 861 microversion: 1.0
Oct 19 12:38:27.222738 n-d-814561-1 devstack@placement-api.service[101206]: [pid: 101206|app: 0|req: 91/178] 10.222.0.52 () {58 vars in 1390 bytes} [Tue Oct 19 12:38:27 2021] GET /placement/resource_providers/b84dfce7-692e-4edf-b6de-b8ad329be6ae/allocations => generated 861 bytes in 39 msecs (HTTP/1.1 200) 6 headers in 224 bytes (2 switches on core 0)
Oct 19 12:38:27.334250 n-d-814561-1 devstack@placement-api.service[101207]: DEBUG placement.handlers.allocation [req-293e93c1-07b1-444a-a54b-5e60a5c9a45a req-ab2301bc-3c87-474e-ac79-765e49da550b service placement] Successfully wrote allocations [, , , , , ] {{(pid=101207) _update_consumers_and_create_allocations /opt/stack/placement/placement/handlers/allocation.py:572}}
Oct 19 12:38:27.340096 n-d-814561-1 devstack@placement-api.service[101207]: INFO placement.requestlog [req-293e93c1-07b1-444a-a54b-5e60a5c9a45a req-ab2301bc-3c87-474e-ac79-765e49da550b service placement] 10.222.0.24 "POST /placement/allocations" status: 204 len: 0 microversion: 1.28
Oct 19 12:38:27.340535 n-d-814561-1 devstack@placement-api.service[101207]: [pid: 101207|app: 0|req: 88/179] 10.222.0.24 () {64 vars in 1323 bytes} [Tue Oct 19 12:38:27 2021] POST /placement/allocations => generated 0 bytes in 124 msecs (HTTP/1.1 204) 5 headers in 199 bytes (2 switches on core 0)
Oct 19 12:38:27.364761 n-d-814561-1 devstack@placement-api.service[101206]: DEBUG placement.requestlog [req-293e93c1-07b1-444a-a54b-5e60a5c9a45a req-df8d3368-05f9-47f4-bddd-ea36d5f394e7 None None] Starting request: 10.222.0.24 "GET /placement/allocation_candidates?limit=1000&resources=DISK_GB%3A1%2CMEMORY_MB%3A512%2CVCPU%3A1&root_required=%21COMPUTE_STATUS_DISABLED" {{(pid=101206) __call__ /opt/stack/placement/placement/requestlog.py:55}}
Oct 19 12:38:27.410429 n-d-814561-1 devstack@placement-api.service[101206]: DEBUG placement.objects.research_context [req-293e93c1-07b1-444a-a54b-5e60a5c9a45a req-df8d3368-05f9-47f4-bddd-ea36d5f394e7 service placement] getting providers with 1 DISK_GB {{(pid=101206) __init__ /opt/stack/placement/placement/objects/research_context.py:126}}
Oct 19 12:38:27.417579 n-d-814561-1 devstack@placement-api.service[101206]: DEBUG placement.objects.research_context [req-293e93c1-07b1-444a-a54b-5e60a5c9a45a req-df8d3368-05f9-47f4-bddd-ea36d5f394e7 service placement] getting providers with 512 MEMORY_MB {{(pid=101206) __init__ /opt/stack/placement/placement/objects/research_context.py:126}}
Oct 19 12:38:27.432278 n-d-814561-1 devstack@placement-api.service[101206]: DEBUG placement.objects.research_context [req-293e93c1-07b1-444a-a54b-5e60a5c9a45a req-df8d3368-05f9-47f4-bddd-ea36d5f394e7 service placement] getting providers with 1 VCPU {{(pid=101206) __init__ /opt/stack/placement/placement/objects/research_context.py:126}}
Oct 19 12:38:27.440903 n-d-814561-1 devstack@placement-api.service[101206]: DEBUG placement.objects.research_context [req-293e93c1-07b1-444a-a54b-5e60a5c9a45a req-df8d3368-05f9-47f4-bddd-ea36d5f394e7 service placement] found 2 providers with available 1 DISK_GB {{(pid=101206) get_provider_ids_matching /opt/stack/placement/placement/objects/research_context.py:549}}
Oct 19 12:38:27.442231 n-d-814561-1 devstack@placement-api.service[101206]: DEBUG placement.objects.research_context [req-293e93c1-07b1-444a-a54b-5e60a5c9a45a req-df8d3368-05f9-47f4-bddd-ea36d5f394e7 service placement] found 2 providers with available 512 MEMORY_MB {{(pid=101206) get_provider_ids_matching /opt/stack/placement/placement/objects/research_context.py:549}}
Oct 19 12:38:27.442660 n-d-814561-1 devstack@placement-api.service[101206]: DEBUG placement.objects.research_context [req-293e93c1-07b1-444a-a54b-5e60a5c9a45a req-df8d3368-05f9-47f4-bddd-ea36d5f394e7 service placement] found 2 providers after filtering by previous result {{(pid=101206) get_provider_ids_matching /opt/stack/placement/placement/objects/research_context.py:580}}
Oct 19 12:38:27.443065 n-d-814561-1 devstack@placement-api.service[101206]: DEBUG placement.objects.research_context [req-293e93c1-07b1-444a-a54b-5e60a5c9a45a req-df8d3368-05f9-47f4-bddd-ea36d5f394e7 service placement] found 2 providers with available 1 VCPU {{(pid=101206) get_provider_ids_matching /opt/stack/placement/placement/objects/research_context.py:549}}
Oct 19 12:38:27.443502 n-d-814561-1 devstack@placement-api.service[101206]: DEBUG placement.objects.research_context [req-293e93c1-07b1-444a-a54b-5e60a5c9a45a req-df8d3368-05f9-47f4-bddd-ea36d5f394e7 service placement] found 2 providers after filtering by previous result {{(pid=101206) get_provider_ids_matching /opt/stack/placement/placement/objects/research_context.py:580}}
Oct 19 12:38:27.474028 n-d-814561-1 devstack@placement-api.service[101206]: DEBUG placement.objects.allocation_candidate [req-293e93c1-07b1-444a-a54b-5e60a5c9a45a req-df8d3368-05f9-47f4-bddd-ea36d5f394e7 service placement] RequestGroup(use_same_provider=False, resources={DISK_GB:1, MEMORY_MB:512, VCPU:1}, traits=[], aggregates=[]) (suffix '') returned 2 matches {{(pid=101206) _get_by_requests /opt/stack/placement/placement/objects/allocation_candidate.py:145}}
Oct 19 12:38:27.474795 n-d-814561-1 devstack@placement-api.service[101206]: DEBUG placement.objects.allocation_candidate [req-293e93c1-07b1-444a-a54b-5e60a5c9a45a req-df8d3368-05f9-47f4-bddd-ea36d5f394e7 service placement] Merging candidates yields 2 allocation requests and 2 provider summaries {{(pid=101206) _merge_candidates /opt/stack/placement/placement/objects/allocation_candidate.py:783}}
Oct 19 12:38:27.477365 n-d-814561-1 devstack@placement-api.service[101206]: INFO placement.requestlog [req-293e93c1-07b1-444a-a54b-5e60a5c9a45a req-df8d3368-05f9-47f4-bddd-ea36d5f394e7 service placement] 10.222.0.24 "GET /placement/allocation_candidates?limit=1000&resources=DISK_GB%3A1%2CMEMORY_MB%3A512%2CVCPU%3A1&root_required=%21COMPUTE_STATUS_DISABLED" status: 200 len: 1307 microversion: 1.36
Oct 19 12:38:27.491629 n-d-814561-1 devstack@placement-api.service[101206]: [pid: 101206|app: 0|req: 92/180] 10.222.0.24 () {60 vars in 1504 bytes} [Tue Oct 19 12:38:27 2021] GET /placement/allocation_candidates?limit=1000&resources=DISK_GB%3A1%2CMEMORY_MB%3A512%2CVCPU%3A1&root_required=%21COMPUTE_STATUS_DISABLED => generated 1307 bytes in 127 msecs (HTTP/1.1 200) 8 headers in 297 bytes (1 switches on core 0)
Oct 19 12:38:27.543611 n-d-814561-1 devstack@placement-api.service[101207]: DEBUG placement.requestlog [req-293e93c1-07b1-444a-a54b-5e60a5c9a45a req-39f35d59-8323-470c-bd5e-5de6788c218b None None] Starting request: 10.222.0.24 "GET /placement/allocations/17322668-ded0-46f5-ba1a-a6990130a2b4" {{(pid=101207) __call__ /opt/stack/placement/placement/requestlog.py:55}}
Oct 19 12:38:27.557864 n-d-814561-1 devstack@placement-api.service[101207]: INFO placement.requestlog [req-293e93c1-07b1-444a-a54b-5e60a5c9a45a req-39f35d59-8323-470c-bd5e-5de6788c218b service placement] 10.222.0.24 "GET /placement/allocations/17322668-ded0-46f5-ba1a-a6990130a2b4" status: 200 len: 19 microversion: 1.28
Oct 19 12:38:27.558936 n-d-814561-1 devstack@placement-api.service[101207]: [pid: 101207|app: 0|req: 89/181] 10.222.0.24 () {60 vars in 1380 bytes} [Tue Oct 19 12:38:27 2021] GET /placement/allocations/17322668-ded0-46f5-ba1a-a6990130a2b4 => generated 19 bytes in 15 msecs (HTTP/1.1 200) 8 headers in 295 bytes (1 switches on core 0)
Oct 19 12:38:27.565705 n-d-814561-1 devstack@placement-api.service[101206]: DEBUG placement.requestlog [req-293e93c1-07b1-444a-a54b-5e60a5c9a45a req-2f5f7eb5-c98a-467a-a515-1babd2c4c685 None None] Starting request: 10.222.0.24 "PUT /placement/allocations/17322668-ded0-46f5-ba1a-a6990130a2b4" {{(pid=101206) __call__ /opt/stack/placement/placement/requestlog.py:55}}
Oct 19 12:38:27.590492 n-d-814561-1 devstack@placement-api.service[101207]: DEBUG placement.requestlog [req-0b75e09e-fd7e-4dbc-80c6-611b7ceda729 req-057c0b79-e94c-4d2d-ac88-dbf7762edd8c None None] Starting request: 10.222.0.31 "GET /placement/resource_providers/c67218a7-e71c-448b-8e50-6045b16b9769/allocations" {{(pid=101207) __call__ /opt/stack/placement/placement/requestlog.py:55}}
Oct 19 12:38:27.631744 n-d-814561-1 devstack@placement-api.service[101207]: INFO placement.requestlog [req-0b75e09e-fd7e-4dbc-80c6-611b7ceda729 req-057c0b79-e94c-4d2d-ac88-dbf7762edd8c service placement] 10.222.0.31 "GET /placement/resource_providers/c67218a7-e71c-448b-8e50-6045b16b9769/allocations" status: 200 len: 558 microversion: 1.0
Oct 19 12:38:27.632490 n-d-814561-1 devstack@placement-api.service[101207]: [pid: 101207|app: 0|req: 90/182] 10.222.0.31 () {58 vars in 1390 bytes} [Tue Oct 19 12:38:27 2021] GET /placement/resource_providers/c67218a7-e71c-448b-8e50-6045b16b9769/allocations => generated 558 bytes in 42 msecs (HTTP/1.1 200) 6 headers in 224 bytes (2 switches on core 0)
Oct 19 12:38:27.633218 n-d-814561-1 devstack@placement-api.service[101207]: DEBUG placement.requestlog [req-9e9c11f5-f9b6-455c-a895-31ba6a084290 req-c45e6e87-fbec-4bc6-9c27-78da84cc9d22 None None] Starting request: 10.222.0.52 "GET /placement/allocations/4060d8b8-cb9f-4d88-b4d5-f430cbb78958" {{(pid=101207) __call__ /opt/stack/placement/placement/requestlog.py:55}}
Oct 19 12:38:27.651817 n-d-814561-1 devstack@placement-api.service[101207]: INFO placement.requestlog [req-9e9c11f5-f9b6-455c-a895-31ba6a084290 req-c45e6e87-fbec-4bc6-9c27-78da84cc9d22 service placement] 10.222.0.52 "GET /placement/allocations/4060d8b8-cb9f-4d88-b4d5-f430cbb78958" status: 200 len: 259 microversion: 1.28
Oct 19 12:38:27.652274 n-d-814561-1 devstack@placement-api.service[101207]: [pid: 101207|app: 0|req: 91/183] 10.222.0.52 () {60 vars in 1377 bytes} [Tue Oct 19 12:38:27 2021] GET /placement/allocations/4060d8b8-cb9f-4d88-b4d5-f430cbb78958 => generated 259 bytes in 19 msecs (HTTP/1.1 200) 8 headers in 296 bytes (1 switches on core 0)
Oct 19 12:38:27.662143 n-d-814561-1 devstack@placement-api.service[101206]: DEBUG placement.handlers.allocation [req-293e93c1-07b1-444a-a54b-5e60a5c9a45a req-2f5f7eb5-c98a-467a-a515-1babd2c4c685 service placement] Successfully wrote allocations [, , ] {{(pid=101206) _update_consumers_and_create_allocations /opt/stack/placement/placement/handlers/allocation.py:462}}
Oct 19 12:38:27.665217 n-d-814561-1 devstack@placement-api.service[101207]: DEBUG placement.requestlog [req-9e9c11f5-f9b6-455c-a895-31ba6a084290 req-f8fc4f47-925d-4b07-9b6d-06ee973d56d7 None None] Starting request: 10.222.0.52 "PUT /placement/allocations/4060d8b8-cb9f-4d88-b4d5-f430cbb78958" {{(pid=101207) __call__ /opt/stack/placement/placement/requestlog.py:55}}
Oct 19 12:38:27.666387 n-d-814561-1 devstack@placement-api.service[101206]: INFO placement.requestlog [req-293e93c1-07b1-444a-a54b-5e60a5c9a45a req-2f5f7eb5-c98a-467a-a515-1babd2c4c685 service placement] 10.222.0.24 "PUT /placement/allocations/17322668-ded0-46f5-ba1a-a6990130a2b4" status: 204 len: 0 microversion: 1.36
Oct 19 12:38:27.666996 n-d-814561-1 devstack@placement-api.service[101206]: [pid: 101206|app: 0|req: 93/184] 10.222.0.24 () {64 vars in 1433 bytes} [Tue Oct 19 12:38:27 2021] PUT /placement/allocations/17322668-ded0-46f5-ba1a-a6990130a2b4 => generated 0 bytes in 101 msecs (HTTP/1.1 204) 5 headers in 199 bytes (1 switches on core 0)
Oct 19 12:38:27.827976 n-d-814561-1 devstack@placement-api.service[101207]: DEBUG placement.handlers.allocation [req-9e9c11f5-f9b6-455c-a895-31ba6a084290 req-f8fc4f47-925d-4b07-9b6d-06ee973d56d7 service placement] Successfully wrote allocations [, , ] {{(pid=101207) _update_consumers_and_create_allocations /opt/stack/placement/placement/handlers/allocation.py:462}}
Oct 19 12:38:27.837345 n-d-814561-1 devstack@placement-api.service[101207]: INFO placement.requestlog [req-9e9c11f5-f9b6-455c-a895-31ba6a084290 req-f8fc4f47-925d-4b07-9b6d-06ee973d56d7 service placement] 10.222.0.52 "PUT /placement/allocations/4060d8b8-cb9f-4d88-b4d5-f430cbb78958" status: 204 len: 0 microversion: 1.28
Oct 19 12:38:27.837958 n-d-814561-1 devstack@placement-api.service[101207]: [pid: 101207|app: 0|req: 92/185] 10.222.0.52 () {64 vars in 1430 bytes} [Tue Oct 19 12:38:27 2021] PUT /placement/allocations/4060d8b8-cb9f-4d88-b4d5-f430cbb78958 => generated 0 bytes in 173 msecs (HTTP/1.1 204) 5 headers in 199 bytes (1 switches on core 0)
Oct 19 12:38:27.969811 n-d-814561-1 devstack@placement-api.service[101206]: DEBUG placement.requestlog [req-293e93c1-07b1-444a-a54b-5e60a5c9a45a req-23a33f2a-26bf-4600-ade6-814d08d67ab2 None None] Starting request: 10.222.0.52 "GET /placement/allocations/17322668-ded0-46f5-ba1a-a6990130a2b4" {{(pid=101206) __call__ /opt/stack/placement/placement/requestlog.py:55}}
Oct 19 12:38:27.986059 n-d-814561-1 devstack@placement-api.service[101206]: INFO placement.requestlog [req-293e93c1-07b1-444a-a54b-5e60a5c9a45a req-23a33f2a-26bf-4600-ade6-814d08d67ab2 service placement] 10.222.0.52 "GET /placement/allocations/17322668-ded0-46f5-ba1a-a6990130a2b4" status: 200 len: 258 microversion: 1.28
Oct 19 12:38:27.986563 n-d-814561-1 devstack@placement-api.service[101206]: [pid: 101206|app: 0|req: 94/186] 10.222.0.52 () {60 vars in 1377 bytes} [Tue Oct 19 12:38:27 2021] GET /placement/allocations/17322668-ded0-46f5-ba1a-a6990130a2b4 => generated 258 bytes in 17 msecs (HTTP/1.1 200) 8 headers in 296 bytes (1 switches on core 0)
Oct 19 12:38:28.108202 n-d-814561-1 devstack@placement-api.service[101207]: DEBUG placement.requestlog [req-0b75e09e-fd7e-4dbc-80c6-611b7ceda729 req-ab424d0f-e5dd-47ff-8709-b65861360969 None None] Starting request: 10.222.0.31 "GET /placement/allocations/19b16e9f-b0e4-4a9b-b70e-f469d35dc04e" {{(pid=101207) __call__ /opt/stack/placement/placement/requestlog.py:55}}
Oct 19 12:38:28.134909 n-d-814561-1 devstack@placement-api.service[101207]: INFO placement.requestlog [req-0b75e09e-fd7e-4dbc-80c6-611b7ceda729 req-ab424d0f-e5dd-47ff-8709-b65861360969 service placement] 10.222.0.31 "GET /placement/allocations/19b16e9f-b0e4-4a9b-b70e-f469d35dc04e" status: 200 len: 259 microversion: 1.28
Oct 19 12:38:28.135925 n-d-814561-1 devstack@placement-api.service[101207]: [pid: 101207|app: 0|req: 93/187] 10.222.0.31 () {60 vars in 1377 bytes} [Tue Oct 19 12:38:28 2021] GET /placement/allocations/19b16e9f-b0e4-4a9b-b70e-f469d35dc04e => generated 259 bytes in 28 msecs (HTTP/1.1 200) 8 headers in 296 bytes (2 switches on core 0)
Oct 19 12:38:28.144862 n-d-814561-1 devstack@placement-api.service[101206]: DEBUG placement.requestlog [req-0b75e09e-fd7e-4dbc-80c6-611b7ceda729 req-a773b49e-4dc1-4015-a5f6-a8e0113e59d9 None None] Starting request: 10.222.0.31 "PUT /placement/allocations/19b16e9f-b0e4-4a9b-b70e-f469d35dc04e" {{(pid=101206) __call__ /opt/stack/placement/placement/requestlog.py:55}}
Oct 19 12:38:28.156152 n-d-814561-1 devstack@placement-api.service[101207]: DEBUG placement.requestlog [req-3a6b6bdf-17d5-4a4d-85c6-fb71cdb49a1c req-092dae5a-d323-4b52-8ece-9b60a421e188 None None] Starting request: 10.222.0.31 "GET /placement/resource_providers/c67218a7-e71c-448b-8e50-6045b16b9769/allocations" {{(pid=101207) __call__ /opt/stack/placement/placement/requestlog.py:55}}
Oct 19 12:38:28.194416 n-d-814561-1 devstack@placement-api.service[101207]: INFO placement.requestlog [req-3a6b6bdf-17d5-4a4d-85c6-fb71cdb49a1c req-092dae5a-d323-4b52-8ece-9b60a421e188 service placement] 10.222.0.31 "GET /placement/resource_providers/c67218a7-e71c-448b-8e50-6045b16b9769/allocations" status: 200 len: 558 microversion: 1.0
Oct 19 12:38:28.195843 n-d-814561-1 devstack@placement-api.service[101207]: [pid: 101207|app: 0|req: 94/188] 10.222.0.31 () {58 vars in 1390 bytes} [Tue Oct 19 12:38:28 2021] GET /placement/resource_providers/c67218a7-e71c-448b-8e50-6045b16b9769/allocations => generated 558 bytes in 39 msecs (HTTP/1.1 200) 6 headers in 224 bytes (1 switches on core 0)
Oct 19 12:38:28.205236 n-d-814561-1 devstack@placement-api.service[101206]: DEBUG placement.handlers.allocation [req-0b75e09e-fd7e-4dbc-80c6-611b7ceda729 req-a773b49e-4dc1-4015-a5f6-a8e0113e59d9 service placement] Successfully wrote allocations [, , ] {{(pid=101206) _update_consumers_and_create_allocations /opt/stack/placement/placement/handlers/allocation.py:462}}
Oct 19 12:38:28.214692 n-d-814561-1 devstack@placement-api.service[101206]: INFO placement.requestlog [req-0b75e09e-fd7e-4dbc-80c6-611b7ceda729 req-a773b49e-4dc1-4015-a5f6-a8e0113e59d9 service placement] 10.222.0.31 "PUT /placement/allocations/19b16e9f-b0e4-4a9b-b70e-f469d35dc04e" status: 204 len: 0 microversion: 1.28
Oct 19 12:38:28.215011 n-d-814561-1 devstack@placement-api.service[101206]: [pid: 101206|app: 0|req: 95/189] 10.222.0.31 () {64 vars in 1430 bytes} [Tue Oct 19 12:38:28 2021] PUT /placement/allocations/19b16e9f-b0e4-4a9b-b70e-f469d35dc04e => generated 0 bytes in 70 msecs (HTTP/1.1 204) 5 headers in 199 bytes (1 switches on core 0)
Oct 19 12:38:30.542877 n-d-814561-1 devstack@placement-api.service[101207]: DEBUG placement.requestlog [req-e30671ea-a7dd-44b1-8c97-680e2ddfa463 req-6a3c2a51-af70-40c6-aa20-60d5c4f456c5 None None] Starting request: 10.222.0.24 "GET /placement/allocation_candidates?limit=1000&resources=DISK_GB%3A1%2CMEMORY_MB%3A1024%2CVCPU%3A1&root_required=%21COMPUTE_STATUS_DISABLED" {{(pid=101207) __call__ /opt/stack/placement/placement/requestlog.py:55}}
Oct 19 12:38:30.577075 n-d-814561-1 devstack@placement-api.service[101207]: DEBUG placement.objects.research_context [req-e30671ea-a7dd-44b1-8c97-680e2ddfa463 req-6a3c2a51-af70-40c6-aa20-60d5c4f456c5 service placement] getting providers with 1 DISK_GB {{(pid=101207) __init__ /opt/stack/placement/placement/objects/research_context.py:126}}
Oct 19 12:38:30.582609 n-d-814561-1 devstack@placement-api.service[101207]: DEBUG placement.objects.research_context [req-e30671ea-a7dd-44b1-8c97-680e2ddfa463 req-6a3c2a51-af70-40c6-aa20-60d5c4f456c5 service placement] getting providers with 1024 MEMORY_MB {{(pid=101207) __init__ /opt/stack/placement/placement/objects/research_context.py:126}}
Oct 19 12:38:30.601799 n-d-814561-1 devstack@placement-api.service[101207]: DEBUG placement.objects.research_context [req-e30671ea-a7dd-44b1-8c97-680e2ddfa463 req-6a3c2a51-af70-40c6-aa20-60d5c4f456c5 service placement] getting providers with 1 VCPU {{(pid=101207) __init__ /opt/stack/placement/placement/objects/research_context.py:126}}
Oct 19 12:38:30.609206 n-d-814561-1 devstack@placement-api.service[101207]: DEBUG placement.objects.research_context [req-e30671ea-a7dd-44b1-8c97-680e2ddfa463 req-6a3c2a51-af70-40c6-aa20-60d5c4f456c5 service placement] found 2 providers with available 1 DISK_GB {{(pid=101207) get_provider_ids_matching /opt/stack/placement/placement/objects/research_context.py:549}}
Oct 19 12:38:30.609529 n-d-814561-1 devstack@placement-api.service[101207]: DEBUG placement.objects.research_context [req-e30671ea-a7dd-44b1-8c97-680e2ddfa463 req-6a3c2a51-af70-40c6-aa20-60d5c4f456c5 service placement] found 2 providers with available 1024 MEMORY_MB {{(pid=101207) get_provider_ids_matching /opt/stack/placement/placement/objects/research_context.py:549}}
Oct 19 12:38:30.609800 n-d-814561-1 devstack@placement-api.service[101207]: DEBUG placement.objects.research_context [req-e30671ea-a7dd-44b1-8c97-680e2ddfa463 req-6a3c2a51-af70-40c6-aa20-60d5c4f456c5 service placement] found 2 providers after filtering by previous result {{(pid=101207) get_provider_ids_matching /opt/stack/placement/placement/objects/research_context.py:580}}
Oct 19 12:38:30.610093 n-d-814561-1 devstack@placement-api.service[101207]: DEBUG placement.objects.research_context [req-e30671ea-a7dd-44b1-8c97-680e2ddfa463 req-6a3c2a51-af70-40c6-aa20-60d5c4f456c5 service placement] found 2 providers with available 1 VCPU {{(pid=101207) get_provider_ids_matching /opt/stack/placement/placement/objects/research_context.py:549}}
Oct 19 12:38:30.610351 n-d-814561-1 devstack@placement-api.service[101207]: DEBUG placement.objects.research_context [req-e30671ea-a7dd-44b1-8c97-680e2ddfa463 req-6a3c2a51-af70-40c6-aa20-60d5c4f456c5 service placement] found 2 providers after filtering by previous result {{(pid=101207) get_provider_ids_matching /opt/stack/placement/placement/objects/research_context.py:580}}
Oct 19 12:38:30.622599 n-d-814561-1 devstack@placement-api.service[101207]: DEBUG placement.objects.allocation_candidate [req-e30671ea-a7dd-44b1-8c97-680e2ddfa463 req-6a3c2a51-af70-40c6-aa20-60d5c4f456c5 service placement] RequestGroup(use_same_provider=False, resources={DISK_GB:1, MEMORY_MB:1024, VCPU:1}, traits=[], aggregates=[]) (suffix '') returned 2 matches {{(pid=101207) _get_by_requests /opt/stack/placement/placement/objects/allocation_candidate.py:145}}
Oct 19 12:38:30.622978 n-d-814561-1 devstack@placement-api.service[101207]: DEBUG placement.objects.allocation_candidate [req-e30671ea-a7dd-44b1-8c97-680e2ddfa463 req-6a3c2a51-af70-40c6-aa20-60d5c4f456c5 service placement] Merging candidates yields 2 allocation requests and 2 provider summaries {{(pid=101207) _merge_candidates /opt/stack/placement/placement/objects/allocation_candidate.py:783}}
