Nov 02 19:11:51.962291 n-d-814489-1 devstack@placement-api.service[102627]: DEBUG placement.requestlog [req-828520eb-4b4a-4d66-8bc8-6e152189dbbd req-a4f967c8-8361-4c4a-9244-9144d2632d3f None None] Starting request: 10.222.0.15 "GET /placement/allocation_candidates?limit=1000&resources=DISK_GB%3A1%2CMEMORY_MB%3A1024%2CVCPU%3A1&root_required=%21COMPUTE_STATUS_DISABLED" {{(pid=102627) __call__ /opt/stack/placement/placement/requestlog.py:55}}
Nov 02 19:11:52.017833 n-d-814489-1 devstack@placement-api.service[102627]: DEBUG placement.objects.research_context [req-828520eb-4b4a-4d66-8bc8-6e152189dbbd req-a4f967c8-8361-4c4a-9244-9144d2632d3f service placement] getting providers with 1 DISK_GB {{(pid=102627) __init__ /opt/stack/placement/placement/objects/research_context.py:126}}
Nov 02 19:11:52.029385 n-d-814489-1 devstack@placement-api.service[102627]: DEBUG placement.objects.research_context [req-828520eb-4b4a-4d66-8bc8-6e152189dbbd req-a4f967c8-8361-4c4a-9244-9144d2632d3f service placement] getting providers with 1024 MEMORY_MB {{(pid=102627) __init__ /opt/stack/placement/placement/objects/research_context.py:126}}
Nov 02 19:11:52.040247 n-d-814489-1 devstack@placement-api.service[102627]: DEBUG placement.objects.research_context [req-828520eb-4b4a-4d66-8bc8-6e152189dbbd req-a4f967c8-8361-4c4a-9244-9144d2632d3f service placement] getting providers with 1 VCPU {{(pid=102627) __init__ /opt/stack/placement/placement/objects/research_context.py:126}}
Nov 02 19:11:52.047609 n-d-814489-1 devstack@placement-api.service[102627]: DEBUG placement.objects.research_context [req-828520eb-4b4a-4d66-8bc8-6e152189dbbd req-a4f967c8-8361-4c4a-9244-9144d2632d3f service placement] found 2 providers with available 1 DISK_GB {{(pid=102627) get_provider_ids_matching /opt/stack/placement/placement/objects/research_context.py:549}}
Nov 02 19:11:52.048373 n-d-814489-1 devstack@placement-api.service[102627]: DEBUG placement.objects.research_context [req-828520eb-4b4a-4d66-8bc8-6e152189dbbd req-a4f967c8-8361-4c4a-9244-9144d2632d3f service placement] found 2 providers with available 1024 MEMORY_MB {{(pid=102627) get_provider_ids_matching /opt/stack/placement/placement/objects/research_context.py:549}}
Nov 02 19:11:52.048892 n-d-814489-1 devstack@placement-api.service[102627]: DEBUG placement.objects.research_context [req-828520eb-4b4a-4d66-8bc8-6e152189dbbd req-a4f967c8-8361-4c4a-9244-9144d2632d3f service placement] found 2 providers after filtering by previous result {{(pid=102627) get_provider_ids_matching /opt/stack/placement/placement/objects/research_context.py:580}}
Nov 02 19:11:52.049859 n-d-814489-1 devstack@placement-api.service[102627]: DEBUG placement.objects.research_context [req-828520eb-4b4a-4d66-8bc8-6e152189dbbd req-a4f967c8-8361-4c4a-9244-9144d2632d3f service placement] found 2 providers with available 1 VCPU {{(pid=102627) get_provider_ids_matching /opt/stack/placement/placement/objects/research_context.py:549}}
Nov 02 19:11:52.050343 n-d-814489-1 devstack@placement-api.service[102627]: DEBUG placement.objects.research_context [req-828520eb-4b4a-4d66-8bc8-6e152189dbbd req-a4f967c8-8361-4c4a-9244-9144d2632d3f service placement] found 2 providers after filtering by previous result {{(pid=102627) get_provider_ids_matching /opt/stack/placement/placement/objects/research_context.py:580}}
Nov 02 19:11:52.065542 n-d-814489-1 devstack@placement-api.service[102627]: DEBUG placement.objects.allocation_candidate [req-828520eb-4b4a-4d66-8bc8-6e152189dbbd req-a4f967c8-8361-4c4a-9244-9144d2632d3f service placement] RequestGroup(use_same_provider=False, resources={DISK_GB:1, MEMORY_MB:1024, VCPU:1}, traits=[], aggregates=[]) (suffix '') returned 2 matches {{(pid=102627) _get_by_requests /opt/stack/placement/placement/objects/allocation_candidate.py:145}}
Nov 02 19:11:52.066271 n-d-814489-1 devstack@placement-api.service[102627]: DEBUG placement.objects.allocation_candidate [req-828520eb-4b4a-4d66-8bc8-6e152189dbbd req-a4f967c8-8361-4c4a-9244-9144d2632d3f service placement] Merging candidates yields 2 allocation requests and 2 provider summaries {{(pid=102627) _merge_candidates /opt/stack/placement/placement/objects/allocation_candidate.py:783}}
Nov 02 19:11:52.068323 n-d-814489-1 devstack@placement-api.service[102627]: INFO placement.requestlog [req-828520eb-4b4a-4d66-8bc8-6e152189dbbd req-a4f967c8-8361-4c4a-9244-9144d2632d3f service placement] 10.222.0.15 "GET /placement/allocation_candidates?limit=1000&resources=DISK_GB%3A1%2CMEMORY_MB%3A1024%2CVCPU%3A1&root_required=%21COMPUTE_STATUS_DISABLED" status: 200 len: 1309 microversion: 1.36
Nov 02 19:11:52.069302 n-d-814489-1 devstack@placement-api.service[102627]: [pid: 102627|app: 0|req: 574/1144] 10.222.0.15 () {60 vars in 1506 bytes} [Tue Nov 2 19:11:51 2021] GET /placement/allocation_candidates?limit=1000&resources=DISK_GB%3A1%2CMEMORY_MB%3A1024%2CVCPU%3A1&root_required=%21COMPUTE_STATUS_DISABLED => generated 1309 bytes in 107 msecs (HTTP/1.1 200) 8 headers in 297 bytes (1 switches on core 0)
Nov 02 19:11:52.230355 n-d-814489-1 devstack@placement-api.service[102626]: DEBUG placement.requestlog [req-828520eb-4b4a-4d66-8bc8-6e152189dbbd req-b95cf17d-1ef0-4430-9da7-d29c70710b39 None None] Starting request: 10.222.0.15 "GET /placement/allocations/0d70469c-4830-4102-9b23-b12cdd40b46d" {{(pid=102626) __call__ /opt/stack/placement/placement/requestlog.py:55}}
Nov 02 19:11:52.276865 n-d-814489-1 devstack@placement-api.service[102626]: INFO placement.requestlog [req-828520eb-4b4a-4d66-8bc8-6e152189dbbd req-b95cf17d-1ef0-4430-9da7-d29c70710b39 service placement] 10.222.0.15 "GET /placement/allocations/0d70469c-4830-4102-9b23-b12cdd40b46d" status: 200 len: 19 microversion: 1.28
Nov 02 19:11:52.278624 n-d-814489-1 devstack@placement-api.service[102626]: [pid: 102626|app: 0|req: 571/1145] 10.222.0.15 () {60 vars in 1380 bytes} [Tue Nov 2 19:11:52 2021] GET /placement/allocations/0d70469c-4830-4102-9b23-b12cdd40b46d => generated 19 bytes in 49 msecs (HTTP/1.1 200) 8 headers in 295 bytes (2 switches on core 0)
Nov 02 19:11:52.290857 n-d-814489-1 devstack@placement-api.service[102627]: DEBUG placement.requestlog [req-828520eb-4b4a-4d66-8bc8-6e152189dbbd req-31023515-1d5c-47fb-a3d3-752c17553cc0 None None] Starting request: 10.222.0.15 "PUT /placement/allocations/0d70469c-4830-4102-9b23-b12cdd40b46d" {{(pid=102627) __call__ /opt/stack/placement/placement/requestlog.py:55}}
Nov 02 19:11:52.431815 n-d-814489-1 devstack@placement-api.service[102627]: DEBUG placement.handlers.allocation [req-828520eb-4b4a-4d66-8bc8-6e152189dbbd req-31023515-1d5c-47fb-a3d3-752c17553cc0 service placement] Successfully wrote allocations [, , ] {{(pid=102627) _update_consumers_and_create_allocations /opt/stack/placement/placement/handlers/allocation.py:462}}
Nov 02 19:11:52.456215 n-d-814489-1 devstack@placement-api.service[102627]: INFO placement.requestlog [req-828520eb-4b4a-4d66-8bc8-6e152189dbbd req-31023515-1d5c-47fb-a3d3-752c17553cc0 service placement] 10.222.0.15 "PUT /placement/allocations/0d70469c-4830-4102-9b23-b12cdd40b46d" status: 204 len: 0 microversion: 1.36
Nov 02 19:11:52.456597 n-d-814489-1 devstack@placement-api.service[102627]: [pid: 102627|app: 0|req: 575/1146] 10.222.0.15 () {64 vars in 1433 bytes} [Tue Nov 2 19:11:52 2021] PUT /placement/allocations/0d70469c-4830-4102-9b23-b12cdd40b46d => generated 0 bytes in 166 msecs (HTTP/1.1 204) 5 headers in 199 bytes (1 switches on core 0)
Nov 02 19:11:53.130818 n-d-814489-1 devstack@placement-api.service[102626]: DEBUG placement.requestlog [req-828520eb-4b4a-4d66-8bc8-6e152189dbbd req-c81e9000-376e-4aa5-8e34-1165017a39a0 None None] Starting request: 10.222.0.90 "GET /placement/allocations/0d70469c-4830-4102-9b23-b12cdd40b46d" {{(pid=102626) __call__ /opt/stack/placement/placement/requestlog.py:55}}
Nov 02 19:11:53.151558 n-d-814489-1 devstack@placement-api.service[102626]: INFO placement.requestlog [req-828520eb-4b4a-4d66-8bc8-6e152189dbbd req-c81e9000-376e-4aa5-8e34-1165017a39a0 service placement] 10.222.0.90 "GET /placement/allocations/0d70469c-4830-4102-9b23-b12cdd40b46d" status: 200 len: 260 microversion: 1.28
Nov 02 19:11:53.153974 n-d-814489-1 devstack@placement-api.service[102626]: [pid: 102626|app: 0|req: 572/1147] 10.222.0.90 () {60 vars in 1377 bytes} [Tue Nov 2 19:11:53 2021] GET /placement/allocations/0d70469c-4830-4102-9b23-b12cdd40b46d => generated 260 bytes in 23 msecs (HTTP/1.1 200) 8 headers in 296 bytes (1 switches on core 0)
Nov 02 19:11:56.303138 n-d-814489-1 devstack@placement-api.service[102627]: DEBUG placement.requestlog [req-b5a7eaf4-af3f-4994-907a-47aaecf210e2 req-1ccdf1dd-c667-4fde-ab04-76f5af942308 None None] Starting request: 10.222.0.71 "DELETE /placement/allocations/58492802-5aa0-4f98-850f-ae907d7b9584" {{(pid=102627) __call__ /opt/stack/placement/placement/requestlog.py:55}}
Nov 02 19:11:56.362298 n-d-814489-1 devstack@placement-api.service[102627]: DEBUG placement.handlers.allocation [req-b5a7eaf4-af3f-4994-907a-47aaecf210e2 req-1ccdf1dd-c667-4fde-ab04-76f5af942308 service placement] Successfully deleted allocations [, ] {{(pid=102627) delete_allocations /opt/stack/placement/placement/handlers/allocation.py:627}}
Nov 02 19:11:56.363082 n-d-814489-1 devstack@placement-api.service[102627]: INFO placement.requestlog [req-b5a7eaf4-af3f-4994-907a-47aaecf210e2 req-1ccdf1dd-c667-4fde-ab04-76f5af942308 service placement] 10.222.0.71 "DELETE /placement/allocations/58492802-5aa0-4f98-850f-ae907d7b9584" status: 204 len: 0 microversion: 1.0
Nov 02 19:11:56.363670 n-d-814489-1 devstack@placement-api.service[102627]: [pid: 102627|app: 0|req: 576/1148] 10.222.0.71 () {60 vars in 1355 bytes} [Tue Nov 2 19:11:56 2021] DELETE /placement/allocations/58492802-5aa0-4f98-850f-ae907d7b9584 => generated 0 bytes in 61 msecs (HTTP/1.1 204) 5 headers in 198 bytes (1 switches on core 0)
Nov 02 19:11:58.719607 n-d-814489-1 devstack@placement-api.service[102626]: DEBUG placement.requestlog [req-3ede4d06-4705-4653-9f6f-3e00dc98fe6c req-d7f34abf-a92c-4b43-ad68-eec3eb581256 None None] Starting request: 10.222.0.15 "GET /placement/allocation_candidates?limit=1000&resources=MEMORY_MB%3A1024%2CVCPU%3A1&root_required=%21COMPUTE_STATUS_DISABLED" {{(pid=102626) __call__ /opt/stack/placement/placement/requestlog.py:55}}
Nov 02 19:11:58.764093 n-d-814489-1 devstack@placement-api.service[102626]: DEBUG placement.objects.research_context [req-3ede4d06-4705-4653-9f6f-3e00dc98fe6c req-d7f34abf-a92c-4b43-ad68-eec3eb581256 service placement] getting providers with 1024 MEMORY_MB {{(pid=102626) __init__ /opt/stack/placement/placement/objects/research_context.py:126}}
Nov 02 19:11:58.775039 n-d-814489-1 devstack@placement-api.service[102626]: DEBUG placement.objects.research_context [req-3ede4d06-4705-4653-9f6f-3e00dc98fe6c req-d7f34abf-a92c-4b43-ad68-eec3eb581256 service placement] getting providers with 1 VCPU {{(pid=102626) __init__ /opt/stack/placement/placement/objects/research_context.py:126}}
Nov 02 19:11:58.787191 n-d-814489-1 devstack@placement-api.service[102626]: DEBUG placement.objects.research_context [req-3ede4d06-4705-4653-9f6f-3e00dc98fe6c req-d7f34abf-a92c-4b43-ad68-eec3eb581256 service placement] found 2 providers with available 1024 MEMORY_MB {{(pid=102626) get_provider_ids_matching /opt/stack/placement/placement/objects/research_context.py:549}}
Nov 02 19:11:58.788099 n-d-814489-1 devstack@placement-api.service[102626]: DEBUG placement.objects.research_context [req-3ede4d06-4705-4653-9f6f-3e00dc98fe6c req-d7f34abf-a92c-4b43-ad68-eec3eb581256 service placement] found 2 providers with available 1 VCPU {{(pid=102626) get_provider_ids_matching /opt/stack/placement/placement/objects/research_context.py:549}}
Nov 02 19:11:58.788647 n-d-814489-1 devstack@placement-api.service[102626]: DEBUG placement.objects.research_context [req-3ede4d06-4705-4653-9f6f-3e00dc98fe6c req-d7f34abf-a92c-4b43-ad68-eec3eb581256 service placement] found 2 providers after filtering by previous result {{(pid=102626) get_provider_ids_matching /opt/stack/placement/placement/objects/research_context.py:580}}
Nov 02 19:11:58.810086 n-d-814489-1 devstack@placement-api.service[102626]: DEBUG placement.objects.allocation_candidate [req-3ede4d06-4705-4653-9f6f-3e00dc98fe6c req-d7f34abf-a92c-4b43-ad68-eec3eb581256 service placement] RequestGroup(use_same_provider=False, resources={MEMORY_MB:1024, VCPU:1}, traits=[], aggregates=[]) (suffix '') returned 2 matches {{(pid=102626) _get_by_requests /opt/stack/placement/placement/objects/allocation_candidate.py:145}}
Nov 02 19:11:58.811435 n-d-814489-1 devstack@placement-api.service[102626]: DEBUG placement.objects.allocation_candidate [req-3ede4d06-4705-4653-9f6f-3e00dc98fe6c req-d7f34abf-a92c-4b43-ad68-eec3eb581256 service placement] Merging candidates yields 2 allocation requests and 2 provider summaries {{(pid=102626) _merge_candidates /opt/stack/placement/placement/objects/allocation_candidate.py:783}}
Nov 02 19:11:58.816613 n-d-814489-1 devstack@placement-api.service[102626]: INFO placement.requestlog [req-3ede4d06-4705-4653-9f6f-3e00dc98fe6c req-d7f34abf-a92c-4b43-ad68-eec3eb581256 service placement] 10.222.0.15 "GET /placement/allocation_candidates?limit=1000&resources=MEMORY_MB%3A1024%2CVCPU%3A1&root_required=%21COMPUTE_STATUS_DISABLED" status: 200 len: 1281 microversion: 1.36
Nov 02 19:11:58.817816 n-d-814489-1 devstack@placement-api.service[102626]: [pid: 102626|app: 0|req: 573/1149] 10.222.0.15 () {60 vars in 1478 bytes} [Tue Nov 2 19:11:58 2021] GET /placement/allocation_candidates?limit=1000&resources=MEMORY_MB%3A1024%2CVCPU%3A1&root_required=%21COMPUTE_STATUS_DISABLED => generated 1281 bytes in 99 msecs (HTTP/1.1 200) 8 headers in 297 bytes (1 switches on core 0)
Nov 02 19:11:58.879831 n-d-814489-1 devstack@placement-api.service[102627]: DEBUG placement.requestlog [req-3ede4d06-4705-4653-9f6f-3e00dc98fe6c req-ad72c63b-5ae5-49f8-b5c5-d0ec6fff16f0 None None] Starting request: 10.222.0.15 "GET /placement/allocations/725b0b25-a4d4-47a1-83ad-4d2a70302b61" {{(pid=102627) __call__ /opt/stack/placement/placement/requestlog.py:55}}
Nov 02 19:11:58.896873 n-d-814489-1 devstack@placement-api.service[102627]: INFO placement.requestlog [req-3ede4d06-4705-4653-9f6f-3e00dc98fe6c req-ad72c63b-5ae5-49f8-b5c5-d0ec6fff16f0 service placement] 10.222.0.15 "GET /placement/allocations/725b0b25-a4d4-47a1-83ad-4d2a70302b61" status: 200 len: 19 microversion: 1.28
Nov 02 19:11:58.908156 n-d-814489-1 devstack@placement-api.service[102627]: [pid: 102627|app: 0|req: 577/1150] 10.222.0.15 () {60 vars in 1380 bytes} [Tue Nov 2 19:11:58 2021] GET /placement/allocations/725b0b25-a4d4-47a1-83ad-4d2a70302b61 => generated 19 bytes in 22 msecs (HTTP/1.1 200) 8 headers in 295 bytes (2 switches on core 0)
Nov 02 19:11:58.921148 n-d-814489-1 devstack@placement-api.service[102626]: DEBUG placement.requestlog [req-3ede4d06-4705-4653-9f6f-3e00dc98fe6c req-5ba6f648-4543-417a-bf8c-4ea7f40b3c7b None None] Starting request: 10.222.0.15 "PUT /placement/allocations/725b0b25-a4d4-47a1-83ad-4d2a70302b61" {{(pid=102626) __call__ /opt/stack/placement/placement/requestlog.py:55}}
Nov 02 19:11:58.984089 n-d-814489-1 devstack@placement-api.service[102626]: DEBUG placement.handlers.allocation [req-3ede4d06-4705-4653-9f6f-3e00dc98fe6c req-5ba6f648-4543-417a-bf8c-4ea7f40b3c7b service placement] Successfully wrote allocations [, ] {{(pid=102626) _update_consumers_and_create_allocations /opt/stack/placement/placement/handlers/allocation.py:462}}
Nov 02 19:11:58.988143 n-d-814489-1 devstack@placement-api.service[102626]: INFO placement.requestlog [req-3ede4d06-4705-4653-9f6f-3e00dc98fe6c req-5ba6f648-4543-417a-bf8c-4ea7f40b3c7b service placement] 10.222.0.15 "PUT /placement/allocations/725b0b25-a4d4-47a1-83ad-4d2a70302b61" status: 204 len: 0 microversion: 1.36
Nov 02 19:11:58.988437 n-d-814489-1 devstack@placement-api.service[102626]: [pid: 102626|app: 0|req: 574/1151] 10.222.0.15 () {64 vars in 1433 bytes} [Tue Nov 2 19:11:58 2021] PUT /placement/allocations/725b0b25-a4d4-47a1-83ad-4d2a70302b61 => generated 0 bytes in 68 msecs (HTTP/1.1 204) 5 headers in 199 bytes (1 switches on core 0)
Nov 02 19:11:59.319334 n-d-814489-1 devstack@placement-api.service[102627]: DEBUG placement.requestlog [req-3ede4d06-4705-4653-9f6f-3e00dc98fe6c req-bc9444c0-27f3-4989-bdb3-79936c3bdebc None None] Starting request: 10.222.0.90 "GET /placement/allocations/725b0b25-a4d4-47a1-83ad-4d2a70302b61" {{(pid=102627) __call__ /opt/stack/placement/placement/requestlog.py:55}}
Nov 02 19:11:59.335564 n-d-814489-1 devstack@placement-api.service[102627]: INFO placement.requestlog [req-3ede4d06-4705-4653-9f6f-3e00dc98fe6c req-bc9444c0-27f3-4989-bdb3-79936c3bdebc service placement] 10.222.0.90 "GET /placement/allocations/725b0b25-a4d4-47a1-83ad-4d2a70302b61" status: 200 len: 246 microversion: 1.28
Nov 02 19:11:59.336047 n-d-814489-1 devstack@placement-api.service[102627]: [pid: 102627|app: 0|req: 578/1152] 10.222.0.90 () {60 vars in 1377 bytes} [Tue Nov 2 19:11:59 2021] GET /placement/allocations/725b0b25-a4d4-47a1-83ad-4d2a70302b61 => generated 246 bytes in 17 msecs (HTTP/1.1 200) 8 headers in 296 bytes (2 switches on core 0)
Nov 02 19:12:04.268376 n-d-814489-1 devstack@placement-api.service[102626]: DEBUG placement.requestlog [req-5e2c421f-110b-4819-bec1-09955a6f3b2d req-37bb8dc6-0874-46f0-9774-b8e4e1ad8d4f None None] Starting request: 10.222.0.71 "DELETE /placement/allocations/efbc71fe-b1b6-4703-88b6-cf10bfcc2b41" {{(pid=102626) __call__ /opt/stack/placement/placement/requestlog.py:55}}
Nov 02 19:12:04.326803 n-d-814489-1 devstack@placement-api.service[102626]: DEBUG placement.handlers.allocation [req-5e2c421f-110b-4819-bec1-09955a6f3b2d req-37bb8dc6-0874-46f0-9774-b8e4e1ad8d4f service placement] Successfully deleted allocations [, , ] {{(pid=102626) delete_allocations /opt/stack/placement/placement/handlers/allocation.py:627}}
Nov 02 19:12:04.327622 n-d-814489-1 devstack@placement-api.service[102626]: INFO placement.requestlog [req-5e2c421f-110b-4819-bec1-09955a6f3b2d req-37bb8dc6-0874-46f0-9774-b8e4e1ad8d4f service placement] 10.222.0.71 "DELETE /placement/allocations/efbc71fe-b1b6-4703-88b6-cf10bfcc2b41" status: 204 len: 0 microversion: 1.0
Nov 02 19:12:04.328443 n-d-814489-1 devstack@placement-api.service[102626]: [pid: 102626|app: 0|req: 575/1153] 10.222.0.71 () {60 vars in 1355 bytes} [Tue Nov 2 19:12:04 2021] DELETE /placement/allocations/efbc71fe-b1b6-4703-88b6-cf10bfcc2b41 => generated 0 bytes in 60 msecs (HTTP/1.1 204) 5 headers in 198 bytes (1 switches on core 0)
Nov 02 19:12:10.533620 n-d-814489-1 devstack@placement-api.service[102627]: DEBUG placement.requestlog [req-5cdd40e4-8088-46cb-8f82-afd8043a1350 req-43d5560b-2cbb-47f4-93fd-fe0497e0188e None None] Starting request: 10.222.0.90 "GET /placement/resource_providers/e516c306-8841-4b71-9736-0054b4094a65/allocations" {{(pid=102627) __call__ /opt/stack/placement/placement/requestlog.py:55}}
Nov 02 19:12:10.559651 n-d-814489-1 devstack@placement-api.service[102627]: INFO placement.requestlog [req-5cdd40e4-8088-46cb-8f82-afd8043a1350 req-43d5560b-2cbb-47f4-93fd-fe0497e0188e service placement] 10.222.0.90 "GET /placement/resource_providers/e516c306-8841-4b71-9736-0054b4094a65/allocations" status: 200 len: 343 microversion: 1.0
Nov 02 19:12:10.560333 n-d-814489-1 devstack@placement-api.service[102627]: [pid: 102627|app: 0|req: 579/1154] 10.222.0.90 () {58 vars in 1390 bytes} [Tue Nov 2 19:12:10 2021] GET /placement/resource_providers/e516c306-8841-4b71-9736-0054b4094a65/allocations => generated 343 bytes in 28 msecs (HTTP/1.1 200) 6 headers in 224 bytes (1 switches on core 0)
Nov 02 19:12:15.402334 n-d-814489-1 devstack@placement-api.service[102626]: DEBUG placement.requestlog [req-d8508867-743c-4689-9c0e-75535de99b22 req-1bd6aa83-55c3-4b93-b7a1-1f0de871d5b9 None None] Starting request: 10.222.0.90 "DELETE /placement/allocations/df384c38-4b18-4b11-8734-6baa2300f558" {{(pid=102626) __call__ /opt/stack/placement/placement/requestlog.py:55}}
Nov 02 19:12:15.467998 n-d-814489-1 devstack@placement-api.service[102626]: DEBUG placement.handlers.allocation [req-d8508867-743c-4689-9c0e-75535de99b22 req-1bd6aa83-55c3-4b93-b7a1-1f0de871d5b9 service placement] Successfully deleted allocations [, , ] {{(pid=102626) delete_allocations /opt/stack/placement/placement/handlers/allocation.py:627}}
Nov 02 19:12:15.468785 n-d-814489-1 devstack@placement-api.service[102626]: INFO placement.requestlog [req-d8508867-743c-4689-9c0e-75535de99b22 req-1bd6aa83-55c3-4b93-b7a1-1f0de871d5b9 service placement] 10.222.0.90 "DELETE /placement/allocations/df384c38-4b18-4b11-8734-6baa2300f558" status: 204 len: 0 microversion: 1.0
Nov 02 19:12:15.470204 n-d-814489-1 devstack@placement-api.service[102626]: [pid: 102626|app: 0|req: 576/1155] 10.222.0.90 () {60 vars in 1355 bytes} [Tue Nov 2 19:12:15 2021] DELETE /placement/allocations/df384c38-4b18-4b11-8734-6baa2300f558 => generated 0 bytes in 68 msecs (HTTP/1.1 204) 5 headers in 198 bytes (1 switches on core 0)
Nov 02 19:12:17.148502 n-d-814489-1 devstack@placement-api.service[102627]: DEBUG placement.requestlog [req-47ee6ed6-c035-47e6-9f27-559d731263d3 req-e8dc30a1-a67b-4993-a061-87ac316d591b None None] Starting request: 10.222.0.71 "GET /placement/resource_providers/d164ff9e-ea9d-4a18-929a-27546999c4fb/allocations" {{(pid=102627) __call__ /opt/stack/placement/placement/requestlog.py:55}}
Nov 02 19:12:17.192520 n-d-814489-1 devstack@placement-api.service[102627]: INFO placement.requestlog [req-47ee6ed6-c035-47e6-9f27-559d731263d3 req-e8dc30a1-a67b-4993-a061-87ac316d591b service placement] 10.222.0.71 "GET /placement/resource_providers/d164ff9e-ea9d-4a18-929a-27546999c4fb/allocations" status: 200 len: 154 microversion: 1.0
Nov 02 19:12:17.193072 n-d-814489-1 devstack@placement-api.service[102627]: [pid: 102627|app: 0|req: 580/1156] 10.222.0.71 () {58 vars in 1390 bytes} [Tue Nov 2 19:12:17 2021] GET /placement/resource_providers/d164ff9e-ea9d-4a18-929a-27546999c4fb/allocations => generated 154 bytes in 45 msecs (HTTP/1.1 200) 6 headers in 224 bytes (2 switches on core 0)
Nov 02 19:13:10.507323 n-d-814489-1 devstack@placement-api.service[102626]: DEBUG placement.requestlog [req-bb38ae18-b40c-4aa2-8109-8d4e91936a0a req-63dcd7a9-2824-422e-9a7f-9ca8ad576948 None None] Starting request: 10.222.0.90 "GET /placement/resource_providers/e516c306-8841-4b71-9736-0054b4094a65/allocations" {{(pid=102626) __call__ /opt/stack/placement/placement/requestlog.py:55}}
Nov 02 19:13:10.529956 n-d-814489-1 devstack@placement-api.service[102626]: INFO placement.requestlog [req-bb38ae18-b40c-4aa2-8109-8d4e91936a0a req-63dcd7a9-2824-422e-9a7f-9ca8ad576948 service placement] 10.222.0.90 "GET /placement/resource_providers/e516c306-8841-4b71-9736-0054b4094a65/allocations" status: 200 len: 242 microversion: 1.0
Nov 02 19:13:10.530490 n-d-814489-1 devstack@placement-api.service[102626]: [pid: 102626|app: 0|req: 577/1157] 10.222.0.90 () {58 vars in 1390 bytes} [Tue Nov 2 19:13:10 2021] GET /placement/resource_providers/e516c306-8841-4b71-9736-0054b4094a65/allocations => generated 242 bytes in 23 msecs (HTTP/1.1 200) 6 headers in 224 bytes (1 switches on core 0)
Nov 02 19:13:18.150718 n-d-814489-1 devstack@placement-api.service[102627]: DEBUG placement.requestlog [req-25e297e5-0751-40eb-b845-bf6cfcc56487 req-84ed63fd-3bb2-4aed-8048-471e140d027d None None] Starting request: 10.222.0.71 "GET /placement/resource_providers/d164ff9e-ea9d-4a18-929a-27546999c4fb/allocations" {{(pid=102627) __call__ /opt/stack/placement/placement/requestlog.py:55}}
Nov 02 19:13:18.174554 n-d-814489-1 devstack@placement-api.service[102627]: INFO placement.requestlog [req-25e297e5-0751-40eb-b845-bf6cfcc56487 req-84ed63fd-3bb2-4aed-8048-471e140d027d service placement] 10.222.0.71 "GET /placement/resource_providers/d164ff9e-ea9d-4a18-929a-27546999c4fb/allocations" status: 200 len: 154 microversion: 1.0
Nov 02 19:13:18.175731 n-d-814489-1 devstack@placement-api.service[102627]: [pid: 102627|app: 0|req: 581/1158] 10.222.0.71 () {58 vars in 1390 bytes} [Tue Nov 2 19:13:18 2021] GET /placement/resource_providers/d164ff9e-ea9d-4a18-929a-27546999c4fb/allocations => generated 154 bytes in 25 msecs (HTTP/1.1 200) 6 headers in 224 bytes (1 switches on core 0)
Nov 02 19:14:12.595824 n-d-814489-1 devstack@placement-api.service[102626]: DEBUG placement.requestlog [req-07831257-36d1-4bc7-8168-b86478ca2d57 req-9fc0ddb7-0d6e-4c9a-a8ca-205489d13bf1 None None] Starting request: 10.222.0.90 "GET /placement/resource_providers/e516c306-8841-4b71-9736-0054b4094a65/allocations" {{(pid=102626) __call__ /opt/stack/placement/placement/requestlog.py:55}}
Nov 02 19:14:12.672611 n-d-814489-1 devstack@placement-api.service[102626]: INFO placement.requestlog [req-07831257-36d1-4bc7-8168-b86478ca2d57 req-9fc0ddb7-0d6e-4c9a-a8ca-205489d13bf1 service placement] 10.222.0.90 "GET /placement/resource_providers/e516c306-8841-4b71-9736-0054b4094a65/allocations" status: 200 len: 242 microversion: 1.0
Nov 02 19:14:12.673822 n-d-814489-1 devstack@placement-api.service[102626]: [pid: 102626|app: 0|req: 578/1159] 10.222.0.90 () {58 vars in 1390 bytes} [Tue Nov 2 19:14:12 2021] GET /placement/resource_providers/e516c306-8841-4b71-9736-0054b4094a65/allocations => generated 242 bytes in 79 msecs (HTTP/1.1 200) 6 headers in 224 bytes (1 switches on core 0)
Nov 02 19:14:15.085602 n-d-814489-1 devstack@placement-api.service[102627]: DEBUG placement.requestlog [req-0dc763f7-b9b0-498f-8961-0525a27e5b02 req-31635f5f-47e2-4627-93d4-e9e194089979 None None] Starting request: 10.222.0.15 "GET /placement/allocation_candidates?limit=1000&resources=MEMORY_MB%3A1024%2CVCPU%3A1&root_required=%21COMPUTE_STATUS_DISABLED" {{(pid=102627) __call__ /opt/stack/placement/placement/requestlog.py:55}}
Nov 02 19:14:15.141026 n-d-814489-1 devstack@placement-api.service[102627]: DEBUG placement.objects.research_context [req-0dc763f7-b9b0-498f-8961-0525a27e5b02 req-31635f5f-47e2-4627-93d4-e9e194089979 service placement] getting providers with 1024 MEMORY_MB {{(pid=102627) __init__ /opt/stack/placement/placement/objects/research_context.py:126}}
Nov 02 19:14:15.155661 n-d-814489-1 devstack@placement-api.service[102627]: DEBUG placement.objects.research_context [req-0dc763f7-b9b0-498f-8961-0525a27e5b02 req-31635f5f-47e2-4627-93d4-e9e194089979 service placement] getting providers with 1 VCPU {{(pid=102627) __init__ /opt/stack/placement/placement/objects/research_context.py:126}}
Nov 02 19:14:15.168237 n-d-814489-1 devstack@placement-api.service[102627]: DEBUG placement.objects.research_context [req-0dc763f7-b9b0-498f-8961-0525a27e5b02 req-31635f5f-47e2-4627-93d4-e9e194089979 service placement] found 2 providers with available 1024 MEMORY_MB {{(pid=102627) get_provider_ids_matching /opt/stack/placement/placement/objects/research_context.py:549}}
Nov 02 19:14:15.169288 n-d-814489-1 devstack@placement-api.service[102627]: DEBUG placement.objects.research_context [req-0dc763f7-b9b0-498f-8961-0525a27e5b02 req-31635f5f-47e2-4627-93d4-e9e194089979 service placement] found 2 providers with available 1 VCPU {{(pid=102627) get_provider_ids_matching /opt/stack/placement/placement/objects/research_context.py:549}}
Nov 02 19:14:15.170007 n-d-814489-1 devstack@placement-api.service[102627]: DEBUG placement.objects.research_context [req-0dc763f7-b9b0-498f-8961-0525a27e5b02 req-31635f5f-47e2-4627-93d4-e9e194089979 service placement] found 2 providers after filtering by previous result {{(pid=102627) get_provider_ids_matching /opt/stack/placement/placement/objects/research_context.py:580}}
Nov 02 19:14:15.196131 n-d-814489-1 devstack@placement-api.service[102627]: DEBUG placement.objects.allocation_candidate [req-0dc763f7-b9b0-498f-8961-0525a27e5b02 req-31635f5f-47e2-4627-93d4-e9e194089979 service placement] RequestGroup(use_same_provider=False, resources={MEMORY_MB:1024, VCPU:1}, traits=[], aggregates=[]) (suffix '') returned 2 matches {{(pid=102627) _get_by_requests /opt/stack/placement/placement/objects/allocation_candidate.py:145}}
Nov 02 19:14:15.196499 n-d-814489-1 devstack@placement-api.service[102627]: DEBUG placement.objects.allocation_candidate [req-0dc763f7-b9b0-498f-8961-0525a27e5b02 req-31635f5f-47e2-4627-93d4-e9e194089979 service placement] Merging candidates yields 2 allocation requests and 2 provider summaries {{(pid=102627) _merge_candidates /opt/stack/placement/placement/objects/allocation_candidate.py:783}}
Nov 02 19:14:15.198349 n-d-814489-1 devstack@placement-api.service[102627]: INFO placement.requestlog [req-0dc763f7-b9b0-498f-8961-0525a27e5b02 req-31635f5f-47e2-4627-93d4-e9e194089979 service placement] 10.222.0.15 "GET /placement/allocation_candidates?limit=1000&resources=MEMORY_MB%3A1024%2CVCPU%3A1&root_required=%21COMPUTE_STATUS_DISABLED" status: 200 len: 1281 microversion: 1.36
Nov 02 19:14:15.202983 n-d-814489-1 devstack@placement-api.service[102627]: [pid: 102627|app: 0|req: 582/1160] 10.222.0.15 () {60 vars in 1478 bytes} [Tue Nov 2 19:14:15 2021] GET /placement/allocation_candidates?limit=1000&resources=MEMORY_MB%3A1024%2CVCPU%3A1&root_required=%21COMPUTE_STATUS_DISABLED => generated 1281 bytes in 117 msecs (HTTP/1.1 200) 8 headers in 297 bytes (1 switches on core 0)
Nov 02 19:14:15.275092 n-d-814489-1 devstack@placement-api.service[102626]: DEBUG placement.requestlog [req-0dc763f7-b9b0-498f-8961-0525a27e5b02 req-55db2d2f-eb0d-436c-a5e3-cca900cb51ff None None] Starting request: 10.222.0.15 "GET /placement/allocations/473fc229-dc8d-4dd3-8788-10a368fa10ed" {{(pid=102626) __call__ /opt/stack/placement/placement/requestlog.py:55}}
Nov 02 19:14:15.288620 n-d-814489-1 devstack@placement-api.service[102626]: INFO placement.requestlog [req-0dc763f7-b9b0-498f-8961-0525a27e5b02 req-55db2d2f-eb0d-436c-a5e3-cca900cb51ff service placement] 10.222.0.15 "GET /placement/allocations/473fc229-dc8d-4dd3-8788-10a368fa10ed" status: 200 len: 19 microversion: 1.28
Nov 02 19:14:15.296181 n-d-814489-1 devstack@placement-api.service[102626]: [pid: 102626|app: 0|req: 579/1161] 10.222.0.15 () {60 vars in 1380 bytes} [Tue Nov 2 19:14:15 2021] GET /placement/allocations/473fc229-dc8d-4dd3-8788-10a368fa10ed => generated 19 bytes in 21 msecs (HTTP/1.1 200) 8 headers in 295 bytes (1 switches on core 0)
Nov 02 19:14:15.303215 n-d-814489-1 devstack@placement-api.service[102627]: DEBUG placement.requestlog [req-0dc763f7-b9b0-498f-8961-0525a27e5b02 req-edc257f9-ded6-4f2a-8e75-de58fd71a688 None None] Starting request: 10.222.0.15 "PUT /placement/allocations/473fc229-dc8d-4dd3-8788-10a368fa10ed" {{(pid=102627) __call__ /opt/stack/placement/placement/requestlog.py:55}}
Nov 02 19:14:15.402323 n-d-814489-1 devstack@placement-api.service[102627]: DEBUG placement.handlers.allocation [req-0dc763f7-b9b0-498f-8961-0525a27e5b02 req-edc257f9-ded6-4f2a-8e75-de58fd71a688 service placement] Successfully wrote allocations [, ] {{(pid=102627) _update_consumers_and_create_allocations /opt/stack/placement/placement/handlers/allocation.py:462}}
Nov 02 19:14:15.411101 n-d-814489-1 devstack@placement-api.service[102627]: INFO placement.requestlog [req-0dc763f7-b9b0-498f-8961-0525a27e5b02 req-edc257f9-ded6-4f2a-8e75-de58fd71a688 service placement] 10.222.0.15 "PUT /placement/allocations/473fc229-dc8d-4dd3-8788-10a368fa10ed" status: 204 len: 0 microversion: 1.36
Nov 02 19:14:15.418336 n-d-814489-1 devstack@placement-api.service[102627]: [pid: 102627|app: 0|req: 583/1162] 10.222.0.15 () {64 vars in 1433 bytes} [Tue Nov 2 19:14:15 2021] PUT /placement/allocations/473fc229-dc8d-4dd3-8788-10a368fa10ed => generated 0 bytes in 111 msecs (HTTP/1.1 204) 5 headers in 199 bytes (2 switches on core 0)
Nov 02 19:14:15.957184 n-d-814489-1 devstack@placement-api.service[102626]: DEBUG placement.requestlog [req-0dc763f7-b9b0-498f-8961-0525a27e5b02 req-1e557903-ab39-443d-87e2-9c345f4c7c6b None None] Starting request: 10.222.0.71 "GET /placement/allocations/473fc229-dc8d-4dd3-8788-10a368fa10ed" {{(pid=102626) __call__ /opt/stack/placement/placement/requestlog.py:55}}
Nov 02 19:14:15.978474 n-d-814489-1 devstack@placement-api.service[102626]: INFO placement.requestlog [req-0dc763f7-b9b0-498f-8961-0525a27e5b02 req-1e557903-ab39-443d-87e2-9c345f4c7c6b service placement] 10.222.0.71 "GET /placement/allocations/473fc229-dc8d-4dd3-8788-10a368fa10ed" status: 200 len: 245 microversion: 1.28
Nov 02 19:14:15.979031 n-d-814489-1 devstack@placement-api.service[102626]: [pid: 102626|app: 0|req: 580/1163] 10.222.0.71 () {60 vars in 1377 bytes} [Tue Nov 2 19:14:15 2021] GET /placement/allocations/473fc229-dc8d-4dd3-8788-10a368fa10ed => generated 245 bytes in 22 msecs (HTTP/1.1 200) 8 headers in 296 bytes (1 switches on core 0)
Nov 02 19:14:20.181069 n-d-814489-1 devstack@placement-api.service[102627]: DEBUG placement.requestlog [req-944866b7-db61-44d7-ba4c-0b56cc139d6b req-925e5bd8-de19-49cb-a6e0-f09fb01afc9b None None] Starting request: 10.222.0.71 "DELETE /placement/allocations/2fc9e7a5-ae92-4d39-9dea-3ac762956195" {{(pid=102627) __call__ /opt/stack/placement/placement/requestlog.py:55}}
Nov 02 19:14:20.256355 n-d-814489-1 devstack@placement-api.service[102627]: DEBUG placement.handlers.allocation [req-944866b7-db61-44d7-ba4c-0b56cc139d6b req-925e5bd8-de19-49cb-a6e0-f09fb01afc9b service placement] Successfully deleted allocations [, , ] {{(pid=102627) delete_allocations /opt/stack/placement/placement/handlers/allocation.py:627}}
Nov 02 19:14:20.257093 n-d-814489-1 devstack@placement-api.service[102627]: INFO placement.requestlog [req-944866b7-db61-44d7-ba4c-0b56cc139d6b req-925e5bd8-de19-49cb-a6e0-f09fb01afc9b service placement] 10.222.0.71 "DELETE /placement/allocations/2fc9e7a5-ae92-4d39-9dea-3ac762956195" status: 204 len: 0 microversion: 1.0
Nov 02 19:14:20.257558 n-d-814489-1 devstack@placement-api.service[102627]: [pid: 102627|app: 0|req: 584/1164] 10.222.0.71 () {60 vars in 1355 bytes} [Tue Nov 2 19:14:20 2021] DELETE /placement/allocations/2fc9e7a5-ae92-4d39-9dea-3ac762956195 => generated 0 bytes in 76 msecs (HTTP/1.1 204) 5 headers in 198 bytes (1 switches on core 0)
Nov 02 19:14:21.279310 n-d-814489-1 devstack@placement-api.service[102626]: DEBUG placement.requestlog [req-d645ee12-f8ff-4832-a222-038a62125b94 req-1949500a-fba1-432a-9b67-12cfdf84de56 None None] Starting request: 10.222.0.71 "GET /placement/resource_providers/d164ff9e-ea9d-4a18-929a-27546999c4fb/allocations" {{(pid=102626) __call__ /opt/stack/placement/placement/requestlog.py:55}}
Nov 02 19:14:21.319508 n-d-814489-1 devstack@placement-api.service[102626]: INFO placement.requestlog [req-d645ee12-f8ff-4832-a222-038a62125b94 req-1949500a-fba1-432a-9b67-12cfdf84de56 service placement] 10.222.0.71 "GET /placement/resource_providers/d164ff9e-ea9d-4a18-929a-27546999c4fb/allocations" status: 200 len: 140 microversion: 1.0
Nov 02 19:14:21.320165 n-d-814489-1 devstack@placement-api.service[102626]: [pid: 102626|app: 0|req: 581/1165] 10.222.0.71 () {58 vars in 1390 bytes} [Tue Nov 2 19:14:21 2021] GET /placement/resource_providers/d164ff9e-ea9d-4a18-929a-27546999c4fb/allocations => generated 140 bytes in 41 msecs (HTTP/1.1 200) 6 headers in 224 bytes (1 switches on core 0)
Nov 02 19:14:24.011777 n-d-814489-1 devstack@placement-api.service[102627]: DEBUG placement.requestlog [req-f82267ed-13c1-4dba-aeca-4c85eb858550 req-b3c0c96e-4bd4-4bb9-a405-38aadd2f468f None None] Starting request: 10.222.0.15 "GET /placement/allocation_candidates?limit=1000&resources=DISK_GB%3A1%2CMEMORY_MB%3A1024%2CVCPU%3A1&root_required=%21COMPUTE_STATUS_DISABLED" {{(pid=102627) __call__ /opt/stack/placement/placement/requestlog.py:55}}
Nov 02 19:14:24.044419 n-d-814489-1 devstack@placement-api.service[102627]: DEBUG placement.objects.research_context [req-f82267ed-13c1-4dba-aeca-4c85eb858550 req-b3c0c96e-4bd4-4bb9-a405-38aadd2f468f service placement] getting providers with 1 DISK_GB {{(pid=102627) __init__ /opt/stack/placement/placement/objects/research_context.py:126}}
Nov 02 19:14:24.051245 n-d-814489-1 devstack@placement-api.service[102627]: DEBUG placement.objects.research_context [req-f82267ed-13c1-4dba-aeca-4c85eb858550 req-b3c0c96e-4bd4-4bb9-a405-38aadd2f468f service placement] getting providers with 1024 MEMORY_MB {{(pid=102627) __init__ /opt/stack/placement/placement/objects/research_context.py:126}}
Nov 02 19:14:24.058119 n-d-814489-1 devstack@placement-api.service[102627]: DEBUG placement.objects.research_context [req-f82267ed-13c1-4dba-aeca-4c85eb858550 req-b3c0c96e-4bd4-4bb9-a405-38aadd2f468f service placement] getting providers with 1 VCPU {{(pid=102627) __init__ /opt/stack/placement/placement/objects/research_context.py:126}}
Nov 02 19:14:24.065965 n-d-814489-1 devstack@placement-api.service[102627]: DEBUG placement.objects.research_context [req-f82267ed-13c1-4dba-aeca-4c85eb858550 req-b3c0c96e-4bd4-4bb9-a405-38aadd2f468f service placement] found 2 providers with available 1 DISK_GB {{(pid=102627) get_provider_ids_matching /opt/stack/placement/placement/objects/research_context.py:549}}
Nov 02 19:14:24.065965 n-d-814489-1 devstack@placement-api.service[102627]: DEBUG placement.objects.research_context [req-f82267ed-13c1-4dba-aeca-4c85eb858550 req-b3c0c96e-4bd4-4bb9-a405-38aadd2f468f service placement] found 2 providers with available 1024 MEMORY_MB {{(pid=102627) get_provider_ids_matching /opt/stack/placement/placement/objects/research_context.py:549}}
Nov 02 19:14:24.065965 n-d-814489-1 devstack@placement-api.service[102627]: DEBUG placement.objects.research_context [req-f82267ed-13c1-4dba-aeca-4c85eb858550 req-b3c0c96e-4bd4-4bb9-a405-38aadd2f468f service placement] found 2 providers after filtering by previous result {{(pid=102627) get_provider_ids_matching /opt/stack/placement/placement/objects/research_context.py:580}}
Nov 02 19:14:24.066513 n-d-814489-1 devstack@placement-api.service[102627]: DEBUG placement.objects.research_context [req-f82267ed-13c1-4dba-aeca-4c85eb858550 req-b3c0c96e-4bd4-4bb9-a405-38aadd2f468f service placement] found 2 providers with available 1 VCPU {{(pid=102627) get_provider_ids_matching /opt/stack/placement/placement/objects/research_context.py:549}}
Nov 02 19:14:24.066513 n-d-814489-1 devstack@placement-api.service[102627]: DEBUG placement.objects.research_context [req-f82267ed-13c1-4dba-aeca-4c85eb858550 req-b3c0c96e-4bd4-4bb9-a405-38aadd2f468f service placement] found 2 providers after filtering by previous result {{(pid=102627) get_provider_ids_matching /opt/stack/placement/placement/objects/research_context.py:580}}
Nov 02 19:14:24.085988 n-d-814489-1 devstack@placement-api.service[102627]: DEBUG placement.objects.allocation_candidate [req-f82267ed-13c1-4dba-aeca-4c85eb858550 req-b3c0c96e-4bd4-4bb9-a405-38aadd2f468f service placement] RequestGroup(use_same_provider=False, resources={DISK_GB:1, MEMORY_MB:1024, VCPU:1}, traits=[], aggregates=[]) (suffix '') returned 2 matches {{(pid=102627) _get_by_requests /opt/stack/placement/placement/objects/allocation_candidate.py:145}}
Nov 02 19:14:24.086601 n-d-814489-1 devstack@placement-api.service[102627]: DEBUG placement.objects.allocation_candidate [req-f82267ed-13c1-4dba-aeca-4c85eb858550 req-b3c0c96e-4bd4-4bb9-a405-38aadd2f468f service placement] Merging candidates yields 2 allocation requests and 2 provider summaries {{(pid=102627) _merge_candidates /opt/stack/placement/placement/objects/allocation_candidate.py:783}}
Nov 02 19:14:24.089384 n-d-814489-1 devstack@placement-api.service[102627]: INFO placement.requestlog [req-f82267ed-13c1-4dba-aeca-4c85eb858550 req-b3c0c96e-4bd4-4bb9-a405-38aadd2f468f service placement] 10.222.0.15 "GET /placement/allocation_candidates?limit=1000&resources=DISK_GB%3A1%2CMEMORY_MB%3A1024%2CVCPU%3A1&root_required=%21COMPUTE_STATUS_DISABLED" status: 200 len: 1309 microversion: 1.36
Nov 02 19:14:24.089744 n-d-814489-1 devstack@placement-api.service[102627]: [pid: 102627|app: 0|req: 585/1166] 10.222.0.15 () {60 vars in 1506 bytes} [Tue Nov 2 19:14:24 2021] GET /placement/allocation_candidates?limit=1000&resources=DISK_GB%3A1%2CMEMORY_MB%3A1024%2CVCPU%3A1&root_required=%21COMPUTE_STATUS_DISABLED => generated 1309 bytes in 78 msecs (HTTP/1.1 200) 8 headers in 297 bytes (1 switches on core 0)
Nov 02 19:14:24.141294 n-d-814489-1 devstack@placement-api.service[102626]: DEBUG placement.requestlog [req-f82267ed-13c1-4dba-aeca-4c85eb858550 req-86f31da6-7032-4ee5-aef1-ceeefad40ba6 None None] Starting request: 10.222.0.15 "GET /placement/allocations/2fc9e7a5-ae92-4d39-9dea-3ac762956195" {{(pid=102626) __call__ /opt/stack/placement/placement/requestlog.py:55}}
Nov 02 19:14:24.152885 n-d-814489-1 devstack@placement-api.service[102626]: INFO placement.requestlog [req-f82267ed-13c1-4dba-aeca-4c85eb858550 req-86f31da6-7032-4ee5-aef1-ceeefad40ba6 service placement] 10.222.0.15 "GET /placement/allocations/2fc9e7a5-ae92-4d39-9dea-3ac762956195" status: 200 len: 19 microversion: 1.28
Nov 02 19:14:24.153277 n-d-814489-1 devstack@placement-api.service[102626]: [pid: 102626|app: 0|req: 582/1167] 10.222.0.15 () {60 vars in 1380 bytes} [Tue Nov 2 19:14:24 2021] GET /placement/allocations/2fc9e7a5-ae92-4d39-9dea-3ac762956195 => generated 19 bytes in 12 msecs (HTTP/1.1 200) 8 headers in 295 bytes (1 switches on core 0)
Nov 02 19:14:24.163149 n-d-814489-1 devstack@placement-api.service[102627]: DEBUG placement.requestlog [req-f82267ed-13c1-4dba-aeca-4c85eb858550 req-a4a630ad-ba0e-4ae3-a510-455cfce09635 None None] Starting request: 10.222.0.15 "PUT /placement/allocations/2fc9e7a5-ae92-4d39-9dea-3ac762956195" {{(pid=102627) __call__ /opt/stack/placement/placement/requestlog.py:55}}
Nov 02 19:14:24.223587 n-d-814489-1 devstack@placement-api.service[102627]: DEBUG placement.handlers.allocation [req-f82267ed-13c1-4dba-aeca-4c85eb858550 req-a4a630ad-ba0e-4ae3-a510-455cfce09635 service placement] Successfully wrote allocations [, , ] {{(pid=102627) _update_consumers_and_create_allocations /opt/stack/placement/placement/handlers/allocation.py:462}}
Nov 02 19:14:24.228072 n-d-814489-1 devstack@placement-api.service[102627]: INFO placement.requestlog [req-f82267ed-13c1-4dba-aeca-4c85eb858550 req-a4a630ad-ba0e-4ae3-a510-455cfce09635 service placement] 10.222.0.15 "PUT /placement/allocations/2fc9e7a5-ae92-4d39-9dea-3ac762956195" status: 204 len: 0 microversion: 1.36
Nov 02 19:14:24.228652 n-d-814489-1 devstack@placement-api.service[102627]: [pid: 102627|app: 0|req: 586/1168] 10.222.0.15 () {64 vars in 1433 bytes} [Tue Nov 2 19:14:24 2021] PUT /placement/allocations/2fc9e7a5-ae92-4d39-9dea-3ac762956195 => generated 0 bytes in 66 msecs (HTTP/1.1 204) 5 headers in 199 bytes (1 switches on core 0)
Nov 02 19:14:24.480660 n-d-814489-1 devstack@placement-api.service[102626]: DEBUG placement.requestlog [req-f82267ed-13c1-4dba-aeca-4c85eb858550 req-8e2c19d2-ae1c-41a7-b115-db3565845bda None None] Starting request: 10.222.0.90 "GET /placement/allocations/2fc9e7a5-ae92-4d39-9dea-3ac762956195" {{(pid=102626) __call__ /opt/stack/placement/placement/requestlog.py:55}}
Nov 02 19:14:24.500850 n-d-814489-1 devstack@placement-api.service[102626]: INFO placement.requestlog [req-f82267ed-13c1-4dba-aeca-4c85eb858550 req-8e2c19d2-ae1c-41a7-b115-db3565845bda service placement] 10.222.0.90 "GET /placement/allocations/2fc9e7a5-ae92-4d39-9dea-3ac762956195" status: 200 len: 260 microversion: 1.28
Nov 02 19:14:24.501813 n-d-814489-1 devstack@placement-api.service[102626]: [pid: 102626|app: 0|req: 583/1169] 10.222.0.90 () {60 vars in 1377 bytes} [Tue Nov 2 19:14:24 2021] GET /placement/allocations/2fc9e7a5-ae92-4d39-9dea-3ac762956195 => generated 260 bytes in 32 msecs (HTTP/1.1 200) 8 headers in 296 bytes (1 switches on core 0)
Nov 02 19:14:56.648348 n-d-814489-1 devstack@placement-api.service[102627]: DEBUG placement.requestlog [req-a5b91293-f3c6-4142-92b3-de3c202df548 req-6a895f49-a442-47ea-9719-1a944c17e9fb None None] Starting request: 10.222.0.15 "GET /placement/allocation_candidates?limit=1000&resources=MEMORY_MB%3A1024%2CVCPU%3A1&root_required=%21COMPUTE_STATUS_DISABLED" {{(pid=102627) __call__ /opt/stack/placement/placement/requestlog.py:55}}
Nov 02 19:14:56.709610 n-d-814489-1 devstack@placement-api.service[102627]: DEBUG placement.objects.research_context [req-a5b91293-f3c6-4142-92b3-de3c202df548 req-6a895f49-a442-47ea-9719-1a944c17e9fb service placement] getting providers with 1024 MEMORY_MB {{(pid=102627) __init__ /opt/stack/placement/placement/objects/research_context.py:126}}
Nov 02 19:14:56.715066 n-d-814489-1 devstack@placement-api.service[102627]: DEBUG placement.objects.research_context [req-a5b91293-f3c6-4142-92b3-de3c202df548 req-6a895f49-a442-47ea-9719-1a944c17e9fb service placement] getting providers with 1 VCPU {{(pid=102627) __init__ /opt/stack/placement/placement/objects/research_context.py:126}}
Nov 02 19:14:56.721544 n-d-814489-1 devstack@placement-api.service[102627]: DEBUG placement.objects.research_context [req-a5b91293-f3c6-4142-92b3-de3c202df548 req-6a895f49-a442-47ea-9719-1a944c17e9fb service placement] found 2 providers with available 1024 MEMORY_MB {{(pid=102627) get_provider_ids_matching /opt/stack/placement/placement/objects/research_context.py:549}}
Nov 02 19:14:56.721809 n-d-814489-1 devstack@placement-api.service[102627]: DEBUG placement.objects.research_context [req-a5b91293-f3c6-4142-92b3-de3c202df548 req-6a895f49-a442-47ea-9719-1a944c17e9fb service placement] found 2 providers with available 1 VCPU {{(pid=102627) get_provider_ids_matching /opt/stack/placement/placement/objects/research_context.py:549}}
Nov 02 19:14:56.722075 n-d-814489-1 devstack@placement-api.service[102627]: DEBUG placement.objects.research_context [req-a5b91293-f3c6-4142-92b3-de3c202df548 req-6a895f49-a442-47ea-9719-1a944c17e9fb service placement] found 2 providers after filtering by previous result {{(pid=102627) get_provider_ids_matching /opt/stack/placement/placement/objects/research_context.py:580}}
Nov 02 19:14:56.733436 n-d-814489-1 devstack@placement-api.service[102627]: DEBUG placement.objects.allocation_candidate [req-a5b91293-f3c6-4142-92b3-de3c202df548 req-6a895f49-a442-47ea-9719-1a944c17e9fb service placement] RequestGroup(use_same_provider=False, resources={MEMORY_MB:1024, VCPU:1}, traits=[], aggregates=[]) (suffix '') returned 2 matches {{(pid=102627) _get_by_requests /opt/stack/placement/placement/objects/allocation_candidate.py:145}}
Nov 02 19:14:56.733793 n-d-814489-1 devstack@placement-api.service[102627]: DEBUG placement.objects.allocation_candidate [req-a5b91293-f3c6-4142-92b3-de3c202df548 req-6a895f49-a442-47ea-9719-1a944c17e9fb service placement] Merging candidates yields 2 allocation requests and 2 provider summaries {{(pid=102627) _merge_candidates /opt/stack/placement/placement/objects/allocation_candidate.py:783}}
Nov 02 19:14:56.735344 n-d-814489-1 devstack@placement-api.service[102627]: INFO placement.requestlog [req-a5b91293-f3c6-4142-92b3-de3c202df548 req-6a895f49-a442-47ea-9719-1a944c17e9fb service placement] 10.222.0.15 "GET /placement/allocation_candidates?limit=1000&resources=MEMORY_MB%3A1024%2CVCPU%3A1&root_required=%21COMPUTE_STATUS_DISABLED" status: 200 len: 1281 microversion: 1.36
Nov 02 19:14:56.735898 n-d-814489-1 devstack@placement-api.service[102627]: [pid: 102627|app: 0|req: 587/1170] 10.222.0.15 () {60 vars in 1478 bytes} [Tue Nov 2 19:14:56 2021] GET /placement/allocation_candidates?limit=1000&resources=MEMORY_MB%3A1024%2CVCPU%3A1&root_required=%21COMPUTE_STATUS_DISABLED => generated 1281 bytes in 88 msecs (HTTP/1.1 200) 8 headers in 297 bytes (1 switches on core 0)
Nov 02 19:14:56.783253 n-d-814489-1 devstack@placement-api.service[102626]: DEBUG placement.requestlog [req-a5b91293-f3c6-4142-92b3-de3c202df548 req-4b7e5f78-3773-4fef-a5a7-082b249f79b7 None None] Starting request: 10.222.0.15 "GET /placement/allocations/028a1617-7bbb-41cc-95d6-7fea4aeda193" {{(pid=102626) __call__ /opt/stack/placement/placement/requestlog.py:55}}
Nov 02 19:14:56.793969 n-d-814489-1 devstack@placement-api.service[102626]: INFO placement.requestlog [req-a5b91293-f3c6-4142-92b3-de3c202df548 req-4b7e5f78-3773-4fef-a5a7-082b249f79b7 service placement] 10.222.0.15 "GET /placement/allocations/028a1617-7bbb-41cc-95d6-7fea4aeda193" status: 200 len: 19 microversion: 1.28
Nov 02 19:14:56.794402 n-d-814489-1 devstack@placement-api.service[102626]: [pid: 102626|app: 0|req: 584/1171] 10.222.0.15 () {60 vars in 1380 bytes} [Tue Nov 2 19:14:56 2021] GET /placement/allocations/028a1617-7bbb-41cc-95d6-7fea4aeda193 => generated 19 bytes in 12 msecs (HTTP/1.1 200) 8 headers in 295 bytes (1 switches on core 0)
Nov 02 19:14:56.802221 n-d-814489-1 devstack@placement-api.service[102627]: DEBUG placement.requestlog [req-a5b91293-f3c6-4142-92b3-de3c202df548 req-e361453d-0eb4-4b10-af04-a0f55fa13e8e None None] Starting request: 10.222.0.15 "PUT /placement/allocations/028a1617-7bbb-41cc-95d6-7fea4aeda193" {{(pid=102627) __call__ /opt/stack/placement/placement/requestlog.py:55}}
Nov 02 19:14:56.860299 n-d-814489-1 devstack@placement-api.service[102627]: DEBUG placement.handlers.allocation [req-a5b91293-f3c6-4142-92b3-de3c202df548 req-e361453d-0eb4-4b10-af04-a0f55fa13e8e service placement] Successfully wrote allocations [, ] {{(pid=102627) _update_consumers_and_create_allocations /opt/stack/placement/placement/handlers/allocation.py:462}}
Nov 02 19:14:56.865086 n-d-814489-1 devstack@placement-api.service[102627]: INFO placement.requestlog [req-a5b91293-f3c6-4142-92b3-de3c202df548 req-e361453d-0eb4-4b10-af04-a0f55fa13e8e service placement] 10.222.0.15 "PUT /placement/allocations/028a1617-7bbb-41cc-95d6-7fea4aeda193" status: 204 len: 0 microversion: 1.36
Nov 02 19:14:56.865233 n-d-814489-1 devstack@placement-api.service[102627]: [pid: 102627|app: 0|req: 588/1172] 10.222.0.15 () {64 vars in 1433 bytes} [Tue Nov 2 19:14:56 2021] PUT /placement/allocations/028a1617-7bbb-41cc-95d6-7fea4aeda193 => generated 0 bytes in 63 msecs (HTTP/1.1 204) 5 headers in 199 bytes (1 switches on core 0)
