Nov 10 19:05:46.449481 n-d-813897-4 neutron-server[102506]: DEBUG neutron_lib.callbacks.manager [req-38d29f0a-85d9-4d87-893d-c45bb23092bc req-a704b5fe-9405-4b56-8ea1-c685dedd5636 tempest-AggregatesAdminTestJSON-1103558920 tempest-AggregatesAdminTestJSON-1103558920-project-admin] Publish callbacks ['neutron.plugins.ml2.ovo_rpc._ObjectChangeHandler.handle_event-497113'] for security_group, after_create {{(pid=102506) _notify_loop /usr/local/lib/python3.8/dist-packages/neutron_lib/callbacks/manager.py:175}}
Nov 10 19:05:46.455356 n-d-813897-4 neutron-server[102505]: INFO neutron.wsgi [req-6c81bef1-5ffa-4adf-bda8-ff24db19824c req-b92908fe-5036-4bb5-85d7-43f333bde1fe service neutron] 10.222.0.73 "GET /v2.0/floatingips?fixed_ip_address=172.20.0.8&port_id=e8337b31-6358-4a57-9b86-86cd24593ba4 HTTP/1.1" status: 200 len: 217 time: 0.0351136
Nov 10 19:05:46.493020 n-d-813897-4 neutron-server[102506]: INFO neutron.wsgi [req-38d29f0a-85d9-4d87-893d-c45bb23092bc req-a704b5fe-9405-4b56-8ea1-c685dedd5636 tempest-AggregatesAdminTestJSON-1103558920 tempest-AggregatesAdminTestJSON-1103558920-project-admin] 10.222.0.54 "GET /v2.0/security-groups?id=f336b843-be38-4c16-b66d-9c4cb5c6d7f7&fields=id&fields=name HTTP/1.1" status: 200 len: 286 time: 0.4205267
Nov 10 19:05:46.493721 n-d-813897-4 neutron-server[102506]: DEBUG neutron.api.rpc.handlers.resources_rpc [None req-a704b5fe-9405-4b56-8ea1-c685dedd5636 tempest-AggregatesAdminTestJSON-1103558920 tempest-AggregatesAdminTestJSON-1103558920-project-admin] Pushing event updated for resources: {'SecurityGroup': ['ID=1afef46b-2931-4cbe-a295-acff3268a63b,revision_number=1']} {{(pid=102506) push /opt/stack/neutron/neutron/api/rpc/handlers/resources_rpc.py:237}}
Nov 10 19:05:46.516868 n-d-813897-4 neutron-server[102505]: DEBUG neutron.pecan_wsgi.hooks.policy_enforcement [req-6c81bef1-5ffa-4adf-bda8-ff24db19824c req-257b7460-ecc7-4648-8b39-707fffc9945a service neutron] Attributes excluded by policy engine: ['standard_attr_id', 'shared', 'segment_id'] {{(pid=102505) _exclude_attributes_by_policy /opt/stack/neutron/neutron/pecan_wsgi/hooks/policy_enforcement.py:255}}
Nov 10 19:05:46.519121 n-d-813897-4 neutron-server[102505]: INFO neutron.wsgi [req-6c81bef1-5ffa-4adf-bda8-ff24db19824c req-257b7460-ecc7-4648-8b39-707fffc9945a service neutron] 10.222.0.73 "GET /v2.0/subnets?id=9a832f56-5207-4167-a27c-433bc2e28f2d HTTP/1.1" status: 200 len: 863 time: 0.0499921
Nov 10 19:05:46.601610 n-d-813897-4 neutron-server[102505]: DEBUG neutron.pecan_wsgi.hooks.policy_enforcement [req-6c81bef1-5ffa-4adf-bda8-ff24db19824c req-28958627-0e7c-46b6-9c19-ae33e5d815ea service neutron] Attributes excluded by policy engine: ['standard_attr_id'] {{(pid=102505) _exclude_attributes_by_policy /opt/stack/neutron/neutron/pecan_wsgi/hooks/policy_enforcement.py:255}}
Nov 10 19:05:46.604283 n-d-813897-4 neutron-server[102505]: INFO neutron.wsgi [req-6c81bef1-5ffa-4adf-bda8-ff24db19824c req-28958627-0e7c-46b6-9c19-ae33e5d815ea service neutron] 10.222.0.73 "GET /v2.0/ports?network_id=423e20a9-8495-4dca-adac-a4f59edcf0b6&device_owner=network%3Adhcp HTTP/1.1" status: 200 len: 1163 time: 0.0681410
Nov 10 19:05:46.645552 n-d-813897-4 neutron-server[102506]: DEBUG neutron.pecan_wsgi.hooks.policy_enforcement [req-8ffa49f6-44a8-4d2e-87ce-f71f02c19b28 req-ddcc8e82-f09a-4ea7-a048-8a7ac9e3ee35 tempest-ServersWithSpecificFlavorTestJSON-744884719 tempest-ServersWithSpecificFlavorTestJSON-744884719-project] Attributes excluded by policy engine: ['standard_attr_id', 'binding:profile', 'binding:host_id', 'binding:vif_type', 'binding:vif_details'] {{(pid=102506) _exclude_attributes_by_policy /opt/stack/neutron/neutron/pecan_wsgi/hooks/policy_enforcement.py:255}}
Nov 10 19:05:46.653328 n-d-813897-4 neutron-server[102506]: INFO neutron.wsgi [req-8ffa49f6-44a8-4d2e-87ce-f71f02c19b28 req-ddcc8e82-f09a-4ea7-a048-8a7ac9e3ee35 tempest-ServersWithSpecificFlavorTestJSON-744884719 tempest-ServersWithSpecificFlavorTestJSON-744884719-project] 10.222.0.54 "GET /v2.0/ports?device_id=129c6611-1eb9-483b-b2dd-fc10ee39af03 HTTP/1.1" status: 200 len: 965 time: 0.0821130
Nov 10 19:05:46.708343 n-d-813897-4 neutron-server[102506]: INFO neutron.wsgi [req-2db4954a-6fa3-4d20-88d5-1ff2a0dd673c req-15d9feea-f2f2-4218-a847-5810698a58ce tempest-LiveMigrationNegativeTest-2071620569 tempest-LiveMigrationNegativeTest-2071620569-project] 10.222.0.54 "GET /v2.0/ports?device_id=f7025ad0-4d59-4ad4-ad6c-f96dbd2545c7 HTTP/1.1" status: 200 len: 210 time: 0.0369339
Nov 10 19:05:46.727207 n-d-813897-4 neutron-server[102506]: DEBUG neutron.api.v2.base [req-5d630e85-038a-4b07-a50a-5b6bca65f743 req-3926b6e3-992c-496a-be81-0da4c3aafd83 tempest-LiveMigrationNegativeTest-2071620569 tempest-LiveMigrationNegativeTest-2071620569-project] Request body: {'port': {'device_id': 'f7025ad0-4d59-4ad4-ad6c-f96dbd2545c7', 'network_id': 'd392c118-92b4-47b2-87bf-77c096e8a630', 'admin_state_up': True, 'tenant_id': '5cd9438c7c6e48db91649886067ee78c'}} {{(pid=102506) prepare_request_body /opt/stack/neutron/neutron/api/v2/base.py:729}}
Nov 10 19:05:46.740829 n-d-813897-4 neutron-server[102506]: INFO neutron.wsgi [req-8ffa49f6-44a8-4d2e-87ce-f71f02c19b28 req-bedad5d9-d86d-4b61-9511-e69556b187db tempest-ServersWithSpecificFlavorTestJSON-744884719 tempest-ServersWithSpecificFlavorTestJSON-744884719-project] 10.222.0.54 "GET /v2.0/security-groups?id=3d3879e2-701f-44b2-a0aa-6f6095ad87ae&fields=id&fields=name HTTP/1.1" status: 200 len: 313 time: 0.0858085
Nov 10 19:05:46.757607 n-d-813897-4 neutron-server[102505]: INFO neutron.wsgi [req-6c81bef1-5ffa-4adf-bda8-ff24db19824c req-ac6a5821-0000-4205-9c82-f6ab7206961c service neutron] 10.222.0.73 "GET /v2.0/networks/423e20a9-8495-4dca-adac-a4f59edcf0b6?fields=segments HTTP/1.1" status: 200 len: 212 time: 0.1397476
Nov 10 19:05:46.865260 n-d-813897-4 neutron-server[102506]: INFO neutron.wsgi [req-ee6e2f86-de23-4e49-b061-7feba6a2f31c req-beee661c-f60a-437f-96b1-6b6b60402ff3 tempest-LiveAutoBlockMigrationV225Test-1718130827 tempest-LiveAutoBlockMigrationV225Test-1718130827-project] 10.222.0.54 "GET /v2.0/ports?device_id=3c35ceb1-a699-4d44-9115-f5898d6a7f22 HTTP/1.1" status: 200 len: 210 time: 0.0379896
Nov 10 19:05:46.922781 n-d-813897-4 neutron-server[102506]: DEBUG neutron.pecan_wsgi.hooks.quota_enforcement [req-5d630e85-038a-4b07-a50a-5b6bca65f743 req-3926b6e3-992c-496a-be81-0da4c3aafd83 tempest-LiveMigrationNegativeTest-2071620569 tempest-LiveMigrationNegativeTest-2071620569-project] Made reservation on behalf of 5cd9438c7c6e48db91649886067ee78c for: {'port': 1} {{(pid=102506) before /opt/stack/neutron/neutron/pecan_wsgi/hooks/quota_enforcement.py:53}}
Nov 10 19:05:46.926436 n-d-813897-4 neutron-server[102506]: DEBUG neutron_lib.callbacks.manager [req-5d630e85-038a-4b07-a50a-5b6bca65f743 req-3926b6e3-992c-496a-be81-0da4c3aafd83 tempest-LiveMigrationNegativeTest-2071620569 tempest-LiveMigrationNegativeTest-2071620569-project] Publish callbacks ['neutron.plugins.ml2.plugin.SecurityGroupDbMixin._ensure_default_security_group_handler-531566'] for port, before_create {{(pid=102506) _notify_loop /usr/local/lib/python3.8/dist-packages/neutron_lib/callbacks/manager.py:175}}
Nov 10 19:05:46.937139 n-d-813897-4 neutron-server[102506]: DEBUG neutron_lib.callbacks.manager [req-5d630e85-038a-4b07-a50a-5b6bca65f743 req-3926b6e3-992c-496a-be81-0da4c3aafd83 tempest-LiveMigrationNegativeTest-2071620569 tempest-LiveMigrationNegativeTest-2071620569-project] Publish callbacks [] for security_group, before_create {{(pid=102506) _notify_loop /usr/local/lib/python3.8/dist-packages/neutron_lib/callbacks/manager.py:175}}
Nov 10 19:05:46.955405 n-d-813897-4 neutron-server[102505]: INFO neutron.wsgi [req-6c81bef1-5ffa-4adf-bda8-ff24db19824c req-5f6d575d-872b-443b-a05d-13e9adf9fc3f service neutron] 10.222.0.73 "GET /v2.0/networks/423e20a9-8495-4dca-adac-a4f59edcf0b6?fields=provider%3Aphysical_network&fields=provider%3Anetwork_type HTTP/1.1" status: 200 len: 281 time: 0.1772830
Nov 10 19:05:47.039779 n-d-813897-4 neutron-server[102506]: INFO neutron.wsgi [req-e6d0eac3-ddd2-4411-b0d6-8d5c75b27d10 req-6cc7ced1-5f4f-46cf-91fe-d60b5a43d390 tempest-ServersOnMultiNodesTest-1756741875 tempest-ServersOnMultiNodesTest-1756741875-project] 10.222.0.54 "GET /v2.0/ports?device_id=b5d767ea-42d9-480e-bb06-0503d89e1eaa HTTP/1.1" status: 200 len: 210 time: 0.0602565
Nov 10 19:05:47.119745 n-d-813897-4 neutron-server[102506]: DEBUG neutron_lib.callbacks.manager [req-5d630e85-038a-4b07-a50a-5b6bca65f743 req-3926b6e3-992c-496a-be81-0da4c3aafd83 tempest-LiveMigrationNegativeTest-2071620569 tempest-LiveMigrationNegativeTest-2071620569-project] Publish callbacks [] for security_group, precommit_create {{(pid=102506) _notify_loop /usr/local/lib/python3.8/dist-packages/neutron_lib/callbacks/manager.py:175}}
Nov 10 19:05:47.129609 n-d-813897-4 neutron-server[102506]: DEBUG neutron_lib.callbacks.manager [req-5d630e85-038a-4b07-a50a-5b6bca65f743 req-3926b6e3-992c-496a-be81-0da4c3aafd83 tempest-LiveMigrationNegativeTest-2071620569 tempest-LiveMigrationNegativeTest-2071620569-project] Publish callbacks ['neutron.plugins.ml2.ovo_rpc._ObjectChangeHandler.handle_event-497113'] for security_group, after_create {{(pid=102506) _notify_loop /usr/local/lib/python3.8/dist-packages/neutron_lib/callbacks/manager.py:175}}
Nov 10 19:05:47.216623 n-d-813897-4 neutron-server[102506]: DEBUG neutron.api.rpc.handlers.resources_rpc [None req-3926b6e3-992c-496a-be81-0da4c3aafd83 tempest-LiveMigrationNegativeTest-2071620569 tempest-LiveMigrationNegativeTest-2071620569-project] Pushing event updated for resources: {'SecurityGroup': ['ID=559a5f26-c376-401b-adc9-7edb4086b2b0,revision_number=1']} {{(pid=102506) push /opt/stack/neutron/neutron/api/rpc/handlers/resources_rpc.py:237}}
Nov 10 19:05:47.315995 n-d-813897-4 neutron-server[102506]: DEBUG neutron.db.db_base_plugin_common [req-5d630e85-038a-4b07-a50a-5b6bca65f743 req-3926b6e3-992c-496a-be81-0da4c3aafd83 tempest-LiveMigrationNegativeTest-2071620569 tempest-LiveMigrationNegativeTest-2071620569-project] Allocated IP 192.168.233.227 (d392c118-92b4-47b2-87bf-77c096e8a630/f9b6e8e7-6ebd-402d-901c-b41f234de3ab/046bdb90-4d35-4639-97ff-a900315c479b) {{(pid=102506) _store_ip_allocation /opt/stack/neutron/neutron/db/db_base_plugin_common.py:131}}
Nov 10 19:05:47.488418 n-d-813897-4 neutron-server[102505]: DEBUG neutron.wsgi [-] (102505) accepted ('10.222.0.25', 62810) {{(pid=102505) server /usr/local/lib/python3.8/dist-packages/eventlet/wsgi.py:982}}
Nov 10 19:05:47.572779 n-d-813897-4 neutron-server[102506]: DEBUG neutron_lib.callbacks.manager [req-5d630e85-038a-4b07-a50a-5b6bca65f743 req-3926b6e3-992c-496a-be81-0da4c3aafd83 tempest-LiveMigrationNegativeTest-2071620569 tempest-LiveMigrationNegativeTest-2071620569-project] Publish callbacks [] for port, precommit_create {{(pid=102506) _notify_loop /usr/local/lib/python3.8/dist-packages/neutron_lib/callbacks/manager.py:175}}
Nov 10 19:05:47.648609 n-d-813897-4 neutron-server[102506]: DEBUG neutron_lib.callbacks.manager [req-5d630e85-038a-4b07-a50a-5b6bca65f743 req-3926b6e3-992c-496a-be81-0da4c3aafd83 tempest-LiveMigrationNegativeTest-2071620569 tempest-LiveMigrationNegativeTest-2071620569-project] Publish callbacks ['neutron.plugins.ml2.plugin.SecurityGroupServerNotifierRpcMixin._notify_sg_on_port_change-3536341', 'neutron.plugins.ml2.ovo_rpc._ObjectChangeHandler.handle_event-61057', 'neutron.api.rpc.agentnotifiers.dhcp_rpc_agent_api.DhcpAgentNotifyAPI._native_event_send_dhcp_notification-3908768', 'neutron.db.l3_dvrscheduler_db._notify_l3_agent_new_port-8739349943664'] for port, after_create {{(pid=102506) _notify_loop /usr/local/lib/python3.8/dist-packages/neutron_lib/callbacks/manager.py:175}}
Nov 10 19:05:47.713372 n-d-813897-4 neutron-server[102506]: DEBUG neutron.api.rpc.handlers.resources_rpc [None req-3926b6e3-992c-496a-be81-0da4c3aafd83 tempest-LiveMigrationNegativeTest-2071620569 tempest-LiveMigrationNegativeTest-2071620569-project] Pushing event updated for resources: {'Port': ['ID=046bdb90-4d35-4639-97ff-a900315c479b,revision_number=1']} {{(pid=102506) push /opt/stack/neutron/neutron/api/rpc/handlers/resources_rpc.py:237}}
Nov 10 19:05:47.714306 n-d-813897-4 neutron-server[102505]: DEBUG neutron.pecan_wsgi.hooks.policy_enforcement [req-f70d127d-f979-4d9e-959d-c136746a09c3 req-2edb3659-5826-4af7-9231-cd90d4e0faf0 tempest-LiveAutoBlockMigrationV225Test-1718130827 tempest-LiveAutoBlockMigrationV225Test-1718130827-project] Attributes excluded by policy engine: ['standard_attr_id', 'vlan_transparent', 'provider:network_type', 'provider:physical_network', 'provider:segmentation_id'] {{(pid=102505) _exclude_attributes_by_policy /opt/stack/neutron/neutron/pecan_wsgi/hooks/policy_enforcement.py:255}}
Nov 10 19:05:47.715272 n-d-813897-4 neutron-server[102505]: INFO neutron.wsgi [req-f70d127d-f979-4d9e-959d-c136746a09c3 req-2edb3659-5826-4af7-9231-cd90d4e0faf0 tempest-LiveAutoBlockMigrationV225Test-1718130827 tempest-LiveAutoBlockMigrationV225Test-1718130827-project] 10.222.0.25 "GET /v2.0/networks?id=74048eaf-c023-4244-acc6-bb708e07e097 HTTP/1.1" status: 200 len: 821 time: 0.2250803
Nov 10 19:05:47.734303 n-d-813897-4 neutron-server[102506]: DEBUG neutron.scheduler.dhcp_agent_scheduler [req-5d630e85-038a-4b07-a50a-5b6bca65f743 req-3926b6e3-992c-496a-be81-0da4c3aafd83 tempest-LiveMigrationNegativeTest-2071620569 tempest-LiveMigrationNegativeTest-2071620569-project] Network d392c118-92b4-47b2-87bf-77c096e8a630 is already hosted by enough agents. {{(pid=102506) _get_dhcp_agents_hosting_network /opt/stack/neutron/neutron/scheduler/dhcp_agent_scheduler.py:275}}
Nov 10 19:05:47.740342 n-d-813897-4 neutron-server[102505]: DEBUG neutron.api.v2.base [req-f70d127d-f979-4d9e-959d-c136746a09c3 req-1502069e-4f2d-41ef-a9af-73a09904eb5f tempest-LiveAutoBlockMigrationV225Test-1718130827 tempest-LiveAutoBlockMigrationV225Test-1718130827-project] Request body: {'port': {'device_id': '3c35ceb1-a699-4d44-9115-f5898d6a7f22', 'network_id': '74048eaf-c023-4244-acc6-bb708e07e097', 'admin_state_up': True, 'tenant_id': '740aa4129faa48ffa1d5e7369c5159ee'}} {{(pid=102505) prepare_request_body /opt/stack/neutron/neutron/api/v2/base.py:729}}
Nov 10 19:05:47.740545 n-d-813897-4 neutron-server[102506]: DEBUG neutron.scheduler.base_scheduler [req-5d630e85-038a-4b07-a50a-5b6bca65f743 req-3926b6e3-992c-496a-be81-0da4c3aafd83 tempest-LiveMigrationNegativeTest-2071620569 tempest-LiveMigrationNegativeTest-2071620569-project] Resources bound (agent type, host, resource id): {{(pid=102506) schedule /opt/stack/neutron/neutron/scheduler/base_scheduler.py:57}}
Nov 10 19:05:47.742850 n-d-813897-4 neutron-server[102506]: DEBUG neutron.db.l3_dvrscheduler_db [req-5d630e85-038a-4b07-a50a-5b6bca65f743 req-3926b6e3-992c-496a-be81-0da4c3aafd83 tempest-LiveMigrationNegativeTest-2071620569 tempest-LiveMigrationNegativeTest-2071620569-project] Received port after_create {{(pid=102506) _notify_l3_agent_new_port /opt/stack/neutron/neutron/db/l3_dvrscheduler_db.py:535}}
Nov 10 19:05:47.749694 n-d-813897-4 neutron-server[102506]: DEBUG neutron.pecan_wsgi.hooks.policy_enforcement [req-5d630e85-038a-4b07-a50a-5b6bca65f743 req-3926b6e3-992c-496a-be81-0da4c3aafd83 tempest-LiveMigrationNegativeTest-2071620569 tempest-LiveMigrationNegativeTest-2071620569-project] Attributes excluded by policy engine: ['standard_attr_id', 'binding:profile', 'binding:host_id', 'binding:vif_type', 'binding:vif_details', 'network'] {{(pid=102506) _exclude_attributes_by_policy /opt/stack/neutron/neutron/pecan_wsgi/hooks/policy_enforcement.py:255}}
Nov 10 19:05:47.750477 n-d-813897-4 neutron-server[102506]: DEBUG neutron_lib.callbacks.manager [req-5d630e85-038a-4b07-a50a-5b6bca65f743 req-3926b6e3-992c-496a-be81-0da4c3aafd83 tempest-LiveMigrationNegativeTest-2071620569 tempest-LiveMigrationNegativeTest-2071620569-project] Publish callbacks ['neutron.notifiers.nova.Notifier._send_nova_notification-43931', 'neutron.api.rpc.agentnotifiers.dhcp_rpc_agent_api.DhcpAgentNotifyAPI._send_dhcp_notification-3908790'] for port, before_response {{(pid=102506) _notify_loop /usr/local/lib/python3.8/dist-packages/neutron_lib/callbacks/manager.py:175}}
Nov 10 19:05:47.773821 n-d-813897-4 neutron-server[102506]: INFO neutron.wsgi [req-5d630e85-038a-4b07-a50a-5b6bca65f743 req-3926b6e3-992c-496a-be81-0da4c3aafd83 tempest-LiveMigrationNegativeTest-2071620569 tempest-LiveMigrationNegativeTest-2071620569-project] 10.222.0.25 "POST /v2.0/ports HTTP/1.1" status: 201 len: 938 time: 1.0511405
Nov 10 19:05:47.791375 n-d-813897-4 neutron-server[102506]: DEBUG neutron.wsgi [req-5d630e85-038a-4b07-a50a-5b6bca65f743 req-4e88fa25-c428-4c66-af49-c43a502a4421 tempest-LiveMigrationNegativeTest-2071620569 tempest-LiveMigrationNegativeTest-2071620569-project] http://10.222.0.54:9696/v2.0/extensions returned with HTTP 200 {{(pid=102506) __call__ /opt/stack/neutron/neutron/wsgi.py:729}}
Nov 10 19:05:47.792783 n-d-813897-4 neutron-server[102506]: INFO neutron.wsgi [req-5d630e85-038a-4b07-a50a-5b6bca65f743 req-4e88fa25-c428-4c66-af49-c43a502a4421 tempest-LiveMigrationNegativeTest-2071620569 tempest-LiveMigrationNegativeTest-2071620569-project] 10.222.0.25 "GET /v2.0/extensions HTTP/1.1" status: 200 len: 14082 time: 0.0084915
Nov 10 19:05:47.882555 n-d-813897-4 neutron-server[102506]: DEBUG neutron.pecan_wsgi.hooks.policy_enforcement [req-01ed43f3-300d-4047-8151-33d20c155ae1 req-ca1d115c-a7ab-4e2a-99fc-cf542a0a5f1b tempest-LiveMigrationNegativeTest-2071620569 tempest-LiveMigrationNegativeTest-2071620569-project] Attributes excluded by policy engine: ['standard_attr_id', 'binding:profile', 'binding:host_id', 'binding:vif_type', 'binding:vif_details'] {{(pid=102506) _exclude_attributes_by_policy /opt/stack/neutron/neutron/pecan_wsgi/hooks/policy_enforcement.py:255}}
Nov 10 19:05:47.884555 n-d-813897-4 neutron-server[102506]: INFO neutron.wsgi [req-01ed43f3-300d-4047-8151-33d20c155ae1 req-ca1d115c-a7ab-4e2a-99fc-cf542a0a5f1b tempest-LiveMigrationNegativeTest-2071620569 tempest-LiveMigrationNegativeTest-2071620569-project] 10.222.0.54 "GET /v2.0/ports?device_id=f7025ad0-4d59-4ad4-ad6c-f96dbd2545c7 HTTP/1.1" status: 200 len: 936 time: 0.0728467
Nov 10 19:05:47.963564 n-d-813897-4 neutron-server[102506]: INFO neutron.wsgi [req-01ed43f3-300d-4047-8151-33d20c155ae1 req-d7b86e88-5290-49ff-8bf4-ca08f4e65d82 tempest-LiveMigrationNegativeTest-2071620569 tempest-LiveMigrationNegativeTest-2071620569-project] 10.222.0.54 "GET /v2.0/security-groups?id=559a5f26-c376-401b-adc9-7edb4086b2b0&fields=id&fields=name HTTP/1.1" status: 200 len: 286 time: 0.0724554
Nov 10 19:05:47.992067 n-d-813897-4 neutron-server[102505]: DEBUG neutron.pecan_wsgi.hooks.quota_enforcement [req-f70d127d-f979-4d9e-959d-c136746a09c3 req-1502069e-4f2d-41ef-a9af-73a09904eb5f tempest-LiveAutoBlockMigrationV225Test-1718130827 tempest-LiveAutoBlockMigrationV225Test-1718130827-project] Made reservation on behalf of 740aa4129faa48ffa1d5e7369c5159ee for: {'port': 1} {{(pid=102505) before /opt/stack/neutron/neutron/pecan_wsgi/hooks/quota_enforcement.py:53}}
Nov 10 19:05:48.002956 n-d-813897-4 neutron-server[102505]: DEBUG neutron_lib.callbacks.manager [req-f70d127d-f979-4d9e-959d-c136746a09c3 req-1502069e-4f2d-41ef-a9af-73a09904eb5f tempest-LiveAutoBlockMigrationV225Test-1718130827 tempest-LiveAutoBlockMigrationV225Test-1718130827-project] Publish callbacks ['neutron.plugins.ml2.plugin.SecurityGroupDbMixin._ensure_default_security_group_handler-531566'] for port, before_create {{(pid=102505) _notify_loop /usr/local/lib/python3.8/dist-packages/neutron_lib/callbacks/manager.py:175}}
Nov 10 19:05:48.011481 n-d-813897-4 neutron-server[102507]: DEBUG neutron.db.provisioning_blocks [None req-3f3c35c8-64f4-48e8-b555-407cf6e2e7f2 None None] Provisioning complete for port 046bdb90-4d35-4639-97ff-a900315c479b triggered by entity DHCP. {{(pid=102507) provisioning_complete /opt/stack/neutron/neutron/db/provisioning_blocks.py:139}}
Nov 10 19:05:48.012068 n-d-813897-4 neutron-server[102507]: DEBUG neutron_lib.callbacks.manager [None req-3f3c35c8-64f4-48e8-b555-407cf6e2e7f2 None None] Publish callbacks ['neutron.plugins.ml2.plugin.Ml2Plugin._port_provisioned-672038'] for port, provisioning_complete {{(pid=102507) _notify_loop /usr/local/lib/python3.8/dist-packages/neutron_lib/callbacks/manager.py:175}}
Nov 10 19:05:48.019710 n-d-813897-4 neutron-server[102506]: DEBUG neutron.wsgi [-] (102506) accepted ('10.222.0.25', 62812) {{(pid=102506) server /usr/local/lib/python3.8/dist-packages/eventlet/wsgi.py:982}}
Nov 10 19:05:48.061093 n-d-813897-4 neutron-server[102507]: DEBUG neutron.plugins.ml2.plugin [None req-3f3c35c8-64f4-48e8-b555-407cf6e2e7f2 None None] Port 046bdb90-4d35-4639-97ff-a900315c479b cannot update to ACTIVE because it is not bound. {{(pid=102507) _port_provisioned /opt/stack/neutron/neutron/plugins/ml2/plugin.py:342}}
Nov 10 19:05:48.082445 n-d-813897-4 neutron-server[102506]: INFO neutron.wsgi [req-40ab3daf-ee1f-4255-bd90-744328ed6c58 req-9f5acaed-67e6-48d2-acb7-017b6b3e6a89 tempest-ServersOnMultiNodesTest-1756741875 tempest-ServersOnMultiNodesTest-1756741875-project] 10.222.0.25 "GET /v2.0/networks?tenant_id=0d7335f5df3b4e0fb20d05dce0cf0b45&shared=False HTTP/1.1" status: 200 len: 213 time: 0.0613642
Nov 10 19:05:48.176941 n-d-813897-4 neutron-server[102506]: DEBUG neutron.api.v2.base [req-5d630e85-038a-4b07-a50a-5b6bca65f743 req-7b4a65fc-3589-4228-89df-0130a2bbb859 service neutron] Request body: {'port': {'device_id': 'f7025ad0-4d59-4ad4-ad6c-f96dbd2545c7', 'device_owner': 'compute:nova', 'binding:host_id': 'n-h2-813897-4'}} {{(pid=102506) prepare_request_body /opt/stack/neutron/neutron/api/v2/base.py:729}}
Nov 10 19:05:48.209670 n-d-813897-4 neutron-server[102505]: DEBUG neutron.db.db_base_plugin_common [req-f70d127d-f979-4d9e-959d-c136746a09c3 req-1502069e-4f2d-41ef-a9af-73a09904eb5f tempest-LiveAutoBlockMigrationV225Test-1718130827 tempest-LiveAutoBlockMigrationV225Test-1718130827-project] Allocated IP 172.20.0.5 (74048eaf-c023-4244-acc6-bb708e07e097/91093ec9-e097-43f7-865c-a8764e927d57/653b8478-220b-442b-8286-259dcc0b0481) {{(pid=102505) _store_ip_allocation /opt/stack/neutron/neutron/db/db_base_plugin_common.py:131}}
Nov 10 19:05:48.318887 n-d-813897-4 neutron-server[102506]: INFO neutron.wsgi [req-ef531c88-5039-48ca-b162-069e2f0986e6 req-26c8ef06-3783-44ec-b01a-cbc72b4e76c2 tempest-LiveAutoBlockMigrationV225Test-1718130827 tempest-LiveAutoBlockMigrationV225Test-1718130827-project] 10.222.0.54 "GET /v2.0/ports?device_id=3c35ceb1-a699-4d44-9115-f5898d6a7f22 HTTP/1.1" status: 200 len: 210 time: 0.0505161
Nov 10 19:05:48.326156 n-d-813897-4 neutron-server[102506]: DEBUG neutron.pecan_wsgi.hooks.policy_enforcement [req-40ab3daf-ee1f-4255-bd90-744328ed6c58 req-ed839b06-a9cd-496e-b6b7-c0b27ab3a68c tempest-ServersOnMultiNodesTest-1756741875 tempest-ServersOnMultiNodesTest-1756741875-project] Attributes excluded by policy engine: ['standard_attr_id', 'vlan_transparent', 'provider:network_type', 'provider:physical_network', 'provider:segmentation_id'] {{(pid=102506) _exclude_attributes_by_policy /opt/stack/neutron/neutron/pecan_wsgi/hooks/policy_enforcement.py:255}}
Nov 10 19:05:48.327742 n-d-813897-4 neutron-server[102506]: INFO neutron.wsgi [req-40ab3daf-ee1f-4255-bd90-744328ed6c58 req-ed839b06-a9cd-496e-b6b7-c0b27ab3a68c tempest-ServersOnMultiNodesTest-1756741875 tempest-ServersOnMultiNodesTest-1756741875-project] 10.222.0.25 "GET /v2.0/networks?shared=True HTTP/1.1" status: 200 len: 769 time: 0.2396672
Nov 10 19:05:48.349543 n-d-813897-4 neutron-server[102506]: DEBUG neutron.pecan_wsgi.hooks.policy_enforcement [req-7c2a3b84-3644-4f69-97fb-9aad016c5254 req-bc6f85b5-0047-46a2-84cf-37d6401c83ab tempest-ServersWithSpecificFlavorTestJSON-744884719 tempest-ServersWithSpecificFlavorTestJSON-744884719-project] Attributes excluded by policy engine: ['standard_attr_id', 'binding:profile', 'binding:host_id', 'binding:vif_type', 'binding:vif_details'] {{(pid=102506) _exclude_attributes_by_policy /opt/stack/neutron/neutron/pecan_wsgi/hooks/policy_enforcement.py:255}}
Nov 10 19:05:48.349543 n-d-813897-4 neutron-server[102506]: INFO neutron.wsgi [req-7c2a3b84-3644-4f69-97fb-9aad016c5254 req-bc6f85b5-0047-46a2-84cf-37d6401c83ab tempest-ServersWithSpecificFlavorTestJSON-744884719 tempest-ServersWithSpecificFlavorTestJSON-744884719-project] 10.222.0.54 "GET /v2.0/ports?device_id=129c6611-1eb9-483b-b2dd-fc10ee39af03 HTTP/1.1" status: 200 len: 965 time: 0.1763482
Nov 10 19:05:48.349543 n-d-813897-4 neutron-server[102506]: DEBUG neutron.api.v2.base [req-40ab3daf-ee1f-4255-bd90-744328ed6c58 req-7c1e7191-d614-4b69-a321-880dc9f9e868 tempest-ServersOnMultiNodesTest-1756741875 tempest-ServersOnMultiNodesTest-1756741875-project] Request body: {'port': {'device_id': 'b5d767ea-42d9-480e-bb06-0503d89e1eaa', 'network_id': 'd392c118-92b4-47b2-87bf-77c096e8a630', 'admin_state_up': True, 'tenant_id': '0d7335f5df3b4e0fb20d05dce0cf0b45'}} {{(pid=102506) prepare_request_body /opt/stack/neutron/neutron/api/v2/base.py:729}}
Nov 10 19:05:48.352662 n-d-813897-4 neutron-server[102506]: DEBUG neutron_lib.callbacks.manager [req-5d630e85-038a-4b07-a50a-5b6bca65f743 req-7b4a65fc-3589-4228-89df-0130a2bbb859 service neutron] Publish callbacks ['neutron.plugins.ml2.plugin.SecurityGroupDbMixin._ensure_default_security_group_handler-531566'] for port, before_update {{(pid=102506) _notify_loop /usr/local/lib/python3.8/dist-packages/neutron_lib/callbacks/manager.py:175}}
Nov 10 19:05:48.406667 n-d-813897-4 neutron-server[102505]: DEBUG neutron_lib.callbacks.manager [req-f70d127d-f979-4d9e-959d-c136746a09c3 req-1502069e-4f2d-41ef-a9af-73a09904eb5f tempest-LiveAutoBlockMigrationV225Test-1718130827 tempest-LiveAutoBlockMigrationV225Test-1718130827-project] Publish callbacks [] for port, precommit_create {{(pid=102505) _notify_loop /usr/local/lib/python3.8/dist-packages/neutron_lib/callbacks/manager.py:175}}
Nov 10 19:05:48.441220 n-d-813897-4 neutron-server[102505]: DEBUG neutron_lib.callbacks.manager [req-f70d127d-f979-4d9e-959d-c136746a09c3 req-1502069e-4f2d-41ef-a9af-73a09904eb5f tempest-LiveAutoBlockMigrationV225Test-1718130827 tempest-LiveAutoBlockMigrationV225Test-1718130827-project] Publish callbacks ['neutron.plugins.ml2.plugin.SecurityGroupServerNotifierRpcMixin._notify_sg_on_port_change-3536341', 'neutron.plugins.ml2.ovo_rpc._ObjectChangeHandler.handle_event-61057', 'neutron.api.rpc.agentnotifiers.dhcp_rpc_agent_api.DhcpAgentNotifyAPI._native_event_send_dhcp_notification-3908768', 'neutron.db.l3_dvrscheduler_db._notify_l3_agent_new_port-8739349943664', 'neutron.services.segments.plugin.NovaSegmentNotifier._notify_port_created_or_deleted-9292153'] for port, after_create {{(pid=102505) _notify_loop /usr/local/lib/python3.8/dist-packages/neutron_lib/callbacks/manager.py:175}}
Nov 10 19:05:48.487416 n-d-813897-4 neutron-server[102505]: DEBUG neutron.scheduler.dhcp_agent_scheduler [req-f70d127d-f979-4d9e-959d-c136746a09c3 req-1502069e-4f2d-41ef-a9af-73a09904eb5f tempest-LiveAutoBlockMigrationV225Test-1718130827 tempest-LiveAutoBlockMigrationV225Test-1718130827-project] Network 74048eaf-c023-4244-acc6-bb708e07e097 is already hosted by enough agents. {{(pid=102505) _get_dhcp_agents_hosting_network /opt/stack/neutron/neutron/scheduler/dhcp_agent_scheduler.py:275}}
Nov 10 19:05:48.492537 n-d-813897-4 neutron-server[102505]: DEBUG neutron.scheduler.base_scheduler [req-f70d127d-f979-4d9e-959d-c136746a09c3 req-1502069e-4f2d-41ef-a9af-73a09904eb5f tempest-LiveAutoBlockMigrationV225Test-1718130827 tempest-LiveAutoBlockMigrationV225Test-1718130827-project] Resources bound (agent type, host, resource id): {{(pid=102505) schedule /opt/stack/neutron/neutron/scheduler/base_scheduler.py:57}}
Nov 10 19:05:48.496386 n-d-813897-4 neutron-server[102505]: DEBUG neutron.db.l3_dvrscheduler_db [req-f70d127d-f979-4d9e-959d-c136746a09c3 req-1502069e-4f2d-41ef-a9af-73a09904eb5f tempest-LiveAutoBlockMigrationV225Test-1718130827 tempest-LiveAutoBlockMigrationV225Test-1718130827-project] Received port after_create {{(pid=102505) _notify_l3_agent_new_port /opt/stack/neutron/neutron/db/l3_dvrscheduler_db.py:535}}
Nov 10 19:05:48.503534 n-d-813897-4 neutron-server[102506]: INFO neutron.wsgi [req-6d4f4f6d-cf99-47a1-a2af-eac6eac30a75 req-7fadf0fd-e321-40ee-9637-ca18b06d59b2 tempest-ServersOnMultiNodesTest-1756741875 tempest-ServersOnMultiNodesTest-1756741875-project] 10.222.0.54 "GET /v2.0/ports?device_id=b5d767ea-42d9-480e-bb06-0503d89e1eaa HTTP/1.1" status: 200 len: 210 time: 0.0723140
Nov 10 19:05:48.537186 n-d-813897-4 neutron-server[102505]: DEBUG neutron.api.rpc.handlers.resources_rpc [None req-1502069e-4f2d-41ef-a9af-73a09904eb5f tempest-LiveAutoBlockMigrationV225Test-1718130827 tempest-LiveAutoBlockMigrationV225Test-1718130827-project] Pushing event updated for resources: {'Port': ['ID=653b8478-220b-442b-8286-259dcc0b0481,revision_number=1']} {{(pid=102505) push /opt/stack/neutron/neutron/api/rpc/handlers/resources_rpc.py:237}}
Nov 10 19:05:48.548329 n-d-813897-4 neutron-server[102506]: INFO neutron.wsgi [req-7c2a3b84-3644-4f69-97fb-9aad016c5254 req-04628e80-8b40-4f90-aa0b-2fb575e34044 tempest-ServersWithSpecificFlavorTestJSON-744884719 tempest-ServersWithSpecificFlavorTestJSON-744884719-project] 10.222.0.54 "GET /v2.0/security-groups?id=3d3879e2-701f-44b2-a0aa-6f6095ad87ae&fields=id&fields=name HTTP/1.1" status: 200 len: 313 time: 0.1916163
Nov 10 19:05:48.568310 n-d-813897-4 neutron-server[102505]: DEBUG neutron.pecan_wsgi.hooks.policy_enforcement [req-f70d127d-f979-4d9e-959d-c136746a09c3 req-1502069e-4f2d-41ef-a9af-73a09904eb5f tempest-LiveAutoBlockMigrationV225Test-1718130827 tempest-LiveAutoBlockMigrationV225Test-1718130827-project] Attributes excluded by policy engine: ['standard_attr_id', 'binding:profile', 'binding:host_id', 'binding:vif_type', 'binding:vif_details', 'network'] {{(pid=102505) _exclude_attributes_by_policy /opt/stack/neutron/neutron/pecan_wsgi/hooks/policy_enforcement.py:255}}
Nov 10 19:05:48.568310 n-d-813897-4 neutron-server[102505]: DEBUG neutron_lib.callbacks.manager [req-f70d127d-f979-4d9e-959d-c136746a09c3 req-1502069e-4f2d-41ef-a9af-73a09904eb5f tempest-LiveAutoBlockMigrationV225Test-1718130827 tempest-LiveAutoBlockMigrationV225Test-1718130827-project] Publish callbacks ['neutron.notifiers.nova.Notifier._send_nova_notification-43931', 'neutron.api.rpc.agentnotifiers.dhcp_rpc_agent_api.DhcpAgentNotifyAPI._send_dhcp_notification-3908790'] for port, before_response {{(pid=102505) _notify_loop /usr/local/lib/python3.8/dist-packages/neutron_lib/callbacks/manager.py:175}}
Nov 10 19:05:48.590613 n-d-813897-4 neutron-server[102505]: INFO neutron.wsgi [req-f70d127d-f979-4d9e-959d-c136746a09c3 req-1502069e-4f2d-41ef-a9af-73a09904eb5f tempest-LiveAutoBlockMigrationV225Test-1718130827 tempest-LiveAutoBlockMigrationV225Test-1718130827-project] 10.222.0.25 "POST /v2.0/ports HTTP/1.1" status: 201 len: 933 time: 0.8600016
Nov 10 19:05:48.612798 n-d-813897-4 neutron-server[102505]: DEBUG neutron.api.v2.base [req-f70d127d-f979-4d9e-959d-c136746a09c3 req-ce863083-d3f1-4b80-8453-193862494e16 service neutron] Request body: {'port': {'device_id': '3c35ceb1-a699-4d44-9115-f5898d6a7f22', 'device_owner': 'compute:nova', 'binding:host_id': 'n-h2-813897-4'}} {{(pid=102505) prepare_request_body /opt/stack/neutron/neutron/api/v2/base.py:729}}
Nov 10 19:05:48.661168 n-d-813897-4 neutron-server[102506]: DEBUG neutron.pecan_wsgi.hooks.quota_enforcement [req-40ab3daf-ee1f-4255-bd90-744328ed6c58 req-7c1e7191-d614-4b69-a321-880dc9f9e868 tempest-ServersOnMultiNodesTest-1756741875 tempest-ServersOnMultiNodesTest-1756741875-project] Made reservation on behalf of 0d7335f5df3b4e0fb20d05dce0cf0b45 for: {'port': 1} {{(pid=102506) before /opt/stack/neutron/neutron/pecan_wsgi/hooks/quota_enforcement.py:53}}
Nov 10 19:05:48.664925 n-d-813897-4 neutron-server[102506]: DEBUG neutron_lib.callbacks.manager [req-40ab3daf-ee1f-4255-bd90-744328ed6c58 req-7c1e7191-d614-4b69-a321-880dc9f9e868 tempest-ServersOnMultiNodesTest-1756741875 tempest-ServersOnMultiNodesTest-1756741875-project] Publish callbacks ['neutron.plugins.ml2.plugin.SecurityGroupDbMixin._ensure_default_security_group_handler-531566'] for port, before_create {{(pid=102506) _notify_loop /usr/local/lib/python3.8/dist-packages/neutron_lib/callbacks/manager.py:175}}
Nov 10 19:05:48.676459 n-d-813897-4 neutron-server[102506]: DEBUG neutron_lib.callbacks.manager [req-40ab3daf-ee1f-4255-bd90-744328ed6c58 req-7c1e7191-d614-4b69-a321-880dc9f9e868 tempest-ServersOnMultiNodesTest-1756741875 tempest-ServersOnMultiNodesTest-1756741875-project] Publish callbacks [] for security_group, before_create {{(pid=102506) _notify_loop /usr/local/lib/python3.8/dist-packages/neutron_lib/callbacks/manager.py:175}}
Nov 10 19:05:48.694824 n-d-813897-4 neutron-server[102505]: DEBUG neutron_lib.callbacks.manager [req-f70d127d-f979-4d9e-959d-c136746a09c3 req-ce863083-d3f1-4b80-8453-193862494e16 service neutron] Publish callbacks ['neutron.plugins.ml2.plugin.SecurityGroupDbMixin._ensure_default_security_group_handler-531566'] for port, before_update {{(pid=102505) _notify_loop /usr/local/lib/python3.8/dist-packages/neutron_lib/callbacks/manager.py:175}}
Nov 10 19:05:48.866355 n-d-813897-4 neutron-server[102506]: DEBUG neutron_lib.callbacks.manager [req-40ab3daf-ee1f-4255-bd90-744328ed6c58 req-7c1e7191-d614-4b69-a321-880dc9f9e868 tempest-ServersOnMultiNodesTest-1756741875 tempest-ServersOnMultiNodesTest-1756741875-project] Publish callbacks [] for security_group, precommit_create {{(pid=102506) _notify_loop /usr/local/lib/python3.8/dist-packages/neutron_lib/callbacks/manager.py:175}}
Nov 10 19:05:48.871017 n-d-813897-4 neutron-server[102506]: DEBUG neutron.notifiers.nova [req-5d630e85-038a-4b07-a50a-5b6bca65f743 req-7b4a65fc-3589-4228-89df-0130a2bbb859 service neutron] Ignoring state change previous_port_status: DOWN current_port_status: DOWN port_id 046bdb90-4d35-4639-97ff-a900315c479b {{(pid=102506) record_port_status_changed /opt/stack/neutron/neutron/notifiers/nova.py:224}}
Nov 10 19:05:48.878078 n-d-813897-4 neutron-server[102506]: DEBUG neutron_lib.callbacks.manager [req-40ab3daf-ee1f-4255-bd90-744328ed6c58 req-7c1e7191-d614-4b69-a321-880dc9f9e868 tempest-ServersOnMultiNodesTest-1756741875 tempest-ServersOnMultiNodesTest-1756741875-project] Publish callbacks ['neutron.plugins.ml2.ovo_rpc._ObjectChangeHandler.handle_event-497113'] for security_group, after_create {{(pid=102506) _notify_loop /usr/local/lib/python3.8/dist-packages/neutron_lib/callbacks/manager.py:175}}
Nov 10 19:05:48.882235 n-d-813897-4 neutron-server[102506]: DEBUG neutron_lib.callbacks.manager [req-5d630e85-038a-4b07-a50a-5b6bca65f743 req-7b4a65fc-3589-4228-89df-0130a2bbb859 service neutron] Publish callbacks [] for port, precommit_update {{(pid=102506) _notify_loop /usr/local/lib/python3.8/dist-packages/neutron_lib/callbacks/manager.py:175}}
Nov 10 19:05:48.949353 n-d-813897-4 neutron-server[102506]: DEBUG neutron.api.rpc.handlers.resources_rpc [None req-7c1e7191-d614-4b69-a321-880dc9f9e868 tempest-ServersOnMultiNodesTest-1756741875 tempest-ServersOnMultiNodesTest-1756741875-project] Pushing event updated for resources: {'SecurityGroup': ['ID=b074184b-5146-4a16-add8-178e427b0c4f,revision_number=1']} {{(pid=102506) push /opt/stack/neutron/neutron/api/rpc/handlers/resources_rpc.py:237}}
Nov 10 19:05:48.952507 n-d-813897-4 neutron-server[102506]: DEBUG neutron.db.provisioning_blocks [req-5d630e85-038a-4b07-a50a-5b6bca65f743 req-7b4a65fc-3589-4228-89df-0130a2bbb859 service neutron] Transition to ACTIVE for port object 046bdb90-4d35-4639-97ff-a900315c479b will not be triggered until provisioned by entity L2. {{(pid=102506) add_provisioning_component /opt/stack/neutron/neutron/db/provisioning_blocks.py:73}}
Nov 10 19:05:48.959194 n-d-813897-4 neutron-server[102506]: DEBUG neutron_lib.callbacks.manager [req-5d630e85-038a-4b07-a50a-5b6bca65f743 req-7b4a65fc-3589-4228-89df-0130a2bbb859 service neutron] Publish callbacks ['neutron.plugins.ml2.plugin.SecurityGroupServerNotifierRpcMixin._notify_sg_on_port_change-3536341', 'neutron.plugins.ml2.ovo_rpc._ObjectChangeHandler.handle_event-61057', 'neutron.api.rpc.agentnotifiers.dhcp_rpc_agent_api.DhcpAgentNotifyAPI._native_event_send_dhcp_notification-3908768', 'neutron.db.l3_db.L3RpcNotifierMixin._notify_gateway_port_ip_changed-8739350356107', 'neutron.db.l3_dvrscheduler_db._notify_l3_agent_port_update-8739349943682', 'neutron.db.l3_hascheduler_db._notify_l3_agent_ha_port_update-8739349943700'] for port, after_update {{(pid=102506) _notify_loop /usr/local/lib/python3.8/dist-packages/neutron_lib/callbacks/manager.py:175}}
Nov 10 19:05:48.994804 n-d-813897-4 neutron-server[102507]: DEBUG neutron.plugins.ml2.rpc [None req-c0830ecd-2702-4ca6-89e6-66a66ceaf780 None None] Device e8337b31-6358-4a57-9b86-86cd24593ba4 details requested by agent hyperv_n-h1-813897-4 with host n-h1-813897-4 {{(pid=102507) get_device_details /opt/stack/neutron/neutron/plugins/ml2/rpc.py:102}}
Nov 10 19:05:49.068107 n-d-813897-4 neutron-server[102506]: DEBUG neutron.api.rpc.handlers.resources_rpc [None req-7b4a65fc-3589-4228-89df-0130a2bbb859 service neutron] Pushing event updated for resources: {'Port': ['ID=046bdb90-4d35-4639-97ff-a900315c479b,revision_number=2']} {{(pid=102506) push /opt/stack/neutron/neutron/api/rpc/handlers/resources_rpc.py:237}}
Nov 10 19:05:49.128566 n-d-813897-4 neutron-server[102506]: DEBUG neutron.db.db_base_plugin_common [req-40ab3daf-ee1f-4255-bd90-744328ed6c58 req-7c1e7191-d614-4b69-a321-880dc9f9e868 tempest-ServersOnMultiNodesTest-1756741875 tempest-ServersOnMultiNodesTest-1756741875-project] Allocated IP 192.168.233.195 (d392c118-92b4-47b2-87bf-77c096e8a630/f9b6e8e7-6ebd-402d-901c-b41f234de3ab/2bd44ccf-d05c-46fd-be26-527d04cdd725) {{(pid=102506) _store_ip_allocation /opt/stack/neutron/neutron/db/db_base_plugin_common.py:131}}
Nov 10 19:05:49.148730 n-d-813897-4 neutron-server[102506]: DEBUG neutron.plugins.ml2.managers [req-5d630e85-038a-4b07-a50a-5b6bca65f743 req-7b4a65fc-3589-4228-89df-0130a2bbb859 service neutron] Attempting to bind port 046bdb90-4d35-4639-97ff-a900315c479b on host n-h2-813897-4 for vnic_type normal with profile {{(pid=102506) bind_port /opt/stack/neutron/neutron/plugins/ml2/managers.py:795}}
Nov 10 19:05:49.149299 n-d-813897-4 neutron-server[102506]: DEBUG neutron.plugins.ml2.managers [req-5d630e85-038a-4b07-a50a-5b6bca65f743 req-7b4a65fc-3589-4228-89df-0130a2bbb859 service neutron] Attempting to bind port 046bdb90-4d35-4639-97ff-a900315c479b by drivers openvswitch,hyperv on host n-h2-813897-4 at level 0 using segments [{'id': '657a6071-102f-40b0-926b-f65d4e9cacfb', 'network_type': 'vlan', 'physical_network': 'physnet1', 'segmentation_id': 712, 'network_id': 'd392c118-92b4-47b2-87bf-77c096e8a630'}] {{(pid=102506) _bind_port_level /opt/stack/neutron/neutron/plugins/ml2/managers.py:820}}
Nov 10 19:05:49.149793 n-d-813897-4 neutron-server[102506]: DEBUG neutron.plugins.ml2.drivers.mech_agent [req-5d630e85-038a-4b07-a50a-5b6bca65f743 req-7b4a65fc-3589-4228-89df-0130a2bbb859 service neutron] Attempting to bind port 046bdb90-4d35-4639-97ff-a900315c479b on network d392c118-92b4-47b2-87bf-77c096e8a630 {{(pid=102506) bind_port /opt/stack/neutron/neutron/plugins/ml2/drivers/mech_agent.py:91}}
Nov 10 19:05:49.159694 n-d-813897-4 neutron-server[102506]: DEBUG neutron.plugins.ml2.drivers.mech_agent [req-5d630e85-038a-4b07-a50a-5b6bca65f743 req-7b4a65fc-3589-4228-89df-0130a2bbb859 service neutron] Port 046bdb90-4d35-4639-97ff-a900315c479b on network d392c118-92b4-47b2-87bf-77c096e8a630 not bound, no agent of type Open vSwitch agent registered on host n-h2-813897-4 {{(pid=102506) bind_port /opt/stack/neutron/neutron/plugins/ml2/drivers/mech_agent.py:103}}
Nov 10 19:05:49.174439 n-d-813897-4 neutron-server[102507]: DEBUG neutron.plugins.ml2.db [None req-c0830ecd-2702-4ca6-89e6-66a66ceaf780 None None] For port e8337b31-6358-4a57-9b86-86cd24593ba4, host n-h1-813897-4, got binding levels [PortBindingLevel(driver='hyperv',host='n-h1-813897-4',level=0,port_id=e8337b31-6358-4a57-9b86-86cd24593ba4,segment=NetworkSegment(f30db029-3af0-4a37-9a3a-3d875216d3a4),segment_id=f30db029-3af0-4a37-9a3a-3d875216d3a4)] {{(pid=102507) get_binding_level_objs /opt/stack/neutron/neutron/plugins/ml2/db.py:74}}
Nov 10 19:05:49.175046 n-d-813897-4 neutron-server[102506]: DEBUG neutron.plugins.ml2.drivers.mech_agent [req-5d630e85-038a-4b07-a50a-5b6bca65f743 req-7b4a65fc-3589-4228-89df-0130a2bbb859 service neutron] Attempting to bind port 046bdb90-4d35-4639-97ff-a900315c479b on network d392c118-92b4-47b2-87bf-77c096e8a630 {{(pid=102506) bind_port /opt/stack/neutron/neutron/plugins/ml2/drivers/mech_agent.py:91}}
Nov 10 19:05:49.192006 n-d-813897-4 neutron-server[102507]: DEBUG neutron.plugins.ml2.rpc [None req-c0830ecd-2702-4ca6-89e6-66a66ceaf780 None None] Returning: {'device': 'e8337b31-6358-4a57-9b86-86cd24593ba4', 'network_id': '423e20a9-8495-4dca-adac-a4f59edcf0b6', 'port_id': 'e8337b31-6358-4a57-9b86-86cd24593ba4', 'mac_address': 'fa:16:3e:de:58:43', 'admin_state_up': True, 'network_type': 'vlan', 'segmentation_id': 738, 'physical_network': 'physnet1', 'mtu': 1500, 'fixed_ips': [{'subnet_id': '9a832f56-5207-4167-a27c-433bc2e28f2d', 'ip_address': '172.20.0.8'}], 'device_owner': 'compute:tempest-test_az-1001816493', 'allowed_address_pairs': [], 'port_security_enabled': True, 'qos_policy_id': None, 'network_qos_policy_id': None, 'profile': {}, 'propagate_uplink_status': False} {{(pid=102507) _get_device_details /opt/stack/neutron/neutron/plugins/ml2/rpc.py:184}}
Nov 10 19:05:49.220130 n-d-813897-4 neutron-server[102505]: DEBUG neutron.notifiers.nova [req-f70d127d-f979-4d9e-959d-c136746a09c3 req-ce863083-d3f1-4b80-8453-193862494e16 service neutron] Ignoring state change previous_port_status: DOWN current_port_status: DOWN port_id 653b8478-220b-442b-8286-259dcc0b0481 {{(pid=102505) record_port_status_changed /opt/stack/neutron/neutron/notifiers/nova.py:224}}
Nov 10 19:05:49.243902 n-d-813897-4 neutron-server[102505]: DEBUG neutron_lib.callbacks.manager [req-f70d127d-f979-4d9e-959d-c136746a09c3 req-ce863083-d3f1-4b80-8453-193862494e16 service neutron] Publish callbacks [] for port, precommit_update {{(pid=102505) _notify_loop /usr/local/lib/python3.8/dist-packages/neutron_lib/callbacks/manager.py:175}}
Nov 10 19:05:49.248522 n-d-813897-4 neutron-server[102507]: DEBUG neutron_lib.callbacks.manager [None req-c0830ecd-2702-4ca6-89e6-66a66ceaf780 None None] Publish callbacks ['neutron.plugins.ml2.plugin.SecurityGroupDbMixin._ensure_default_security_group_handler-531566'] for port, before_update {{(pid=102507) _notify_loop /usr/local/lib/python3.8/dist-packages/neutron_lib/callbacks/manager.py:175}}
Nov 10 19:05:49.255258 n-d-813897-4 neutron-server[102506]: DEBUG neutron.plugins.ml2.drivers.mech_agent [req-5d630e85-038a-4b07-a50a-5b6bca65f743 req-7b4a65fc-3589-4228-89df-0130a2bbb859 service neutron] Checking agent: {'id': '991cfb7a-349a-410e-885e-4d770a06062a', 'agent_type': 'HyperV agent', 'binary': 'neutron-hyperv-agent', 'topic': 'N/A', 'host': 'n-h2-813897-4', 'admin_state_up': True, 'created_at': datetime.datetime(2021, 11, 10, 19, 2, 55), 'started_at': datetime.datetime(2021, 11, 10, 19, 2, 55), 'heartbeat_timestamp': datetime.datetime(2021, 11, 10, 19, 5, 25), 'description': None, 'resources_synced': None, 'availability_zone': None, 'alive': True, 'configurations': {'vswitch_mappings': {'physnet1$': 'br-data'}}, 'resource_versions': {}} {{(pid=102506) bind_port /opt/stack/neutron/neutron/plugins/ml2/drivers/mech_agent.py:110}}
Nov 10 19:05:49.255845 n-d-813897-4 neutron-server[102506]: DEBUG neutron.plugins.ml2.drivers.mech_agent [req-5d630e85-038a-4b07-a50a-5b6bca65f743 req-7b4a65fc-3589-4228-89df-0130a2bbb859 service neutron] Checking segment: {'id': '657a6071-102f-40b0-926b-f65d4e9cacfb', 'network_type': 'vlan', 'physical_network': 'physnet1', 'segmentation_id': 712, 'network_id': 'd392c118-92b4-47b2-87bf-77c096e8a630'} for mappings: {'physnet1$': 'br-data'} with network types: ['local', 'flat', 'vlan'] {{(pid=102506) check_segment_for_agent /opt/stack/neutron/neutron/plugins/ml2/drivers/mech_agent.py:371}}
Nov 10 19:05:49.256147 n-d-813897-4 neutron-server[102506]: DEBUG neutron.plugins.ml2.drivers.mech_agent [req-5d630e85-038a-4b07-a50a-5b6bca65f743 req-7b4a65fc-3589-4228-89df-0130a2bbb859 service neutron] Bound using segment: {'id': '657a6071-102f-40b0-926b-f65d4e9cacfb', 'network_type': 'vlan', 'physical_network': 'physnet1', 'segmentation_id': 712, 'network_id': 'd392c118-92b4-47b2-87bf-77c096e8a630'} {{(pid=102506) bind_port /opt/stack/neutron/neutron/plugins/ml2/drivers/mech_agent.py:120}}
Nov 10 19:05:49.256663 n-d-813897-4 neutron-server[102506]: DEBUG neutron.plugins.ml2.managers [req-5d630e85-038a-4b07-a50a-5b6bca65f743 req-7b4a65fc-3589-4228-89df-0130a2bbb859 service neutron] Bound port: 046bdb90-4d35-4639-97ff-a900315c479b, host: n-h2-813897-4, vif_type: hyperv, vif_details: {"connectivity": "legacy", "port_filter": false}, binding_levels: [{'bound_driver': 'hyperv', 'bound_segment': {'id': '657a6071-102f-40b0-926b-f65d4e9cacfb', 'network_type': 'vlan', 'physical_network': 'physnet1', 'segmentation_id': 712, 'network_id': 'd392c118-92b4-47b2-87bf-77c096e8a630'}}] {{(pid=102506) _bind_port_level /opt/stack/neutron/neutron/plugins/ml2/managers.py:932}}
Nov 10 19:05:49.257091 n-d-813897-4 neutron-server[102506]: DEBUG neutron_lib.callbacks.manager [req-5d630e85-038a-4b07-a50a-5b6bca65f743 req-7b4a65fc-3589-4228-89df-0130a2bbb859 service neutron] Publish callbacks ['neutron.plugins.ml2.plugin.SecurityGroupDbMixin._ensure_default_security_group_handler-531566'] for port, before_update {{(pid=102506) _notify_loop /usr/local/lib/python3.8/dist-packages/neutron_lib/callbacks/manager.py:175}}
Nov 10 19:05:49.266975 n-d-813897-4 neutron-server[102505]: DEBUG neutron.db.provisioning_blocks [req-f70d127d-f979-4d9e-959d-c136746a09c3 req-ce863083-d3f1-4b80-8453-193862494e16 service neutron] Transition to ACTIVE for port object 653b8478-220b-442b-8286-259dcc0b0481 will not be triggered until provisioned by entity L2. {{(pid=102505) add_provisioning_component /opt/stack/neutron/neutron/db/provisioning_blocks.py:73}}
Nov 10 19:05:49.271615 n-d-813897-4 neutron-server[102507]: DEBUG neutron.notifiers.nova [None req-c0830ecd-2702-4ca6-89e6-66a66ceaf780 None None] Ignoring state change previous_port_status: DOWN current_port_status: BUILD port_id e8337b31-6358-4a57-9b86-86cd24593ba4 {{(pid=102507) record_port_status_changed /opt/stack/neutron/neutron/notifiers/nova.py:224}}
Nov 10 19:05:49.276705 n-d-813897-4 neutron-server[102505]: DEBUG neutron_lib.callbacks.manager [req-f70d127d-f979-4d9e-959d-c136746a09c3 req-ce863083-d3f1-4b80-8453-193862494e16 service neutron] Publish callbacks ['neutron.plugins.ml2.plugin.SecurityGroupServerNotifierRpcMixin._notify_sg_on_port_change-3536341', 'neutron.plugins.ml2.ovo_rpc._ObjectChangeHandler.handle_event-61057', 'neutron.api.rpc.agentnotifiers.dhcp_rpc_agent_api.DhcpAgentNotifyAPI._native_event_send_dhcp_notification-3908768', 'neutron.db.l3_db.L3RpcNotifierMixin._notify_gateway_port_ip_changed-8739350356107', 'neutron.db.l3_dvrscheduler_db._notify_l3_agent_port_update-8739349943682', 'neutron.db.l3_hascheduler_db._notify_l3_agent_ha_port_update-8739349943700', 'neutron.services.segments.plugin.NovaSegmentNotifier._notify_port_updated-9292142'] for port, after_update {{(pid=102505) _notify_loop /usr/local/lib/python3.8/dist-packages/neutron_lib/callbacks/manager.py:175}}
Nov 10 19:05:49.297830 n-d-813897-4 neutron-server[102507]: DEBUG neutron.plugins.ml2.db [None req-c0830ecd-2702-4ca6-89e6-66a66ceaf780 None None] For port e8337b31-6358-4a57-9b86-86cd24593ba4, host n-h1-813897-4, got binding levels [PortBindingLevel(driver='hyperv',host='n-h1-813897-4',level=0,port_id=e8337b31-6358-4a57-9b86-86cd24593ba4,segment=NetworkSegment(f30db029-3af0-4a37-9a3a-3d875216d3a4),segment_id=f30db029-3af0-4a37-9a3a-3d875216d3a4)] {{(pid=102507) get_binding_level_objs /opt/stack/neutron/neutron/plugins/ml2/db.py:74}}
Nov 10 19:05:49.304544 n-d-813897-4 neutron-server[102507]: DEBUG neutron_lib.callbacks.manager [None req-c0830ecd-2702-4ca6-89e6-66a66ceaf780 None None] Publish callbacks ['neutron.plugins.ml2.plugin.SecurityGroupServerNotifierRpcMixin._notify_sg_on_port_change-3536341', 'neutron.plugins.ml2.ovo_rpc._ObjectChangeHandler.handle_event-61057', 'neutron.api.rpc.agentnotifiers.dhcp_rpc_agent_api.DhcpAgentNotifyAPI._native_event_send_dhcp_notification-3908768', 'neutron.db.l3_db.L3RpcNotifierMixin._notify_gateway_port_ip_changed-8739350356107', 'neutron.db.l3_dvrscheduler_db._notify_l3_agent_port_update-8739349943682', 'neutron.db.l3_hascheduler_db._notify_l3_agent_ha_port_update-8739349943700'] for port, after_update {{(pid=102507) _notify_loop /usr/local/lib/python3.8/dist-packages/neutron_lib/callbacks/manager.py:175}}
Nov 10 19:05:49.336549 n-d-813897-4 neutron-server[102505]: DEBUG neutron.api.rpc.handlers.resources_rpc [None req-ce863083-d3f1-4b80-8453-193862494e16 service neutron] Pushing event updated for resources: {'Port': ['ID=653b8478-220b-442b-8286-259dcc0b0481,revision_number=2']} {{(pid=102505) push /opt/stack/neutron/neutron/api/rpc/handlers/resources_rpc.py:237}}
Nov 10 19:05:49.390556 n-d-813897-4 neutron-server[102507]: DEBUG neutron.api.rpc.handlers.resources_rpc [None req-c0830ecd-2702-4ca6-89e6-66a66ceaf780 None None] Pushing event updated for resources: {'Port': ['ID=e8337b31-6358-4a57-9b86-86cd24593ba4,revision_number=4']} {{(pid=102507) push /opt/stack/neutron/neutron/api/rpc/handlers/resources_rpc.py:237}}
Nov 10 19:05:49.448122 n-d-813897-4 neutron-server[102505]: DEBUG neutron.plugins.ml2.managers [req-f70d127d-f979-4d9e-959d-c136746a09c3 req-ce863083-d3f1-4b80-8453-193862494e16 service neutron] Attempting to bind port 653b8478-220b-442b-8286-259dcc0b0481 on host n-h2-813897-4 for vnic_type normal with profile {{(pid=102505) bind_port /opt/stack/neutron/neutron/plugins/ml2/managers.py:795}}
