Oct 13 04:02:30.643486 n-d-813736-1 devstack@n-api.service[94354]: [pid: 94354|app: 0|req: 11/20] 10.222.0.49 () {60 vars in 1291 bytes} [Wed Oct 13 04:02:30 2021] GET /compute/v2.1/flavors/detail?is_public=True => generated 2106 bytes in 97 msecs (HTTP/1.1 200) 9 headers in 360 bytes (2 switches on core 0)
Oct 13 04:02:33.013311 n-d-813736-1 devstack@n-api.service[94355]: DEBUG nova.api.openstack.wsgi [None req-da8100c3-3a87-4f4a-b4cd-df8c09f5b0a1 admin admin] Calling method '>' {{(pid=94355) _process_stack /opt/stack/nova/nova/api/openstack/wsgi.py:513}}
Oct 13 04:02:33.015190 n-d-813736-1 devstack@n-api.service[94355]: INFO nova.api.openstack.requestlog [None req-da8100c3-3a87-4f4a-b4cd-df8c09f5b0a1 admin admin] 10.222.0.49 "GET /compute/v2.1" status: 200 len: 388 microversion: 2.1 time: 0.002198
Oct 13 04:02:33.015813 n-d-813736-1 devstack@n-api.service[94355]: [pid: 94355|app: 0|req: 10/21] 10.222.0.49 () {54 vars in 930 bytes} [Wed Oct 13 04:02:33 2021] GET /compute/v2.1 => generated 388 bytes in 4 msecs (HTTP/1.1 200) 9 headers in 357 bytes (1 switches on core 0)
Oct 13 04:02:33.081822 n-d-813736-1 devstack@n-api.service[94354]: DEBUG nova.api.openstack.wsgi [None req-74b1b18a-64b4-4d49-80b4-66fbf0ca0824 admin admin] Action: 'create', calling method: >, body: {"flavor": {"swap": 0, "name": "m1.tiny", "ram": 512, "id": "1", "OS-FLV-EXT-DATA:ephemeral": 0, "vcpus": 1, "rxtx_factor": 1.0, "disk": 1, "os-flavor-access:is_public": true}} {{(pid=94354) _process_stack /opt/stack/nova/nova/api/openstack/wsgi.py:511}}
Oct 13 04:02:33.103405 n-d-813736-1 devstack@n-api.service[94354]: INFO nova.api.openstack.requestlog [None req-74b1b18a-64b4-4d49-80b4-66fbf0ca0824 admin admin] 10.222.0.49 "POST /compute/v2.1/flavors" status: 200 len: 402 microversion: 2.61 time: 0.080150
Oct 13 04:02:33.111988 n-d-813736-1 devstack@n-api.service[94354]: [pid: 94354|app: 0|req: 12/22] 10.222.0.49 () {64 vars in 1282 bytes} [Wed Oct 13 04:02:33 2021] POST /compute/v2.1/flavors => generated 402 bytes in 89 msecs (HTTP/1.1 200) 9 headers in 359 bytes (1 switches on core 0)
Oct 13 04:02:33.116604 n-d-813736-1 devstack@n-api.service[94355]: DEBUG nova.api.openstack.wsgi [None req-a4f3212e-9d03-4d73-90ae-c7c2e00fa957 admin admin] Action: 'create', calling method: >, body: {"extra_specs": {"hw_rng:allowed": "True"}} {{(pid=94355) _process_stack /opt/stack/nova/nova/api/openstack/wsgi.py:511}}
Oct 13 04:02:33.142706 n-d-813736-1 devstack@n-api.service[94355]: INFO nova.api.openstack.requestlog [None req-a4f3212e-9d03-4d73-90ae-c7c2e00fa957 admin admin] 10.222.0.49 "POST /compute/v2.1/flavors/1/os-extra_specs" status: 200 len: 43 microversion: 2.61 time: 0.029485
Oct 13 04:02:33.144249 n-d-813736-1 devstack@n-api.service[94355]: [pid: 94355|app: 0|req: 11/23] 10.222.0.49 () {64 vars in 1332 bytes} [Wed Oct 13 04:02:33 2021] POST /compute/v2.1/flavors/1/os-extra_specs => generated 43 bytes in 31 msecs (HTTP/1.1 200) 9 headers in 358 bytes (1 switches on core 0)
Oct 13 04:02:35.502802 n-d-813736-1 devstack@n-api.service[94354]: DEBUG nova.api.openstack.wsgi [None req-74b1b18a-64b4-4d49-80b4-66fbf0ca0824 admin admin] Calling method '>' {{(pid=94354) _process_stack /opt/stack/nova/nova/api/openstack/wsgi.py:513}}
Oct 13 04:02:35.504174 n-d-813736-1 devstack@n-api.service[94354]: INFO nova.api.openstack.requestlog [None req-74b1b18a-64b4-4d49-80b4-66fbf0ca0824 admin admin] 10.222.0.49 "GET /compute/v2.1" status: 200 len: 388 microversion: 2.1 time: 0.001973
Oct 13 04:02:35.504734 n-d-813736-1 devstack@n-api.service[94354]: [pid: 94354|app: 0|req: 13/24] 10.222.0.49 () {54 vars in 930 bytes} [Wed Oct 13 04:02:35 2021] GET /compute/v2.1 => generated 388 bytes in 3 msecs (HTTP/1.1 200) 9 headers in 357 bytes (1 switches on core 0)
Oct 13 04:02:35.567662 n-d-813736-1 devstack@n-api.service[94355]: DEBUG nova.api.openstack.wsgi [None req-64a80866-2584-40c9-ac8f-c735c567887f admin admin] Action: 'create', calling method: >, body: {"flavor": {"name": "m1.small", "vcpus": 1, "rxtx_factor": 1.0, "OS-FLV-EXT-DATA:ephemeral": 0, "id": "2", "ram": 2048, "disk": 20, "os-flavor-access:is_public": true, "swap": 0}} {{(pid=94355) _process_stack /opt/stack/nova/nova/api/openstack/wsgi.py:511}}
Oct 13 04:02:35.587407 n-d-813736-1 devstack@n-api.service[94355]: INFO nova.api.openstack.requestlog [None req-64a80866-2584-40c9-ac8f-c735c567887f admin admin] 10.222.0.49 "POST /compute/v2.1/flavors" status: 200 len: 405 microversion: 2.61 time: 0.075533
Oct 13 04:02:35.588257 n-d-813736-1 devstack@n-api.service[94355]: [pid: 94355|app: 0|req: 12/25] 10.222.0.49 () {64 vars in 1282 bytes} [Wed Oct 13 04:02:35 2021] POST /compute/v2.1/flavors => generated 405 bytes in 77 msecs (HTTP/1.1 200) 9 headers in 359 bytes (1 switches on core 0)
Oct 13 04:02:35.603838 n-d-813736-1 devstack@n-api.service[94354]: DEBUG nova.api.openstack.wsgi [None req-442b58b4-930b-4239-8006-00f0c708bc71 admin admin] Action: 'create', calling method: >, body: {"extra_specs": {"hw_rng:allowed": "True"}} {{(pid=94354) _process_stack /opt/stack/nova/nova/api/openstack/wsgi.py:511}}
Oct 13 04:02:35.646845 n-d-813736-1 devstack@n-api.service[94354]: INFO nova.api.openstack.requestlog [None req-442b58b4-930b-4239-8006-00f0c708bc71 admin admin] 10.222.0.49 "POST /compute/v2.1/flavors/2/os-extra_specs" status: 200 len: 43 microversion: 2.61 time: 0.047949
Oct 13 04:02:35.647645 n-d-813736-1 devstack@n-api.service[94354]: [pid: 94354|app: 0|req: 14/26] 10.222.0.49 () {64 vars in 1332 bytes} [Wed Oct 13 04:02:35 2021] POST /compute/v2.1/flavors/2/os-extra_specs => generated 43 bytes in 50 msecs (HTTP/1.1 200) 9 headers in 358 bytes (2 switches on core 0)
Oct 13 04:02:38.382365 n-d-813736-1 devstack@n-api.service[94355]: DEBUG nova.api.openstack.wsgi [None req-64a80866-2584-40c9-ac8f-c735c567887f admin admin] Calling method '>' {{(pid=94355) _process_stack /opt/stack/nova/nova/api/openstack/wsgi.py:513}}
Oct 13 04:02:38.383611 n-d-813736-1 devstack@n-api.service[94355]: INFO nova.api.openstack.requestlog [None req-64a80866-2584-40c9-ac8f-c735c567887f admin admin] 10.222.0.49 "GET /compute/v2.1" status: 200 len: 388 microversion: 2.1 time: 0.001923
Oct 13 04:02:38.384171 n-d-813736-1 devstack@n-api.service[94355]: [pid: 94355|app: 0|req: 13/27] 10.222.0.49 () {54 vars in 930 bytes} [Wed Oct 13 04:02:38 2021] GET /compute/v2.1 => generated 388 bytes in 3 msecs (HTTP/1.1 200) 9 headers in 357 bytes (1 switches on core 0)
Oct 13 04:02:38.444832 n-d-813736-1 devstack@n-api.service[94354]: DEBUG nova.api.openstack.wsgi [None req-3cacccad-8880-4a3b-94a0-66ba7bc01038 admin admin] Action: 'create', calling method: >, body: {"flavor": {"rxtx_factor": 1.0, "OS-FLV-EXT-DATA:ephemeral": 0, "disk": 40, "os-flavor-access:is_public": true, "name": "m1.medium", "vcpus": 2, "id": "3", "swap": 0, "ram": 4096}} {{(pid=94354) _process_stack /opt/stack/nova/nova/api/openstack/wsgi.py:511}}
Oct 13 04:02:38.464070 n-d-813736-1 devstack@n-api.service[94354]: INFO nova.api.openstack.requestlog [None req-3cacccad-8880-4a3b-94a0-66ba7bc01038 admin admin] 10.222.0.49 "POST /compute/v2.1/flavors" status: 200 len: 406 microversion: 2.61 time: 0.072099
Oct 13 04:02:38.464621 n-d-813736-1 devstack@n-api.service[94354]: [pid: 94354|app: 0|req: 15/28] 10.222.0.49 () {64 vars in 1282 bytes} [Wed Oct 13 04:02:38 2021] POST /compute/v2.1/flavors => generated 406 bytes in 73 msecs (HTTP/1.1 200) 9 headers in 359 bytes (1 switches on core 0)
Oct 13 04:02:38.480703 n-d-813736-1 devstack@n-api.service[94355]: DEBUG nova.api.openstack.wsgi [None req-a8eb6fb6-03d9-4e00-8123-1e03768e68f0 admin admin] Action: 'create', calling method: >, body: {"extra_specs": {"hw_rng:allowed": "True"}} {{(pid=94355) _process_stack /opt/stack/nova/nova/api/openstack/wsgi.py:511}}
Oct 13 04:02:38.507749 n-d-813736-1 devstack@n-api.service[94355]: INFO nova.api.openstack.requestlog [None req-a8eb6fb6-03d9-4e00-8123-1e03768e68f0 admin admin] 10.222.0.49 "POST /compute/v2.1/flavors/3/os-extra_specs" status: 200 len: 43 microversion: 2.61 time: 0.031744
Oct 13 04:02:38.515108 n-d-813736-1 devstack@n-api.service[94355]: [pid: 94355|app: 0|req: 14/29] 10.222.0.49 () {64 vars in 1332 bytes} [Wed Oct 13 04:02:38 2021] POST /compute/v2.1/flavors/3/os-extra_specs => generated 43 bytes in 33 msecs (HTTP/1.1 200) 9 headers in 358 bytes (1 switches on core 0)
Oct 13 04:02:41.032085 n-d-813736-1 devstack@n-api.service[94354]: DEBUG nova.api.openstack.wsgi [None req-3cacccad-8880-4a3b-94a0-66ba7bc01038 admin admin] Calling method '>' {{(pid=94354) _process_stack /opt/stack/nova/nova/api/openstack/wsgi.py:513}}
Oct 13 04:02:41.033093 n-d-813736-1 devstack@n-api.service[94354]: INFO nova.api.openstack.requestlog [None req-3cacccad-8880-4a3b-94a0-66ba7bc01038 admin admin] 10.222.0.49 "GET /compute/v2.1" status: 200 len: 388 microversion: 2.1 time: 0.001455
Oct 13 04:02:41.033500 n-d-813736-1 devstack@n-api.service[94354]: [pid: 94354|app: 0|req: 16/30] 10.222.0.49 () {54 vars in 930 bytes} [Wed Oct 13 04:02:41 2021] GET /compute/v2.1 => generated 388 bytes in 2 msecs (HTTP/1.1 200) 9 headers in 357 bytes (1 switches on core 0)
Oct 13 04:02:41.092596 n-d-813736-1 devstack@n-api.service[94355]: DEBUG nova.api.openstack.wsgi [None req-6e35a9fc-17dc-4449-b811-15b3800c4541 admin admin] Action: 'create', calling method: >, body: {"flavor": {"id": "4", "os-flavor-access:is_public": true, "OS-FLV-EXT-DATA:ephemeral": 0, "vcpus": 4, "name": "m1.large", "swap": 0, "ram": 8192, "disk": 80, "rxtx_factor": 1.0}} {{(pid=94355) _process_stack /opt/stack/nova/nova/api/openstack/wsgi.py:511}}
Oct 13 04:02:41.110232 n-d-813736-1 devstack@n-api.service[94355]: INFO nova.api.openstack.requestlog [None req-6e35a9fc-17dc-4449-b811-15b3800c4541 admin admin] 10.222.0.49 "POST /compute/v2.1/flavors" status: 200 len: 405 microversion: 2.61 time: 0.070425
Oct 13 04:02:41.110776 n-d-813736-1 devstack@n-api.service[94355]: [pid: 94355|app: 0|req: 15/31] 10.222.0.49 () {64 vars in 1282 bytes} [Wed Oct 13 04:02:41 2021] POST /compute/v2.1/flavors => generated 405 bytes in 72 msecs (HTTP/1.1 200) 9 headers in 359 bytes (1 switches on core 0)
Oct 13 04:02:41.123224 n-d-813736-1 devstack@n-api.service[94354]: DEBUG nova.api.openstack.wsgi [None req-3fb0d8cd-ace5-4800-98dd-3616f319d041 admin admin] Action: 'create', calling method: >, body: {"extra_specs": {"hw_rng:allowed": "True"}} {{(pid=94354) _process_stack /opt/stack/nova/nova/api/openstack/wsgi.py:511}}
Oct 13 04:02:41.144875 n-d-813736-1 devstack@n-api.service[94354]: INFO nova.api.openstack.requestlog [None req-3fb0d8cd-ace5-4800-98dd-3616f319d041 admin admin] 10.222.0.49 "POST /compute/v2.1/flavors/4/os-extra_specs" status: 200 len: 43 microversion: 2.61 time: 0.025392
Oct 13 04:02:41.145562 n-d-813736-1 devstack@n-api.service[94354]: [pid: 94354|app: 0|req: 17/32] 10.222.0.49 () {64 vars in 1332 bytes} [Wed Oct 13 04:02:41 2021] POST /compute/v2.1/flavors/4/os-extra_specs => generated 43 bytes in 27 msecs (HTTP/1.1 200) 9 headers in 358 bytes (1 switches on core 0)
Oct 13 04:02:43.479510 n-d-813736-1 devstack@n-api.service[94355]: DEBUG nova.api.openstack.wsgi [None req-6e35a9fc-17dc-4449-b811-15b3800c4541 admin admin] Calling method '>' {{(pid=94355) _process_stack /opt/stack/nova/nova/api/openstack/wsgi.py:513}}
Oct 13 04:02:43.481422 n-d-813736-1 devstack@n-api.service[94355]: INFO nova.api.openstack.requestlog [None req-6e35a9fc-17dc-4449-b811-15b3800c4541 admin admin] 10.222.0.49 "GET /compute/v2.1" status: 200 len: 388 microversion: 2.1 time: 0.002146
Oct 13 04:02:43.481922 n-d-813736-1 devstack@n-api.service[94355]: [pid: 94355|app: 0|req: 16/33] 10.222.0.49 () {54 vars in 930 bytes} [Wed Oct 13 04:02:43 2021] GET /compute/v2.1 => generated 388 bytes in 3 msecs (HTTP/1.1 200) 9 headers in 357 bytes (1 switches on core 0)
Oct 13 04:02:43.549340 n-d-813736-1 devstack@n-api.service[94354]: DEBUG nova.api.openstack.wsgi [None req-c5b3f76c-fb21-47a6-9f5a-baa61132362a admin admin] Action: 'create', calling method: >, body: {"flavor": {"disk": 160, "OS-FLV-EXT-DATA:ephemeral": 0, "ram": 16384, "vcpus": 8, "swap": 0, "rxtx_factor": 1.0, "id": "5", "name": "m1.xlarge", "os-flavor-access:is_public": true}} {{(pid=94354) _process_stack /opt/stack/nova/nova/api/openstack/wsgi.py:511}}
Oct 13 04:02:43.568737 n-d-813736-1 devstack@n-api.service[94354]: INFO nova.api.openstack.requestlog [None req-c5b3f76c-fb21-47a6-9f5a-baa61132362a admin admin] 10.222.0.49 "POST /compute/v2.1/flavors" status: 200 len: 408 microversion: 2.61 time: 0.080179
Oct 13 04:02:43.569444 n-d-813736-1 devstack@n-api.service[94354]: [pid: 94354|app: 0|req: 18/34] 10.222.0.49 () {64 vars in 1282 bytes} [Wed Oct 13 04:02:43 2021] POST /compute/v2.1/flavors => generated 408 bytes in 81 msecs (HTTP/1.1 200) 9 headers in 359 bytes (2 switches on core 0)
Oct 13 04:02:43.585002 n-d-813736-1 devstack@n-api.service[94355]: DEBUG nova.api.openstack.wsgi [None req-3b46f8ea-74b7-44df-800d-69e0e0a601bd admin admin] Action: 'create', calling method: >, body: {"extra_specs": {"hw_rng:allowed": "True"}} {{(pid=94355) _process_stack /opt/stack/nova/nova/api/openstack/wsgi.py:511}}
Oct 13 04:02:43.609592 n-d-813736-1 devstack@n-api.service[94355]: INFO nova.api.openstack.requestlog [None req-3b46f8ea-74b7-44df-800d-69e0e0a601bd admin admin] 10.222.0.49 "POST /compute/v2.1/flavors/5/os-extra_specs" status: 200 len: 43 microversion: 2.61 time: 0.028356
Oct 13 04:02:43.610756 n-d-813736-1 devstack@n-api.service[94355]: [pid: 94355|app: 0|req: 17/35] 10.222.0.49 () {64 vars in 1332 bytes} [Wed Oct 13 04:02:43 2021] POST /compute/v2.1/flavors/5/os-extra_specs => generated 43 bytes in 30 msecs (HTTP/1.1 200) 9 headers in 358 bytes (1 switches on core 0)
Oct 13 04:03:27.502554 n-d-813736-1 devstack@n-api.service[94354]: DEBUG nova.api.openstack.wsgi [None req-c5b3f76c-fb21-47a6-9f5a-baa61132362a admin admin] Calling method '>' {{(pid=94354) _process_stack /opt/stack/nova/nova/api/openstack/wsgi.py:513}}
Oct 13 04:03:27.503570 n-d-813736-1 devstack@n-api.service[94354]: INFO nova.api.openstack.requestlog [None req-c5b3f76c-fb21-47a6-9f5a-baa61132362a admin admin] 10.222.0.49 "GET /compute/v2.1" status: 200 len: 388 microversion: 2.1 time: 0.001435
Oct 13 04:03:27.503962 n-d-813736-1 devstack@n-api.service[94354]: [pid: 94354|app: 0|req: 19/36] 10.222.0.49 () {54 vars in 930 bytes} [Wed Oct 13 04:03:27 2021] GET /compute/v2.1 => generated 388 bytes in 2 msecs (HTTP/1.1 200) 9 headers in 357 bytes (1 switches on core 0)
Oct 13 04:03:27.562015 n-d-813736-1 devstack@n-api.service[94355]: DEBUG nova.api.openstack.wsgi [None req-2db03d9f-ef16-4892-8db9-3fd5683eb0aa admin admin] Calling method '>' {{(pid=94355) _process_stack /opt/stack/nova/nova/api/openstack/wsgi.py:513}}
Oct 13 04:03:27.580851 n-d-813736-1 devstack@n-api.service[94355]: INFO nova.api.openstack.requestlog [None req-2db03d9f-ef16-4892-8db9-3fd5683eb0aa admin admin] 10.222.0.49 "GET /compute/v2.1/flavors/detail?is_public=True" status: 200 len: 4202 microversion: 2.61 time: 0.070094
Oct 13 04:03:27.581374 n-d-813736-1 devstack@n-api.service[94355]: [pid: 94355|app: 0|req: 18/37] 10.222.0.49 () {60 vars in 1291 bytes} [Wed Oct 13 04:03:27 2021] GET /compute/v2.1/flavors/detail?is_public=True => generated 4202 bytes in 71 msecs (HTTP/1.1 200) 9 headers in 360 bytes (1 switches on core 0)
Oct 13 04:03:29.111040 n-d-813736-1 devstack@n-api.service[94354]: DEBUG nova.api.openstack.wsgi [None req-c5b3f76c-fb21-47a6-9f5a-baa61132362a admin admin] Calling method '>' {{(pid=94354) _process_stack /opt/stack/nova/nova/api/openstack/wsgi.py:513}}
Oct 13 04:03:29.112064 n-d-813736-1 devstack@n-api.service[94354]: INFO nova.api.openstack.requestlog [None req-c5b3f76c-fb21-47a6-9f5a-baa61132362a admin admin] 10.222.0.49 "GET /compute/v2.1" status: 200 len: 388 microversion: 2.1 time: 0.001478
Oct 13 04:03:29.112462 n-d-813736-1 devstack@n-api.service[94354]: [pid: 94354|app: 0|req: 20/38] 10.222.0.49 () {56 vars in 1074 bytes} [Wed Oct 13 04:03:29 2021] GET /compute/v2.1 => generated 388 bytes in 2 msecs (HTTP/1.1 200) 9 headers in 357 bytes (1 switches on core 0)
Oct 13 04:03:29.329524 n-d-813736-1 devstack@n-api.service[94355]: DEBUG nova.api.openstack.wsgi [None req-0e7e357e-9fe1-4357-b217-33282fcdba87 admin admin] Calling method '>' {{(pid=94355) _process_stack /opt/stack/nova/nova/api/openstack/wsgi.py:513}}
Oct 13 04:03:29.334901 n-d-813736-1 devstack@n-api.service[94355]: INFO nova.api.openstack.wsgi [None req-0e7e357e-9fe1-4357-b217-33282fcdba87 admin admin] HTTP exception thrown: Flavor 42 could not be found.
Oct 13 04:03:29.335503 n-d-813736-1 devstack@n-api.service[94355]: DEBUG nova.api.openstack.wsgi [None req-0e7e357e-9fe1-4357-b217-33282fcdba87 admin admin] Returning 404 to user: Flavor 42 could not be found. {{(pid=94355) __call__ /opt/stack/nova/nova/api/openstack/wsgi.py:936}}
Oct 13 04:03:29.336286 n-d-813736-1 devstack@n-api.service[94355]: INFO nova.api.openstack.requestlog [None req-0e7e357e-9fe1-4357-b217-33282fcdba87 admin admin] 10.222.0.49 "GET /compute/v2.1/flavors/42" status: 404 len: 75 microversion: 2.90 time: 0.056848
Oct 13 04:03:29.336786 n-d-813736-1 devstack@n-api.service[94355]: [pid: 94355|app: 0|req: 19/39] 10.222.0.49 () {60 vars in 1190 bytes} [Wed Oct 13 04:03:29 2021] GET /compute/v2.1/flavors/42 => generated 75 bytes in 58 msecs (HTTP/1.1 404) 9 headers in 380 bytes (1 switches on core 0)
Oct 13 04:03:29.347240 n-d-813736-1 devstack@n-api.service[94354]: DEBUG nova.api.openstack.wsgi [None req-638c2e39-ab90-462e-90a4-1a158eb18e09 admin admin] Calling method '>' {{(pid=94354) _process_stack /opt/stack/nova/nova/api/openstack/wsgi.py:513}}
Oct 13 04:03:29.369195 n-d-813736-1 devstack@n-api.service[94354]: INFO nova.api.openstack.requestlog [None req-638c2e39-ab90-462e-90a4-1a158eb18e09 admin admin] 10.222.0.49 "GET /compute/v2.1/flavors?is_public=None" status: 200 len: 2056 microversion: 2.90 time: 0.025738
Oct 13 04:03:29.369738 n-d-813736-1 devstack@n-api.service[94354]: [pid: 94354|app: 0|req: 21/40] 10.222.0.49 () {60 vars in 1210 bytes} [Wed Oct 13 04:03:29 2021] GET /compute/v2.1/flavors?is_public=None => generated 2056 bytes in 27 msecs (HTTP/1.1 200) 9 headers in 360 bytes (1 switches on core 0)
Oct 13 04:03:29.380695 n-d-813736-1 devstack@n-api.service[94355]: DEBUG nova.api.openstack.wsgi [None req-6670be8d-a646-4717-8c75-7b6028da2db5 admin admin] Calling method '>' {{(pid=94355) _process_stack /opt/stack/nova/nova/api/openstack/wsgi.py:513}}
Oct 13 04:03:29.402336 n-d-813736-1 devstack@n-api.service[94355]: INFO nova.api.openstack.requestlog [None req-6670be8d-a646-4717-8c75-7b6028da2db5 admin admin] 10.222.0.49 "GET /compute/v2.1/flavors?is_public=None" status: 200 len: 2056 microversion: 2.90 time: 0.025062
Oct 13 04:03:29.402867 n-d-813736-1 devstack@n-api.service[94355]: [pid: 94355|app: 0|req: 20/41] 10.222.0.49 () {60 vars in 1210 bytes} [Wed Oct 13 04:03:29 2021] GET /compute/v2.1/flavors?is_public=None => generated 2056 bytes in 26 msecs (HTTP/1.1 200) 9 headers in 360 bytes (1 switches on core 0)
Oct 13 04:03:29.412772 n-d-813736-1 devstack@n-api.service[94354]: DEBUG nova.api.openstack.wsgi [None req-667f320a-fc2d-4afa-b022-bc370071110f admin admin] Calling method '>' {{(pid=94354) _process_stack /opt/stack/nova/nova/api/openstack/wsgi.py:513}}
Oct 13 04:03:29.419331 n-d-813736-1 devstack@n-api.service[94354]: INFO nova.api.openstack.wsgi [None req-667f320a-fc2d-4afa-b022-bc370071110f admin admin] HTTP exception thrown: Flavor 42 could not be found.
Oct 13 04:03:29.419906 n-d-813736-1 devstack@n-api.service[94354]: DEBUG nova.api.openstack.wsgi [None req-667f320a-fc2d-4afa-b022-bc370071110f admin admin] Returning 404 to user: Flavor 42 could not be found. {{(pid=94354) __call__ /opt/stack/nova/nova/api/openstack/wsgi.py:936}}
Oct 13 04:03:29.420703 n-d-813736-1 devstack@n-api.service[94354]: INFO nova.api.openstack.requestlog [None req-667f320a-fc2d-4afa-b022-bc370071110f admin admin] 10.222.0.49 "GET /compute/v2.1/flavors/42" status: 404 len: 75 microversion: 2.90 time: 0.011571
Oct 13 04:03:29.421219 n-d-813736-1 devstack@n-api.service[94354]: [pid: 94354|app: 0|req: 22/42] 10.222.0.49 () {60 vars in 1190 bytes} [Wed Oct 13 04:03:29 2021] GET /compute/v2.1/flavors/42 => generated 75 bytes in 13 msecs (HTTP/1.1 404) 9 headers in 380 bytes (2 switches on core 0)
Oct 13 04:03:30.859056 n-d-813736-1 devstack@n-api.service[94355]: DEBUG nova.api.openstack.wsgi [None req-6670be8d-a646-4717-8c75-7b6028da2db5 admin admin] Calling method '>' {{(pid=94355) _process_stack /opt/stack/nova/nova/api/openstack/wsgi.py:513}}
Oct 13 04:03:30.860083 n-d-813736-1 devstack@n-api.service[94355]: INFO nova.api.openstack.requestlog [None req-6670be8d-a646-4717-8c75-7b6028da2db5 admin admin] 10.222.0.49 "GET /compute/v2.1" status: 200 len: 388 microversion: 2.1 time: 0.001441
Oct 13 04:03:30.860474 n-d-813736-1 devstack@n-api.service[94355]: [pid: 94355|app: 0|req: 21/43] 10.222.0.49 () {56 vars in 1074 bytes} [Wed Oct 13 04:03:30 2021] GET /compute/v2.1 => generated 388 bytes in 2 msecs (HTTP/1.1 200) 9 headers in 357 bytes (1 switches on core 0)
Oct 13 04:03:31.055453 n-d-813736-1 devstack@n-api.service[94354]: DEBUG nova.api.openstack.wsgi [None req-a06fd9a9-1624-4919-b25c-f7cba050fe22 admin admin] Calling method '>' {{(pid=94354) _process_stack /opt/stack/nova/nova/api/openstack/wsgi.py:513}}
Oct 13 04:03:31.060763 n-d-813736-1 devstack@n-api.service[94354]: INFO nova.api.openstack.wsgi [None req-a06fd9a9-1624-4919-b25c-f7cba050fe22 admin admin] HTTP exception thrown: Flavor 84 could not be found.
Oct 13 04:03:31.061329 n-d-813736-1 devstack@n-api.service[94354]: DEBUG nova.api.openstack.wsgi [None req-a06fd9a9-1624-4919-b25c-f7cba050fe22 admin admin] Returning 404 to user: Flavor 84 could not be found. {{(pid=94354) __call__ /opt/stack/nova/nova/api/openstack/wsgi.py:936}}
Oct 13 04:03:31.062156 n-d-813736-1 devstack@n-api.service[94354]: INFO nova.api.openstack.requestlog [None req-a06fd9a9-1624-4919-b25c-f7cba050fe22 admin admin] 10.222.0.49 "GET /compute/v2.1/flavors/84" status: 404 len: 75 microversion: 2.90 time: 0.059053
Oct 13 04:03:31.062661 n-d-813736-1 devstack@n-api.service[94354]: [pid: 94354|app: 0|req: 23/44] 10.222.0.49 () {60 vars in 1190 bytes} [Wed Oct 13 04:03:31 2021] GET /compute/v2.1/flavors/84 => generated 75 bytes in 60 msecs (HTTP/1.1 404) 9 headers in 380 bytes (1 switches on core 0)
Oct 13 04:03:31.072616 n-d-813736-1 devstack@n-api.service[94355]: DEBUG nova.api.openstack.wsgi [None req-d772db53-3d00-45bb-9e68-4548510f8407 admin admin] Calling method '>' {{(pid=94355) _process_stack /opt/stack/nova/nova/api/openstack/wsgi.py:513}}
Oct 13 04:03:31.086475 n-d-813736-1 devstack@n-api.service[94355]: INFO nova.api.openstack.requestlog [None req-d772db53-3d00-45bb-9e68-4548510f8407 admin admin] 10.222.0.49 "GET /compute/v2.1/flavors?is_public=None" status: 200 len: 2056 microversion: 2.90 time: 0.017527
Oct 13 04:03:31.086999 n-d-813736-1 devstack@n-api.service[94355]: [pid: 94355|app: 0|req: 22/45] 10.222.0.49 () {60 vars in 1210 bytes} [Wed Oct 13 04:03:31 2021] GET /compute/v2.1/flavors?is_public=None => generated 2056 bytes in 19 msecs (HTTP/1.1 200) 9 headers in 360 bytes (1 switches on core 0)
Oct 13 04:03:31.097883 n-d-813736-1 devstack@n-api.service[94354]: DEBUG nova.api.openstack.wsgi [None req-51e101a0-2e39-48b4-9707-55e6bc5d3f94 admin admin] Calling method '>' {{(pid=94354) _process_stack /opt/stack/nova/nova/api/openstack/wsgi.py:513}}
Oct 13 04:03:31.111335 n-d-813736-1 devstack@n-api.service[94354]: INFO nova.api.openstack.requestlog [None req-51e101a0-2e39-48b4-9707-55e6bc5d3f94 admin admin] 10.222.0.49 "GET /compute/v2.1/flavors?is_public=None" status: 200 len: 2056 microversion: 2.90 time: 0.017117
Oct 13 04:03:31.111845 n-d-813736-1 devstack@n-api.service[94354]: [pid: 94354|app: 0|req: 24/46] 10.222.0.49 () {60 vars in 1210 bytes} [Wed Oct 13 04:03:31 2021] GET /compute/v2.1/flavors?is_public=None => generated 2056 bytes in 18 msecs (HTTP/1.1 200) 9 headers in 360 bytes (1 switches on core 0)
Oct 13 04:03:31.121707 n-d-813736-1 devstack@n-api.service[94355]: DEBUG nova.api.openstack.wsgi [None req-c7a4fb0f-8d6c-414c-bdd9-bfdde8ba4832 admin admin] Calling method '>' {{(pid=94355) _process_stack /opt/stack/nova/nova/api/openstack/wsgi.py:513}}
Oct 13 04:03:31.126824 n-d-813736-1 devstack@n-api.service[94355]: INFO nova.api.openstack.wsgi [None req-c7a4fb0f-8d6c-414c-bdd9-bfdde8ba4832 admin admin] HTTP exception thrown: Flavor 84 could not be found.
Oct 13 04:03:31.127423 n-d-813736-1 devstack@n-api.service[94355]: DEBUG nova.api.openstack.wsgi [None req-c7a4fb0f-8d6c-414c-bdd9-bfdde8ba4832 admin admin] Returning 404 to user: Flavor 84 could not be found. {{(pid=94355) __call__ /opt/stack/nova/nova/api/openstack/wsgi.py:936}}
Oct 13 04:03:31.128207 n-d-813736-1 devstack@n-api.service[94355]: INFO nova.api.openstack.requestlog [None req-c7a4fb0f-8d6c-414c-bdd9-bfdde8ba4832 admin admin] 10.222.0.49 "GET /compute/v2.1/flavors/84" status: 404 len: 75 microversion: 2.90 time: 0.010197
Oct 13 04:03:31.128693 n-d-813736-1 devstack@n-api.service[94355]: [pid: 94355|app: 0|req: 23/47] 10.222.0.49 () {60 vars in 1190 bytes} [Wed Oct 13 04:03:31 2021] GET /compute/v2.1/flavors/84 => generated 75 bytes in 11 msecs (HTTP/1.1 404) 9 headers in 380 bytes (1 switches on core 0)
Oct 13 04:03:32.560562 n-d-813736-1 devstack@n-api.service[94354]: DEBUG nova.api.openstack.wsgi [None req-51e101a0-2e39-48b4-9707-55e6bc5d3f94 admin admin] Calling method '>' {{(pid=94354) _process_stack /opt/stack/nova/nova/api/openstack/wsgi.py:513}}
Oct 13 04:03:32.561589 n-d-813736-1 devstack@n-api.service[94354]: INFO nova.api.openstack.requestlog [None req-51e101a0-2e39-48b4-9707-55e6bc5d3f94 admin admin] 10.222.0.49 "GET /compute/v2.1" status: 200 len: 388 microversion: 2.1 time: 0.001445
Oct 13 04:03:32.562017 n-d-813736-1 devstack@n-api.service[94354]: [pid: 94354|app: 0|req: 25/48] 10.222.0.49 () {56 vars in 1074 bytes} [Wed Oct 13 04:03:32 2021] GET /compute/v2.1 => generated 388 bytes in 2 msecs (HTTP/1.1 200) 9 headers in 357 bytes (1 switches on core 0)
Oct 13 04:03:32.752480 n-d-813736-1 devstack@n-api.service[94355]: DEBUG nova.api.openstack.wsgi [None req-c4dc3238-759f-4037-be03-4e89f255a068 admin admin] Calling method '>' {{(pid=94355) _process_stack /opt/stack/nova/nova/api/openstack/wsgi.py:513}}
Oct 13 04:03:32.758037 n-d-813736-1 devstack@n-api.service[94355]: INFO nova.api.openstack.wsgi [None req-c4dc3238-759f-4037-be03-4e89f255a068 admin admin] HTTP exception thrown: Flavor 451 could not be found.
Oct 13 04:03:32.758597 n-d-813736-1 devstack@n-api.service[94355]: DEBUG nova.api.openstack.wsgi [None req-c4dc3238-759f-4037-be03-4e89f255a068 admin admin] Returning 404 to user: Flavor 451 could not be found. {{(pid=94355) __call__ /opt/stack/nova/nova/api/openstack/wsgi.py:936}}
Oct 13 04:03:32.759406 n-d-813736-1 devstack@n-api.service[94355]: INFO nova.api.openstack.requestlog [None req-c4dc3238-759f-4037-be03-4e89f255a068 admin admin] 10.222.0.49 "GET /compute/v2.1/flavors/451" status: 404 len: 76 microversion: 2.90 time: 0.058923
Oct 13 04:03:32.759902 n-d-813736-1 devstack@n-api.service[94355]: [pid: 94355|app: 0|req: 24/49] 10.222.0.49 () {60 vars in 1193 bytes} [Wed Oct 13 04:03:32 2021] GET /compute/v2.1/flavors/451 => generated 76 bytes in 60 msecs (HTTP/1.1 404) 9 headers in 380 bytes (1 switches on core 0)
Oct 13 04:03:32.769955 n-d-813736-1 devstack@n-api.service[94354]: DEBUG nova.api.openstack.wsgi [None req-66ef62cc-5f5b-4114-9659-d481aa2f3b02 admin admin] Calling method '>' {{(pid=94354) _process_stack /opt/stack/nova/nova/api/openstack/wsgi.py:513}}
Oct 13 04:03:32.783601 n-d-813736-1 devstack@n-api.service[94354]: INFO nova.api.openstack.requestlog [None req-66ef62cc-5f5b-4114-9659-d481aa2f3b02 admin admin] 10.222.0.49 "GET /compute/v2.1/flavors?is_public=None" status: 200 len: 2056 microversion: 2.90 time: 0.017147
Oct 13 04:03:32.784123 n-d-813736-1 devstack@n-api.service[94354]: [pid: 94354|app: 0|req: 26/50] 10.222.0.49 () {60 vars in 1210 bytes} [Wed Oct 13 04:03:32 2021] GET /compute/v2.1/flavors?is_public=None => generated 2056 bytes in 18 msecs (HTTP/1.1 200) 9 headers in 360 bytes (1 switches on core 0)
Oct 13 04:03:32.794865 n-d-813736-1 devstack@n-api.service[94355]: DEBUG nova.api.openstack.wsgi [None req-2e0a2767-e79a-435b-907f-69d780afd010 admin admin] Calling method '>' {{(pid=94355) _process_stack /opt/stack/nova/nova/api/openstack/wsgi.py:513}}
Oct 13 04:03:32.808491 n-d-813736-1 devstack@n-api.service[94355]: INFO nova.api.openstack.requestlog [None req-2e0a2767-e79a-435b-907f-69d780afd010 admin admin] 10.222.0.49 "GET /compute/v2.1/flavors?is_public=None" status: 200 len: 2056 microversion: 2.90 time: 0.017933
Oct 13 04:03:32.809036 n-d-813736-1 devstack@n-api.service[94355]: [pid: 94355|app: 0|req: 25/51] 10.222.0.49 () {60 vars in 1210 bytes} [Wed Oct 13 04:03:32 2021] GET /compute/v2.1/flavors?is_public=None => generated 2056 bytes in 19 msecs (HTTP/1.1 200) 9 headers in 360 bytes (1 switches on core 0)
Oct 13 04:03:32.818794 n-d-813736-1 devstack@n-api.service[94354]: DEBUG nova.api.openstack.wsgi [None req-44d40ba2-8983-4124-a50a-00df5ea9ee96 admin admin] Calling method '>' {{(pid=94354) _process_stack /opt/stack/nova/nova/api/openstack/wsgi.py:513}}
Oct 13 04:03:32.824157 n-d-813736-1 devstack@n-api.service[94354]: INFO nova.api.openstack.wsgi [None req-44d40ba2-8983-4124-a50a-00df5ea9ee96 admin admin] HTTP exception thrown: Flavor 451 could not be found.
Oct 13 04:03:32.824713 n-d-813736-1 devstack@n-api.service[94354]: DEBUG nova.api.openstack.wsgi [None req-44d40ba2-8983-4124-a50a-00df5ea9ee96 admin admin] Returning 404 to user: Flavor 451 could not be found. {{(pid=94354) __call__ /opt/stack/nova/nova/api/openstack/wsgi.py:936}}
Oct 13 04:03:32.825480 n-d-813736-1 devstack@n-api.service[94354]: INFO nova.api.openstack.requestlog [None req-44d40ba2-8983-4124-a50a-00df5ea9ee96 admin admin] 10.222.0.49 "GET /compute/v2.1/flavors/451" status: 404 len: 76 microversion: 2.90 time: 0.010305
Oct 13 04:03:32.825957 n-d-813736-1 devstack@n-api.service[94354]: [pid: 94354|app: 0|req: 27/52] 10.222.0.49 () {60 vars in 1193 bytes} [Wed Oct 13 04:03:32 2021] GET /compute/v2.1/flavors/451 => generated 76 bytes in 11 msecs (HTTP/1.1 404) 9 headers in 380 bytes (1 switches on core 0)
Oct 13 04:03:34.262061 n-d-813736-1 devstack@n-api.service[94355]: DEBUG nova.api.openstack.wsgi [None req-2e0a2767-e79a-435b-907f-69d780afd010 admin admin] Calling method '>' {{(pid=94355) _process_stack /opt/stack/nova/nova/api/openstack/wsgi.py:513}}
Oct 13 04:03:34.263085 n-d-813736-1 devstack@n-api.service[94355]: INFO nova.api.openstack.requestlog [None req-2e0a2767-e79a-435b-907f-69d780afd010 admin admin] 10.222.0.49 "GET /compute/v2.1" status: 200 len: 388 microversion: 2.1 time: 0.002537
Oct 13 04:03:34.263489 n-d-813736-1 devstack@n-api.service[94355]: [pid: 94355|app: 0|req: 26/53] 10.222.0.49 () {56 vars in 1074 bytes} [Wed Oct 13 04:03:34 2021] GET /compute/v2.1 => generated 388 bytes in 3 msecs (HTTP/1.1 200) 9 headers in 357 bytes (1 switches on core 0)
Oct 13 04:03:34.468884 n-d-813736-1 devstack@n-api.service[94354]: DEBUG nova.api.openstack.wsgi [None req-3408dd4f-d1a0-4386-b64b-20a03915a9ec admin admin] Action: 'create', calling method: >, body: {"flavor": {"name": "m1.nano", "ram": 256, "vcpus": 1, "disk": 1, "id": "42", "swap": 0, "OS-FLV-EXT-DATA:ephemeral": 0, "rxtx_factor": 1.0, "os-flavor-access:is_public": true}} {{(pid=94354) _process_stack /opt/stack/nova/nova/api/openstack/wsgi.py:511}}
Oct 13 04:03:34.487038 n-d-813736-1 devstack@n-api.service[94354]: INFO nova.api.openstack.requestlog [None req-3408dd4f-d1a0-4386-b64b-20a03915a9ec admin admin] 10.222.0.49 "POST /compute/v2.1/flavors" status: 200 len: 404 microversion: 2.90 time: 0.071031
Oct 13 04:03:34.487787 n-d-813736-1 devstack@n-api.service[94354]: [pid: 94354|app: 0|req: 28/54] 10.222.0.49 () {64 vars in 1235 bytes} [Wed Oct 13 04:03:34 2021] POST /compute/v2.1/flavors => generated 404 bytes in 73 msecs (HTTP/1.1 200) 9 headers in 359 bytes (2 switches on core 0)
Oct 13 04:03:35.893573 n-d-813736-1 devstack@n-api.service[94355]: DEBUG nova.api.openstack.wsgi [None req-2e0a2767-e79a-435b-907f-69d780afd010 admin admin] Calling method '>' {{(pid=94355) _process_stack /opt/stack/nova/nova/api/openstack/wsgi.py:513}}
Oct 13 04:03:35.894594 n-d-813736-1 devstack@n-api.service[94355]: INFO nova.api.openstack.requestlog [None req-2e0a2767-e79a-435b-907f-69d780afd010 admin admin] 10.222.0.49 "GET /compute/v2.1" status: 200 len: 388 microversion: 2.1 time: 0.001394
Oct 13 04:03:35.894990 n-d-813736-1 devstack@n-api.service[94355]: [pid: 94355|app: 0|req: 27/55] 10.222.0.49 () {56 vars in 1074 bytes} [Wed Oct 13 04:03:35 2021] GET /compute/v2.1 => generated 388 bytes in 2 msecs (HTTP/1.1 200) 9 headers in 357 bytes (1 switches on core 0)
Oct 13 04:03:36.090641 n-d-813736-1 devstack@n-api.service[94354]: DEBUG nova.api.openstack.wsgi [None req-a358f70e-3e3e-4d3b-9a1f-b44cfa591bc8 admin admin] Action: 'create', calling method: >, body: {"flavor": {"name": "m1.micro", "ram": 256, "vcpus": 1, "disk": 2, "id": "84", "swap": 0, "OS-FLV-EXT-DATA:ephemeral": 0, "rxtx_factor": 1.0, "os-flavor-access:is_public": true}} {{(pid=94354) _process_stack /opt/stack/nova/nova/api/openstack/wsgi.py:511}}
Oct 13 04:03:36.108301 n-d-813736-1 devstack@n-api.service[94354]: INFO nova.api.openstack.requestlog [None req-a358f70e-3e3e-4d3b-9a1f-b44cfa591bc8 admin admin] 10.222.0.49 "POST /compute/v2.1/flavors" status: 200 len: 405 microversion: 2.90 time: 0.072109
Oct 13 04:03:36.108773 n-d-813736-1 devstack@n-api.service[94354]: [pid: 94354|app: 0|req: 29/56] 10.222.0.49 () {64 vars in 1235 bytes} [Wed Oct 13 04:03:36 2021] POST /compute/v2.1/flavors => generated 405 bytes in 73 msecs (HTTP/1.1 200) 9 headers in 359 bytes (1 switches on core 0)
Oct 13 04:03:37.520018 n-d-813736-1 devstack@n-api.service[94355]: DEBUG nova.api.openstack.wsgi [None req-2e0a2767-e79a-435b-907f-69d780afd010 admin admin] Calling method '>' {{(pid=94355) _process_stack /opt/stack/nova/nova/api/openstack/wsgi.py:513}}
Oct 13 04:03:37.521022 n-d-813736-1 devstack@n-api.service[94355]: INFO nova.api.openstack.requestlog [None req-2e0a2767-e79a-435b-907f-69d780afd010 admin admin] 10.222.0.49 "GET /compute/v2.1" status: 200 len: 388 microversion: 2.1 time: 0.001416
Oct 13 04:03:37.521447 n-d-813736-1 devstack@n-api.service[94355]: [pid: 94355|app: 0|req: 28/57] 10.222.0.49 () {56 vars in 1074 bytes} [Wed Oct 13 04:03:37 2021] GET /compute/v2.1 => generated 388 bytes in 2 msecs (HTTP/1.1 200) 9 headers in 357 bytes (1 switches on core 0)
Oct 13 04:03:37.713527 n-d-813736-1 devstack@n-api.service[94354]: DEBUG nova.api.openstack.wsgi [None req-e2ae5a65-776d-423d-8aab-726ec65951cb admin admin] Action: 'create', calling method: >, body: {"flavor": {"name": "m1.heat", "ram": 512, "vcpus": 1, "disk": 1, "id": "451", "swap": 0, "OS-FLV-EXT-DATA:ephemeral": 0, "rxtx_factor": 1.0, "os-flavor-access:is_public": true}} {{(pid=94354) _process_stack /opt/stack/nova/nova/api/openstack/wsgi.py:511}}
Oct 13 04:03:37.731939 n-d-813736-1 devstack@n-api.service[94354]: INFO nova.api.openstack.requestlog [None req-e2ae5a65-776d-423d-8aab-726ec65951cb admin admin] 10.222.0.49 "POST /compute/v2.1/flavors" status: 200 len: 407 microversion: 2.90 time: 0.068911
Oct 13 04:03:37.732406 n-d-813736-1 devstack@n-api.service[94354]: [pid: 94354|app: 0|req: 30/58] 10.222.0.49 () {64 vars in 1235 bytes} [Wed Oct 13 04:03:37 2021] POST /compute/v2.1/flavors => generated 407 bytes in 70 msecs (HTTP/1.1 200) 9 headers in 359 bytes (1 switches on core 0)
Oct 13 04:03:39.134254 n-d-813736-1 devstack@n-api.service[94355]: DEBUG nova.api.openstack.wsgi [None req-2e0a2767-e79a-435b-907f-69d780afd010 admin admin] Calling method '>' {{(pid=94355) _process_stack /opt/stack/nova/nova/api/openstack/wsgi.py:513}}
Oct 13 04:03:39.135287 n-d-813736-1 devstack@n-api.service[94355]: INFO nova.api.openstack.requestlog [None req-2e0a2767-e79a-435b-907f-69d780afd010 admin admin] 10.222.0.49 "GET /compute/v2.1" status: 200 len: 388 microversion: 2.1 time: 0.001434
Oct 13 04:03:39.135733 n-d-813736-1 devstack@n-api.service[94355]: [pid: 94355|app: 0|req: 29/59] 10.222.0.49 () {56 vars in 1074 bytes} [Wed Oct 13 04:03:39 2021] GET /compute/v2.1 => generated 388 bytes in 2 msecs (HTTP/1.1 200) 9 headers in 357 bytes (1 switches on core 0)
Oct 13 04:03:39.324535 n-d-813736-1 devstack@n-api.service[94354]: DEBUG nova.api.openstack.wsgi [None req-750e163b-582e-49c1-9cea-92cbba17f26f admin admin] Action: 'create', calling method: >, body: {"flavor": {"name": "m1.heat2", "ram": 1024, "vcpus": 1, "disk": 1, "id": "452", "swap": 0, "OS-FLV-EXT-DATA:ephemeral": 0, "rxtx_factor": 1.0, "os-flavor-access:is_public": true}} {{(pid=94354) _process_stack /opt/stack/nova/nova/api/openstack/wsgi.py:511}}
Oct 13 04:03:39.341161 n-d-813736-1 devstack@n-api.service[94354]: INFO nova.api.openstack.requestlog [None req-750e163b-582e-49c1-9cea-92cbba17f26f admin admin] 10.222.0.49 "POST /compute/v2.1/flavors" status: 200 len: 409 microversion: 2.90 time: 0.068303
Oct 13 04:03:39.341689 n-d-813736-1 devstack@n-api.service[94354]: [pid: 94354|app: 0|req: 31/60] 10.222.0.49 () {64 vars in 1235 bytes} [Wed Oct 13 04:03:39 2021] POST /compute/v2.1/flavors => generated 409 bytes in 69 msecs (HTTP/1.1 200) 9 headers in 359 bytes (1 switches on core 0)
Oct 13 04:03:40.743801 n-d-813736-1 devstack@n-api.service[94355]: DEBUG nova.api.openstack.wsgi [None req-2e0a2767-e79a-435b-907f-69d780afd010 admin admin] Calling method '>' {{(pid=94355) _process_stack /opt/stack/nova/nova/api/openstack/wsgi.py:513}}
Oct 13 04:03:40.745372 n-d-813736-1 devstack@n-api.service[94355]: INFO nova.api.openstack.requestlog [None req-2e0a2767-e79a-435b-907f-69d780afd010 admin admin] 10.222.0.49 "GET /compute/v2.1" status: 200 len: 388 microversion: 2.1 time: 0.001429
Oct 13 04:03:40.745762 n-d-813736-1 devstack@n-api.service[94355]: [pid: 94355|app: 0|req: 30/61] 10.222.0.49 () {56 vars in 1074 bytes} [Wed Oct 13 04:03:40 2021] GET /compute/v2.1 => generated 388 bytes in 3 msecs (HTTP/1.1 200) 9 headers in 357 bytes (1 switches on core 0)
Oct 13 04:03:40.935662 n-d-813736-1 devstack@n-api.service[94354]: DEBUG nova.api.openstack.wsgi [None req-03a13cd9-6313-4f3e-ae11-2e4b9f2dcae1 admin admin] Calling method '>' {{(pid=94354) _process_stack /opt/stack/nova/nova/api/openstack/wsgi.py:513}}
Oct 13 04:03:40.954207 n-d-813736-1 devstack@n-api.service[94354]: INFO nova.api.openstack.requestlog [None req-03a13cd9-6313-4f3e-ae11-2e4b9f2dcae1 admin admin] 10.222.0.49 "GET /compute/v2.1/flavors/detail" status: 200 len: 5777 microversion: 2.90 time: 0.068803
Oct 13 04:03:40.954728 n-d-813736-1 devstack@n-api.service[94354]: [pid: 94354|app: 0|req: 32/62] 10.222.0.49 () {60 vars in 1202 bytes} [Wed Oct 13 04:03:40 2021] GET /compute/v2.1/flavors/detail => generated 5777 bytes in 70 msecs (HTTP/1.1 200) 9 headers in 360 bytes (1 switches on core 0)
Oct 13 04:04:27.753789 n-d-813736-1 devstack@n-api.service[94355]: DEBUG nova.api.openstack.wsgi [None req-2e0a2767-e79a-435b-907f-69d780afd010 admin admin] Calling method '>' {{(pid=94355) _process_stack /opt/stack/nova/nova/api/openstack/wsgi.py:513}}
Oct 13 04:04:27.754813 n-d-813736-1 devstack@n-api.service[94355]: INFO nova.api.openstack.requestlog [None req-2e0a2767-e79a-435b-907f-69d780afd010 admin admin] 10.222.0.49 "GET /compute/v2.1" status: 200 len: 388 microversion: 2.1 time: 0.001438
Oct 13 04:04:27.755276 n-d-813736-1 devstack@n-api.service[94355]: [pid: 94355|app: 0|req: 31/63] 10.222.0.49 () {54 vars in 930 bytes} [Wed Oct 13 04:04:27 2021] GET /compute/v2.1 => generated 388 bytes in 2 msecs (HTTP/1.1 200) 9 headers in 357 bytes (2 switches on core 0)
Oct 13 04:04:27.811911 n-d-813736-1 devstack@n-api.service[94354]: DEBUG nova.api.openstack.wsgi [None req-2c305140-5ebd-44b7-a807-4bb2b67d20ee admin admin] Calling method '>' {{(pid=94354) _process_stack /opt/stack/nova/nova/api/openstack/wsgi.py:513}}
Oct 13 04:04:27.831701 n-d-813736-1 devstack@n-api.service[94354]: INFO nova.api.openstack.requestlog [None req-2c305140-5ebd-44b7-a807-4bb2b67d20ee admin admin] 10.222.0.49 "GET /compute/v2.1/flavors/detail?is_public=True" status: 200 len: 5791 microversion: 2.61 time: 0.069313
Oct 13 04:04:27.832219 n-d-813736-1 devstack@n-api.service[94354]: [pid: 94354|app: 0|req: 33/64] 10.222.0.49 () {60 vars in 1291 bytes} [Wed Oct 13 04:04:27 2021] GET /compute/v2.1/flavors/detail?is_public=True => generated 5791 bytes in 70 msecs (HTTP/1.1 200) 9 headers in 360 bytes (2 switches on core 0)
Oct 13 04:04:27.855613 n-d-813736-1 devstack@n-api.service[94355]: DEBUG nova.api.openstack.wsgi [None req-d8970486-b17c-418e-bf30-16f0c8854fb0 admin admin] Calling method '>' {{(pid=94355) _process_stack /opt/stack/nova/nova/api/openstack/wsgi.py:513}}
Oct 13 04:04:27.863080 n-d-813736-1 devstack@n-api.service[94355]: INFO nova.api.openstack.requestlog [None req-d8970486-b17c-418e-bf30-16f0c8854fb0 admin admin] 10.222.0.49 "GET /compute/v2.1/flavors/42/os-extra_specs" status: 200 len: 19 microversion: 2.61 time: 0.011814
Oct 13 04:04:27.863594 n-d-813736-1 devstack@n-api.service[94355]: [pid: 94355|app: 0|req: 32/65] 10.222.0.49 () {60 vars in 1282 bytes} [Wed Oct 13 04:04:27 2021] GET /compute/v2.1/flavors/42/os-extra_specs => generated 19 bytes in 13 msecs (HTTP/1.1 200) 9 headers in 358 bytes (1 switches on core 0)
Oct 13 04:04:27.876051 n-d-813736-1 devstack@n-api.service[94354]: DEBUG nova.api.openstack.wsgi [None req-3bd04e78-3bcc-460e-a352-6630c6d1d47a admin admin] Calling method '>' {{(pid=94354) _process_stack /opt/stack/nova/nova/api/openstack/wsgi.py:513}}
Oct 13 04:04:27.883484 n-d-813736-1 devstack@n-api.service[94354]: INFO nova.api.openstack.requestlog [None req-3bd04e78-3bcc-460e-a352-6630c6d1d47a admin admin] 10.222.0.49 "GET /compute/v2.1/flavors/451/os-extra_specs" status: 200 len: 19 microversion: 2.61 time: 0.010840
Oct 13 04:04:27.884014 n-d-813736-1 devstack@n-api.service[94354]: [pid: 94354|app: 0|req: 34/66] 10.222.0.49 () {60 vars in 1285 bytes} [Wed Oct 13 04:04:27 2021] GET /compute/v2.1/flavors/451/os-extra_specs => generated 19 bytes in 12 msecs (HTTP/1.1 200) 9 headers in 358 bytes (1 switches on core 0)
Oct 13 04:04:27.895629 n-d-813736-1 devstack@n-api.service[94355]: DEBUG nova.api.openstack.wsgi [None req-e0a6275c-d7fc-4e0d-babc-5581c15b3b2a admin admin] Calling method '>' {{(pid=94355) _process_stack /opt/stack/nova/nova/api/openstack/wsgi.py:513}}
Oct 13 04:04:27.903519 n-d-813736-1 devstack@n-api.service[94355]: INFO nova.api.openstack.requestlog [None req-e0a6275c-d7fc-4e0d-babc-5581c15b3b2a admin admin] 10.222.0.49 "GET /compute/v2.1/flavors/452/os-extra_specs" status: 200 len: 19 microversion: 2.61 time: 0.011225
Oct 13 04:04:27.904026 n-d-813736-1 devstack@n-api.service[94355]: [pid: 94355|app: 0|req: 33/67] 10.222.0.49 () {60 vars in 1285 bytes} [Wed Oct 13 04:04:27 2021] GET /compute/v2.1/flavors/452/os-extra_specs => generated 19 bytes in 12 msecs (HTTP/1.1 200) 9 headers in 358 bytes (1 switches on core 0)
Oct 13 04:04:27.916724 n-d-813736-1 devstack@n-api.service[94354]: DEBUG nova.api.openstack.wsgi [None req-c8fe3d9a-8c64-4473-9498-976ca2d78dcb admin admin] Calling method '>' {{(pid=94354) _process_stack /opt/stack/nova/nova/api/openstack/wsgi.py:513}}
Oct 13 04:04:27.924080 n-d-813736-1 devstack@n-api.service[94354]: INFO nova.api.openstack.requestlog [None req-c8fe3d9a-8c64-4473-9498-976ca2d78dcb admin admin] 10.222.0.49 "GET /compute/v2.1/flavors/84/os-extra_specs" status: 200 len: 19 microversion: 2.61 time: 0.010916
Oct 13 04:04:27.924576 n-d-813736-1 devstack@n-api.service[94354]: [pid: 94354|app: 0|req: 35/68] 10.222.0.49 () {60 vars in 1282 bytes} [Wed Oct 13 04:04:27 2021] GET /compute/v2.1/flavors/84/os-extra_specs => generated 19 bytes in 12 msecs (HTTP/1.1 200) 9 headers in 358 bytes (1 switches on core 0)
Oct 13 04:05:50.933893 n-d-813736-1 devstack@n-api.service[94355]: DEBUG nova.api.openstack.wsgi [None req-b99fef75-affa-4f0d-820e-2452688e275a tempest-verify_tempest_config-1141969657 tempest-verify_tempest_config-1141969657-project] Calling method '>' {{(pid=94355) _process_stack /opt/stack/nova/nova/api/openstack/wsgi.py:513}}
Oct 13 04:05:50.935847 n-d-813736-1 devstack@n-api.service[94355]: INFO nova.api.openstack.requestlog [None req-b99fef75-affa-4f0d-820e-2452688e275a tempest-verify_tempest_config-1141969657 tempest-verify_tempest_config-1141969657-project] 10.222.0.49 "GET /compute/v2.1/extensions" status: 200 len: 22700 microversion: 2.1 time: 0.105403
Oct 13 04:05:50.936381 n-d-813736-1 devstack@n-api.service[94355]: [pid: 94355|app: 0|req: 34/69] 10.222.0.49 () {58 vars in 1133 bytes} [Wed Oct 13 04:05:50 2021] GET /compute/v2.1/extensions => generated 22700 bytes in 106 msecs (HTTP/1.1 200) 9 headers in 359 bytes (1 switches on core 0)
Oct 13 04:09:19.602974 n-d-813736-1 devstack@n-api.service[94354]: DEBUG nova.api.openstack.wsgi [None req-c8fe3d9a-8c64-4473-9498-976ca2d78dcb admin admin] Calling method '>' {{(pid=94354) _process_stack /opt/stack/nova/nova/api/openstack/wsgi.py:513}}
Oct 13 04:09:19.604596 n-d-813736-1 devstack@n-api.service[94354]: INFO nova.api.openstack.requestlog [None req-c8fe3d9a-8c64-4473-9498-976ca2d78dcb admin admin] 10.222.0.49 "GET /compute/v2.1" status: 200 len: 388 microversion: 2.1 time: 0.002063
Oct 13 04:09:19.604993 n-d-813736-1 devstack@n-api.service[94354]: [pid: 94354|app: 0|req: 36/70] 10.222.0.49 () {56 vars in 1074 bytes} [Wed Oct 13 04:09:19 2021] GET /compute/v2.1 => generated 388 bytes in 3 msecs (HTTP/1.1 200) 9 headers in 357 bytes (1 switches on core 0)
Oct 13 04:09:19.858782 n-d-813736-1 devstack@n-api.service[94355]: DEBUG nova.api.openstack.wsgi [None req-e3038498-013d-4dca-9cb0-84a9a17049f0 admin admin] Calling method '>' {{(pid=94355) _process_stack /opt/stack/nova/nova/api/openstack/wsgi.py:513}}
Oct 13 04:09:19.860069 n-d-813736-1 devstack@n-api.service[94355]: /usr/local/lib/python3.8/dist-packages/oslo_policy/policy.py:1064: UserWarning: Policy os_compute_api:os-services:list failed scope check. The token used to make the request was project scoped but the policy requires ['system'] scope. This behavior may change in the future where using the intended scope is required
Oct 13 04:09:19.860069 n-d-813736-1 devstack@n-api.service[94355]: warnings.warn(msg)
Oct 13 04:09:19.861654 n-d-813736-1 devstack@n-api.service[94355]: DEBUG oslo_concurrency.lockutils [None req-e3038498-013d-4dca-9cb0-84a9a17049f0 admin admin] Lock "00000000-0000-0000-0000-000000000000" acquired by "nova.context.set_target_cell..get_or_set_cached_cell_and_set_connections" :: waited 0.000s {{(pid=94355) inner /usr/local/lib/python3.8/dist-packages/oslo_concurrency/lockutils.py:355}}
Oct 13 04:09:19.862120 n-d-813736-1 devstack@n-api.service[94355]: DEBUG oslo_concurrency.lockutils [None req-e3038498-013d-4dca-9cb0-84a9a17049f0 admin admin] Lock "00000000-0000-0000-0000-000000000000" released by "nova.context.set_target_cell..get_or_set_cached_cell_and_set_connections" :: held 0.001s {{(pid=94355) inner /usr/local/lib/python3.8/dist-packages/oslo_concurrency/lockutils.py:367}}
Oct 13 04:09:19.862903 n-d-813736-1 devstack@n-api.service[94355]: DEBUG oslo_concurrency.lockutils [None req-e3038498-013d-4dca-9cb0-84a9a17049f0 admin admin] Lock "0897ef3a-22d3-4846-9a03-4096b5843974" acquired by "nova.context.set_target_cell..get_or_set_cached_cell_and_set_connections" :: waited 0.000s {{(pid=94355) inner /usr/local/lib/python3.8/dist-packages/oslo_concurrency/lockutils.py:355}}
Oct 13 04:09:19.863374 n-d-813736-1 devstack@n-api.service[94355]: DEBUG oslo_concurrency.lockutils [None req-e3038498-013d-4dca-9cb0-84a9a17049f0 admin admin] Lock "0897ef3a-22d3-4846-9a03-4096b5843974" released by "nova.context.set_target_cell..get_or_set_cached_cell_and_set_connections" :: held 0.000s {{(pid=94355) inner /usr/local/lib/python3.8/dist-packages/oslo_concurrency/lockutils.py:367}}
Oct 13 04:09:19.903479 n-d-813736-1 devstack@n-api.service[94355]: INFO nova.api.openstack.requestlog [None req-e3038498-013d-4dca-9cb0-84a9a17049f0 admin admin] 10.222.0.49 "GET /compute/v2.1/os-services" status: 200 len: 1239 microversion: 2.90 time: 0.157344
Oct 13 04:09:19.904123 n-d-813736-1 devstack@n-api.service[94355]: [pid: 94355|app: 0|req: 35/71] 10.222.0.49 () {60 vars in 1193 bytes} [Wed Oct 13 04:09:19 2021] GET /compute/v2.1/os-services => generated 1239 bytes in 159 msecs (HTTP/1.1 200) 9 headers in 360 bytes (1 switches on core 0)
Oct 13 04:09:21.338083 n-d-813736-1 devstack@n-api.service[94354]: DEBUG nova.api.openstack.wsgi [None req-c8fe3d9a-8c64-4473-9498-976ca2d78dcb admin admin] Calling method '>' {{(pid=94354) _process_stack /opt/stack/nova/nova/api/openstack/wsgi.py:513}}
Oct 13 04:09:21.339078 n-d-813736-1 devstack@n-api.service[94354]: INFO nova.api.openstack.requestlog [None req-c8fe3d9a-8c64-4473-9498-976ca2d78dcb admin admin] 10.222.0.49 "GET /compute/v2.1" status: 200 len: 388 microversion: 2.1 time: 0.001410
Oct 13 04:09:21.339554 n-d-813736-1 devstack@n-api.service[94354]: [pid: 94354|app: 0|req: 37/72] 10.222.0.49 () {56 vars in 1074 bytes} [Wed Oct 13 04:09:21 2021] GET /compute/v2.1 => generated 388 bytes in 2 msecs (HTTP/1.1 200) 9 headers in 357 bytes (1 switches on core 0)
Oct 13 04:09:21.531048 n-d-813736-1 devstack@n-api.service[94355]: DEBUG nova.api.openstack.wsgi [None req-e6f2bd62-e062-407c-83c9-b45012f4f330 admin admin] Calling method '>' {{(pid=94355) _process_stack /opt/stack/nova/nova/api/openstack/wsgi.py:513}}
