Oct 12 19:09:28.931354 n-d-813679-3 devstack@n-api.service[110553]: DEBUG nova.policy [None req-e8858542-28ed-4fa2-a427-6524383242ec tempest-DeleteServersAdminTestJSON-68023370 tempest-DeleteServersAdminTestJSON-68023370-project] Policy check for os_compute_api:os-extended-server-attributes failed with credentials {'is_admin': False, 'user_id': '37655291d04c46688d8d50023cabb20d', 'user_domain_id': 'default', 'system_scope': None, 'domain_id': None, 'project_id': 'd7a64e2dba794979bf3216845bbeb4f0', 'project_domain_id': 'default', 'roles': ['member', 'reader'], 'is_admin_project': True, 'service_user_id': None, 'service_user_domain_id': None, 'service_project_id': None, 'service_project_domain_id': None, 'service_roles': []} {{(pid=110553) authorize /opt/stack/nova/nova/policy.py:199}}
Oct 12 19:09:28.941822 n-d-813679-3 devstack@n-api.service[110553]: INFO nova.api.openstack.requestlog [None req-e8858542-28ed-4fa2-a427-6524383242ec tempest-DeleteServersAdminTestJSON-68023370 tempest-DeleteServersAdminTestJSON-68023370-project] 10.222.0.49 "GET /compute/v2.1/servers/be3694f0-fd86-4327-9f12-057a99b7eb4e" status: 200 len: 1219 microversion: 2.1 time: 0.088731
Oct 12 19:09:28.941822 n-d-813679-3 devstack@n-api.service[110553]: [pid: 110553|app: 0|req: 12/29] 10.222.0.49 () {58 vars in 1235 bytes} [Tue Oct 12 19:09:28 2021] GET /compute/v2.1/servers/be3694f0-fd86-4327-9f12-057a99b7eb4e => generated 1219 bytes in 90 msecs (HTTP/1.1 200) 9 headers in 358 bytes (1 switches on core 0)
Oct 12 19:09:28.945494 n-d-813679-3 devstack@n-api.service[110553]: DEBUG nova.api.openstack.wsgi [None req-b412706d-7115-43b1-b540-0ff5000492e4 tempest-FlavorsAdminTestJSON-724709731 tempest-FlavorsAdminTestJSON-724709731-project-admin] Calling method '>' {{(pid=110553) _process_stack /opt/stack/nova/nova/api/openstack/wsgi.py:513}}
Oct 12 19:09:28.946329 n-d-813679-3 devstack@n-api.service[110553]: /usr/local/lib/python3.8/dist-packages/oslo_policy/policy.py:1064: UserWarning: Policy os_compute_api:os-flavor-manage:delete failed scope check. The token used to make the request was project scoped but the policy requires ['system'] scope. This behavior may change in the future where using the intended scope is required
Oct 12 19:09:28.946329 n-d-813679-3 devstack@n-api.service[110553]: warnings.warn(msg)
Oct 12 19:09:29.010783 n-d-813679-3 devstack@n-api.service[110553]: INFO nova.api.openstack.requestlog [None req-b412706d-7115-43b1-b540-0ff5000492e4 tempest-FlavorsAdminTestJSON-724709731 tempest-FlavorsAdminTestJSON-724709731-project-admin] 10.222.0.49 "DELETE /compute/v2.1/flavors/74ddbd6f-3548-480e-8f7b-749417977299" status: 202 len: 0 microversion: 2.1 time: 0.068799
Oct 12 19:09:29.011992 n-d-813679-3 devstack@n-api.service[110553]: [pid: 110553|app: 0|req: 13/30] 10.222.0.49 () {58 vars in 1238 bytes} [Tue Oct 12 19:09:28 2021] DELETE /compute/v2.1/flavors/74ddbd6f-3548-480e-8f7b-749417977299 => generated 0 bytes in 70 msecs (HTTP/1.1 202) 9 headers in 361 bytes (1 switches on core 0)
Oct 12 19:09:29.022084 n-d-813679-3 devstack@n-api.service[110553]: DEBUG nova.api.openstack.wsgi [None req-0b82dcc9-495c-4a5f-a013-d2335efc644a tempest-FlavorsExtraSpecsTestJSON-1864139166 tempest-FlavorsExtraSpecsTestJSON-1864139166-project-admin] Action: 'create', calling method: >, body: {"extra_specs": {"hw:numa_nodes": "1", "hw:cpu_policy": "shared"}} {{(pid=110553) _process_stack /opt/stack/nova/nova/api/openstack/wsgi.py:511}}
Oct 12 19:09:29.022084 n-d-813679-3 devstack@n-api.service[110553]: /usr/local/lib/python3.8/dist-packages/oslo_policy/policy.py:1064: UserWarning: Policy os_compute_api:os-flavor-extra-specs:create failed scope check. The token used to make the request was project scoped but the policy requires ['system'] scope. This behavior may change in the future where using the intended scope is required
Oct 12 19:09:29.022084 n-d-813679-3 devstack@n-api.service[110553]: warnings.warn(msg)
Oct 12 19:09:29.052778 n-d-813679-3 devstack@n-api.service[110553]: INFO nova.api.openstack.requestlog [None req-0b82dcc9-495c-4a5f-a013-d2335efc644a tempest-FlavorsExtraSpecsTestJSON-1864139166 tempest-FlavorsExtraSpecsTestJSON-1864139166-project-admin] 10.222.0.49 "POST /compute/v2.1/flavors/598450249/os-extra_specs" status: 200 len: 66 microversion: 2.1 time: 0.039445
Oct 12 19:09:29.053776 n-d-813679-3 devstack@n-api.service[110553]: [pid: 110553|app: 0|req: 14/31] 10.222.0.49 () {60 vars in 1220 bytes} [Tue Oct 12 19:09:29 2021] POST /compute/v2.1/flavors/598450249/os-extra_specs => generated 66 bytes in 41 msecs (HTTP/1.1 200) 9 headers in 356 bytes (1 switches on core 0)
Oct 12 19:09:29.058546 n-d-813679-3 devstack@n-api.service[110553]: DEBUG nova.api.openstack.wsgi [None req-18c79d1b-a2b7-4ac7-a4e7-f5e9dafb0623 tempest-FlavorsAdminTestJSON-724709731 tempest-FlavorsAdminTestJSON-724709731-project-admin] Calling method '>' {{(pid=110553) _process_stack /opt/stack/nova/nova/api/openstack/wsgi.py:513}}
Oct 12 19:09:29.098327 n-d-813679-3 devstack@n-api.service[110553]: INFO nova.api.openstack.requestlog [None req-18c79d1b-a2b7-4ac7-a4e7-f5e9dafb0623 tempest-FlavorsAdminTestJSON-724709731 tempest-FlavorsAdminTestJSON-724709731-project-admin] 10.222.0.49 "GET /compute/v2.1/flavors/detail" status: 200 len: 5394 microversion: 2.1 time: 0.043284
Oct 12 19:09:29.099923 n-d-813679-3 devstack@n-api.service[110553]: [pid: 110553|app: 0|req: 15/32] 10.222.0.49 () {58 vars in 1145 bytes} [Tue Oct 12 19:09:29 2021] GET /compute/v2.1/flavors/detail => generated 5394 bytes in 45 msecs (HTTP/1.1 200) 9 headers in 358 bytes (1 switches on core 0)
Oct 12 19:09:29.109537 n-d-813679-3 devstack@n-api.service[110553]: DEBUG nova.api.openstack.wsgi [None req-6a8989d6-5a18-441f-bb46-ba23235d7584 tempest-FlavorsExtraSpecsTestJSON-689910350 tempest-FlavorsExtraSpecsTestJSON-689910350-project] Calling method '>' {{(pid=110553) _process_stack /opt/stack/nova/nova/api/openstack/wsgi.py:513}}
Oct 12 19:09:29.128077 n-d-813679-3 devstack@n-api.service[110553]: INFO nova.api.openstack.requestlog [None req-6a8989d6-5a18-441f-bb46-ba23235d7584 tempest-FlavorsExtraSpecsTestJSON-689910350 tempest-FlavorsExtraSpecsTestJSON-689910350-project] 10.222.0.49 "GET /compute/v2.1/flavors/598450249/os-extra_specs/hw:numa_nodes" status: 200 len: 22 microversion: 2.1 time: 0.026861
Oct 12 19:09:29.129894 n-d-813679-3 devstack@n-api.service[110553]: [pid: 110553|app: 0|req: 16/33] 10.222.0.49 () {58 vars in 1241 bytes} [Tue Oct 12 19:09:29 2021] GET /compute/v2.1/flavors/598450249/os-extra_specs/hw:numa_nodes => generated 22 bytes in 29 msecs (HTTP/1.1 200) 9 headers in 356 bytes (1 switches on core 0)
Oct 12 19:09:29.134675 n-d-813679-3 devstack@n-api.service[110553]: DEBUG nova.api.openstack.wsgi [None req-7f4e98f5-7100-4a39-878b-b2bf2e3c062e tempest-FlavorsAdminTestJSON-724709731 tempest-FlavorsAdminTestJSON-724709731-project-admin] Action: 'create', calling method: >, body: {"flavor": {"ram": 512, "vcpus": 1, "disk": 10, "name": "tempest-test_flavor_-474009281", "id": 1617180568, "os-flavor-access:is_public": "True"}} {{(pid=110553) _process_stack /opt/stack/nova/nova/api/openstack/wsgi.py:511}}
Oct 12 19:09:29.136410 n-d-813679-3 devstack@n-api.service[110553]: /usr/local/lib/python3.8/dist-packages/oslo_policy/policy.py:1064: UserWarning: Policy os_compute_api:os-flavor-manage:create failed scope check. The token used to make the request was project scoped but the policy requires ['system'] scope. This behavior may change in the future where using the intended scope is required
Oct 12 19:09:29.136410 n-d-813679-3 devstack@n-api.service[110553]: warnings.warn(msg)
Oct 12 19:09:29.239056 n-d-813679-3 devstack@n-api.service[110552]: DEBUG nova.network.neutron [None req-b414f3cb-6e69-4f42-92db-737ddc74883a tempest-AggregatesAdminTestJSON-1439723126 tempest-AggregatesAdminTestJSON-1439723126-project] validate_networks() for None {{(pid=110552) validate_networks /opt/stack/nova/nova/network/neutron.py:2475}}
Oct 12 19:09:29.246541 n-d-813679-3 devstack@n-api.service[110553]: INFO nova.api.openstack.requestlog [None req-7f4e98f5-7100-4a39-878b-b2bf2e3c062e tempest-FlavorsAdminTestJSON-724709731 tempest-FlavorsAdminTestJSON-724709731-project-admin] 10.222.0.49 "POST /compute/v2.1/flavors" status: 200 len: 413 microversion: 2.1 time: 0.113686
Oct 12 19:09:29.247117 n-d-813679-3 devstack@n-api.service[110553]: [pid: 110553|app: 0|req: 17/34] 10.222.0.49 () {60 vars in 1146 bytes} [Tue Oct 12 19:09:29 2021] POST /compute/v2.1/flavors => generated 413 bytes in 116 msecs (HTTP/1.1 200) 9 headers in 357 bytes (1 switches on core 0)
Oct 12 19:09:29.263560 n-d-813679-3 devstack@n-api.service[110553]: DEBUG nova.api.openstack.wsgi [None req-72b0b51a-61a6-4f21-ad9b-33e47459b270 tempest-FlavorsExtraSpecsTestJSON-1864139166 tempest-FlavorsExtraSpecsTestJSON-1864139166-project-admin] Action: 'create', calling method: >, body: {"extra_specs": {"hw:numa_nodes": "1", "hw:cpu_policy": "shared"}} {{(pid=110553) _process_stack /opt/stack/nova/nova/api/openstack/wsgi.py:511}}
Oct 12 19:09:29.314836 n-d-813679-3 devstack@n-api.service[110553]: INFO nova.api.openstack.requestlog [None req-72b0b51a-61a6-4f21-ad9b-33e47459b270 tempest-FlavorsExtraSpecsTestJSON-1864139166 tempest-FlavorsExtraSpecsTestJSON-1864139166-project-admin] 10.222.0.49 "POST /compute/v2.1/flavors/598450249/os-extra_specs" status: 200 len: 66 microversion: 2.1 time: 0.066383
Oct 12 19:09:29.316247 n-d-813679-3 devstack@n-api.service[110553]: [pid: 110553|app: 0|req: 18/35] 10.222.0.49 () {60 vars in 1220 bytes} [Tue Oct 12 19:09:29 2021] POST /compute/v2.1/flavors/598450249/os-extra_specs => generated 66 bytes in 68 msecs (HTTP/1.1 200) 9 headers in 356 bytes (1 switches on core 0)
Oct 12 19:09:29.327790 n-d-813679-3 devstack@n-api.service[110553]: DEBUG nova.api.openstack.wsgi [None req-83bdd62d-df15-44d0-abb8-5a43fed282e2 tempest-FlavorsAdminTestJSON-724709731 tempest-FlavorsAdminTestJSON-724709731-project-admin] Calling method '>' {{(pid=110553) _process_stack /opt/stack/nova/nova/api/openstack/wsgi.py:513}}
Oct 12 19:09:29.331262 n-d-813679-3 devstack@n-api.service[110553]: INFO nova.api.openstack.requestlog [None req-83bdd62d-df15-44d0-abb8-5a43fed282e2 tempest-FlavorsAdminTestJSON-724709731 tempest-FlavorsAdminTestJSON-724709731-project-admin] 10.222.0.49 "GET /compute/v2.1/flavors/1617180568" status: 200 len: 413 microversion: 2.1 time: 0.013257
Oct 12 19:09:29.339612 n-d-813679-3 devstack@n-api.service[110553]: [pid: 110553|app: 0|req: 19/36] 10.222.0.49 () {58 vars in 1157 bytes} [Tue Oct 12 19:09:29 2021] GET /compute/v2.1/flavors/1617180568 => generated 413 bytes in 23 msecs (HTTP/1.1 200) 9 headers in 357 bytes (1 switches on core 0)
Oct 12 19:09:29.514066 n-d-813679-3 devstack@n-api.service[110553]: DEBUG nova.api.openstack.wsgi [None req-b00d2909-13e7-4a20-9b87-a9e7f03ee143 tempest-FlavorsAdminTestJSON-1355265453 tempest-FlavorsAdminTestJSON-1355265453-project] Calling method '>' {{(pid=110553) _process_stack /opt/stack/nova/nova/api/openstack/wsgi.py:513}}
Oct 12 19:09:29.550766 n-d-813679-3 devstack@n-api.service[110553]: INFO nova.api.openstack.requestlog [None req-b00d2909-13e7-4a20-9b87-a9e7f03ee143 tempest-FlavorsAdminTestJSON-1355265453 tempest-FlavorsAdminTestJSON-1355265453-project] 10.222.0.49 "GET /compute/v2.1/flavors/detail" status: 200 len: 5797 microversion: 2.1 time: 0.209732
Oct 12 19:09:29.561720 n-d-813679-3 devstack@n-api.service[110553]: [pid: 110553|app: 0|req: 20/37] 10.222.0.49 () {58 vars in 1145 bytes} [Tue Oct 12 19:09:29 2021] GET /compute/v2.1/flavors/detail => generated 5797 bytes in 221 msecs (HTTP/1.1 200) 9 headers in 358 bytes (1 switches on core 0)
Oct 12 19:09:29.568059 n-d-813679-3 devstack@n-api.service[110553]: DEBUG nova.api.openstack.wsgi [None req-47751939-214c-418f-9326-a2a1d1e6221d tempest-FlavorsExtraSpecsTestJSON-1864139166 tempest-FlavorsExtraSpecsTestJSON-1864139166-project-admin] Calling method '>' {{(pid=110553) _process_stack /opt/stack/nova/nova/api/openstack/wsgi.py:513}}
Oct 12 19:09:29.578049 n-d-813679-3 devstack@n-api.service[110553]: INFO nova.api.openstack.requestlog [None req-47751939-214c-418f-9326-a2a1d1e6221d tempest-FlavorsExtraSpecsTestJSON-1864139166 tempest-FlavorsExtraSpecsTestJSON-1864139166-project-admin] 10.222.0.49 "GET /compute/v2.1/flavors/598450249/os-extra_specs" status: 200 len: 66 microversion: 2.1 time: 0.014386
Oct 12 19:09:29.584421 n-d-813679-3 devstack@n-api.service[110553]: [pid: 110553|app: 0|req: 21/38] 10.222.0.49 () {58 vars in 1199 bytes} [Tue Oct 12 19:09:29 2021] GET /compute/v2.1/flavors/598450249/os-extra_specs => generated 66 bytes in 22 msecs (HTTP/1.1 200) 9 headers in 356 bytes (1 switches on core 0)
Oct 12 19:09:29.591738 n-d-813679-3 devstack@n-api.service[110553]: DEBUG nova.api.openstack.wsgi [None req-5865531e-e59d-4b19-a342-93ff87a9d992 tempest-FlavorsAdminTestJSON-724709731 tempest-FlavorsAdminTestJSON-724709731-project-admin] Calling method '>' {{(pid=110553) _process_stack /opt/stack/nova/nova/api/openstack/wsgi.py:513}}
Oct 12 19:09:29.678530 n-d-813679-3 devstack@n-api.service[110552]: DEBUG nova.virt.hardware [None req-b414f3cb-6e69-4f42-92db-737ddc74883a tempest-AggregatesAdminTestJSON-1439723126 tempest-AggregatesAdminTestJSON-1439723126-project] Flavor limits 0:0:0 {{(pid=110552) get_cpu_topology_constraints /opt/stack/nova/nova/virt/hardware.py:343}}
Oct 12 19:09:29.679209 n-d-813679-3 devstack@n-api.service[110552]: DEBUG nova.virt.hardware [None req-b414f3cb-6e69-4f42-92db-737ddc74883a tempest-AggregatesAdminTestJSON-1439723126 tempest-AggregatesAdminTestJSON-1439723126-project] Image limits 0:0:0 {{(pid=110552) get_cpu_topology_constraints /opt/stack/nova/nova/virt/hardware.py:347}}
Oct 12 19:09:29.679787 n-d-813679-3 devstack@n-api.service[110552]: DEBUG nova.virt.hardware [None req-b414f3cb-6e69-4f42-92db-737ddc74883a tempest-AggregatesAdminTestJSON-1439723126 tempest-AggregatesAdminTestJSON-1439723126-project] Flavor pref 0:0:0 {{(pid=110552) get_cpu_topology_constraints /opt/stack/nova/nova/virt/hardware.py:383}}
Oct 12 19:09:29.680333 n-d-813679-3 devstack@n-api.service[110552]: DEBUG nova.virt.hardware [None req-b414f3cb-6e69-4f42-92db-737ddc74883a tempest-AggregatesAdminTestJSON-1439723126 tempest-AggregatesAdminTestJSON-1439723126-project] Image pref 0:0:0 {{(pid=110552) get_cpu_topology_constraints /opt/stack/nova/nova/virt/hardware.py:387}}
Oct 12 19:09:29.680842 n-d-813679-3 devstack@n-api.service[110552]: DEBUG nova.virt.hardware [None req-b414f3cb-6e69-4f42-92db-737ddc74883a tempest-AggregatesAdminTestJSON-1439723126 tempest-AggregatesAdminTestJSON-1439723126-project] Chose sockets=0, cores=0, threads=0; limits were sockets=65536, cores=65536, threads=65536 {{(pid=110552) get_cpu_topology_constraints /opt/stack/nova/nova/virt/hardware.py:425}}
Oct 12 19:09:29.696056 n-d-813679-3 devstack@n-api.service[110553]: INFO nova.api.openstack.requestlog [None req-5865531e-e59d-4b19-a342-93ff87a9d992 tempest-FlavorsAdminTestJSON-724709731 tempest-FlavorsAdminTestJSON-724709731-project-admin] 10.222.0.49 "DELETE /compute/v2.1/flavors/1617180568" status: 202 len: 0 microversion: 2.1 time: 0.109976
Oct 12 19:09:29.698096 n-d-813679-3 devstack@n-api.service[110552]: DEBUG oslo_concurrency.lockutils [None req-b414f3cb-6e69-4f42-92db-737ddc74883a tempest-AggregatesAdminTestJSON-1439723126 tempest-AggregatesAdminTestJSON-1439723126-project] Lock "00000000-0000-0000-0000-000000000000" acquired by "nova.context.set_target_cell..get_or_set_cached_cell_and_set_connections" :: waited 0.000s {{(pid=110552) inner /usr/local/lib/python3.8/dist-packages/oslo_concurrency/lockutils.py:355}}
Oct 12 19:09:29.698713 n-d-813679-3 devstack@n-api.service[110552]: DEBUG oslo_concurrency.lockutils [None req-b414f3cb-6e69-4f42-92db-737ddc74883a tempest-AggregatesAdminTestJSON-1439723126 tempest-AggregatesAdminTestJSON-1439723126-project] Lock "00000000-0000-0000-0000-000000000000" released by "nova.context.set_target_cell..get_or_set_cached_cell_and_set_connections" :: held 0.001s {{(pid=110552) inner /usr/local/lib/python3.8/dist-packages/oslo_concurrency/lockutils.py:367}}
Oct 12 19:09:29.700206 n-d-813679-3 devstack@n-api.service[110552]: DEBUG oslo_concurrency.lockutils [None req-b414f3cb-6e69-4f42-92db-737ddc74883a tempest-AggregatesAdminTestJSON-1439723126 tempest-AggregatesAdminTestJSON-1439723126-project] Lock "cf588c5f-3176-4c4c-927d-1f04f13c6791" acquired by "nova.context.set_target_cell..get_or_set_cached_cell_and_set_connections" :: waited 0.000s {{(pid=110552) inner /usr/local/lib/python3.8/dist-packages/oslo_concurrency/lockutils.py:355}}
Oct 12 19:09:29.700321 n-d-813679-3 devstack@n-api.service[110553]: [pid: 110553|app: 0|req: 22/39] 10.222.0.49 () {58 vars in 1160 bytes} [Tue Oct 12 19:09:29 2021] DELETE /compute/v2.1/flavors/1617180568 => generated 0 bytes in 115 msecs (HTTP/1.1 202) 9 headers in 361 bytes (1 switches on core 0)
Oct 12 19:09:29.700902 n-d-813679-3 devstack@n-api.service[110552]: DEBUG oslo_concurrency.lockutils [None req-b414f3cb-6e69-4f42-92db-737ddc74883a tempest-AggregatesAdminTestJSON-1439723126 tempest-AggregatesAdminTestJSON-1439723126-project] Lock "cf588c5f-3176-4c4c-927d-1f04f13c6791" released by "nova.context.set_target_cell..get_or_set_cached_cell_and_set_connections" :: held 0.001s {{(pid=110552) inner /usr/local/lib/python3.8/dist-packages/oslo_concurrency/lockutils.py:367}}
Oct 12 19:09:29.705455 n-d-813679-3 devstack@n-api.service[110553]: DEBUG nova.api.openstack.wsgi [None req-8d95616b-d478-4ef7-a465-47718f8b5164 tempest-FlavorsExtraSpecsTestJSON-1864139166 tempest-FlavorsExtraSpecsTestJSON-1864139166-project-admin] Action: 'update', calling method: >, body: {"hw:numa_nodes": "2"} {{(pid=110553) _process_stack /opt/stack/nova/nova/api/openstack/wsgi.py:511}}
Oct 12 19:09:29.709125 n-d-813679-3 devstack@n-api.service[110553]: /usr/local/lib/python3.8/dist-packages/oslo_policy/policy.py:1064: UserWarning: Policy os_compute_api:os-flavor-extra-specs:update failed scope check. The token used to make the request was project scoped but the policy requires ['system'] scope. This behavior may change in the future where using the intended scope is required
Oct 12 19:09:29.709125 n-d-813679-3 devstack@n-api.service[110553]: warnings.warn(msg)
Oct 12 19:09:29.742684 n-d-813679-3 devstack@n-api.service[110552]: DEBUG nova.quota [None req-b414f3cb-6e69-4f42-92db-737ddc74883a tempest-AggregatesAdminTestJSON-1439723126 tempest-AggregatesAdminTestJSON-1439723126-project] Getting quotas for project a2b138826c5847aab56cb24a2c9dbeaf. Resources: {'instances', 'cores', 'ram'} {{(pid=110552) _get_quotas /opt/stack/nova/nova/quota.py:387}}
Oct 12 19:09:29.751912 n-d-813679-3 devstack@n-api.service[110552]: DEBUG nova.quota [None req-b414f3cb-6e69-4f42-92db-737ddc74883a tempest-AggregatesAdminTestJSON-1439723126 tempest-AggregatesAdminTestJSON-1439723126-project] Getting quotas for user 34a2697063f1475fac1db7164394d2ea and project a2b138826c5847aab56cb24a2c9dbeaf. Resources: {'instances', 'cores', 'ram'} {{(pid=110552) _get_quotas /opt/stack/nova/nova/quota.py:377}}
Oct 12 19:09:29.765199 n-d-813679-3 devstack@n-api.service[110552]: DEBUG nova.compute.api [None req-b414f3cb-6e69-4f42-92db-737ddc74883a tempest-AggregatesAdminTestJSON-1439723126 tempest-AggregatesAdminTestJSON-1439723126-project] Going to run 1 instances... {{(pid=110552) _provision_instances /opt/stack/nova/nova/compute/api.py:1350}}
Oct 12 19:09:29.769873 n-d-813679-3 devstack@n-api.service[110552]: DEBUG nova.compute.api [None req-b414f3cb-6e69-4f42-92db-737ddc74883a tempest-AggregatesAdminTestJSON-1439723126 tempest-AggregatesAdminTestJSON-1439723126-project] [instance: af32cd74-bf78-4300-904c-d338bc0e3da0] block_device_mapping [BlockDeviceMapping(attachment_id=,boot_index=0,connection_info=None,created_at=,delete_on_termination=True,deleted=,deleted_at=,destination_type='local',device_name=None,device_type='disk',disk_bus=None,guest_format=None,id=,image_id='6f4fb3da-eb6c-45b7-8a0a-41d9f270f70b',instance=,instance_uuid=,no_device=False,snapshot_id=None,source_type='image',tag=None,updated_at=,uuid=,volume_id=None,volume_size=None,volume_type=None)] {{(pid=110552) _bdm_validate_set_size_and_instance /opt/stack/nova/nova/compute/api.py:1757}}
Oct 12 19:09:29.874400 n-d-813679-3 devstack@n-api.service[110553]: INFO nova.api.openstack.requestlog [None req-8d95616b-d478-4ef7-a465-47718f8b5164 tempest-FlavorsExtraSpecsTestJSON-1864139166 tempest-FlavorsExtraSpecsTestJSON-1864139166-project-admin] 10.222.0.49 "PUT /compute/v2.1/flavors/598450249/os-extra_specs/hw:numa_nodes" status: 200 len: 22 microversion: 2.1 time: 0.172419
Oct 12 19:09:29.875505 n-d-813679-3 devstack@n-api.service[110553]: [pid: 110553|app: 0|req: 23/40] 10.222.0.49 () {60 vars in 1261 bytes} [Tue Oct 12 19:09:29 2021] PUT /compute/v2.1/flavors/598450249/os-extra_specs/hw:numa_nodes => generated 22 bytes in 175 msecs (HTTP/1.1 200) 9 headers in 356 bytes (1 switches on core 0)
Oct 12 19:09:29.884840 n-d-813679-3 devstack@n-api.service[110553]: DEBUG nova.api.openstack.wsgi [None req-1f0bd902-8aa6-4969-a059-bb938b10c2c6 tempest-FlavorsAdminTestJSON-724709731 tempest-FlavorsAdminTestJSON-724709731-project-admin] Calling method '>' {{(pid=110553) _process_stack /opt/stack/nova/nova/api/openstack/wsgi.py:513}}
Oct 12 19:09:29.910642 n-d-813679-3 devstack@n-api.service[110553]: INFO nova.api.openstack.requestlog [None req-1f0bd902-8aa6-4969-a059-bb938b10c2c6 tempest-FlavorsAdminTestJSON-724709731 tempest-FlavorsAdminTestJSON-724709731-project-admin] 10.222.0.49 "GET /compute/v2.1/flavors/detail" status: 200 len: 5394 microversion: 2.1 time: 0.033062
Oct 12 19:09:29.911234 n-d-813679-3 devstack@n-api.service[110553]: [pid: 110553|app: 0|req: 24/41] 10.222.0.49 () {58 vars in 1145 bytes} [Tue Oct 12 19:09:29 2021] GET /compute/v2.1/flavors/detail => generated 5394 bytes in 35 msecs (HTTP/1.1 200) 9 headers in 358 bytes (1 switches on core 0)
Oct 12 19:09:29.915903 n-d-813679-3 devstack@n-api.service[110553]: DEBUG nova.api.openstack.wsgi [None req-cea543b7-8fdf-4225-bd12-ffd359746972 tempest-FlavorsExtraSpecsTestJSON-1864139166 tempest-FlavorsExtraSpecsTestJSON-1864139166-project-admin] Calling method '>' {{(pid=110553) _process_stack /opt/stack/nova/nova/api/openstack/wsgi.py:513}}
Oct 12 19:09:29.925981 n-d-813679-3 devstack@n-api.service[110553]: INFO nova.api.openstack.requestlog [None req-cea543b7-8fdf-4225-bd12-ffd359746972 tempest-FlavorsExtraSpecsTestJSON-1864139166 tempest-FlavorsExtraSpecsTestJSON-1864139166-project-admin] 10.222.0.49 "GET /compute/v2.1/flavors/598450249/os-extra_specs" status: 200 len: 66 microversion: 2.1 time: 0.013553
Oct 12 19:09:29.926840 n-d-813679-3 devstack@n-api.service[110553]: [pid: 110553|app: 0|req: 25/42] 10.222.0.49 () {58 vars in 1199 bytes} [Tue Oct 12 19:09:29 2021] GET /compute/v2.1/flavors/598450249/os-extra_specs => generated 66 bytes in 15 msecs (HTTP/1.1 200) 9 headers in 356 bytes (1 switches on core 0)
Oct 12 19:09:29.933318 n-d-813679-3 devstack@n-api.service[110553]: DEBUG nova.api.openstack.wsgi [None req-0272677f-a37f-4233-876d-e8ef1ee22d26 tempest-FlavorsAdminTestJSON-724709731 tempest-FlavorsAdminTestJSON-724709731-project-admin] Action: 'create', calling method: >, body: {"flavor": {"ram": 512, "vcpus": 1, "disk": 10, "name": "tempest-FlavorsAdminTestJSON-flavor-1385577541", "id": 628486468, "os-flavor-access:is_public": "False"}} {{(pid=110553) _process_stack /opt/stack/nova/nova/api/openstack/wsgi.py:511}}
Oct 12 19:09:29.940018 n-d-813679-3 devstack@n-api.service[110552]: INFO nova.api.openstack.requestlog [None req-b414f3cb-6e69-4f42-92db-737ddc74883a tempest-AggregatesAdminTestJSON-1439723126 tempest-AggregatesAdminTestJSON-1439723126-project] 10.222.0.49 "POST /compute/v2.1/servers" status: 202 len: 380 microversion: 2.1 time: 1.646043
Oct 12 19:09:29.940883 n-d-813679-3 devstack@n-api.service[110552]: [pid: 110552|app: 0|req: 18/43] 10.222.0.49 () {60 vars in 1146 bytes} [Tue Oct 12 19:09:28 2021] POST /compute/v2.1/servers => generated 380 bytes in 1647 msecs (HTTP/1.1 202) 10 headers in 451 bytes (1 switches on core 0)
Oct 12 19:09:29.946825 n-d-813679-3 devstack@n-api.service[110552]: DEBUG nova.api.openstack.wsgi [None req-0ab11a53-d493-41f6-a906-8e3ff3d0a182 tempest-FlavorsExtraSpecsTestJSON-1864139166 tempest-FlavorsExtraSpecsTestJSON-1864139166-project-admin] Calling method '>' {{(pid=110552) _process_stack /opt/stack/nova/nova/api/openstack/wsgi.py:513}}
Oct 12 19:09:29.948215 n-d-813679-3 devstack@n-api.service[110552]: /usr/local/lib/python3.8/dist-packages/oslo_policy/policy.py:1064: UserWarning: Policy os_compute_api:os-flavor-extra-specs:delete failed scope check. The token used to make the request was project scoped but the policy requires ['system'] scope. This behavior may change in the future where using the intended scope is required
Oct 12 19:09:29.948215 n-d-813679-3 devstack@n-api.service[110552]: warnings.warn(msg)
Oct 12 19:09:30.052012 n-d-813679-3 devstack@n-api.service[110553]: INFO nova.api.openstack.requestlog [None req-0272677f-a37f-4233-876d-e8ef1ee22d26 tempest-FlavorsAdminTestJSON-724709731 tempest-FlavorsAdminTestJSON-724709731-project-admin] 10.222.0.49 "POST /compute/v2.1/flavors" status: 200 len: 427 microversion: 2.1 time: 0.123897
Oct 12 19:09:30.053166 n-d-813679-3 devstack@n-api.service[110553]: [pid: 110553|app: 0|req: 26/44] 10.222.0.49 () {60 vars in 1146 bytes} [Tue Oct 12 19:09:29 2021] POST /compute/v2.1/flavors => generated 427 bytes in 125 msecs (HTTP/1.1 200) 9 headers in 357 bytes (1 switches on core 0)
Oct 12 19:09:30.070169 n-d-813679-3 devstack@n-api.service[110553]: DEBUG nova.api.openstack.wsgi [None req-315f38e0-627e-4c00-8519-87af0ee30f0c tempest-AggregatesAdminTestJSON-1439723126 tempest-AggregatesAdminTestJSON-1439723126-project] Calling method '>' {{(pid=110553) _process_stack /opt/stack/nova/nova/api/openstack/wsgi.py:513}}
Oct 12 19:09:30.071782 n-d-813679-3 devstack@n-api.service[110553]: DEBUG nova.compute.api [None req-315f38e0-627e-4c00-8519-87af0ee30f0c tempest-AggregatesAdminTestJSON-1439723126 tempest-AggregatesAdminTestJSON-1439723126-project] [instance: af32cd74-bf78-4300-904c-d338bc0e3da0] Fetching instance by UUID {{(pid=110553) get /opt/stack/nova/nova/compute/api.py:2863}}
Oct 12 19:09:30.125943 n-d-813679-3 devstack@n-api.service[110552]: INFO nova.api.openstack.requestlog [None req-0ab11a53-d493-41f6-a906-8e3ff3d0a182 tempest-FlavorsExtraSpecsTestJSON-1864139166 tempest-FlavorsExtraSpecsTestJSON-1864139166-project-admin] 10.222.0.49 "DELETE /compute/v2.1/flavors/598450249/os-extra_specs/hw:numa_nodes" status: 200 len: 0 microversion: 2.1 time: 0.182524
Oct 12 19:09:30.136941 n-d-813679-3 devstack@n-api.service[110552]: [pid: 110552|app: 0|req: 19/45] 10.222.0.49 () {58 vars in 1244 bytes} [Tue Oct 12 19:09:29 2021] DELETE /compute/v2.1/flavors/598450249/os-extra_specs/hw:numa_nodes => generated 0 bytes in 195 msecs (HTTP/1.1 200) 9 headers in 355 bytes (1 switches on core 0)
Oct 12 19:09:30.151690 n-d-813679-3 devstack@n-api.service[110552]: DEBUG nova.api.openstack.wsgi [None req-b26a38fd-5cf8-4a63-a635-29075a4f6138 tempest-DeleteServersAdminTestJSON-68023370 tempest-DeleteServersAdminTestJSON-68023370-project] Calling method '>' {{(pid=110552) _process_stack /opt/stack/nova/nova/api/openstack/wsgi.py:513}}
Oct 12 19:09:30.152340 n-d-813679-3 devstack@n-api.service[110552]: DEBUG nova.compute.api [None req-b26a38fd-5cf8-4a63-a635-29075a4f6138 tempest-DeleteServersAdminTestJSON-68023370 tempest-DeleteServersAdminTestJSON-68023370-project] [instance: be3694f0-fd86-4327-9f12-057a99b7eb4e] Fetching instance by UUID {{(pid=110552) get /opt/stack/nova/nova/compute/api.py:2863}}
Oct 12 19:09:30.192078 n-d-813679-3 devstack@n-api.service[110553]: DEBUG nova.policy [None req-315f38e0-627e-4c00-8519-87af0ee30f0c tempest-AggregatesAdminTestJSON-1439723126 tempest-AggregatesAdminTestJSON-1439723126-project] Policy check for os_compute_api:os-extended-server-attributes failed with credentials {'is_admin': False, 'user_id': '34a2697063f1475fac1db7164394d2ea', 'user_domain_id': 'default', 'system_scope': None, 'domain_id': None, 'project_id': 'a2b138826c5847aab56cb24a2c9dbeaf', 'project_domain_id': 'default', 'roles': ['member', 'reader'], 'is_admin_project': True, 'service_user_id': None, 'service_user_domain_id': None, 'service_project_id': None, 'service_project_domain_id': None, 'service_roles': []} {{(pid=110553) authorize /opt/stack/nova/nova/policy.py:199}}
Oct 12 19:09:30.199208 n-d-813679-3 devstack@n-api.service[110552]: DEBUG oslo_concurrency.lockutils [None req-b26a38fd-5cf8-4a63-a635-29075a4f6138 tempest-DeleteServersAdminTestJSON-68023370 tempest-DeleteServersAdminTestJSON-68023370-project] Lock "cf588c5f-3176-4c4c-927d-1f04f13c6791" acquired by "nova.context.set_target_cell..get_or_set_cached_cell_and_set_connections" :: waited 0.000s {{(pid=110552) inner /usr/local/lib/python3.8/dist-packages/oslo_concurrency/lockutils.py:355}}
Oct 12 19:09:30.199542 n-d-813679-3 devstack@n-api.service[110553]: INFO nova.api.openstack.requestlog [None req-315f38e0-627e-4c00-8519-87af0ee30f0c tempest-AggregatesAdminTestJSON-1439723126 tempest-AggregatesAdminTestJSON-1439723126-project] 10.222.0.49 "GET /compute/v2.1/servers/af32cd74-bf78-4300-904c-d338bc0e3da0" status: 200 len: 1242 microversion: 2.1 time: 0.145310
Oct 12 19:09:30.199893 n-d-813679-3 devstack@n-api.service[110552]: DEBUG oslo_concurrency.lockutils [None req-b26a38fd-5cf8-4a63-a635-29075a4f6138 tempest-DeleteServersAdminTestJSON-68023370 tempest-DeleteServersAdminTestJSON-68023370-project] Lock "cf588c5f-3176-4c4c-927d-1f04f13c6791" released by "nova.context.set_target_cell..get_or_set_cached_cell_and_set_connections" :: held 0.001s {{(pid=110552) inner /usr/local/lib/python3.8/dist-packages/oslo_concurrency/lockutils.py:367}}
Oct 12 19:09:30.200148 n-d-813679-3 devstack@n-api.service[110553]: [pid: 110553|app: 0|req: 27/46] 10.222.0.49 () {58 vars in 1235 bytes} [Tue Oct 12 19:09:30 2021] GET /compute/v2.1/servers/af32cd74-bf78-4300-904c-d338bc0e3da0 => generated 1242 bytes in 146 msecs (HTTP/1.1 200) 9 headers in 358 bytes (1 switches on core 0)
Oct 12 19:09:30.201113 n-d-813679-3 devstack@n-api.service[110552]: DEBUG oslo_concurrency.lockutils [None req-b26a38fd-5cf8-4a63-a635-29075a4f6138 tempest-DeleteServersAdminTestJSON-68023370 tempest-DeleteServersAdminTestJSON-68023370-project] Lock "cf588c5f-3176-4c4c-927d-1f04f13c6791" acquired by "nova.context.set_target_cell..get_or_set_cached_cell_and_set_connections" :: waited 0.000s {{(pid=110552) inner /usr/local/lib/python3.8/dist-packages/oslo_concurrency/lockutils.py:355}}
Oct 12 19:09:30.201958 n-d-813679-3 devstack@n-api.service[110552]: DEBUG oslo_concurrency.lockutils [None req-b26a38fd-5cf8-4a63-a635-29075a4f6138 tempest-DeleteServersAdminTestJSON-68023370 tempest-DeleteServersAdminTestJSON-68023370-project] Lock "cf588c5f-3176-4c4c-927d-1f04f13c6791" released by "nova.context.set_target_cell..get_or_set_cached_cell_and_set_connections" :: held 0.001s {{(pid=110552) inner /usr/local/lib/python3.8/dist-packages/oslo_concurrency/lockutils.py:367}}
Oct 12 19:09:30.211267 n-d-813679-3 devstack@n-api.service[110553]: DEBUG nova.api.openstack.wsgi [None req-1c9047ef-befa-494d-9192-78edbb59342a tempest-FlavorsAdminTestJSON-1355265453 tempest-FlavorsAdminTestJSON-1355265453-project] Action: 'create', calling method: >, body: {"server": {"name": "test", "imageRef": "6f4fb3da-eb6c-45b7-8a0a-41d9f270f70b", "flavorRef": "628486468"}} {{(pid=110553) _process_stack /opt/stack/nova/nova/api/openstack/wsgi.py:511}}
Oct 12 19:09:30.226155 n-d-813679-3 devstack@n-api.service[110553]: INFO nova.api.openstack.wsgi [None req-1c9047ef-befa-494d-9192-78edbb59342a tempest-FlavorsAdminTestJSON-1355265453 tempest-FlavorsAdminTestJSON-1355265453-project] HTTP exception thrown: Flavor 628486468 could not be found.
Oct 12 19:09:30.226758 n-d-813679-3 devstack@n-api.service[110553]: DEBUG nova.api.openstack.wsgi [None req-1c9047ef-befa-494d-9192-78edbb59342a tempest-FlavorsAdminTestJSON-1355265453 tempest-FlavorsAdminTestJSON-1355265453-project] Returning 400 to user: Flavor 628486468 could not be found. {{(pid=110553) __call__ /opt/stack/nova/nova/api/openstack/wsgi.py:936}}
Oct 12 19:09:30.227601 n-d-813679-3 devstack@n-api.service[110553]: INFO nova.api.openstack.requestlog [None req-1c9047ef-befa-494d-9192-78edbb59342a tempest-FlavorsAdminTestJSON-1355265453 tempest-FlavorsAdminTestJSON-1355265453-project] 10.222.0.49 "POST /compute/v2.1/servers" status: 400 len: 80 microversion: 2.1 time: 0.022393
Oct 12 19:09:30.231077 n-d-813679-3 devstack@n-api.service[110553]: [pid: 110553|app: 0|req: 28/47] 10.222.0.49 () {60 vars in 1146 bytes} [Tue Oct 12 19:09:30 2021] POST /compute/v2.1/servers => generated 80 bytes in 30 msecs (HTTP/1.1 400) 9 headers in 380 bytes (1 switches on core 0)
Oct 12 19:09:30.257703 n-d-813679-3 devstack@n-api.service[110553]: DEBUG nova.api.openstack.wsgi [None req-8a7bcf98-7128-4945-a2c6-4cd89be84f5e tempest-FlavorsExtraSpecsTestJSON-1864139166 tempest-FlavorsExtraSpecsTestJSON-1864139166-project-admin] Calling method '>' {{(pid=110553) _process_stack /opt/stack/nova/nova/api/openstack/wsgi.py:513}}
Oct 12 19:09:30.258559 n-d-813679-3 devstack@n-api.service[110553]: /usr/local/lib/python3.8/dist-packages/oslo_policy/policy.py:1064: UserWarning: Policy os_compute_api:os-flavor-extra-specs:delete failed scope check. The token used to make the request was project scoped but the policy requires ['system'] scope. This behavior may change in the future where using the intended scope is required
Oct 12 19:09:30.258559 n-d-813679-3 devstack@n-api.service[110553]: warnings.warn(msg)
Oct 12 19:09:30.388757 n-d-813679-3 devstack@n-api.service[110553]: INFO nova.api.openstack.requestlog [None req-8a7bcf98-7128-4945-a2c6-4cd89be84f5e tempest-FlavorsExtraSpecsTestJSON-1864139166 tempest-FlavorsExtraSpecsTestJSON-1864139166-project-admin] 10.222.0.49 "DELETE /compute/v2.1/flavors/598450249/os-extra_specs/hw:cpu_policy" status: 200 len: 0 microversion: 2.1 time: 0.154861
Oct 12 19:09:30.390168 n-d-813679-3 devstack@n-api.service[110553]: [pid: 110553|app: 0|req: 29/48] 10.222.0.49 () {58 vars in 1244 bytes} [Tue Oct 12 19:09:30 2021] DELETE /compute/v2.1/flavors/598450249/os-extra_specs/hw:cpu_policy => generated 0 bytes in 159 msecs (HTTP/1.1 200) 9 headers in 355 bytes (1 switches on core 0)
Oct 12 19:09:30.401149 n-d-813679-3 devstack@n-api.service[110553]: DEBUG nova.api.openstack.wsgi [None req-6e62e28e-b766-4c3d-98c5-ebbd7e28f2e9 tempest-FlavorsAdminTestJSON-724709731 tempest-FlavorsAdminTestJSON-724709731-project-admin] Calling method '>' {{(pid=110553) _process_stack /opt/stack/nova/nova/api/openstack/wsgi.py:513}}
Oct 12 19:09:30.405217 n-d-813679-3 devstack@n-api.service[110553]: /usr/local/lib/python3.8/dist-packages/oslo_policy/policy.py:1064: UserWarning: Policy os_compute_api:os-flavor-manage:delete failed scope check. The token used to make the request was project scoped but the policy requires ['system'] scope. This behavior may change in the future where using the intended scope is required
Oct 12 19:09:30.405217 n-d-813679-3 devstack@n-api.service[110553]: warnings.warn(msg)
Oct 12 19:09:30.451329 n-d-813679-3 devstack@n-api.service[110552]: DEBUG nova.policy [None req-b26a38fd-5cf8-4a63-a635-29075a4f6138 tempest-DeleteServersAdminTestJSON-68023370 tempest-DeleteServersAdminTestJSON-68023370-project] Policy check for os_compute_api:os-extended-server-attributes failed with credentials {'is_admin': False, 'user_id': '37655291d04c46688d8d50023cabb20d', 'user_domain_id': 'default', 'system_scope': None, 'domain_id': None, 'project_id': 'd7a64e2dba794979bf3216845bbeb4f0', 'project_domain_id': 'default', 'roles': ['member', 'reader'], 'is_admin_project': True, 'service_user_id': None, 'service_user_domain_id': None, 'service_project_id': None, 'service_project_domain_id': None, 'service_roles': []} {{(pid=110552) authorize /opt/stack/nova/nova/policy.py:199}}
Oct 12 19:09:30.466723 n-d-813679-3 devstack@n-api.service[110552]: INFO nova.api.openstack.requestlog [None req-b26a38fd-5cf8-4a63-a635-29075a4f6138 tempest-DeleteServersAdminTestJSON-68023370 tempest-DeleteServersAdminTestJSON-68023370-project] 10.222.0.49 "GET /compute/v2.1/servers/be3694f0-fd86-4327-9f12-057a99b7eb4e" status: 200 len: 1244 microversion: 2.1 time: 0.328376
Oct 12 19:09:30.467317 n-d-813679-3 devstack@n-api.service[110552]: [pid: 110552|app: 0|req: 20/49] 10.222.0.49 () {58 vars in 1235 bytes} [Tue Oct 12 19:09:30 2021] GET /compute/v2.1/servers/be3694f0-fd86-4327-9f12-057a99b7eb4e => generated 1244 bytes in 330 msecs (HTTP/1.1 200) 9 headers in 358 bytes (1 switches on core 0)
Oct 12 19:09:30.472453 n-d-813679-3 devstack@n-api.service[110552]: DEBUG nova.api.openstack.wsgi [None req-b5119d04-870c-4d6b-b8cd-724418fb8f03 tempest-FlavorsExtraSpecsTestJSON-1864139166 tempest-FlavorsExtraSpecsTestJSON-1864139166-project-admin] Calling method '>' {{(pid=110552) _process_stack /opt/stack/nova/nova/api/openstack/wsgi.py:513}}
Oct 12 19:09:30.481003 n-d-813679-3 devstack@n-api.service[110552]: INFO nova.api.openstack.requestlog [None req-b5119d04-870c-4d6b-b8cd-724418fb8f03 tempest-FlavorsExtraSpecsTestJSON-1864139166 tempest-FlavorsExtraSpecsTestJSON-1864139166-project-admin] 10.222.0.49 "GET /compute/v2.1/flavors/598450249/os-extra_specs" status: 200 len: 19 microversion: 2.1 time: 0.012445
Oct 12 19:09:30.481584 n-d-813679-3 devstack@n-api.service[110552]: [pid: 110552|app: 0|req: 21/50] 10.222.0.49 () {58 vars in 1199 bytes} [Tue Oct 12 19:09:30 2021] GET /compute/v2.1/flavors/598450249/os-extra_specs => generated 19 bytes in 14 msecs (HTTP/1.1 200) 9 headers in 356 bytes (1 switches on core 0)
Oct 12 19:09:30.492277 n-d-813679-3 devstack@n-api.service[110552]: DEBUG nova.api.openstack.wsgi [None req-bf5f0ddc-67f4-4ab6-b464-8ad0ffed2eab tempest-FlavorsExtraSpecsTestJSON-1864139166 tempest-FlavorsExtraSpecsTestJSON-1864139166-project-admin] Calling method '>' {{(pid=110552) _process_stack /opt/stack/nova/nova/api/openstack/wsgi.py:513}}
Oct 12 19:09:30.493382 n-d-813679-3 devstack@n-api.service[110552]: /usr/local/lib/python3.8/dist-packages/oslo_policy/policy.py:1064: UserWarning: Policy os_compute_api:os-flavor-manage:delete failed scope check. The token used to make the request was project scoped but the policy requires ['system'] scope. This behavior may change in the future where using the intended scope is required
Oct 12 19:09:30.493382 n-d-813679-3 devstack@n-api.service[110552]: warnings.warn(msg)
Oct 12 19:09:30.513225 n-d-813679-3 devstack@n-api.service[110553]: INFO nova.api.openstack.requestlog [None req-6e62e28e-b766-4c3d-98c5-ebbd7e28f2e9 tempest-FlavorsAdminTestJSON-724709731 tempest-FlavorsAdminTestJSON-724709731-project-admin] 10.222.0.49 "DELETE /compute/v2.1/flavors/628486468" status: 202 len: 0 microversion: 2.1 time: 0.121604
Oct 12 19:09:30.513972 n-d-813679-3 devstack@n-api.service[110553]: [pid: 110553|app: 0|req: 30/51] 10.222.0.49 () {58 vars in 1157 bytes} [Tue Oct 12 19:09:30 2021] DELETE /compute/v2.1/flavors/628486468 => generated 0 bytes in 123 msecs (HTTP/1.1 202) 9 headers in 361 bytes (1 switches on core 0)
Oct 12 19:09:30.524317 n-d-813679-3 devstack@n-api.service[110553]: DEBUG nova.api.openstack.wsgi [None req-f6638c15-1a55-41db-8bc0-ff32f833b26f tempest-FlavorsAdminTestJSON-724709731 tempest-FlavorsAdminTestJSON-724709731-project-admin] Calling method '>' {{(pid=110553) _process_stack /opt/stack/nova/nova/api/openstack/wsgi.py:513}}
Oct 12 19:09:30.564793 n-d-813679-3 devstack@n-api.service[110553]: INFO nova.api.openstack.requestlog [None req-f6638c15-1a55-41db-8bc0-ff32f833b26f tempest-FlavorsAdminTestJSON-724709731 tempest-FlavorsAdminTestJSON-724709731-project-admin] 10.222.0.49 "GET /compute/v2.1/flavors/detail" status: 200 len: 5394 microversion: 2.1 time: 0.046341
Oct 12 19:09:30.574390 n-d-813679-3 devstack@n-api.service[110553]: [pid: 110553|app: 0|req: 31/52] 10.222.0.49 () {58 vars in 1145 bytes} [Tue Oct 12 19:09:30 2021] GET /compute/v2.1/flavors/detail => generated 5394 bytes in 56 msecs (HTTP/1.1 200) 9 headers in 358 bytes (1 switches on core 0)
Oct 12 19:09:30.584636 n-d-813679-3 devstack@n-api.service[110553]: DEBUG nova.api.openstack.wsgi [None req-325eedb0-025f-430b-be57-cd5baf18072d tempest-FlavorsAdminTestJSON-724709731 tempest-FlavorsAdminTestJSON-724709731-project-admin] Action: 'create', calling method: >, body: {"flavor": {"ram": 512, "vcpus": 1, "disk": 10, "name": "tempest-test_flavor_-2032138403", "id": 1402663428, "os-flavor-access:is_public": "False"}} {{(pid=110553) _process_stack /opt/stack/nova/nova/api/openstack/wsgi.py:511}}
Oct 12 19:09:30.587185 n-d-813679-3 devstack@n-api.service[110553]: /usr/local/lib/python3.8/dist-packages/oslo_policy/policy.py:1064: UserWarning: Policy os_compute_api:os-flavor-manage:create failed scope check. The token used to make the request was project scoped but the policy requires ['system'] scope. This behavior may change in the future where using the intended scope is required
Oct 12 19:09:30.587185 n-d-813679-3 devstack@n-api.service[110553]: warnings.warn(msg)
Oct 12 19:09:30.598682 n-d-813679-3 devstack@n-api.service[110552]: INFO nova.api.openstack.requestlog [None req-bf5f0ddc-67f4-4ab6-b464-8ad0ffed2eab tempest-FlavorsExtraSpecsTestJSON-1864139166 tempest-FlavorsExtraSpecsTestJSON-1864139166-project-admin] 10.222.0.49 "DELETE /compute/v2.1/flavors/598450249" status: 202 len: 0 microversion: 2.1 time: 0.110205
Oct 12 19:09:30.599282 n-d-813679-3 devstack@n-api.service[110552]: [pid: 110552|app: 0|req: 22/53] 10.222.0.49 () {58 vars in 1157 bytes} [Tue Oct 12 19:09:30 2021] DELETE /compute/v2.1/flavors/598450249 => generated 0 bytes in 112 msecs (HTTP/1.1 202) 9 headers in 361 bytes (2 switches on core 0)
Oct 12 19:09:30.606907 n-d-813679-3 devstack@n-api.service[110552]: DEBUG nova.api.openstack.wsgi [None req-546f43fc-a98d-4690-af54-ce1ffab5ef85 tempest-FlavorsExtraSpecsTestJSON-1864139166 tempest-FlavorsExtraSpecsTestJSON-1864139166-project-admin] Calling method '>' {{(pid=110552) _process_stack /opt/stack/nova/nova/api/openstack/wsgi.py:513}}
Oct 12 19:09:30.661127 n-d-813679-3 devstack@n-api.service[110552]: INFO nova.api.openstack.requestlog [None req-546f43fc-a98d-4690-af54-ce1ffab5ef85 tempest-FlavorsExtraSpecsTestJSON-1864139166 tempest-FlavorsExtraSpecsTestJSON-1864139166-project-admin] 10.222.0.49 "GET /compute/v2.1/flavors/detail" status: 200 len: 4991 microversion: 2.1 time: 0.056353
Oct 12 19:09:30.666764 n-d-813679-3 devstack@n-api.service[110552]: [pid: 110552|app: 0|req: 23/54] 10.222.0.49 () {58 vars in 1145 bytes} [Tue Oct 12 19:09:30 2021] GET /compute/v2.1/flavors/detail => generated 4991 bytes in 63 msecs (HTTP/1.1 200) 9 headers in 358 bytes (2 switches on core 0)
Oct 12 19:09:30.696533 n-d-813679-3 devstack@n-api.service[110553]: INFO nova.api.openstack.requestlog [None req-325eedb0-025f-430b-be57-cd5baf18072d tempest-FlavorsAdminTestJSON-724709731 tempest-FlavorsAdminTestJSON-724709731-project-admin] 10.222.0.49 "POST /compute/v2.1/flavors" status: 200 len: 415 microversion: 2.1 time: 0.116344
Oct 12 19:09:30.697520 n-d-813679-3 devstack@n-api.service[110553]: [pid: 110553|app: 0|req: 32/55] 10.222.0.49 () {60 vars in 1146 bytes} [Tue Oct 12 19:09:30 2021] POST /compute/v2.1/flavors => generated 415 bytes in 118 msecs (HTTP/1.1 200) 9 headers in 357 bytes (1 switches on core 0)
Oct 12 19:09:30.734501 n-d-813679-3 devstack@n-api.service[110552]: DEBUG nova.api.openstack.wsgi [None req-a5e0849c-58fc-4dfc-ba9d-eb104df46da7 tempest-FlavorsAdminTestJSON-724709731 tempest-FlavorsAdminTestJSON-724709731-project-admin] Action: 'create', calling method: >, body: {"flavor": {"ram": 512, "vcpus": 1, "disk": 10, "name": "tempest-test_flavor_-327702309", "id": 1735003975, "os-flavor-access:is_public": "True"}} {{(pid=110552) _process_stack /opt/stack/nova/nova/api/openstack/wsgi.py:511}}
Oct 12 19:09:30.740705 n-d-813679-3 devstack@n-api.service[110552]: /usr/local/lib/python3.8/dist-packages/oslo_policy/policy.py:1064: UserWarning: Policy os_compute_api:os-flavor-manage:create failed scope check. The token used to make the request was project scoped but the policy requires ['system'] scope. This behavior may change in the future where using the intended scope is required
Oct 12 19:09:30.740705 n-d-813679-3 devstack@n-api.service[110552]: warnings.warn(msg)
Oct 12 19:09:30.824161 n-d-813679-3 devstack@n-api.service[110552]: INFO nova.api.openstack.requestlog [None req-a5e0849c-58fc-4dfc-ba9d-eb104df46da7 tempest-FlavorsAdminTestJSON-724709731 tempest-FlavorsAdminTestJSON-724709731-project-admin] 10.222.0.49 "POST /compute/v2.1/flavors" status: 200 len: 413 microversion: 2.1 time: 0.118104
Oct 12 19:09:30.824859 n-d-813679-3 devstack@n-api.service[110552]: [pid: 110552|app: 0|req: 24/56] 10.222.0.49 () {60 vars in 1146 bytes} [Tue Oct 12 19:09:30 2021] POST /compute/v2.1/flavors => generated 413 bytes in 122 msecs (HTTP/1.1 200) 9 headers in 357 bytes (2 switches on core 0)
Oct 12 19:09:30.837052 n-d-813679-3 devstack@n-api.service[110553]: DEBUG nova.api.openstack.wsgi [None req-6f62d9b0-0297-4914-b1d8-c141ed4e7686 tempest-FlavorsAdminTestJSON-724709731 tempest-FlavorsAdminTestJSON-724709731-project-admin] Calling method '>' {{(pid=110553) _process_stack /opt/stack/nova/nova/api/openstack/wsgi.py:513}}
Oct 12 19:09:30.880712 n-d-813679-3 devstack@n-api.service[110553]: INFO nova.api.openstack.requestlog [None req-6f62d9b0-0297-4914-b1d8-c141ed4e7686 tempest-FlavorsAdminTestJSON-724709731 tempest-FlavorsAdminTestJSON-724709731-project-admin] 10.222.0.49 "GET /compute/v2.1/flavors/detail?is_public=f" status: 200 len: 418 microversion: 2.1 time: 0.042064
Oct 12 19:09:30.881659 n-d-813679-3 devstack@n-api.service[110553]: [pid: 110553|app: 0|req: 33/57] 10.222.0.49 () {58 vars in 1168 bytes} [Tue Oct 12 19:09:30 2021] GET /compute/v2.1/flavors/detail?is_public=f => generated 418 bytes in 50 msecs (HTTP/1.1 200) 9 headers in 357 bytes (1 switches on core 0)
Oct 12 19:09:30.892984 n-d-813679-3 devstack@n-api.service[110552]: DEBUG nova.api.openstack.wsgi [None req-1860e44a-7c0c-40df-a29e-b60f21c45cff tempest-FlavorsAdminTestJSON-724709731 tempest-FlavorsAdminTestJSON-724709731-project-admin] Calling method '>' {{(pid=110552) _process_stack /opt/stack/nova/nova/api/openstack/wsgi.py:513}}
Oct 12 19:09:30.937043 n-d-813679-3 devstack@n-api.service[110552]: INFO nova.api.openstack.requestlog [None req-1860e44a-7c0c-40df-a29e-b60f21c45cff tempest-FlavorsAdminTestJSON-724709731 tempest-FlavorsAdminTestJSON-724709731-project-admin] 10.222.0.49 "GET /compute/v2.1/flavors/detail?is_public=false" status: 200 len: 418 microversion: 2.1 time: 0.048318
Oct 12 19:09:30.938396 n-d-813679-3 devstack@n-api.service[110552]: [pid: 110552|app: 0|req: 25/58] 10.222.0.49 () {58 vars in 1176 bytes} [Tue Oct 12 19:09:30 2021] GET /compute/v2.1/flavors/detail?is_public=false => generated 418 bytes in 51 msecs (HTTP/1.1 200) 9 headers in 357 bytes (1 switches on core 0)
Oct 12 19:09:30.950123 n-d-813679-3 devstack@n-api.service[110553]: DEBUG nova.api.openstack.wsgi [None req-c722f0f8-a355-42f0-8a0f-a05f953e2c9d tempest-FlavorsAdminTestJSON-724709731 tempest-FlavorsAdminTestJSON-724709731-project-admin] Calling method '>' {{(pid=110553) _process_stack /opt/stack/nova/nova/api/openstack/wsgi.py:513}}
Oct 12 19:09:30.960906 n-d-813679-3 devstack@n-api.service[110553]: INFO nova.api.openstack.requestlog [None req-c722f0f8-a355-42f0-8a0f-a05f953e2c9d tempest-FlavorsAdminTestJSON-724709731 tempest-FlavorsAdminTestJSON-724709731-project-admin] 10.222.0.49 "GET /compute/v2.1/flavors/detail?is_public=no" status: 200 len: 418 microversion: 2.1 time: 0.015352
Oct 12 19:09:30.961884 n-d-813679-3 devstack@n-api.service[110553]: [pid: 110553|app: 0|req: 34/59] 10.222.0.49 () {58 vars in 1170 bytes} [Tue Oct 12 19:09:30 2021] GET /compute/v2.1/flavors/detail?is_public=no => generated 418 bytes in 17 msecs (HTTP/1.1 200) 9 headers in 357 bytes (1 switches on core 0)
Oct 12 19:09:30.978966 n-d-813679-3 devstack@n-api.service[110552]: DEBUG nova.api.openstack.wsgi [None req-bb256c2f-5c8e-44ad-8967-6c058df2474e tempest-FlavorsAdminTestJSON-724709731 tempest-FlavorsAdminTestJSON-724709731-project-admin] Calling method '>' {{(pid=110552) _process_stack /opt/stack/nova/nova/api/openstack/wsgi.py:513}}
Oct 12 19:09:30.991919 n-d-813679-3 devstack@n-api.service[110552]: INFO nova.api.openstack.requestlog [None req-bb256c2f-5c8e-44ad-8967-6c058df2474e tempest-FlavorsAdminTestJSON-724709731 tempest-FlavorsAdminTestJSON-724709731-project-admin] 10.222.0.49 "GET /compute/v2.1/flavors/detail?is_public=0" status: 200 len: 418 microversion: 2.1 time: 0.019053
Oct 12 19:09:30.992976 n-d-813679-3 devstack@n-api.service[110552]: [pid: 110552|app: 0|req: 26/60] 10.222.0.49 () {58 vars in 1168 bytes} [Tue Oct 12 19:09:30 2021] GET /compute/v2.1/flavors/detail?is_public=0 => generated 418 bytes in 21 msecs (HTTP/1.1 200) 9 headers in 357 bytes (1 switches on core 0)
Oct 12 19:09:31.003892 n-d-813679-3 devstack@n-api.service[110553]: DEBUG nova.api.openstack.wsgi [None req-2b2216c5-437f-43f6-a9ea-3e7624c8806c tempest-FlavorsAdminTestJSON-724709731 tempest-FlavorsAdminTestJSON-724709731-project-admin] Calling method '>' {{(pid=110553) _process_stack /opt/stack/nova/nova/api/openstack/wsgi.py:513}}
Oct 12 19:09:31.040423 n-d-813679-3 devstack@n-api.service[110553]: INFO nova.api.openstack.requestlog [None req-2b2216c5-437f-43f6-a9ea-3e7624c8806c tempest-FlavorsAdminTestJSON-724709731 tempest-FlavorsAdminTestJSON-724709731-project-admin] 10.222.0.49 "GET /compute/v2.1/flavors/detail?is_public=t" status: 200 len: 5394 microversion: 2.1 time: 0.040784
