Oct 22 12:58:53.448914 n-d-813419-8 devstack@n-api.service[115838]: DEBUG nova.api.openstack.wsgi [req-a0252519-8447-4f4c-a3aa-4640de16cd37 req-94eba278-be73-4dcb-8414-19a06e8dd10e service nova] Action: 'create', calling method: >, body: {"events": [{"name": "network-changed", "server_uuid": "e831456d-15d4-49cd-b5e3-4b6350d38252", "tag": "26ce7ca3-6dbc-4d03-8bfc-9563f26898c7"}]} {{(pid=115838) _process_stack /opt/stack/nova/nova/api/openstack/wsgi.py:511}}
Oct 22 12:58:53.450892 n-d-813419-8 devstack@n-api.service[115838]: /usr/local/lib/python3.8/dist-packages/oslo_policy/policy.py:1075: UserWarning: Policy os_compute_api:os-server-external-events:create failed scope check. The token used to make the request was project scoped but the policy requires ['system'] scope. This behavior may change in the future where using the intended scope is required
Oct 22 12:58:53.450892 n-d-813419-8 devstack@n-api.service[115838]: warnings.warn(msg)
Oct 22 12:58:53.462243 n-d-813419-8 devstack@n-api.service[115838]: DEBUG oslo_concurrency.lockutils [req-a0252519-8447-4f4c-a3aa-4640de16cd37 req-94eba278-be73-4dcb-8414-19a06e8dd10e service nova] Lock "0092f697-0bfe-4306-947d-dc10ce00bd01" acquired by "nova.context.set_target_cell..get_or_set_cached_cell_and_set_connections" :: waited 0.000s {{(pid=115838) inner /usr/local/lib/python3.8/dist-packages/oslo_concurrency/lockutils.py:355}}
Oct 22 12:58:53.463312 n-d-813419-8 devstack@n-api.service[115838]: DEBUG oslo_concurrency.lockutils [req-a0252519-8447-4f4c-a3aa-4640de16cd37 req-94eba278-be73-4dcb-8414-19a06e8dd10e service nova] Lock "0092f697-0bfe-4306-947d-dc10ce00bd01" released by "nova.context.set_target_cell..get_or_set_cached_cell_and_set_connections" :: held 0.001s {{(pid=115838) inner /usr/local/lib/python3.8/dist-packages/oslo_concurrency/lockutils.py:367}}
Oct 22 12:58:53.477142 n-d-813419-8 devstack@n-api.service[115838]: INFO nova.api.openstack.compute.server_external_events [req-a0252519-8447-4f4c-a3aa-4640de16cd37 req-94eba278-be73-4dcb-8414-19a06e8dd10e service nova] Creating event network-changed:26ce7ca3-6dbc-4d03-8bfc-9563f26898c7 for instance e831456d-15d4-49cd-b5e3-4b6350d38252 on n-h2-813419-8
Oct 22 12:58:53.478458 n-d-813419-8 devstack@n-api.service[115837]: INFO nova.api.openstack.requestlog [None req-834614c7-34b0-430e-b9a7-2e52601cd464 tempest-AggregatesAdminTestV241-1746808812 tempest-AggregatesAdminTestV241-1746808812-project-admin] 10.222.0.25 "POST /compute/v2.1/os-aggregates/7/action" status: 200 len: 298 microversion: 2.41 time: 0.144486
Oct 22 12:58:53.479573 n-d-813419-8 devstack@n-api.service[115837]: [pid: 115837|app: 0|req: 115/239] 10.222.0.25 () {62 vars in 1231 bytes} [Fri Oct 22 12:58:53 2021] POST /compute/v2.1/os-aggregates/7/action => generated 298 bytes in 152 msecs (HTTP/1.1 200) 9 headers in 359 bytes (1 switches on core 0)
Oct 22 12:58:53.484291 n-d-813419-8 devstack@n-api.service[115837]: DEBUG nova.api.openstack.wsgi [None req-38011777-45df-4c64-9bf1-ceb141e7b8bd tempest-AggregatesAdminTestJSON-1589794074 tempest-AggregatesAdminTestJSON-1589794074-project-admin] Action: 'update', calling method: >, body: {"aggregate": {"name": "tempest-test_aggregate-1127729808_new", "availability_zone": "tempest-test_az-1445996026_new"}} {{(pid=115837) _process_stack /opt/stack/nova/nova/api/openstack/wsgi.py:511}}
Oct 22 12:58:53.485917 n-d-813419-8 devstack@n-api.service[115837]: /usr/local/lib/python3.8/dist-packages/oslo_policy/policy.py:1075: UserWarning: Policy os_compute_api:os-aggregates:update failed scope check. The token used to make the request was project scoped but the policy requires ['system'] scope. This behavior may change in the future where using the intended scope is required
Oct 22 12:58:53.485917 n-d-813419-8 devstack@n-api.service[115837]: warnings.warn(msg)
Oct 22 12:58:53.487848 n-d-813419-8 devstack@n-api.service[115838]: INFO nova.api.openstack.requestlog [req-a0252519-8447-4f4c-a3aa-4640de16cd37 req-94eba278-be73-4dcb-8414-19a06e8dd10e service nova] 10.222.0.25 "POST /compute/v2.1/os-server-external-events" status: 200 len: 179 microversion: 2.1 time: 0.041469
Oct 22 12:58:53.488589 n-d-813419-8 devstack@n-api.service[115838]: [pid: 115838|app: 0|req: 125/240] 10.222.0.25 () {64 vars in 1317 bytes} [Fri Oct 22 12:58:53 2021] POST /compute/v2.1/os-server-external-events => generated 179 bytes in 44 msecs (HTTP/1.1 200) 9 headers in 357 bytes (1 switches on core 0)
Oct 22 12:58:53.497570 n-d-813419-8 devstack@n-api.service[115838]: DEBUG nova.api.openstack.wsgi [None req-c629dcbc-4650-43b4-b830-008e0c209164 tempest-AggregatesAdminTestV241-1746808812 tempest-AggregatesAdminTestV241-1746808812-project-admin] Calling method '>' {{(pid=115838) _process_stack /opt/stack/nova/nova/api/openstack/wsgi.py:513}}
Oct 22 12:58:53.498560 n-d-813419-8 devstack@n-api.service[115838]: /usr/local/lib/python3.8/dist-packages/oslo_policy/policy.py:1075: UserWarning: Policy os_compute_api:os-aggregates:delete failed scope check. The token used to make the request was project scoped but the policy requires ['system'] scope. This behavior may change in the future where using the intended scope is required
Oct 22 12:58:53.498560 n-d-813419-8 devstack@n-api.service[115838]: warnings.warn(msg)
Oct 22 12:58:53.522759 n-d-813419-8 devstack@n-api.service[115837]: DEBUG oslo_concurrency.lockutils [None req-38011777-45df-4c64-9bf1-ceb141e7b8bd tempest-AggregatesAdminTestJSON-1589794074 tempest-AggregatesAdminTestJSON-1589794074-project-admin] Lock "0092f697-0bfe-4306-947d-dc10ce00bd01" acquired by "nova.context.set_target_cell..get_or_set_cached_cell_and_set_connections" :: waited 0.000s {{(pid=115837) inner /usr/local/lib/python3.8/dist-packages/oslo_concurrency/lockutils.py:355}}
Oct 22 12:58:53.523211 n-d-813419-8 devstack@n-api.service[115837]: DEBUG oslo_concurrency.lockutils [None req-38011777-45df-4c64-9bf1-ceb141e7b8bd tempest-AggregatesAdminTestJSON-1589794074 tempest-AggregatesAdminTestJSON-1589794074-project-admin] Lock "0092f697-0bfe-4306-947d-dc10ce00bd01" released by "nova.context.set_target_cell..get_or_set_cached_cell_and_set_connections" :: held 0.001s {{(pid=115837) inner /usr/local/lib/python3.8/dist-packages/oslo_concurrency/lockutils.py:367}}
Oct 22 12:58:53.529659 n-d-813419-8 devstack@n-api.service[115838]: INFO nova.api.openstack.requestlog [None req-c629dcbc-4650-43b4-b830-008e0c209164 tempest-AggregatesAdminTestV241-1746808812 tempest-AggregatesAdminTestV241-1746808812-project-admin] 10.222.0.25 "DELETE /compute/v2.1/os-aggregates/7" status: 200 len: 0 microversion: 2.41 time: 0.036835
Oct 22 12:58:53.530476 n-d-813419-8 devstack@n-api.service[115838]: [pid: 115838|app: 0|req: 126/241] 10.222.0.25 () {60 vars in 1192 bytes} [Fri Oct 22 12:58:53 2021] DELETE /compute/v2.1/os-aggregates/7 => generated 0 bytes in 41 msecs (HTTP/1.1 200) 9 headers in 357 bytes (1 switches on core 0)
Oct 22 12:58:53.559332 n-d-813419-8 devstack@n-api.service[115837]: INFO nova.api.openstack.requestlog [None req-38011777-45df-4c64-9bf1-ceb141e7b8bd tempest-AggregatesAdminTestJSON-1589794074 tempest-AggregatesAdminTestJSON-1589794074-project-admin] 10.222.0.25 "PUT /compute/v2.1/os-aggregates/9" status: 200 len: 336 microversion: 2.1 time: 0.078256
Oct 22 12:58:53.560282 n-d-813419-8 devstack@n-api.service[115837]: [pid: 115837|app: 0|req: 116/242] 10.222.0.25 () {60 vars in 1169 bytes} [Fri Oct 22 12:58:53 2021] PUT /compute/v2.1/os-aggregates/9 => generated 336 bytes in 80 msecs (HTTP/1.1 200) 9 headers in 357 bytes (1 switches on core 0)
Oct 22 12:58:53.569863 n-d-813419-8 devstack@n-api.service[115837]: DEBUG nova.api.openstack.wsgi [None req-5eb75d03-c92a-43a1-82b2-4192130cb703 tempest-AggregatesAdminNegativeTestJSON-1470347793 tempest-AggregatesAdminNegativeTestJSON-1470347793-project-admin] Action: 'create', calling method: >, body: {"aggregate": {"name": "tempest-test_aggregate-233071820"}} {{(pid=115837) _process_stack /opt/stack/nova/nova/api/openstack/wsgi.py:511}}
Oct 22 12:58:53.571689 n-d-813419-8 devstack@n-api.service[115837]: /usr/local/lib/python3.8/dist-packages/oslo_policy/policy.py:1075: UserWarning: Policy os_compute_api:os-aggregates:create failed scope check. The token used to make the request was project scoped but the policy requires ['system'] scope. This behavior may change in the future where using the intended scope is required
Oct 22 12:58:53.571689 n-d-813419-8 devstack@n-api.service[115837]: warnings.warn(msg)
Oct 22 12:58:53.572986 n-d-813419-8 devstack@n-api.service[115838]: DEBUG nova.api.openstack.wsgi [None req-d82b8fe7-3523-4526-8b4f-3be5b4079b96 tempest-TenantUsagesTestJSON-1766903821 tempest-TenantUsagesTestJSON-1766903821-project] Calling method '>' {{(pid=115838) _process_stack /opt/stack/nova/nova/api/openstack/wsgi.py:513}}
Oct 22 12:58:53.573277 n-d-813419-8 devstack@n-api.service[115837]: DEBUG nova.objects.aggregate [None req-5eb75d03-c92a-43a1-82b2-4192130cb703 tempest-AggregatesAdminNegativeTestJSON-1470347793 tempest-AggregatesAdminNegativeTestJSON-1470347793-project-admin] Generated uuid f27c7b0b-0d55-43f6-95f5-fb661a666d46 for aggregate {{(pid=115837) create /opt/stack/nova/nova/objects/aggregate.py:298}}
Oct 22 12:58:53.574270 n-d-813419-8 devstack@n-api.service[115838]: DEBUG nova.compute.api [None req-d82b8fe7-3523-4526-8b4f-3be5b4079b96 tempest-TenantUsagesTestJSON-1766903821 tempest-TenantUsagesTestJSON-1766903821-project] [instance: e831456d-15d4-49cd-b5e3-4b6350d38252] Fetching instance by UUID {{(pid=115838) get /opt/stack/nova/nova/compute/api.py:2863}}
Oct 22 12:58:53.583605 n-d-813419-8 devstack@n-api.service[115838]: DEBUG oslo_concurrency.lockutils [None req-d82b8fe7-3523-4526-8b4f-3be5b4079b96 tempest-TenantUsagesTestJSON-1766903821 tempest-TenantUsagesTestJSON-1766903821-project] Lock "0092f697-0bfe-4306-947d-dc10ce00bd01" acquired by "nova.context.set_target_cell..get_or_set_cached_cell_and_set_connections" :: waited 0.000s {{(pid=115838) inner /usr/local/lib/python3.8/dist-packages/oslo_concurrency/lockutils.py:355}}
Oct 22 12:58:53.584493 n-d-813419-8 devstack@n-api.service[115838]: DEBUG oslo_concurrency.lockutils [None req-d82b8fe7-3523-4526-8b4f-3be5b4079b96 tempest-TenantUsagesTestJSON-1766903821 tempest-TenantUsagesTestJSON-1766903821-project] Lock "0092f697-0bfe-4306-947d-dc10ce00bd01" released by "nova.context.set_target_cell..get_or_set_cached_cell_and_set_connections" :: held 0.001s {{(pid=115838) inner /usr/local/lib/python3.8/dist-packages/oslo_concurrency/lockutils.py:367}}
Oct 22 12:58:53.585696 n-d-813419-8 devstack@n-api.service[115838]: DEBUG oslo_concurrency.lockutils [None req-d82b8fe7-3523-4526-8b4f-3be5b4079b96 tempest-TenantUsagesTestJSON-1766903821 tempest-TenantUsagesTestJSON-1766903821-project] Lock "0092f697-0bfe-4306-947d-dc10ce00bd01" acquired by "nova.context.set_target_cell..get_or_set_cached_cell_and_set_connections" :: waited 0.000s {{(pid=115838) inner /usr/local/lib/python3.8/dist-packages/oslo_concurrency/lockutils.py:355}}
Oct 22 12:58:53.586570 n-d-813419-8 devstack@n-api.service[115838]: DEBUG oslo_concurrency.lockutils [None req-d82b8fe7-3523-4526-8b4f-3be5b4079b96 tempest-TenantUsagesTestJSON-1766903821 tempest-TenantUsagesTestJSON-1766903821-project] Lock "0092f697-0bfe-4306-947d-dc10ce00bd01" released by "nova.context.set_target_cell..get_or_set_cached_cell_and_set_connections" :: held 0.001s {{(pid=115838) inner /usr/local/lib/python3.8/dist-packages/oslo_concurrency/lockutils.py:367}}
Oct 22 12:58:53.790049 n-d-813419-8 devstack@n-api.service[115837]: INFO nova.api.openstack.requestlog [None req-5eb75d03-c92a-43a1-82b2-4192130cb703 tempest-AggregatesAdminNegativeTestJSON-1470347793 tempest-AggregatesAdminNegativeTestJSON-1470347793-project-admin] 10.222.0.25 "POST /compute/v2.1/os-aggregates" status: 200 len: 198 microversion: 2.1 time: 0.225094
Oct 22 12:58:53.800802 n-d-813419-8 devstack@n-api.service[115837]: [pid: 115837|app: 0|req: 117/243] 10.222.0.25 () {60 vars in 1163 bytes} [Fri Oct 22 12:58:53 2021] POST /compute/v2.1/os-aggregates => generated 198 bytes in 236 msecs (HTTP/1.1 200) 9 headers in 357 bytes (2 switches on core 0)
Oct 22 12:58:53.806157 n-d-813419-8 devstack@n-api.service[115837]: DEBUG nova.api.openstack.wsgi [None req-5ce5373e-457b-41ce-9ec6-46e95e2f3e40 tempest-AggregatesAdminTestJSON-1589794074 tempest-AggregatesAdminTestJSON-1589794074-project-admin] Calling method '>' {{(pid=115837) _process_stack /opt/stack/nova/nova/api/openstack/wsgi.py:513}}
Oct 22 12:58:53.806984 n-d-813419-8 devstack@n-api.service[115837]: /usr/local/lib/python3.8/dist-packages/oslo_policy/policy.py:1075: UserWarning: Policy os_compute_api:os-aggregates:index failed scope check. The token used to make the request was project scoped but the policy requires ['system'] scope. This behavior may change in the future where using the intended scope is required
Oct 22 12:58:53.806984 n-d-813419-8 devstack@n-api.service[115837]: warnings.warn(msg)
Oct 22 12:58:53.815039 n-d-813419-8 devstack@n-api.service[115837]: INFO nova.api.openstack.requestlog [None req-5ce5373e-457b-41ce-9ec6-46e95e2f3e40 tempest-AggregatesAdminTestJSON-1589794074 tempest-AggregatesAdminTestJSON-1589794074-project-admin] 10.222.0.25 "GET /compute/v2.1/os-aggregates" status: 200 len: 553 microversion: 2.1 time: 0.012851
Oct 22 12:58:53.815922 n-d-813419-8 devstack@n-api.service[115837]: [pid: 115837|app: 0|req: 118/244] 10.222.0.25 () {58 vars in 1142 bytes} [Fri Oct 22 12:58:53 2021] GET /compute/v2.1/os-aggregates => generated 553 bytes in 14 msecs (HTTP/1.1 200) 9 headers in 357 bytes (1 switches on core 0)
Oct 22 12:58:53.820293 n-d-813419-8 devstack@n-api.service[115837]: DEBUG nova.api.openstack.wsgi [None req-e5945949-93dd-469b-ae67-bf5da427a5de tempest-ServersAdminNegativeTestJSON-1509173602 tempest-ServersAdminNegativeTestJSON-1509173602-project] Calling method '>' {{(pid=115837) _process_stack /opt/stack/nova/nova/api/openstack/wsgi.py:513}}
Oct 22 12:58:53.821203 n-d-813419-8 devstack@n-api.service[115837]: DEBUG nova.compute.api [None req-e5945949-93dd-469b-ae67-bf5da427a5de tempest-ServersAdminNegativeTestJSON-1509173602 tempest-ServersAdminNegativeTestJSON-1509173602-project] [instance: ce625acc-3680-4107-93e7-4dc1dfb4dd69] Fetching instance by UUID {{(pid=115837) get /opt/stack/nova/nova/compute/api.py:2863}}
Oct 22 12:58:53.827821 n-d-813419-8 devstack@n-api.service[115837]: DEBUG oslo_concurrency.lockutils [None req-e5945949-93dd-469b-ae67-bf5da427a5de tempest-ServersAdminNegativeTestJSON-1509173602 tempest-ServersAdminNegativeTestJSON-1509173602-project] Lock "0092f697-0bfe-4306-947d-dc10ce00bd01" acquired by "nova.context.set_target_cell..get_or_set_cached_cell_and_set_connections" :: waited 0.000s {{(pid=115837) inner /usr/local/lib/python3.8/dist-packages/oslo_concurrency/lockutils.py:355}}
Oct 22 12:58:53.828271 n-d-813419-8 devstack@n-api.service[115837]: DEBUG oslo_concurrency.lockutils [None req-e5945949-93dd-469b-ae67-bf5da427a5de tempest-ServersAdminNegativeTestJSON-1509173602 tempest-ServersAdminNegativeTestJSON-1509173602-project] Lock "0092f697-0bfe-4306-947d-dc10ce00bd01" released by "nova.context.set_target_cell..get_or_set_cached_cell_and_set_connections" :: held 0.001s {{(pid=115837) inner /usr/local/lib/python3.8/dist-packages/oslo_concurrency/lockutils.py:367}}
Oct 22 12:58:53.829164 n-d-813419-8 devstack@n-api.service[115837]: DEBUG oslo_concurrency.lockutils [None req-e5945949-93dd-469b-ae67-bf5da427a5de tempest-ServersAdminNegativeTestJSON-1509173602 tempest-ServersAdminNegativeTestJSON-1509173602-project] Lock "0092f697-0bfe-4306-947d-dc10ce00bd01" acquired by "nova.context.set_target_cell..get_or_set_cached_cell_and_set_connections" :: waited 0.000s {{(pid=115837) inner /usr/local/lib/python3.8/dist-packages/oslo_concurrency/lockutils.py:355}}
Oct 22 12:58:53.829596 n-d-813419-8 devstack@n-api.service[115837]: DEBUG oslo_concurrency.lockutils [None req-e5945949-93dd-469b-ae67-bf5da427a5de tempest-ServersAdminNegativeTestJSON-1509173602 tempest-ServersAdminNegativeTestJSON-1509173602-project] Lock "0092f697-0bfe-4306-947d-dc10ce00bd01" released by "nova.context.set_target_cell..get_or_set_cached_cell_and_set_connections" :: held 0.000s {{(pid=115837) inner /usr/local/lib/python3.8/dist-packages/oslo_concurrency/lockutils.py:367}}
Oct 22 12:58:53.830318 n-d-813419-8 devstack@n-api.service[115838]: DEBUG nova.policy [None req-d82b8fe7-3523-4526-8b4f-3be5b4079b96 tempest-TenantUsagesTestJSON-1766903821 tempest-TenantUsagesTestJSON-1766903821-project] Policy check for os_compute_api:os-extended-server-attributes failed with credentials {'is_admin': False, 'user_id': '70ec7e9fd75945689797100078295cc4', 'user_domain_id': 'default', 'system_scope': None, 'domain_id': None, 'project_id': 'c4fa6f531405431c9bf1b3628474df7b', 'project_domain_id': 'default', 'roles': ['member', 'reader'], 'is_admin_project': True, 'service_user_id': None, 'service_user_domain_id': None, 'service_project_id': None, 'service_project_domain_id': None, 'service_roles': []} {{(pid=115838) authorize /opt/stack/nova/nova/policy.py:199}}
Oct 22 12:58:53.839538 n-d-813419-8 devstack@n-api.service[115838]: INFO nova.api.openstack.requestlog [None req-d82b8fe7-3523-4526-8b4f-3be5b4079b96 tempest-TenantUsagesTestJSON-1766903821 tempest-TenantUsagesTestJSON-1766903821-project] 10.222.0.25 "GET /compute/v2.1/servers/e831456d-15d4-49cd-b5e3-4b6350d38252" status: 200 len: 1314 microversion: 2.1 time: 0.288924
Oct 22 12:58:53.841705 n-d-813419-8 devstack@n-api.service[115838]: [pid: 115838|app: 0|req: 127/245] 10.222.0.25 () {58 vars in 1235 bytes} [Fri Oct 22 12:58:53 2021] GET /compute/v2.1/servers/e831456d-15d4-49cd-b5e3-4b6350d38252 => generated 1314 bytes in 311 msecs (HTTP/1.1 200) 9 headers in 358 bytes (1 switches on core 0)
Oct 22 12:58:53.857418 n-d-813419-8 devstack@n-api.service[115838]: DEBUG nova.api.openstack.wsgi [None req-b585b5b2-a0e0-4e28-b72f-a60843aacef1 tempest-AggregatesAdminNegativeTestJSON-1470347793 tempest-AggregatesAdminNegativeTestJSON-1470347793-project-admin] Action: 'action', calling method: >, body: {"add_host": {"host": "n-h1-813419-8"}} {{(pid=115838) _process_stack /opt/stack/nova/nova/api/openstack/wsgi.py:511}}
Oct 22 12:58:53.858939 n-d-813419-8 devstack@n-api.service[115838]: /usr/local/lib/python3.8/dist-packages/oslo_policy/policy.py:1075: UserWarning: Policy os_compute_api:os-aggregates:add_host failed scope check. The token used to make the request was project scoped but the policy requires ['system'] scope. This behavior may change in the future where using the intended scope is required
Oct 22 12:58:53.858939 n-d-813419-8 devstack@n-api.service[115838]: warnings.warn(msg)
Oct 22 12:58:53.869092 n-d-813419-8 devstack@n-api.service[115838]: DEBUG oslo_concurrency.lockutils [None req-b585b5b2-a0e0-4e28-b72f-a60843aacef1 tempest-AggregatesAdminNegativeTestJSON-1470347793 tempest-AggregatesAdminNegativeTestJSON-1470347793-project-admin] Lock "0092f697-0bfe-4306-947d-dc10ce00bd01" acquired by "nova.context.set_target_cell..get_or_set_cached_cell_and_set_connections" :: waited 0.000s {{(pid=115838) inner /usr/local/lib/python3.8/dist-packages/oslo_concurrency/lockutils.py:355}}
Oct 22 12:58:53.870033 n-d-813419-8 devstack@n-api.service[115838]: DEBUG oslo_concurrency.lockutils [None req-b585b5b2-a0e0-4e28-b72f-a60843aacef1 tempest-AggregatesAdminNegativeTestJSON-1470347793 tempest-AggregatesAdminNegativeTestJSON-1470347793-project-admin] Lock "0092f697-0bfe-4306-947d-dc10ce00bd01" released by "nova.context.set_target_cell..get_or_set_cached_cell_and_set_connections" :: held 0.001s {{(pid=115838) inner /usr/local/lib/python3.8/dist-packages/oslo_concurrency/lockutils.py:367}}
Oct 22 12:58:54.028357 n-d-813419-8 devstack@n-api.service[115838]: INFO nova.api.openstack.requestlog [None req-b585b5b2-a0e0-4e28-b72f-a60843aacef1 tempest-AggregatesAdminNegativeTestJSON-1470347793 tempest-AggregatesAdminNegativeTestJSON-1470347793-project-admin] 10.222.0.25 "POST /compute/v2.1/os-aggregates/10/action" status: 200 len: 242 microversion: 2.1 time: 0.185094
Oct 22 12:58:54.029165 n-d-813419-8 devstack@n-api.service[115838]: [pid: 115838|app: 0|req: 128/246] 10.222.0.25 () {60 vars in 1193 bytes} [Fri Oct 22 12:58:53 2021] POST /compute/v2.1/os-aggregates/10/action => generated 242 bytes in 187 msecs (HTTP/1.1 200) 9 headers in 357 bytes (1 switches on core 0)
Oct 22 12:58:54.034287 n-d-813419-8 devstack@n-api.service[115838]: DEBUG nova.api.openstack.wsgi [None req-5d07be06-4711-48ab-9a4d-685c95e862a8 tempest-AggregatesAdminTestJSON-1589794074 tempest-AggregatesAdminTestJSON-1589794074-project-admin] Calling method '>' {{(pid=115838) _process_stack /opt/stack/nova/nova/api/openstack/wsgi.py:513}}
Oct 22 12:58:54.035143 n-d-813419-8 devstack@n-api.service[115838]: /usr/local/lib/python3.8/dist-packages/oslo_policy/policy.py:1075: UserWarning: Policy os_compute_api:os-aggregates:delete failed scope check. The token used to make the request was project scoped but the policy requires ['system'] scope. This behavior may change in the future where using the intended scope is required
Oct 22 12:58:54.035143 n-d-813419-8 devstack@n-api.service[115838]: warnings.warn(msg)
Oct 22 12:58:54.065196 n-d-813419-8 devstack@n-api.service[115838]: INFO nova.api.openstack.requestlog [None req-5d07be06-4711-48ab-9a4d-685c95e862a8 tempest-AggregatesAdminTestJSON-1589794074 tempest-AggregatesAdminTestJSON-1589794074-project-admin] 10.222.0.25 "DELETE /compute/v2.1/os-aggregates/9" status: 200 len: 0 microversion: 2.1 time: 0.034553
Oct 22 12:58:54.074216 n-d-813419-8 devstack@n-api.service[115838]: [pid: 115838|app: 0|req: 129/247] 10.222.0.25 () {58 vars in 1151 bytes} [Fri Oct 22 12:58:54 2021] DELETE /compute/v2.1/os-aggregates/9 => generated 0 bytes in 44 msecs (HTTP/1.1 200) 9 headers in 355 bytes (1 switches on core 0)
Oct 22 12:58:54.079926 n-d-813419-8 devstack@n-api.service[115838]: DEBUG nova.api.openstack.wsgi [None req-08dad8ac-f95e-4e5a-8773-4334f296fb88 tempest-LiveAutoBlockMigrationV225Test-1586105494 tempest-LiveAutoBlockMigrationV225Test-1586105494-project] Calling method '>' {{(pid=115838) _process_stack /opt/stack/nova/nova/api/openstack/wsgi.py:513}}
Oct 22 12:58:54.080654 n-d-813419-8 devstack@n-api.service[115838]: DEBUG nova.compute.api [None req-08dad8ac-f95e-4e5a-8773-4334f296fb88 tempest-LiveAutoBlockMigrationV225Test-1586105494 tempest-LiveAutoBlockMigrationV225Test-1586105494-project] [instance: 3ff78aaf-167c-4712-a9b6-846a666d115e] Fetching instance by UUID {{(pid=115838) get /opt/stack/nova/nova/compute/api.py:2863}}
Oct 22 12:58:54.087978 n-d-813419-8 devstack@n-api.service[115838]: DEBUG oslo_concurrency.lockutils [None req-08dad8ac-f95e-4e5a-8773-4334f296fb88 tempest-LiveAutoBlockMigrationV225Test-1586105494 tempest-LiveAutoBlockMigrationV225Test-1586105494-project] Lock "0092f697-0bfe-4306-947d-dc10ce00bd01" acquired by "nova.context.set_target_cell..get_or_set_cached_cell_and_set_connections" :: waited 0.000s {{(pid=115838) inner /usr/local/lib/python3.8/dist-packages/oslo_concurrency/lockutils.py:355}}
Oct 22 12:58:54.088420 n-d-813419-8 devstack@n-api.service[115838]: DEBUG oslo_concurrency.lockutils [None req-08dad8ac-f95e-4e5a-8773-4334f296fb88 tempest-LiveAutoBlockMigrationV225Test-1586105494 tempest-LiveAutoBlockMigrationV225Test-1586105494-project] Lock "0092f697-0bfe-4306-947d-dc10ce00bd01" released by "nova.context.set_target_cell..get_or_set_cached_cell_and_set_connections" :: held 0.001s {{(pid=115838) inner /usr/local/lib/python3.8/dist-packages/oslo_concurrency/lockutils.py:367}}
Oct 22 12:58:54.089439 n-d-813419-8 devstack@n-api.service[115838]: DEBUG oslo_concurrency.lockutils [None req-08dad8ac-f95e-4e5a-8773-4334f296fb88 tempest-LiveAutoBlockMigrationV225Test-1586105494 tempest-LiveAutoBlockMigrationV225Test-1586105494-project] Lock "0092f697-0bfe-4306-947d-dc10ce00bd01" acquired by "nova.context.set_target_cell..get_or_set_cached_cell_and_set_connections" :: waited 0.000s {{(pid=115838) inner /usr/local/lib/python3.8/dist-packages/oslo_concurrency/lockutils.py:355}}
Oct 22 12:58:54.089622 n-d-813419-8 devstack@n-api.service[115838]: DEBUG oslo_concurrency.lockutils [None req-08dad8ac-f95e-4e5a-8773-4334f296fb88 tempest-LiveAutoBlockMigrationV225Test-1586105494 tempest-LiveAutoBlockMigrationV225Test-1586105494-project] Lock "0092f697-0bfe-4306-947d-dc10ce00bd01" released by "nova.context.set_target_cell..get_or_set_cached_cell_and_set_connections" :: held 0.000s {{(pid=115838) inner /usr/local/lib/python3.8/dist-packages/oslo_concurrency/lockutils.py:367}}
Oct 22 12:58:54.108783 n-d-813419-8 devstack@n-api.service[115837]: DEBUG nova.policy [None req-e5945949-93dd-469b-ae67-bf5da427a5de tempest-ServersAdminNegativeTestJSON-1509173602 tempest-ServersAdminNegativeTestJSON-1509173602-project] Policy check for os_compute_api:os-extended-server-attributes failed with credentials {'is_admin': False, 'user_id': '31b5d719d2384fb49c5ee5bda3075980', 'user_domain_id': 'default', 'system_scope': None, 'domain_id': None, 'project_id': '3fcab38bd81b4be9adbfd3ed89d10e89', 'project_domain_id': 'default', 'roles': ['member', 'reader'], 'is_admin_project': True, 'service_user_id': None, 'service_user_domain_id': None, 'service_project_id': None, 'service_project_domain_id': None, 'service_roles': []} {{(pid=115837) authorize /opt/stack/nova/nova/policy.py:199}}
Oct 22 12:58:54.117226 n-d-813419-8 devstack@n-api.service[115837]: INFO nova.api.openstack.requestlog [None req-e5945949-93dd-469b-ae67-bf5da427a5de tempest-ServersAdminNegativeTestJSON-1509173602 tempest-ServersAdminNegativeTestJSON-1509173602-project] 10.222.0.25 "GET /compute/v2.1/servers/ce625acc-3680-4107-93e7-4dc1dfb4dd69" status: 200 len: 1470 microversion: 2.1 time: 0.300222
Oct 22 12:58:54.130635 n-d-813419-8 devstack@n-api.service[115837]: [pid: 115837|app: 0|req: 119/248] 10.222.0.25 () {58 vars in 1235 bytes} [Fri Oct 22 12:58:53 2021] GET /compute/v2.1/servers/ce625acc-3680-4107-93e7-4dc1dfb4dd69 => generated 1470 bytes in 301 msecs (HTTP/1.1 200) 9 headers in 358 bytes (1 switches on core 0)
Oct 22 12:58:54.138155 n-d-813419-8 devstack@n-api.service[115837]: DEBUG nova.api.openstack.wsgi [None req-01caba59-5aef-40c9-9ac3-1837f07c6a53 tempest-AggregatesAdminNegativeTestJSON-1470347793 tempest-AggregatesAdminNegativeTestJSON-1470347793-project-admin] Action: 'action', calling method: >, body: {"add_host": {"host": "n-h1-813419-8"}} {{(pid=115837) _process_stack /opt/stack/nova/nova/api/openstack/wsgi.py:511}}
Oct 22 12:58:54.139537 n-d-813419-8 devstack@n-api.service[115837]: /usr/local/lib/python3.8/dist-packages/oslo_policy/policy.py:1075: UserWarning: Policy os_compute_api:os-aggregates:add_host failed scope check. The token used to make the request was project scoped but the policy requires ['system'] scope. This behavior may change in the future where using the intended scope is required
Oct 22 12:58:54.139537 n-d-813419-8 devstack@n-api.service[115837]: warnings.warn(msg)
Oct 22 12:58:54.152163 n-d-813419-8 devstack@n-api.service[115837]: DEBUG oslo_concurrency.lockutils [None req-01caba59-5aef-40c9-9ac3-1837f07c6a53 tempest-AggregatesAdminNegativeTestJSON-1470347793 tempest-AggregatesAdminNegativeTestJSON-1470347793-project-admin] Lock "0092f697-0bfe-4306-947d-dc10ce00bd01" acquired by "nova.context.set_target_cell..get_or_set_cached_cell_and_set_connections" :: waited 0.000s {{(pid=115837) inner /usr/local/lib/python3.8/dist-packages/oslo_concurrency/lockutils.py:355}}
Oct 22 12:58:54.152720 n-d-813419-8 devstack@n-api.service[115837]: DEBUG oslo_concurrency.lockutils [None req-01caba59-5aef-40c9-9ac3-1837f07c6a53 tempest-AggregatesAdminNegativeTestJSON-1470347793 tempest-AggregatesAdminNegativeTestJSON-1470347793-project-admin] Lock "0092f697-0bfe-4306-947d-dc10ce00bd01" released by "nova.context.set_target_cell..get_or_set_cached_cell_and_set_connections" :: held 0.001s {{(pid=115837) inner /usr/local/lib/python3.8/dist-packages/oslo_concurrency/lockutils.py:367}}
Oct 22 12:58:54.178822 n-d-813419-8 devstack@n-api.service[115837]: INFO nova.api.openstack.wsgi [None req-01caba59-5aef-40c9-9ac3-1837f07c6a53 tempest-AggregatesAdminNegativeTestJSON-1470347793 tempest-AggregatesAdminNegativeTestJSON-1470347793-project-admin] HTTP exception thrown: Aggregate 10 already has host n-h1-813419-8.
Oct 22 12:58:54.179415 n-d-813419-8 devstack@n-api.service[115837]: DEBUG nova.api.openstack.wsgi [None req-01caba59-5aef-40c9-9ac3-1837f07c6a53 tempest-AggregatesAdminNegativeTestJSON-1470347793 tempest-AggregatesAdminNegativeTestJSON-1470347793-project-admin] Returning 409 to user: Aggregate 10 already has host n-h1-813419-8. {{(pid=115837) __call__ /opt/stack/nova/nova/api/openstack/wsgi.py:936}}
Oct 22 12:58:54.180293 n-d-813419-8 devstack@n-api.service[115837]: INFO nova.api.openstack.requestlog [None req-01caba59-5aef-40c9-9ac3-1837f07c6a53 tempest-AggregatesAdminNegativeTestJSON-1470347793 tempest-AggregatesAdminNegativeTestJSON-1470347793-project-admin] 10.222.0.25 "POST /compute/v2.1/os-aggregates/10/action" status: 409 len: 96 microversion: 2.1 time: 0.061120
Oct 22 12:58:54.187940 n-d-813419-8 devstack@n-api.service[115837]: [pid: 115837|app: 0|req: 120/249] 10.222.0.25 () {60 vars in 1193 bytes} [Fri Oct 22 12:58:54 2021] POST /compute/v2.1/os-aggregates/10/action => generated 96 bytes in 64 msecs (HTTP/1.1 409) 9 headers in 377 bytes (1 switches on core 0)
Oct 22 12:58:54.188048 n-d-813419-8 devstack@n-api.service[115837]: DEBUG nova.api.openstack.wsgi [None req-74bd314a-faef-4120-9c33-fe9f18ecd8b0 tempest-AggregatesAdminTestJSON-1589794074 tempest-AggregatesAdminTestJSON-1589794074-project-admin] Action: 'create', calling method: >, body: {"aggregate": {"name": "tempest-test_aggregate-2076260252"}} {{(pid=115837) _process_stack /opt/stack/nova/nova/api/openstack/wsgi.py:511}}
Oct 22 12:58:54.199393 n-d-813419-8 devstack@n-api.service[115837]: /usr/local/lib/python3.8/dist-packages/oslo_policy/policy.py:1075: UserWarning: Policy os_compute_api:os-aggregates:create failed scope check. The token used to make the request was project scoped but the policy requires ['system'] scope. This behavior may change in the future where using the intended scope is required
Oct 22 12:58:54.199393 n-d-813419-8 devstack@n-api.service[115837]: warnings.warn(msg)
Oct 22 12:58:54.212775 n-d-813419-8 devstack@n-api.service[115837]: DEBUG nova.objects.aggregate [None req-74bd314a-faef-4120-9c33-fe9f18ecd8b0 tempest-AggregatesAdminTestJSON-1589794074 tempest-AggregatesAdminTestJSON-1589794074-project-admin] Generated uuid 96d73380-1f0e-4cb3-a5e5-23614aefddfd for aggregate {{(pid=115837) create /opt/stack/nova/nova/objects/aggregate.py:298}}
Oct 22 12:58:54.267366 n-d-813419-8 devstack@n-api.service[115837]: INFO nova.api.openstack.requestlog [None req-74bd314a-faef-4120-9c33-fe9f18ecd8b0 tempest-AggregatesAdminTestJSON-1589794074 tempest-AggregatesAdminTestJSON-1589794074-project-admin] 10.222.0.25 "POST /compute/v2.1/os-aggregates" status: 200 len: 199 microversion: 2.1 time: 0.082426
Oct 22 12:58:54.267726 n-d-813419-8 devstack@n-api.service[115837]: [pid: 115837|app: 0|req: 121/250] 10.222.0.25 () {60 vars in 1163 bytes} [Fri Oct 22 12:58:54 2021] POST /compute/v2.1/os-aggregates => generated 199 bytes in 85 msecs (HTTP/1.1 200) 9 headers in 357 bytes (1 switches on core 0)
Oct 22 12:58:54.450525 n-d-813419-8 devstack@n-api.service[115838]: DEBUG nova.policy [None req-08dad8ac-f95e-4e5a-8773-4334f296fb88 tempest-LiveAutoBlockMigrationV225Test-1586105494 tempest-LiveAutoBlockMigrationV225Test-1586105494-project] Policy check for os_compute_api:os-extended-server-attributes failed with credentials {'is_admin': False, 'user_id': 'd30e00b9574941dab7369bbc9d8adb20', 'user_domain_id': 'default', 'system_scope': None, 'domain_id': None, 'project_id': 'd16bc31b4f464a0f86f2539ed12d42e7', 'project_domain_id': 'default', 'roles': ['member', 'reader'], 'is_admin_project': True, 'service_user_id': None, 'service_user_domain_id': None, 'service_project_id': None, 'service_project_domain_id': None, 'service_roles': []} {{(pid=115838) authorize /opt/stack/nova/nova/policy.py:199}}
Oct 22 12:58:54.470759 n-d-813419-8 devstack@n-api.service[115838]: DEBUG nova.policy [None req-08dad8ac-f95e-4e5a-8773-4334f296fb88 tempest-LiveAutoBlockMigrationV225Test-1586105494 tempest-LiveAutoBlockMigrationV225Test-1586105494-project] Policy check for os_compute_api:servers:show:host_status failed with credentials {'is_admin': False, 'user_id': 'd30e00b9574941dab7369bbc9d8adb20', 'user_domain_id': 'default', 'system_scope': None, 'domain_id': None, 'project_id': 'd16bc31b4f464a0f86f2539ed12d42e7', 'project_domain_id': 'default', 'roles': ['member', 'reader'], 'is_admin_project': True, 'service_user_id': None, 'service_user_domain_id': None, 'service_project_id': None, 'service_project_domain_id': None, 'service_roles': []} {{(pid=115838) authorize /opt/stack/nova/nova/policy.py:199}}
Oct 22 12:58:54.475731 n-d-813419-8 devstack@n-api.service[115838]: DEBUG nova.policy [None req-08dad8ac-f95e-4e5a-8773-4334f296fb88 tempest-LiveAutoBlockMigrationV225Test-1586105494 tempest-LiveAutoBlockMigrationV225Test-1586105494-project] Policy check for os_compute_api:servers:show:host_status:unknown-only failed with credentials {'is_admin': False, 'user_id': 'd30e00b9574941dab7369bbc9d8adb20', 'user_domain_id': 'default', 'system_scope': None, 'domain_id': None, 'project_id': 'd16bc31b4f464a0f86f2539ed12d42e7', 'project_domain_id': 'default', 'roles': ['member', 'reader'], 'is_admin_project': True, 'service_user_id': None, 'service_user_domain_id': None, 'service_project_id': None, 'service_project_domain_id': None, 'service_roles': []} {{(pid=115838) authorize /opt/stack/nova/nova/policy.py:199}}
Oct 22 12:58:54.481201 n-d-813419-8 devstack@n-api.service[115838]: INFO nova.api.openstack.requestlog [None req-08dad8ac-f95e-4e5a-8773-4334f296fb88 tempest-LiveAutoBlockMigrationV225Test-1586105494 tempest-LiveAutoBlockMigrationV225Test-1586105494-project] 10.222.0.25 "GET /compute/v2.1/servers/3ff78aaf-167c-4712-a9b6-846a666d115e" status: 200 len: 1362 microversion: 2.25 time: 0.404087
Oct 22 12:58:54.483390 n-d-813419-8 devstack@n-api.service[115838]: [pid: 115838|app: 0|req: 130/251] 10.222.0.25 () {60 vars in 1276 bytes} [Fri Oct 22 12:58:54 2021] GET /compute/v2.1/servers/3ff78aaf-167c-4712-a9b6-846a666d115e => generated 1362 bytes in 408 msecs (HTTP/1.1 200) 9 headers in 360 bytes (1 switches on core 0)
Oct 22 12:58:54.503764 n-d-813419-8 devstack@n-api.service[115838]: DEBUG nova.api.openstack.wsgi [None req-a66a63e6-b945-4f74-8103-c4bf992c75bc tempest-AggregatesAdminNegativeTestJSON-1470347793 tempest-AggregatesAdminNegativeTestJSON-1470347793-project-admin] Action: 'action', calling method: >, body: {"remove_host": {"host": "n-h1-813419-8"}} {{(pid=115838) _process_stack /opt/stack/nova/nova/api/openstack/wsgi.py:511}}
Oct 22 12:58:54.505913 n-d-813419-8 devstack@n-api.service[115838]: /usr/local/lib/python3.8/dist-packages/oslo_policy/policy.py:1075: UserWarning: Policy os_compute_api:os-aggregates:remove_host failed scope check. The token used to make the request was project scoped but the policy requires ['system'] scope. This behavior may change in the future where using the intended scope is required
Oct 22 12:58:54.505913 n-d-813419-8 devstack@n-api.service[115838]: warnings.warn(msg)
Oct 22 12:58:54.517250 n-d-813419-8 devstack@n-api.service[115838]: DEBUG oslo_concurrency.lockutils [None req-a66a63e6-b945-4f74-8103-c4bf992c75bc tempest-AggregatesAdminNegativeTestJSON-1470347793 tempest-AggregatesAdminNegativeTestJSON-1470347793-project-admin] Lock "0092f697-0bfe-4306-947d-dc10ce00bd01" acquired by "nova.context.set_target_cell..get_or_set_cached_cell_and_set_connections" :: waited 0.000s {{(pid=115838) inner /usr/local/lib/python3.8/dist-packages/oslo_concurrency/lockutils.py:355}}
Oct 22 12:58:54.517952 n-d-813419-8 devstack@n-api.service[115838]: DEBUG oslo_concurrency.lockutils [None req-a66a63e6-b945-4f74-8103-c4bf992c75bc tempest-AggregatesAdminNegativeTestJSON-1470347793 tempest-AggregatesAdminNegativeTestJSON-1470347793-project-admin] Lock "0092f697-0bfe-4306-947d-dc10ce00bd01" released by "nova.context.set_target_cell..get_or_set_cached_cell_and_set_connections" :: held 0.001s {{(pid=115838) inner /usr/local/lib/python3.8/dist-packages/oslo_concurrency/lockutils.py:367}}
Oct 22 12:58:54.729397 n-d-813419-8 devstack@n-api.service[115837]: DEBUG nova.api.openstack.wsgi [None req-c809f45e-9751-485f-924c-76c106c389c0 tempest-ServersAdminNegativeTestJSON-849360101 tempest-ServersAdminNegativeTestJSON-849360101-project-admin] Action: 'action', calling method: >, body: {"migrate": {}} {{(pid=115837) _process_stack /opt/stack/nova/nova/api/openstack/wsgi.py:511}}
Oct 22 12:58:54.730049 n-d-813419-8 devstack@n-api.service[115837]: DEBUG nova.compute.api [None req-c809f45e-9751-485f-924c-76c106c389c0 tempest-ServersAdminNegativeTestJSON-849360101 tempest-ServersAdminNegativeTestJSON-849360101-project-admin] [instance: 2317c748-045c-4abb-9370-fa277b264cdb] Fetching instance by UUID {{(pid=115837) get /opt/stack/nova/nova/compute/api.py:2863}}
Oct 22 12:58:54.745393 n-d-813419-8 devstack@n-api.service[115838]: INFO nova.api.openstack.requestlog [None req-a66a63e6-b945-4f74-8103-c4bf992c75bc tempest-AggregatesAdminNegativeTestJSON-1470347793 tempest-AggregatesAdminNegativeTestJSON-1470347793-project-admin] 10.222.0.25 "POST /compute/v2.1/os-aggregates/10/action" status: 200 len: 227 microversion: 2.1 time: 0.248515
Oct 22 12:58:54.746997 n-d-813419-8 devstack@n-api.service[115837]: INFO nova.api.openstack.wsgi [None req-c809f45e-9751-485f-924c-76c106c389c0 tempest-ServersAdminNegativeTestJSON-849360101 tempest-ServersAdminNegativeTestJSON-849360101-project-admin] HTTP exception thrown: Instance 2317c748-045c-4abb-9370-fa277b264cdb could not be found.
Oct 22 12:58:54.747622 n-d-813419-8 devstack@n-api.service[115837]: DEBUG nova.api.openstack.wsgi [None req-c809f45e-9751-485f-924c-76c106c389c0 tempest-ServersAdminNegativeTestJSON-849360101 tempest-ServersAdminNegativeTestJSON-849360101-project-admin] Returning 404 to user: Instance 2317c748-045c-4abb-9370-fa277b264cdb could not be found. {{(pid=115837) __call__ /opt/stack/nova/nova/api/openstack/wsgi.py:936}}
Oct 22 12:58:54.748817 n-d-813419-8 devstack@n-api.service[115838]: [pid: 115838|app: 0|req: 131/252] 10.222.0.25 () {60 vars in 1193 bytes} [Fri Oct 22 12:58:54 2021] POST /compute/v2.1/os-aggregates/10/action => generated 227 bytes in 252 msecs (HTTP/1.1 200) 9 headers in 357 bytes (1 switches on core 0)
Oct 22 12:58:54.748932 n-d-813419-8 devstack@n-api.service[115837]: INFO nova.api.openstack.requestlog [None req-c809f45e-9751-485f-924c-76c106c389c0 tempest-ServersAdminNegativeTestJSON-849360101 tempest-ServersAdminNegativeTestJSON-849360101-project-admin] 10.222.0.25 "POST /compute/v2.1/servers/2317c748-045c-4abb-9370-fa277b264cdb/action" status: 404 len: 111 microversion: 2.1 time: 0.479062
Oct 22 12:58:54.749421 n-d-813419-8 devstack@n-api.service[115837]: [pid: 115837|app: 0|req: 122/253] 10.222.0.25 () {60 vars in 1277 bytes} [Fri Oct 22 12:58:54 2021] POST /compute/v2.1/servers/2317c748-045c-4abb-9370-fa277b264cdb/action => generated 111 bytes in 481 msecs (HTTP/1.1 404) 9 headers in 379 bytes (1 switches on core 0)
Oct 22 12:58:54.762529 n-d-813419-8 devstack@n-api.service[115838]: DEBUG nova.api.openstack.wsgi [None req-42ddfe71-465a-4532-89cd-1a1f73630640 tempest-AggregatesAdminTestJSON-1589794074 tempest-AggregatesAdminTestJSON-1589794074-project-admin] Calling method '>' {{(pid=115838) _process_stack /opt/stack/nova/nova/api/openstack/wsgi.py:513}}
Oct 22 12:58:54.763578 n-d-813419-8 devstack@n-api.service[115838]: /usr/local/lib/python3.8/dist-packages/oslo_policy/policy.py:1075: UserWarning: Policy os_compute_api:os-aggregates:index failed scope check. The token used to make the request was project scoped but the policy requires ['system'] scope. This behavior may change in the future where using the intended scope is required
Oct 22 12:58:54.763578 n-d-813419-8 devstack@n-api.service[115838]: warnings.warn(msg)
Oct 22 12:58:54.765313 n-d-813419-8 devstack@n-api.service[115837]: DEBUG nova.api.openstack.wsgi [None req-0b9e9094-b48e-4ca0-9571-24426fe7f123 tempest-MigrationsAdminTest-1576715210 tempest-MigrationsAdminTest-1576715210-project] Calling method '>' {{(pid=115837) _process_stack /opt/stack/nova/nova/api/openstack/wsgi.py:513}}
Oct 22 12:58:54.766347 n-d-813419-8 devstack@n-api.service[115837]: DEBUG nova.compute.api [None req-0b9e9094-b48e-4ca0-9571-24426fe7f123 tempest-MigrationsAdminTest-1576715210 tempest-MigrationsAdminTest-1576715210-project] [instance: 9ad08048-871c-407a-940c-85f4946d499f] Fetching instance by UUID {{(pid=115837) get /opt/stack/nova/nova/compute/api.py:2863}}
Oct 22 12:58:54.780397 n-d-813419-8 devstack@n-api.service[115838]: INFO nova.api.openstack.requestlog [None req-42ddfe71-465a-4532-89cd-1a1f73630640 tempest-AggregatesAdminTestJSON-1589794074 tempest-AggregatesAdminTestJSON-1589794074-project-admin] 10.222.0.25 "GET /compute/v2.1/os-aggregates" status: 200 len: 445 microversion: 2.1 time: 0.029670
Oct 22 12:58:54.782582 n-d-813419-8 devstack@n-api.service[115837]: DEBUG oslo_concurrency.lockutils [None req-0b9e9094-b48e-4ca0-9571-24426fe7f123 tempest-MigrationsAdminTest-1576715210 tempest-MigrationsAdminTest-1576715210-project] Lock "0092f697-0bfe-4306-947d-dc10ce00bd01" acquired by "nova.context.set_target_cell..get_or_set_cached_cell_and_set_connections" :: waited 0.000s {{(pid=115837) inner /usr/local/lib/python3.8/dist-packages/oslo_concurrency/lockutils.py:355}}
Oct 22 12:58:54.783044 n-d-813419-8 devstack@n-api.service[115837]: DEBUG oslo_concurrency.lockutils [None req-0b9e9094-b48e-4ca0-9571-24426fe7f123 tempest-MigrationsAdminTest-1576715210 tempest-MigrationsAdminTest-1576715210-project] Lock "0092f697-0bfe-4306-947d-dc10ce00bd01" released by "nova.context.set_target_cell..get_or_set_cached_cell_and_set_connections" :: held 0.001s {{(pid=115837) inner /usr/local/lib/python3.8/dist-packages/oslo_concurrency/lockutils.py:367}}
Oct 22 12:58:54.783573 n-d-813419-8 devstack@n-api.service[115838]: [pid: 115838|app: 0|req: 132/254] 10.222.0.25 () {58 vars in 1142 bytes} [Fri Oct 22 12:58:54 2021] GET /compute/v2.1/os-aggregates => generated 445 bytes in 34 msecs (HTTP/1.1 200) 9 headers in 357 bytes (1 switches on core 0)
Oct 22 12:58:54.785967 n-d-813419-8 devstack@n-api.service[115837]: DEBUG oslo_concurrency.lockutils [None req-0b9e9094-b48e-4ca0-9571-24426fe7f123 tempest-MigrationsAdminTest-1576715210 tempest-MigrationsAdminTest-1576715210-project] Lock "0092f697-0bfe-4306-947d-dc10ce00bd01" acquired by "nova.context.set_target_cell..get_or_set_cached_cell_and_set_connections" :: waited 0.000s {{(pid=115837) inner /usr/local/lib/python3.8/dist-packages/oslo_concurrency/lockutils.py:355}}
Oct 22 12:58:54.787270 n-d-813419-8 devstack@n-api.service[115837]: DEBUG oslo_concurrency.lockutils [None req-0b9e9094-b48e-4ca0-9571-24426fe7f123 tempest-MigrationsAdminTest-1576715210 tempest-MigrationsAdminTest-1576715210-project] Lock "0092f697-0bfe-4306-947d-dc10ce00bd01" released by "nova.context.set_target_cell..get_or_set_cached_cell_and_set_connections" :: held 0.001s {{(pid=115837) inner /usr/local/lib/python3.8/dist-packages/oslo_concurrency/lockutils.py:367}}
Oct 22 12:58:54.797447 n-d-813419-8 devstack@n-api.service[115838]: DEBUG nova.api.openstack.wsgi [None req-2fc1238f-20cd-49cc-a933-2b2ff132fe01 tempest-AggregatesAdminNegativeTestJSON-1470347793 tempest-AggregatesAdminNegativeTestJSON-1470347793-project-admin] Calling method '>' {{(pid=115838) _process_stack /opt/stack/nova/nova/api/openstack/wsgi.py:513}}
Oct 22 12:58:54.799382 n-d-813419-8 devstack@n-api.service[115838]: /usr/local/lib/python3.8/dist-packages/oslo_policy/policy.py:1075: UserWarning: Policy os_compute_api:os-aggregates:delete failed scope check. The token used to make the request was project scoped but the policy requires ['system'] scope. This behavior may change in the future where using the intended scope is required
Oct 22 12:58:54.799382 n-d-813419-8 devstack@n-api.service[115838]: warnings.warn(msg)
Oct 22 12:58:54.830571 n-d-813419-8 devstack@n-api.service[115838]: INFO nova.api.openstack.requestlog [None req-2fc1238f-20cd-49cc-a933-2b2ff132fe01 tempest-AggregatesAdminNegativeTestJSON-1470347793 tempest-AggregatesAdminNegativeTestJSON-1470347793-project-admin] 10.222.0.25 "DELETE /compute/v2.1/os-aggregates/10" status: 200 len: 0 microversion: 2.1 time: 0.043599
Oct 22 12:58:54.831302 n-d-813419-8 devstack@n-api.service[115838]: [pid: 115838|app: 0|req: 133/255] 10.222.0.25 () {58 vars in 1154 bytes} [Fri Oct 22 12:58:54 2021] DELETE /compute/v2.1/os-aggregates/10 => generated 0 bytes in 47 msecs (HTTP/1.1 200) 9 headers in 355 bytes (1 switches on core 0)
Oct 22 12:58:54.836031 n-d-813419-8 devstack@n-api.service[115838]: DEBUG nova.api.openstack.wsgi [None req-5b4696db-1a2e-4b25-aa8f-63609ee3a2bf tempest-AggregatesAdminTestJSON-1589794074 tempest-AggregatesAdminTestJSON-1589794074-project-admin] Calling method '>' {{(pid=115838) _process_stack /opt/stack/nova/nova/api/openstack/wsgi.py:513}}
Oct 22 12:58:54.836841 n-d-813419-8 devstack@n-api.service[115838]: /usr/local/lib/python3.8/dist-packages/oslo_policy/policy.py:1075: UserWarning: Policy os_compute_api:os-aggregates:delete failed scope check. The token used to make the request was project scoped but the policy requires ['system'] scope. This behavior may change in the future where using the intended scope is required
Oct 22 12:58:54.836841 n-d-813419-8 devstack@n-api.service[115838]: warnings.warn(msg)
Oct 22 12:58:54.865797 n-d-813419-8 devstack@n-api.service[115838]: INFO nova.api.openstack.requestlog [None req-5b4696db-1a2e-4b25-aa8f-63609ee3a2bf tempest-AggregatesAdminTestJSON-1589794074 tempest-AggregatesAdminTestJSON-1589794074-project-admin] 10.222.0.25 "DELETE /compute/v2.1/os-aggregates/11" status: 200 len: 0 microversion: 2.1 time: 0.033467
Oct 22 12:58:54.868401 n-d-813419-8 devstack@n-api.service[115838]: [pid: 115838|app: 0|req: 134/256] 10.222.0.25 () {58 vars in 1154 bytes} [Fri Oct 22 12:58:54 2021] DELETE /compute/v2.1/os-aggregates/11 => generated 0 bytes in 36 msecs (HTTP/1.1 200) 9 headers in 355 bytes (1 switches on core 0)
Oct 22 12:58:54.877005 n-d-813419-8 devstack@n-api.service[115838]: DEBUG nova.api.openstack.wsgi [None req-ac6e718b-d691-4b6a-8174-f01494069e79 tempest-AggregatesAdminNegativeTestJSON-1470347793 tempest-AggregatesAdminNegativeTestJSON-1470347793-project-admin] Action: 'create', calling method: >, body: {"aggregate": {"name": "tempest-test_aggregate-510943735"}} {{(pid=115838) _process_stack /opt/stack/nova/nova/api/openstack/wsgi.py:511}}
Oct 22 12:58:54.878585 n-d-813419-8 devstack@n-api.service[115838]: /usr/local/lib/python3.8/dist-packages/oslo_policy/policy.py:1075: UserWarning: Policy os_compute_api:os-aggregates:create failed scope check. The token used to make the request was project scoped but the policy requires ['system'] scope. This behavior may change in the future where using the intended scope is required
Oct 22 12:58:54.878585 n-d-813419-8 devstack@n-api.service[115838]: warnings.warn(msg)
Oct 22 12:58:54.881557 n-d-813419-8 devstack@n-api.service[115838]: DEBUG nova.objects.aggregate [None req-ac6e718b-d691-4b6a-8174-f01494069e79 tempest-AggregatesAdminNegativeTestJSON-1470347793 tempest-AggregatesAdminNegativeTestJSON-1470347793-project-admin] Generated uuid 31c10a9d-1575-4f0a-a22d-044f54ac7efe for aggregate {{(pid=115838) create /opt/stack/nova/nova/objects/aggregate.py:298}}
Oct 22 12:58:54.914736 n-d-813419-8 devstack@n-api.service[115838]: INFO nova.api.openstack.requestlog [None req-ac6e718b-d691-4b6a-8174-f01494069e79 tempest-AggregatesAdminNegativeTestJSON-1470347793 tempest-AggregatesAdminNegativeTestJSON-1470347793-project-admin] 10.222.0.25 "POST /compute/v2.1/os-aggregates" status: 200 len: 198 microversion: 2.1 time: 0.044506
Oct 22 12:58:54.916351 n-d-813419-8 devstack@n-api.service[115838]: [pid: 115838|app: 0|req: 135/257] 10.222.0.25 () {60 vars in 1163 bytes} [Fri Oct 22 12:58:54 2021] POST /compute/v2.1/os-aggregates => generated 198 bytes in 47 msecs (HTTP/1.1 200) 9 headers in 357 bytes (1 switches on core 0)
Oct 22 12:58:54.924989 n-d-813419-8 devstack@n-api.service[115838]: DEBUG nova.api.openstack.wsgi [None req-2f439d6e-3894-4859-937c-6a9f726b58a9 tempest-TenantUsagesTestJSON-1766903821 tempest-TenantUsagesTestJSON-1766903821-project] Calling method '>' {{(pid=115838) _process_stack /opt/stack/nova/nova/api/openstack/wsgi.py:513}}
Oct 22 12:58:54.925597 n-d-813419-8 devstack@n-api.service[115838]: DEBUG nova.compute.api [None req-2f439d6e-3894-4859-937c-6a9f726b58a9 tempest-TenantUsagesTestJSON-1766903821 tempest-TenantUsagesTestJSON-1766903821-project] [instance: e831456d-15d4-49cd-b5e3-4b6350d38252] Fetching instance by UUID {{(pid=115838) get /opt/stack/nova/nova/compute/api.py:2863}}
Oct 22 12:58:54.949309 n-d-813419-8 devstack@n-api.service[115838]: DEBUG oslo_concurrency.lockutils [None req-2f439d6e-3894-4859-937c-6a9f726b58a9 tempest-TenantUsagesTestJSON-1766903821 tempest-TenantUsagesTestJSON-1766903821-project] Lock "0092f697-0bfe-4306-947d-dc10ce00bd01" acquired by "nova.context.set_target_cell..get_or_set_cached_cell_and_set_connections" :: waited 0.000s {{(pid=115838) inner /usr/local/lib/python3.8/dist-packages/oslo_concurrency/lockutils.py:355}}
