Oct 20 11:52:41.461143 n-d-813419-4 neutron-server[107705]: DEBUG neutron_lib.callbacks.manager [req-015c7e92-8bb4-44da-b796-cb7fc6c35e77 req-3210199c-584d-4d54-8461-19dfe6e09e88 tempest-SecurityGroupsTestAdminJSON-1999551164 tempest-SecurityGroupsTestAdminJSON-1999551164-project-admin] Publish callbacks [] for security_group, before_create {{(pid=107705) _notify_loop /usr/local/lib/python3.8/dist-packages/neutron_lib/callbacks/manager.py:175}}
Oct 20 11:52:41.472488 n-d-813419-4 neutron-server[107705]: DEBUG neutron_lib.callbacks.manager [req-015c7e92-8bb4-44da-b796-cb7fc6c35e77 req-3210199c-584d-4d54-8461-19dfe6e09e88 tempest-SecurityGroupsTestAdminJSON-1999551164 tempest-SecurityGroupsTestAdminJSON-1999551164-project-admin] Publish callbacks [] for security_group, before_create {{(pid=107705) _notify_loop /usr/local/lib/python3.8/dist-packages/neutron_lib/callbacks/manager.py:175}}
Oct 20 11:52:41.485921 n-d-813419-4 neutron-server[107704]: DEBUG neutron.pecan_wsgi.hooks.policy_enforcement [req-e7dd833f-d61b-4be1-9645-c32aea15234e req-3d1e513c-a7d1-41b3-a9ad-5be1f31b23f6 tempest-LiveMigrationNegativeTest-1156001068 tempest-LiveMigrationNegativeTest-1156001068-project] Attributes excluded by policy engine: ['standard_attr_id', 'binding:profile', 'binding:host_id', 'binding:vif_type', 'binding:vif_details'] {{(pid=107704) _exclude_attributes_by_policy /opt/stack/neutron/neutron/pecan_wsgi/hooks/policy_enforcement.py:255}}
Oct 20 11:52:41.496384 n-d-813419-4 neutron-server[107704]: INFO neutron.wsgi [req-e7dd833f-d61b-4be1-9645-c32aea15234e req-3d1e513c-a7d1-41b3-a9ad-5be1f31b23f6 tempest-LiveMigrationNegativeTest-1156001068 tempest-LiveMigrationNegativeTest-1156001068-project] 10.222.0.18 "GET /v2.0/ports?device_id=c9b46bef-4ad1-43c6-b62e-a8cdc21360bf HTTP/1.1" status: 200 len: 950 time: 0.0827315
Oct 20 11:52:41.524583 n-d-813419-4 neutron-server[107705]: DEBUG neutron.wsgi [-] (107705) accepted ('10.222.0.18', 55656) {{(pid=107705) server /usr/local/lib/python3.8/dist-packages/eventlet/wsgi.py:982}}
Oct 20 11:52:41.555443 n-d-813419-4 neutron-server[107704]: INFO neutron.wsgi [req-e7dd833f-d61b-4be1-9645-c32aea15234e req-bafdc74b-6858-494b-ae7e-0f8c1735170b tempest-LiveMigrationNegativeTest-1156001068 tempest-LiveMigrationNegativeTest-1156001068-project] 10.222.0.18 "GET /v2.0/security-groups?id=e767a474-e7f8-4352-a555-598541dafad0&fields=id&fields=name HTTP/1.1" status: 200 len: 286 time: 0.0581682
Oct 20 11:52:41.636895 n-d-813419-4 neutron-server[107705]: DEBUG neutron.pecan_wsgi.hooks.policy_enforcement [req-cffe4476-b44f-40eb-8c78-88c3be47a522 req-0ff593fc-34a0-45c0-9a0d-958427a8ee00 tempest-DeleteServersAdminTestJSON-150399719 tempest-DeleteServersAdminTestJSON-150399719-project] Attributes excluded by policy engine: ['standard_attr_id', 'binding:profile', 'binding:host_id', 'binding:vif_type', 'binding:vif_details'] {{(pid=107705) _exclude_attributes_by_policy /opt/stack/neutron/neutron/pecan_wsgi/hooks/policy_enforcement.py:255}}
Oct 20 11:52:41.638598 n-d-813419-4 neutron-server[107705]: INFO neutron.wsgi [req-cffe4476-b44f-40eb-8c78-88c3be47a522 req-0ff593fc-34a0-45c0-9a0d-958427a8ee00 tempest-DeleteServersAdminTestJSON-150399719 tempest-DeleteServersAdminTestJSON-150399719-project] 10.222.0.91 "GET /v2.0/ports?device_id=39764654-6096-448a-b045-03b58a774c5a HTTP/1.1" status: 200 len: 949 time: 0.1318178
Oct 20 11:52:41.729154 n-d-813419-4 neutron-server[107705]: DEBUG neutron_lib.callbacks.manager [None req-c5083b94-e69c-4b77-8dbe-359493ba5361 admin admin] Publish callbacks [] for security_group, before_create {{(pid=107705) _notify_loop /usr/local/lib/python3.8/dist-packages/neutron_lib/callbacks/manager.py:175}}
Oct 20 11:52:41.736897 n-d-813419-4 neutron-server[107705]: DEBUG neutron_lib.callbacks.manager [req-015c7e92-8bb4-44da-b796-cb7fc6c35e77 req-3210199c-584d-4d54-8461-19dfe6e09e88 tempest-SecurityGroupsTestAdminJSON-1999551164 tempest-SecurityGroupsTestAdminJSON-1999551164-project-admin] Publish callbacks [] for security_group, precommit_create {{(pid=107705) _notify_loop /usr/local/lib/python3.8/dist-packages/neutron_lib/callbacks/manager.py:175}}
Oct 20 11:52:41.762010 n-d-813419-4 neutron-server[107706]: DEBUG neutron_lib.callbacks.manager [None req-e6bbd59e-8f9b-4a8c-8ccb-c12bc72764f6 None None] Publish callbacks ['neutron.services.segments.db._update_segment_host_mapping_for_agent-8756430183819', 'neutron.plugins.ml2.plugin.Ml2Plugin._retry_binding_revived_agents-1724122'] for agent, after_update {{(pid=107706) _notify_loop /usr/local/lib/python3.8/dist-packages/neutron_lib/callbacks/manager.py:175}}
Oct 20 11:52:41.809339 n-d-813419-4 neutron-server[107705]: DEBUG neutron.plugins.ml2.plugin [req-cffe4476-b44f-40eb-8c78-88c3be47a522 req-e0d119ff-89e5-4ca3-9211-1fb8df08b326 tempest-DeleteServersAdminTestJSON-150399719 tempest-DeleteServersAdminTestJSON-150399719-project] Deleting port 8d88ea42-66e3-4ceb-b743-3a762a416da1 {{(pid=107705) _pre_delete_port /opt/stack/neutron/neutron/plugins/ml2/plugin.py:1932}}
Oct 20 11:52:41.809678 n-d-813419-4 neutron-server[107705]: DEBUG neutron_lib.callbacks.manager [req-cffe4476-b44f-40eb-8c78-88c3be47a522 req-e0d119ff-89e5-4ca3-9211-1fb8df08b326 tempest-DeleteServersAdminTestJSON-150399719 tempest-DeleteServersAdminTestJSON-150399719-project] Publish callbacks ['neutron.db.l3_db.L3_NAT_dbonly_mixin._prevent_l3_port_delete_callback-8756430232459'] for port, before_delete {{(pid=107705) _notify_loop /usr/local/lib/python3.8/dist-packages/neutron_lib/callbacks/manager.py:175}}
Oct 20 11:52:41.995912 n-d-813419-4 neutron-server[107706]: DEBUG neutron_lib.callbacks.manager [None req-96f62554-bd82-4b64-ac4f-6458be4ded7f None None] Publish callbacks ['neutron.services.segments.db._update_segment_host_mapping_for_agent-8756430183819', 'neutron.plugins.ml2.plugin.Ml2Plugin._retry_binding_revived_agents-1724122'] for agent, after_update {{(pid=107706) _notify_loop /usr/local/lib/python3.8/dist-packages/neutron_lib/callbacks/manager.py:175}}
Oct 20 11:52:42.099309 n-d-813419-4 neutron-server[107705]: DEBUG neutron_lib.callbacks.manager [req-015c7e92-8bb4-44da-b796-cb7fc6c35e77 req-3210199c-584d-4d54-8461-19dfe6e09e88 tempest-SecurityGroupsTestAdminJSON-1999551164 tempest-SecurityGroupsTestAdminJSON-1999551164-project-admin] Publish callbacks ['neutron.plugins.ml2.ovo_rpc._ObjectChangeHandler.handle_event-371816'] for security_group, after_create {{(pid=107705) _notify_loop /usr/local/lib/python3.8/dist-packages/neutron_lib/callbacks/manager.py:175}}
Oct 20 11:52:42.106180 n-d-813419-4 neutron-server[107704]: DEBUG neutron.pecan_wsgi.hooks.policy_enforcement [req-f3a316a7-0389-4556-a232-c94ab435d283 req-42ec9e69-72ce-488d-88b5-8afd70681d84 tempest-DeleteServersAdminTestJSON-150399719 tempest-DeleteServersAdminTestJSON-150399719-project] Attributes excluded by policy engine: ['standard_attr_id', 'binding:profile', 'binding:host_id', 'binding:vif_type', 'binding:vif_details'] {{(pid=107704) _exclude_attributes_by_policy /opt/stack/neutron/neutron/pecan_wsgi/hooks/policy_enforcement.py:255}}
Oct 20 11:52:42.107884 n-d-813419-4 neutron-server[107704]: INFO neutron.wsgi [req-f3a316a7-0389-4556-a232-c94ab435d283 req-42ec9e69-72ce-488d-88b5-8afd70681d84 tempest-DeleteServersAdminTestJSON-150399719 tempest-DeleteServersAdminTestJSON-150399719-project] 10.222.0.18 "GET /v2.0/ports?device_id=39764654-6096-448a-b045-03b58a774c5a HTTP/1.1" status: 200 len: 949 time: 0.0612383
Oct 20 11:52:42.152752 n-d-813419-4 neutron-server[107704]: INFO neutron.wsgi [req-f3a316a7-0389-4556-a232-c94ab435d283 req-ebf54bc2-50c8-4207-81d9-9f468963f84f tempest-DeleteServersAdminTestJSON-150399719 tempest-DeleteServersAdminTestJSON-150399719-project] 10.222.0.18 "GET /v2.0/security-groups?id=9fe106ed-cada-4847-b35f-797351229a39&fields=id&fields=name HTTP/1.1" status: 200 len: 286 time: 0.0351007
Oct 20 11:52:42.175991 n-d-813419-4 neutron-server[107705]: DEBUG neutron_lib.callbacks.manager [None req-c5083b94-e69c-4b77-8dbe-359493ba5361 admin admin] Publish callbacks [] for security_group, precommit_create {{(pid=107705) _notify_loop /usr/local/lib/python3.8/dist-packages/neutron_lib/callbacks/manager.py:175}}
Oct 20 11:52:42.186889 n-d-813419-4 neutron-server[107705]: DEBUG neutron.api.rpc.handlers.resources_rpc [None req-3210199c-584d-4d54-8461-19dfe6e09e88 tempest-SecurityGroupsTestAdminJSON-1999551164 tempest-SecurityGroupsTestAdminJSON-1999551164-project-admin] Pushing event updated for resources: {'SecurityGroup': ['ID=7d2154e4-4985-4c92-8ddd-e3164002681a,revision_number=1']} {{(pid=107705) push /opt/stack/neutron/neutron/api/rpc/handlers/resources_rpc.py:237}}
Oct 20 11:52:42.191168 n-d-813419-4 neutron-server[107705]: DEBUG neutron.plugins.ml2.db [req-cffe4476-b44f-40eb-8c78-88c3be47a522 req-e0d119ff-89e5-4ca3-9211-1fb8df08b326 tempest-DeleteServersAdminTestJSON-150399719 tempest-DeleteServersAdminTestJSON-150399719-project] For port 8d88ea42-66e3-4ceb-b743-3a762a416da1, host n-h2-813419-4, got binding levels [PortBindingLevel(driver='hyperv',host='n-h2-813419-4',level=0,port_id=8d88ea42-66e3-4ceb-b743-3a762a416da1,segment=NetworkSegment(5c65ba27-ba41-4e90-976e-8a37baaf8314),segment_id=5c65ba27-ba41-4e90-976e-8a37baaf8314)] {{(pid=107705) get_binding_level_objs /opt/stack/neutron/neutron/plugins/ml2/db.py:74}}
Oct 20 11:52:42.191534 n-d-813419-4 neutron-server[107705]: DEBUG neutron_lib.callbacks.manager [req-cffe4476-b44f-40eb-8c78-88c3be47a522 req-e0d119ff-89e5-4ca3-9211-1fb8df08b326 tempest-DeleteServersAdminTestJSON-150399719 tempest-DeleteServersAdminTestJSON-150399719-project] Publish callbacks ['neutron.services.l3_router.l3_router_plugin.L3_NAT_dbonly_mixin._precommit_delete_port_callback-746736'] for port, precommit_delete {{(pid=107705) _notify_loop /usr/local/lib/python3.8/dist-packages/neutron_lib/callbacks/manager.py:175}}
Oct 20 11:52:42.209850 n-d-813419-4 neutron-server[107705]: DEBUG neutron.plugins.ml2.plugin [req-cffe4476-b44f-40eb-8c78-88c3be47a522 req-e0d119ff-89e5-4ca3-9211-1fb8df08b326 tempest-DeleteServersAdminTestJSON-150399719 tempest-DeleteServersAdminTestJSON-150399719-project] Calling delete_port for 8d88ea42-66e3-4ceb-b743-3a762a416da1 owned by compute:nova {{(pid=107705) delete_port /opt/stack/neutron/neutron/plugins/ml2/plugin.py:2010}}
Oct 20 11:52:42.237971 n-d-813419-4 neutron-server[107705]: DEBUG neutron_lib.callbacks.manager [None req-c5083b94-e69c-4b77-8dbe-359493ba5361 admin admin] Publish callbacks ['neutron.plugins.ml2.ovo_rpc._ObjectChangeHandler.handle_event-371816'] for security_group, after_create {{(pid=107705) _notify_loop /usr/local/lib/python3.8/dist-packages/neutron_lib/callbacks/manager.py:175}}
Oct 20 11:52:42.242788 n-d-813419-4 neutron-server[107705]: DEBUG neutron_lib.callbacks.manager [req-015c7e92-8bb4-44da-b796-cb7fc6c35e77 req-3210199c-584d-4d54-8461-19dfe6e09e88 tempest-SecurityGroupsTestAdminJSON-1999551164 tempest-SecurityGroupsTestAdminJSON-1999551164-project-admin] Publish callbacks [] for security_group, precommit_create {{(pid=107705) _notify_loop /usr/local/lib/python3.8/dist-packages/neutron_lib/callbacks/manager.py:175}}
Oct 20 11:52:42.318106 n-d-813419-4 neutron-server[107705]: INFO neutron.wsgi [None req-c5083b94-e69c-4b77-8dbe-359493ba5361 admin admin] 10.222.0.18 "GET /v2.0/security-groups?tenant_id=b399c0ddf70e4653810943903ba45351&name=default HTTP/1.1" status: 200 len: 2979 time: 0.7815495
Oct 20 11:52:42.318355 n-d-813419-4 neutron-server[107704]: DEBUG neutron.wsgi [-] (107704) accepted ('10.222.0.18', 55678) {{(pid=107704) server /usr/local/lib/python3.8/dist-packages/eventlet/wsgi.py:982}}
Oct 20 11:52:42.320253 n-d-813419-4 neutron-server[107705]: DEBUG neutron_lib.callbacks.manager [req-015c7e92-8bb4-44da-b796-cb7fc6c35e77 req-3210199c-584d-4d54-8461-19dfe6e09e88 tempest-SecurityGroupsTestAdminJSON-1999551164 tempest-SecurityGroupsTestAdminJSON-1999551164-project-admin] Publish callbacks ['neutron.plugins.ml2.ovo_rpc._ObjectChangeHandler.handle_event-371816'] for security_group, after_create {{(pid=107705) _notify_loop /usr/local/lib/python3.8/dist-packages/neutron_lib/callbacks/manager.py:175}}
Oct 20 11:52:42.327468 n-d-813419-4 neutron-server[107705]: DEBUG neutron.api.rpc.handlers.resources_rpc [None req-c5083b94-e69c-4b77-8dbe-359493ba5361 admin admin] Pushing event updated for resources: {'SecurityGroup': ['ID=83d66948-e9cc-404b-bc68-cb37bfd5eafc,revision_number=1']} {{(pid=107705) push /opt/stack/neutron/neutron/api/rpc/handlers/resources_rpc.py:237}}
Oct 20 11:52:42.372673 n-d-813419-4 neutron-server[107705]: DEBUG neutron.api.rpc.handlers.resources_rpc [None req-3210199c-584d-4d54-8461-19dfe6e09e88 tempest-SecurityGroupsTestAdminJSON-1999551164 tempest-SecurityGroupsTestAdminJSON-1999551164-project-admin] Pushing event updated for resources: {'SecurityGroup': ['ID=aa9532df-297c-4254-b5be-c032323625c7,revision_number=1']} {{(pid=107705) push /opt/stack/neutron/neutron/api/rpc/handlers/resources_rpc.py:237}}
Oct 20 11:52:42.372795 n-d-813419-4 neutron-server[107704]: DEBUG neutron.pecan_wsgi.hooks.policy_enforcement [req-78add024-9441-43a4-b668-b1e04f85d139 req-67b143fc-863c-4f61-bb1d-f0634e11907d tempest-LiveMigrationTest-123342519 tempest-LiveMigrationTest-123342519-project] Attributes excluded by policy engine: ['standard_attr_id', 'binding:profile', 'binding:host_id', 'binding:vif_type', 'binding:vif_details'] {{(pid=107704) _exclude_attributes_by_policy /opt/stack/neutron/neutron/pecan_wsgi/hooks/policy_enforcement.py:255}}
Oct 20 11:52:42.374191 n-d-813419-4 neutron-server[107704]: INFO neutron.wsgi [req-78add024-9441-43a4-b668-b1e04f85d139 req-67b143fc-863c-4f61-bb1d-f0634e11907d tempest-LiveMigrationTest-123342519 tempest-LiveMigrationTest-123342519-project] 10.222.0.18 "GET /v2.0/ports?device_id=902b122c-ec0e-414c-a157-f71c7c402574 HTTP/1.1" status: 200 len: 944 time: 0.0833340
Oct 20 11:52:42.412291 n-d-813419-4 neutron-server[107704]: DEBUG neutron_lib.callbacks.manager [None req-bf188624-e881-4843-aeca-6edd4d4dc66a admin admin] Publish callbacks [] for security_group, before_delete {{(pid=107704) _notify_loop /usr/local/lib/python3.8/dist-packages/neutron_lib/callbacks/manager.py:175}}
Oct 20 11:52:42.413405 n-d-813419-4 neutron-server[107705]: DEBUG neutron_lib.callbacks.manager [req-015c7e92-8bb4-44da-b796-cb7fc6c35e77 req-3210199c-584d-4d54-8461-19dfe6e09e88 tempest-SecurityGroupsTestAdminJSON-1999551164 tempest-SecurityGroupsTestAdminJSON-1999551164-project-admin] Publish callbacks [] for security_group, before_response {{(pid=107705) _notify_loop /usr/local/lib/python3.8/dist-packages/neutron_lib/callbacks/manager.py:175}}
Oct 20 11:52:42.414689 n-d-813419-4 neutron-server[107705]: INFO neutron.wsgi [req-015c7e92-8bb4-44da-b796-cb7fc6c35e77 req-3210199c-584d-4d54-8461-19dfe6e09e88 tempest-SecurityGroupsTestAdminJSON-1999551164 tempest-SecurityGroupsTestAdminJSON-1999551164-project-admin] 10.222.0.18 "POST /v2.0/security-groups HTTP/1.1" status: 201 len: 1782 time: 1.0480013
Oct 20 11:52:42.445095 n-d-813419-4 neutron-server[107704]: INFO neutron.wsgi [req-78add024-9441-43a4-b668-b1e04f85d139 req-9caeaf21-d80a-4f1a-9e99-9b53e19c6859 tempest-LiveMigrationTest-123342519 tempest-LiveMigrationTest-123342519-project] 10.222.0.18 "GET /v2.0/security-groups?id=5197d278-6ebb-4268-8f2c-365f700acad8&fields=id&fields=name HTTP/1.1" status: 200 len: 286 time: 0.0565913
Oct 20 11:52:42.449704 n-d-813419-4 neutron-server[107704]: DEBUG neutron_lib.callbacks.manager [None req-bf188624-e881-4843-aeca-6edd4d4dc66a admin admin] Publish callbacks [] for security_group, precommit_delete {{(pid=107704) _notify_loop /usr/local/lib/python3.8/dist-packages/neutron_lib/callbacks/manager.py:175}}
Oct 20 11:52:42.502582 n-d-813419-4 neutron-server[107705]: DEBUG neutron_lib.callbacks.manager [req-cffe4476-b44f-40eb-8c78-88c3be47a522 req-e0d119ff-89e5-4ca3-9211-1fb8df08b326 tempest-DeleteServersAdminTestJSON-150399719 tempest-DeleteServersAdminTestJSON-150399719-project] Publish callbacks ['neutron.plugins.ml2.plugin.SecurityGroupServerNotifierRpcMixin._notify_sg_on_port_change-1763396', 'neutron.plugins.ml2.ovo_rpc._ObjectChangeHandler.handle_event-49150', 'neutron.api.rpc.agentnotifiers.dhcp_rpc_agent_api.DhcpAgentNotifyAPI._native_event_send_dhcp_notification-563087', 'neutron.db.l3_db.L3RpcNotifierMixin._notify_routers_callback-8756430188373', 'neutron.db.l3_dvrscheduler_db._notify_port_delete-8756429701066'] for port, after_delete {{(pid=107705) _notify_loop /usr/local/lib/python3.8/dist-packages/neutron_lib/callbacks/manager.py:175}}
Oct 20 11:52:42.516022 n-d-813419-4 neutron-server[107706]: DEBUG neutron.plugins.ml2.db [None req-e6bbd59e-8f9b-4a8c-8ccb-c12bc72764f6 None None] get_ports_and_sgs() called for port_ids ['8d88ea42-66e3-4ceb-b743-3a762a416da1'] {{(pid=107706) get_ports_and_sgs /opt/stack/neutron/neutron/plugins/ml2/db.py:156}}
Oct 20 11:52:42.547203 n-d-813419-4 neutron-server[107704]: DEBUG neutron_lib.callbacks.manager [None req-bf188624-e881-4843-aeca-6edd4d4dc66a admin admin] Publish callbacks ['neutron.plugins.ml2.ovo_rpc._ObjectChangeHandler.handle_event-371816'] for security_group, after_delete {{(pid=107704) _notify_loop /usr/local/lib/python3.8/dist-packages/neutron_lib/callbacks/manager.py:175}}
Oct 20 11:52:42.549348 n-d-813419-4 neutron-server[107705]: DEBUG neutron.api.rpc.handlers.resources_rpc [None req-e0d119ff-89e5-4ca3-9211-1fb8df08b326 tempest-DeleteServersAdminTestJSON-150399719 tempest-DeleteServersAdminTestJSON-150399719-project] Pushing event deleted for resources: {'Port': ['ID=8d88ea42-66e3-4ceb-b743-3a762a416da1,revision_number=None']} {{(pid=107705) push /opt/stack/neutron/neutron/api/rpc/handlers/resources_rpc.py:237}}
Oct 20 11:52:42.551252 n-d-813419-4 neutron-server[107704]: DEBUG neutron_lib.callbacks.manager [None req-bf188624-e881-4843-aeca-6edd4d4dc66a admin admin] Publish callbacks [] for security_group, before_response {{(pid=107704) _notify_loop /usr/local/lib/python3.8/dist-packages/neutron_lib/callbacks/manager.py:175}}
Oct 20 11:52:42.552404 n-d-813419-4 neutron-server[107704]: INFO neutron.wsgi [None req-bf188624-e881-4843-aeca-6edd4d4dc66a admin admin] 10.222.0.18 "DELETE /v2.0/security-groups/83d66948-e9cc-404b-bc68-cb37bfd5eafc HTTP/1.1" status: 204 len: 168 time: 0.2330613
Oct 20 11:52:42.579270 n-d-813419-4 neutron-server[107704]: DEBUG neutron.api.rpc.handlers.resources_rpc [None req-bf188624-e881-4843-aeca-6edd4d4dc66a admin admin] Pushing event deleted for resources: {'SecurityGroup': ['ID=83d66948-e9cc-404b-bc68-cb37bfd5eafc,revision_number=None']} {{(pid=107704) push /opt/stack/neutron/neutron/api/rpc/handlers/resources_rpc.py:237}}
Oct 20 11:52:42.620129 n-d-813419-4 neutron-server[107705]: DEBUG neutron.pecan_wsgi.hooks.policy_enforcement [req-2b5e572f-5d22-411f-ba93-35c87a58a76b req-0256b8ca-8875-4e4e-8cd8-358a502cb75a tempest-ServersAdminNegativeTestJSON-260359764 tempest-ServersAdminNegativeTestJSON-260359764-project-admin] Attributes excluded by policy engine: ['standard_attr_id'] {{(pid=107705) _exclude_attributes_by_policy /opt/stack/neutron/neutron/pecan_wsgi/hooks/policy_enforcement.py:255}}
Oct 20 11:52:42.621767 n-d-813419-4 neutron-server[107705]: INFO neutron.wsgi [req-2b5e572f-5d22-411f-ba93-35c87a58a76b req-0256b8ca-8875-4e4e-8cd8-358a502cb75a tempest-ServersAdminNegativeTestJSON-260359764 tempest-ServersAdminNegativeTestJSON-260359764-project-admin] 10.222.0.18 "GET /v2.0/ports?device_id=fb481ec9-df1c-47f5-bdac-588e9c646a2c HTTP/1.1" status: 200 len: 1100 time: 0.1489561
Oct 20 11:52:42.641603 n-d-813419-4 neutron-server[107705]: DEBUG neutron.db.l3_dvrscheduler_db [req-cffe4476-b44f-40eb-8c78-88c3be47a522 req-e0d119ff-89e5-4ca3-9211-1fb8df08b326 tempest-DeleteServersAdminTestJSON-150399719 tempest-DeleteServersAdminTestJSON-150399719-project] No DVR routers for this DVR port 8d88ea42-66e3-4ceb-b743-3a762a416da1 on host n-h2-813419-4 {{(pid=107705) get_dvr_routers_to_remove /opt/stack/neutron/neutron/db/l3_dvrscheduler_db.py:214}}
Oct 20 11:52:42.655774 n-d-813419-4 neutron-server[107705]: DEBUG neutron_lib.callbacks.manager [req-cffe4476-b44f-40eb-8c78-88c3be47a522 req-e0d119ff-89e5-4ca3-9211-1fb8df08b326 tempest-DeleteServersAdminTestJSON-150399719 tempest-DeleteServersAdminTestJSON-150399719-project] Publish callbacks ['neutron.notifiers.nova.Notifier._send_nova_notification-960717'] for port, before_response {{(pid=107705) _notify_loop /usr/local/lib/python3.8/dist-packages/neutron_lib/callbacks/manager.py:175}}
Oct 20 11:52:42.665456 n-d-813419-4 neutron-server[107705]: INFO neutron.wsgi [req-cffe4476-b44f-40eb-8c78-88c3be47a522 req-e0d119ff-89e5-4ca3-9211-1fb8df08b326 tempest-DeleteServersAdminTestJSON-150399719 tempest-DeleteServersAdminTestJSON-150399719-project] 10.222.0.91 "DELETE /v2.0/ports/8d88ea42-66e3-4ceb-b743-3a762a416da1 HTTP/1.1" status: 204 len: 173 time: 1.0194128
Oct 20 11:52:42.667305 n-d-813419-4 neutron-server[107705]: DEBUG neutron.notifiers.nova [-] Sending events: [{'server_uuid': '39764654-6096-448a-b045-03b58a774c5a', 'name': 'network-vif-deleted', 'tag': '8d88ea42-66e3-4ceb-b743-3a762a416da1'}] {{(pid=107705) send_events /opt/stack/neutron/neutron/notifiers/nova.py:262}}
Oct 20 11:52:42.677475 n-d-813419-4 neutron-server[107705]: DEBUG novaclient.v2.client [-] REQ: curl -g -i --cacert "/opt/stack/data/ca-bundle.pem" -X POST http://10.222.0.18/compute/v2.1/os-server-external-events -H "Accept: application/json" -H "Content-Type: application/json" -H "User-Agent: python-novaclient" -H "X-Auth-Token: {SHA256}71ab71492961d981b6725c38378a976684ff669fd2facd1a035f7fca73553900" -H "X-OpenStack-Nova-API-Version: 2.1" -H "X-OpenStack-Request-ID: req-9bd158bb-1dbb-4ae9-81a1-4fcd8aae1626" -d '{"events": [{"server_uuid": "39764654-6096-448a-b045-03b58a774c5a", "name": "network-vif-deleted", "tag": "8d88ea42-66e3-4ceb-b743-3a762a416da1"}]}' {{(pid=107705) _http_log_request /usr/local/lib/python3.8/dist-packages/keystoneauth1/session.py:519}}
Oct 20 11:52:42.686426 n-d-813419-4 neutron-server[107705]: DEBUG neutron_lib.callbacks.manager [req-2b5e572f-5d22-411f-ba93-35c87a58a76b req-24c5d7e4-b63a-4282-923f-aee2ee9934ce tempest-ServersAdminNegativeTestJSON-260359764 tempest-ServersAdminNegativeTestJSON-260359764-project-admin] Publish callbacks [] for security_group, before_create {{(pid=107705) _notify_loop /usr/local/lib/python3.8/dist-packages/neutron_lib/callbacks/manager.py:175}}
Oct 20 11:52:42.778025 n-d-813419-4 neutron-server[107705]: DEBUG neutron_lib.callbacks.manager [req-2b5e572f-5d22-411f-ba93-35c87a58a76b req-24c5d7e4-b63a-4282-923f-aee2ee9934ce tempest-ServersAdminNegativeTestJSON-260359764 tempest-ServersAdminNegativeTestJSON-260359764-project-admin] Publish callbacks [] for security_group, precommit_create {{(pid=107705) _notify_loop /usr/local/lib/python3.8/dist-packages/neutron_lib/callbacks/manager.py:175}}
Oct 20 11:52:42.795306 n-d-813419-4 neutron-server[107704]: DEBUG neutron.api.v2.base [req-504dcfa2-3753-4687-822d-1f0244c6e3c1 req-0d182a50-7fe4-4769-a559-bdb3b2fbbceb tempest-SecurityGroupsTestAdminJSON-1999551164 tempest-SecurityGroupsTestAdminJSON-1999551164-project-admin] Request body: {'security_group': {'name': 'tempest-securitygroup-888249757', 'description': 'tempest-description-437604350'}} {{(pid=107704) prepare_request_body /opt/stack/neutron/neutron/api/v2/base.py:729}}
Oct 20 11:52:42.861084 n-d-813419-4 neutron-server[107705]: DEBUG neutron_lib.callbacks.manager [req-2b5e572f-5d22-411f-ba93-35c87a58a76b req-24c5d7e4-b63a-4282-923f-aee2ee9934ce tempest-ServersAdminNegativeTestJSON-260359764 tempest-ServersAdminNegativeTestJSON-260359764-project-admin] Publish callbacks ['neutron.plugins.ml2.ovo_rpc._ObjectChangeHandler.handle_event-371816'] for security_group, after_create {{(pid=107705) _notify_loop /usr/local/lib/python3.8/dist-packages/neutron_lib/callbacks/manager.py:175}}
Oct 20 11:52:42.888424 n-d-813419-4 neutron-server[107705]: INFO neutron.wsgi [req-2b5e572f-5d22-411f-ba93-35c87a58a76b req-24c5d7e4-b63a-4282-923f-aee2ee9934ce tempest-ServersAdminNegativeTestJSON-260359764 tempest-ServersAdminNegativeTestJSON-260359764-project-admin] 10.222.0.18 "GET /v2.0/security-groups?id=f06aa427-cde2-4a52-a7ad-f3cb7b824fec&fields=id&fields=name HTTP/1.1" status: 200 len: 286 time: 0.2480326
Oct 20 11:52:42.896512 n-d-813419-4 neutron-server[107706]: DEBUG neutron.plugins.ml2.rpc [None req-96f62554-bd82-4b64-ac4f-6458be4ded7f None None] Device bf8a30e5-f4a4-41e4-b805-3fdc7286a335 up at agent hyperv_n-h1-813419-4 {{(pid=107706) update_device_up /opt/stack/neutron/neutron/plugins/ml2/rpc.py:296}}
Oct 20 11:52:42.909496 n-d-813419-4 neutron-server[107705]: DEBUG neutron.api.rpc.handlers.resources_rpc [None req-24c5d7e4-b63a-4282-923f-aee2ee9934ce tempest-ServersAdminNegativeTestJSON-260359764 tempest-ServersAdminNegativeTestJSON-260359764-project-admin] Pushing event updated for resources: {'SecurityGroup': ['ID=61358f86-9718-48ee-afd4-83362ce4c814,revision_number=1']} {{(pid=107705) push /opt/stack/neutron/neutron/api/rpc/handlers/resources_rpc.py:237}}
Oct 20 11:52:42.923804 n-d-813419-4 neutron-server[107704]: DEBUG neutron_lib.callbacks.manager [req-504dcfa2-3753-4687-822d-1f0244c6e3c1 req-0d182a50-7fe4-4769-a559-bdb3b2fbbceb tempest-SecurityGroupsTestAdminJSON-1999551164 tempest-SecurityGroupsTestAdminJSON-1999551164-project-admin] Publish callbacks [] for security_group, before_create {{(pid=107704) _notify_loop /usr/local/lib/python3.8/dist-packages/neutron_lib/callbacks/manager.py:175}}
Oct 20 11:52:42.990635 n-d-813419-4 neutron-server[107704]: DEBUG neutron_lib.callbacks.manager [req-504dcfa2-3753-4687-822d-1f0244c6e3c1 req-0d182a50-7fe4-4769-a559-bdb3b2fbbceb tempest-SecurityGroupsTestAdminJSON-1999551164 tempest-SecurityGroupsTestAdminJSON-1999551164-project-admin] Publish callbacks [] for security_group, precommit_create {{(pid=107704) _notify_loop /usr/local/lib/python3.8/dist-packages/neutron_lib/callbacks/manager.py:175}}
Oct 20 11:52:43.009946 n-d-813419-4 neutron-server[107705]: DEBUG neutron.pecan_wsgi.hooks.policy_enforcement [req-6c99250c-4bef-482d-8efa-455bcad42812 req-f990d98c-8a09-4826-b085-8be7169f0ac8 tempest-LiveMigrationNegativeTest-1156001068 tempest-LiveMigrationNegativeTest-1156001068-project] Attributes excluded by policy engine: ['standard_attr_id', 'binding:profile', 'binding:host_id', 'binding:vif_type', 'binding:vif_details'] {{(pid=107705) _exclude_attributes_by_policy /opt/stack/neutron/neutron/pecan_wsgi/hooks/policy_enforcement.py:255}}
Oct 20 11:52:43.015235 n-d-813419-4 neutron-server[107705]: INFO neutron.wsgi [req-6c99250c-4bef-482d-8efa-455bcad42812 req-f990d98c-8a09-4826-b085-8be7169f0ac8 tempest-LiveMigrationNegativeTest-1156001068 tempest-LiveMigrationNegativeTest-1156001068-project] 10.222.0.18 "GET /v2.0/ports?device_id=c9b46bef-4ad1-43c6-b62e-a8cdc21360bf HTTP/1.1" status: 200 len: 950 time: 0.0582068
Oct 20 11:52:43.051860 n-d-813419-4 neutron-server[107705]: INFO neutron.wsgi [req-6c99250c-4bef-482d-8efa-455bcad42812 req-ae7a3299-f2c5-4ec2-9100-d4c9a0add437 tempest-LiveMigrationNegativeTest-1156001068 tempest-LiveMigrationNegativeTest-1156001068-project] 10.222.0.18 "GET /v2.0/security-groups?id=e767a474-e7f8-4352-a555-598541dafad0&fields=id&fields=name HTTP/1.1" status: 200 len: 286 time: 0.0345168
Oct 20 11:52:43.070387 n-d-813419-4 neutron-server[107706]: DEBUG neutron.db.provisioning_blocks [None req-96f62554-bd82-4b64-ac4f-6458be4ded7f None None] Provisioning for port bf8a30e5-f4a4-41e4-b805-3fdc7286a335 completed by entity L2. {{(pid=107706) provisioning_complete /opt/stack/neutron/neutron/db/provisioning_blocks.py:133}}
Oct 20 11:52:43.075654 n-d-813419-4 neutron-server[107706]: DEBUG neutron.db.provisioning_blocks [None req-96f62554-bd82-4b64-ac4f-6458be4ded7f None None] Provisioning complete for port bf8a30e5-f4a4-41e4-b805-3fdc7286a335 triggered by entity L2. {{(pid=107706) provisioning_complete /opt/stack/neutron/neutron/db/provisioning_blocks.py:139}}
Oct 20 11:52:43.076094 n-d-813419-4 neutron-server[107706]: DEBUG neutron_lib.callbacks.manager [None req-96f62554-bd82-4b64-ac4f-6458be4ded7f None None] Publish callbacks ['neutron.plugins.ml2.plugin.Ml2Plugin._port_provisioned-1724215'] for port, provisioning_complete {{(pid=107706) _notify_loop /usr/local/lib/python3.8/dist-packages/neutron_lib/callbacks/manager.py:175}}
Oct 20 11:52:43.099280 n-d-813419-4 neutron-server[107704]: DEBUG neutron_lib.callbacks.manager [req-504dcfa2-3753-4687-822d-1f0244c6e3c1 req-0d182a50-7fe4-4769-a559-bdb3b2fbbceb tempest-SecurityGroupsTestAdminJSON-1999551164 tempest-SecurityGroupsTestAdminJSON-1999551164-project-admin] Publish callbacks ['neutron.plugins.ml2.ovo_rpc._ObjectChangeHandler.handle_event-371816'] for security_group, after_create {{(pid=107704) _notify_loop /usr/local/lib/python3.8/dist-packages/neutron_lib/callbacks/manager.py:175}}
Oct 20 11:52:43.133663 n-d-813419-4 neutron-server[107704]: DEBUG neutron.api.rpc.handlers.resources_rpc [None req-0d182a50-7fe4-4769-a559-bdb3b2fbbceb tempest-SecurityGroupsTestAdminJSON-1999551164 tempest-SecurityGroupsTestAdminJSON-1999551164-project-admin] Pushing event updated for resources: {'SecurityGroup': ['ID=c6bce4e8-4c16-46e7-9356-0c7d9b98552f,revision_number=1']} {{(pid=107704) push /opt/stack/neutron/neutron/api/rpc/handlers/resources_rpc.py:237}}
Oct 20 11:52:43.136521 n-d-813419-4 neutron-server[107705]: DEBUG novaclient.v2.client [-] RESP: [200] Connection: close Content-Length: 183 Content-Type: application/json Date: Wed, 20 Oct 2021 11:52:42 GMT OpenStack-API-Version: compute 2.1 Server: Apache/2.4.41 (Ubuntu) Vary: OpenStack-API-Version,X-OpenStack-Nova-API-Version X-OpenStack-Nova-API-Version: 2.1 x-compute-request-id: req-ad2f6562-6df6-4e4c-a32c-a5a21050f359 x-openstack-request-id: req-ad2f6562-6df6-4e4c-a32c-a5a21050f359 {{(pid=107705) _http_log_response /usr/local/lib/python3.8/dist-packages/keystoneauth1/session.py:550}}
Oct 20 11:52:43.139104 n-d-813419-4 neutron-server[107705]: DEBUG novaclient.v2.client [-] RESP BODY: {"events": [{"server_uuid": "39764654-6096-448a-b045-03b58a774c5a", "name": "network-vif-deleted", "tag": "8d88ea42-66e3-4ceb-b743-3a762a416da1", "status": "completed", "code": 200}]} {{(pid=107705) _http_log_response /usr/local/lib/python3.8/dist-packages/keystoneauth1/session.py:582}}
Oct 20 11:52:43.139834 n-d-813419-4 neutron-server[107705]: DEBUG novaclient.v2.client [-] POST call to compute for http://10.222.0.18/compute/v2.1/os-server-external-events used request id req-ad2f6562-6df6-4e4c-a32c-a5a21050f359 {{(pid=107705) request /usr/local/lib/python3.8/dist-packages/keystoneauth1/session.py:954}}
Oct 20 11:52:43.140467 n-d-813419-4 neutron-server[107705]: INFO neutron.notifiers.nova [-] Nova event response: {'server_uuid': '39764654-6096-448a-b045-03b58a774c5a', 'name': 'network-vif-deleted', 'tag': '8d88ea42-66e3-4ceb-b743-3a762a416da1', 'status': 'completed', 'code': 200}
Oct 20 11:52:43.172388 n-d-813419-4 neutron-server[107706]: DEBUG neutron_lib.callbacks.manager [None req-96f62554-bd82-4b64-ac4f-6458be4ded7f None None] Publish callbacks ['neutron.plugins.ml2.plugin.SecurityGroupDbMixin._ensure_default_security_group_handler-1763845'] for port, before_update {{(pid=107706) _notify_loop /usr/local/lib/python3.8/dist-packages/neutron_lib/callbacks/manager.py:175}}
Oct 20 11:52:43.196664 n-d-813419-4 neutron-server[107706]: DEBUG neutron.notifiers.nova [-] Sending events: [{'server_uuid': '902b122c-ec0e-414c-a157-f71c7c402574', 'name': 'network-vif-plugged', 'status': 'completed', 'tag': 'bf8a30e5-f4a4-41e4-b805-3fdc7286a335'}] {{(pid=107706) send_events /opt/stack/neutron/neutron/notifiers/nova.py:262}}
Oct 20 11:52:43.198932 n-d-813419-4 neutron-server[107706]: DEBUG novaclient.v2.client [-] REQ: curl -g -i --cacert "/opt/stack/data/ca-bundle.pem" -X POST http://10.222.0.18/compute/v2.1/os-server-external-events -H "Accept: application/json" -H "Content-Type: application/json" -H "User-Agent: python-novaclient" -H "X-Auth-Token: {SHA256}49cdc9f2cca01aae55a3fc85969a12f963f333444f253c4fe2bb11b9dc0cb0c7" -H "X-OpenStack-Nova-API-Version: 2.1" -H "X-OpenStack-Request-ID: req-4a070288-cec6-4262-a9b3-1a35b7cf8f45" -d '{"events": [{"server_uuid": "902b122c-ec0e-414c-a157-f71c7c402574", "name": "network-vif-plugged", "status": "completed", "tag": "bf8a30e5-f4a4-41e4-b805-3fdc7286a335"}]}' {{(pid=107706) _http_log_request /usr/local/lib/python3.8/dist-packages/keystoneauth1/session.py:519}}
Oct 20 11:52:43.211733 n-d-813419-4 neutron-server[107706]: DEBUG neutron.plugins.ml2.db [None req-96f62554-bd82-4b64-ac4f-6458be4ded7f None None] For port bf8a30e5-f4a4-41e4-b805-3fdc7286a335, host n-h1-813419-4, got binding levels [PortBindingLevel(driver='hyperv',host='n-h1-813419-4',level=0,port_id=bf8a30e5-f4a4-41e4-b805-3fdc7286a335,segment=NetworkSegment(a151704b-1ed8-4fa9-89d4-3b3def9279b4),segment_id=a151704b-1ed8-4fa9-89d4-3b3def9279b4)] {{(pid=107706) get_binding_level_objs /opt/stack/neutron/neutron/plugins/ml2/db.py:74}}
Oct 20 11:52:43.253412 n-d-813419-4 neutron-server[107704]: DEBUG neutron_lib.callbacks.manager [req-504dcfa2-3753-4687-822d-1f0244c6e3c1 req-0d182a50-7fe4-4769-a559-bdb3b2fbbceb tempest-SecurityGroupsTestAdminJSON-1999551164 tempest-SecurityGroupsTestAdminJSON-1999551164-project-admin] Publish callbacks [] for security_group, before_response {{(pid=107704) _notify_loop /usr/local/lib/python3.8/dist-packages/neutron_lib/callbacks/manager.py:175}}
Oct 20 11:52:43.253412 n-d-813419-4 neutron-server[107704]: INFO neutron.wsgi [req-504dcfa2-3753-4687-822d-1f0244c6e3c1 req-0d182a50-7fe4-4769-a559-bdb3b2fbbceb tempest-SecurityGroupsTestAdminJSON-1999551164 tempest-SecurityGroupsTestAdminJSON-1999551164-project-admin] 10.222.0.18 "POST /v2.0/security-groups HTTP/1.1" status: 201 len: 1781 time: 0.4590771
Oct 20 11:52:43.272457 n-d-813419-4 neutron-server[107706]: DEBUG neutron_lib.callbacks.manager [None req-96f62554-bd82-4b64-ac4f-6458be4ded7f None None] Publish callbacks ['neutron.plugins.ml2.plugin.SecurityGroupServerNotifierRpcMixin._notify_sg_on_port_change-1763396', 'neutron.plugins.ml2.ovo_rpc._ObjectChangeHandler.handle_event-49150', 'neutron.api.rpc.agentnotifiers.dhcp_rpc_agent_api.DhcpAgentNotifyAPI._native_event_send_dhcp_notification-563087', 'neutron.db.l3_db.L3RpcNotifierMixin._notify_gateway_port_ip_changed-8756430188391', 'neutron.db.l3_dvrscheduler_db._notify_l3_agent_port_update-8756429701075', 'neutron.db.l3_hascheduler_db._notify_l3_agent_ha_port_update-8756429701093'] for port, after_update {{(pid=107706) _notify_loop /usr/local/lib/python3.8/dist-packages/neutron_lib/callbacks/manager.py:175}}
Oct 20 11:52:43.323975 n-d-813419-4 neutron-server[107706]: DEBUG neutron.api.rpc.handlers.resources_rpc [None req-96f62554-bd82-4b64-ac4f-6458be4ded7f None None] Pushing event updated for resources: {'Port': ['ID=bf8a30e5-f4a4-41e4-b805-3fdc7286a335,revision_number=5']} {{(pid=107706) push /opt/stack/neutron/neutron/api/rpc/handlers/resources_rpc.py:237}}
Oct 20 11:52:43.461245 n-d-813419-4 neutron-server[107705]: DEBUG neutron.wsgi [-] (107705) accepted ('10.222.0.18', 55712) {{(pid=107705) server /usr/local/lib/python3.8/dist-packages/eventlet/wsgi.py:982}}
Oct 20 11:52:43.474751 n-d-813419-4 neutron-server[107705]: DEBUG neutron_lib.callbacks.manager [None req-29eb437e-0d96-4e6d-b24c-a377f0ac53fd admin admin] Publish callbacks [] for security_group, before_create {{(pid=107705) _notify_loop /usr/local/lib/python3.8/dist-packages/neutron_lib/callbacks/manager.py:175}}
Oct 20 11:52:43.523203 n-d-813419-4 neutron-server[107705]: INFO neutron.wsgi [req-8cdcd804-4607-4caa-8426-d9eb9316dd28 req-258bfa8b-3647-4c4f-aa4c-a27d59fbef00 tempest-DeleteServersAdminTestJSON-150399719 tempest-DeleteServersAdminTestJSON-150399719-project] 10.222.0.18 "GET /v2.0/ports?device_id=39764654-6096-448a-b045-03b58a774c5a HTTP/1.1" status: 200 len: 210 time: 0.0276976
Oct 20 11:52:43.527530 n-d-813419-4 neutron-server[107706]: DEBUG novaclient.v2.client [-] RESP: [200] Connection: close Content-Length: 183 Content-Type: application/json Date: Wed, 20 Oct 2021 11:52:43 GMT OpenStack-API-Version: compute 2.1 Server: Apache/2.4.41 (Ubuntu) Vary: OpenStack-API-Version,X-OpenStack-Nova-API-Version X-OpenStack-Nova-API-Version: 2.1 x-compute-request-id: req-ed500b31-e8d4-4867-bb43-3f7101a737d5 x-openstack-request-id: req-ed500b31-e8d4-4867-bb43-3f7101a737d5 {{(pid=107706) _http_log_response /usr/local/lib/python3.8/dist-packages/keystoneauth1/session.py:550}}
Oct 20 11:52:43.527846 n-d-813419-4 neutron-server[107706]: DEBUG novaclient.v2.client [-] RESP BODY: {"events": [{"server_uuid": "902b122c-ec0e-414c-a157-f71c7c402574", "name": "network-vif-plugged", "status": "completed", "tag": "bf8a30e5-f4a4-41e4-b805-3fdc7286a335", "code": 200}]} {{(pid=107706) _http_log_response /usr/local/lib/python3.8/dist-packages/keystoneauth1/session.py:582}}
Oct 20 11:52:43.528102 n-d-813419-4 neutron-server[107706]: DEBUG novaclient.v2.client [-] POST call to compute for http://10.222.0.18/compute/v2.1/os-server-external-events used request id req-ed500b31-e8d4-4867-bb43-3f7101a737d5 {{(pid=107706) request /usr/local/lib/python3.8/dist-packages/keystoneauth1/session.py:954}}
Oct 20 11:52:43.528494 n-d-813419-4 neutron-server[107706]: INFO neutron.notifiers.nova [-] Nova event response: {'server_uuid': '902b122c-ec0e-414c-a157-f71c7c402574', 'name': 'network-vif-plugged', 'status': 'completed', 'tag': 'bf8a30e5-f4a4-41e4-b805-3fdc7286a335', 'code': 200}
Oct 20 11:52:43.601031 n-d-813419-4 neutron-server[107705]: DEBUG neutron_lib.callbacks.manager [None req-29eb437e-0d96-4e6d-b24c-a377f0ac53fd admin admin] Publish callbacks [] for security_group, precommit_create {{(pid=107705) _notify_loop /usr/local/lib/python3.8/dist-packages/neutron_lib/callbacks/manager.py:175}}
Oct 20 11:52:43.647285 n-d-813419-4 neutron-server[107704]: DEBUG neutron.pecan_wsgi.hooks.policy_enforcement [req-d6362b90-c22d-4694-99f4-e7a4faaf28a1 req-398644f6-9de7-422f-9ece-0cdd950597bc service neutron] Attributes excluded by policy engine: ['standard_attr_id'] {{(pid=107704) _exclude_attributes_by_policy /opt/stack/neutron/neutron/pecan_wsgi/hooks/policy_enforcement.py:255}}
Oct 20 11:52:43.649573 n-d-813419-4 neutron-server[107704]: INFO neutron.wsgi [req-d6362b90-c22d-4694-99f4-e7a4faaf28a1 req-398644f6-9de7-422f-9ece-0cdd950597bc service neutron] 10.222.0.26 "GET /v2.0/ports?device_id=902b122c-ec0e-414c-a157-f71c7c402574 HTTP/1.1" status: 200 len: 1096 time: 0.0440426
Oct 20 11:52:43.690377 n-d-813419-4 neutron-server[107704]: INFO neutron.wsgi [req-d6362b90-c22d-4694-99f4-e7a4faaf28a1 req-7766ee76-70ec-411a-a3dd-20112341d6c2 service neutron] 10.222.0.26 "GET /v2.0/security-groups?id=5197d278-6ebb-4268-8f2c-365f700acad8&fields=id&fields=name HTTP/1.1" status: 200 len: 286 time: 0.0303113
Oct 20 11:52:43.705957 n-d-813419-4 neutron-server[107705]: DEBUG neutron_lib.callbacks.manager [None req-29eb437e-0d96-4e6d-b24c-a377f0ac53fd admin admin] Publish callbacks ['neutron.plugins.ml2.ovo_rpc._ObjectChangeHandler.handle_event-371816'] for security_group, after_create {{(pid=107705) _notify_loop /usr/local/lib/python3.8/dist-packages/neutron_lib/callbacks/manager.py:175}}
Oct 20 11:52:43.760625 n-d-813419-4 neutron-server[107705]: INFO neutron.wsgi [None req-29eb437e-0d96-4e6d-b24c-a377f0ac53fd admin admin] 10.222.0.18 "GET /v2.0/security-groups?tenant_id=347266777526441d9582e44ad8becb72&name=default HTTP/1.1" status: 200 len: 2979 time: 0.2956979
Oct 20 11:52:43.760849 n-d-813419-4 neutron-server[107704]: DEBUG neutron.wsgi [-] (107704) accepted ('10.222.0.18', 55720) {{(pid=107704) server /usr/local/lib/python3.8/dist-packages/eventlet/wsgi.py:982}}
Oct 20 11:52:43.773435 n-d-813419-4 neutron-server[107705]: DEBUG neutron.api.rpc.handlers.resources_rpc [None req-29eb437e-0d96-4e6d-b24c-a377f0ac53fd admin admin] Pushing event updated for resources: {'SecurityGroup': ['ID=10c6b031-7798-49d6-aade-79899da29e7a,revision_number=1']} {{(pid=107705) push /opt/stack/neutron/neutron/api/rpc/handlers/resources_rpc.py:237}}
Oct 20 11:52:43.843037 n-d-813419-4 neutron-server[107704]: DEBUG neutron_lib.callbacks.manager [None req-85b33a49-2af2-4673-ac11-a4568b49847c admin admin] Publish callbacks [] for security_group, before_delete {{(pid=107704) _notify_loop /usr/local/lib/python3.8/dist-packages/neutron_lib/callbacks/manager.py:175}}
Oct 20 11:52:43.868839 n-d-813419-4 neutron-server[107704]: DEBUG neutron_lib.callbacks.manager [None req-85b33a49-2af2-4673-ac11-a4568b49847c admin admin] Publish callbacks [] for security_group, precommit_delete {{(pid=107704) _notify_loop /usr/local/lib/python3.8/dist-packages/neutron_lib/callbacks/manager.py:175}}
Oct 20 11:52:43.895215 n-d-813419-4 neutron-server[107705]: INFO neutron.wsgi [req-d6952501-4996-4142-817e-e4b4e73bec56 req-d87f0b08-1d95-4462-bf9f-1bf6f43d7611 tempest-SecurityGroupsTestAdminJSON-1999551164 tempest-SecurityGroupsTestAdminJSON-1999551164-project-admin] 10.222.0.18 "GET /v2.0/security-groups HTTP/1.1" status: 200 len: 45082 time: 0.3256037
Oct 20 11:52:43.940531 n-d-813419-4 neutron-server[107704]: DEBUG neutron.pecan_wsgi.hooks.policy_enforcement [req-f0c38128-0c18-49b9-8d54-a17b0f592ae6 req-523c849b-a9a2-4ed4-8db1-861b5f24764d tempest-LiveMigrationTest-123342519 tempest-LiveMigrationTest-123342519-project] Attributes excluded by policy engine: ['standard_attr_id', 'binding:profile', 'binding:host_id', 'binding:vif_type', 'binding:vif_details'] {{(pid=107704) _exclude_attributes_by_policy /opt/stack/neutron/neutron/pecan_wsgi/hooks/policy_enforcement.py:255}}
Oct 20 11:52:43.942035 n-d-813419-4 neutron-server[107704]: INFO neutron.wsgi [req-f0c38128-0c18-49b9-8d54-a17b0f592ae6 req-523c849b-a9a2-4ed4-8db1-861b5f24764d tempest-LiveMigrationTest-123342519 tempest-LiveMigrationTest-123342519-project] 10.222.0.18 "GET /v2.0/ports?device_id=902b122c-ec0e-414c-a157-f71c7c402574 HTTP/1.1" status: 200 len: 945 time: 0.0759926
Oct 20 11:52:43.946936 n-d-813419-4 neutron-server[107705]: INFO neutron.wsgi [req-d6952501-4996-4142-817e-e4b4e73bec56 req-2b7caa05-91bd-438b-b1ee-ffcdcdf656ad tempest-SecurityGroupsTestAdminJSON-1999551164 tempest-SecurityGroupsTestAdminJSON-1999551164-project-admin] 10.222.0.18 "GET /v2.0/security-groups/0294fd06-d929-4798-bd4c-4a734326c6b2 HTTP/1.1" status: 200 len: 2981 time: 0.0442491
Oct 20 11:52:43.989695 n-d-813419-4 neutron-server[107704]: INFO neutron.wsgi [req-f0c38128-0c18-49b9-8d54-a17b0f592ae6 req-62deb937-c80e-493f-ae81-fc6bc5920198 tempest-LiveMigrationTest-123342519 tempest-LiveMigrationTest-123342519-project] 10.222.0.18 "GET /v2.0/security-groups?id=5197d278-6ebb-4268-8f2c-365f700acad8&fields=id&fields=name HTTP/1.1" status: 200 len: 286 time: 0.0398204
Oct 20 11:52:43.993570 n-d-813419-4 neutron-server[107705]: INFO neutron.wsgi [req-d6952501-4996-4142-817e-e4b4e73bec56 req-30bd9cec-7978-4486-869d-8d1f3cb21316 tempest-SecurityGroupsTestAdminJSON-1999551164 tempest-SecurityGroupsTestAdminJSON-1999551164-project-admin] 10.222.0.18 "GET /v2.0/security-groups/0294fd06-d929-4798-bd4c-4a734326c6b2 HTTP/1.1" status: 200 len: 2981 time: 0.0404274
Oct 20 11:52:44.036283 n-d-813419-4 neutron-server[107704]: DEBUG neutron_lib.callbacks.manager [None req-85b33a49-2af2-4673-ac11-a4568b49847c admin admin] Publish callbacks ['neutron.plugins.ml2.ovo_rpc._ObjectChangeHandler.handle_event-371816'] for security_group, after_delete {{(pid=107704) _notify_loop /usr/local/lib/python3.8/dist-packages/neutron_lib/callbacks/manager.py:175}}
Oct 20 11:52:44.036482 n-d-813419-4 neutron-server[107705]: INFO neutron.wsgi [req-d6952501-4996-4142-817e-e4b4e73bec56 req-8f80fd4b-75d7-48d3-9477-7d96bc7c28c5 tempest-SecurityGroupsTestAdminJSON-1999551164 tempest-SecurityGroupsTestAdminJSON-1999551164-project-admin] 10.222.0.18 "GET /v2.0/security-groups/2b3d8de9-7693-439d-96ee-4258f1ba3d33 HTTP/1.1" status: 200 len: 2981 time: 0.0366497
Oct 20 11:52:44.039056 n-d-813419-4 neutron-server[107704]: DEBUG neutron_lib.callbacks.manager [None req-85b33a49-2af2-4673-ac11-a4568b49847c admin admin] Publish callbacks [] for security_group, before_response {{(pid=107704) _notify_loop /usr/local/lib/python3.8/dist-packages/neutron_lib/callbacks/manager.py:175}}
Oct 20 11:52:44.042001 n-d-813419-4 neutron-server[107704]: INFO neutron.wsgi [None req-85b33a49-2af2-4673-ac11-a4568b49847c admin admin] 10.222.0.18 "DELETE /v2.0/security-groups/10c6b031-7798-49d6-aade-79899da29e7a HTTP/1.1" status: 204 len: 168 time: 0.2785041
Oct 20 11:52:44.050527 n-d-813419-4 neutron-server[107704]: DEBUG neutron.api.rpc.handlers.resources_rpc [None req-85b33a49-2af2-4673-ac11-a4568b49847c admin admin] Pushing event deleted for resources: {'SecurityGroup': ['ID=10c6b031-7798-49d6-aade-79899da29e7a,revision_number=None']} {{(pid=107704) push /opt/stack/neutron/neutron/api/rpc/handlers/resources_rpc.py:237}}
Oct 20 11:52:44.093658 n-d-813419-4 neutron-server[107705]: INFO neutron.wsgi [req-d6952501-4996-4142-817e-e4b4e73bec56 req-3886a73a-2d82-463e-8040-b4559d27482a tempest-SecurityGroupsTestAdminJSON-1999551164 tempest-SecurityGroupsTestAdminJSON-1999551164-project-admin] 10.222.0.18 "GET /v2.0/security-groups/2b3d8de9-7693-439d-96ee-4258f1ba3d33 HTTP/1.1" status: 200 len: 2981 time: 0.0500054
Oct 20 11:52:44.114324 n-d-813419-4 neutron-server[107704]: DEBUG neutron.pecan_wsgi.hooks.policy_enforcement [req-73e51068-8b35-4084-ac82-bbee483b6437 req-8ac37e2b-074f-4172-8f10-ef872b62f279 tempest-LiveMigrationNegativeTest-1156001068 tempest-LiveMigrationNegativeTest-1156001068-project] Attributes excluded by policy engine: ['standard_attr_id', 'binding:profile', 'binding:host_id', 'binding:vif_type', 'binding:vif_details'] {{(pid=107704) _exclude_attributes_by_policy /opt/stack/neutron/neutron/pecan_wsgi/hooks/policy_enforcement.py:255}}
Oct 20 11:52:44.115990 n-d-813419-4 neutron-server[107704]: INFO neutron.wsgi [req-73e51068-8b35-4084-ac82-bbee483b6437 req-8ac37e2b-074f-4172-8f10-ef872b62f279 tempest-LiveMigrationNegativeTest-1156001068 tempest-LiveMigrationNegativeTest-1156001068-project] 10.222.0.18 "GET /v2.0/ports?device_id=c9b46bef-4ad1-43c6-b62e-a8cdc21360bf HTTP/1.1" status: 200 len: 950 time: 0.0671656
Oct 20 11:52:44.140798 n-d-813419-4 neutron-server[107705]: INFO neutron.wsgi [req-d6952501-4996-4142-817e-e4b4e73bec56 req-c6958d7a-cd87-43c7-afba-32fb247c69d8 tempest-SecurityGroupsTestAdminJSON-1999551164 tempest-SecurityGroupsTestAdminJSON-1999551164-project-admin] 10.222.0.18 "GET /v2.0/security-groups/31f86013-f0d2-441f-9d13-3b5b46a39814 HTTP/1.1" status: 200 len: 2977 time: 0.0395529
Oct 20 11:52:44.174226 n-d-813419-4 neutron-server[107704]: INFO neutron.wsgi [req-73e51068-8b35-4084-ac82-bbee483b6437 req-84effe1f-9cea-42dd-a746-fbe4a73d8d16 tempest-LiveMigrationNegativeTest-1156001068 tempest-LiveMigrationNegativeTest-1156001068-project] 10.222.0.18 "GET /v2.0/security-groups?id=e767a474-e7f8-4352-a555-598541dafad0&fields=id&fields=name HTTP/1.1" status: 200 len: 286 time: 0.0493975
Oct 20 11:52:44.197136 n-d-813419-4 neutron-server[107705]: INFO neutron.wsgi [req-d6952501-4996-4142-817e-e4b4e73bec56 req-34609215-252c-4aee-9cda-606246bb2af4 tempest-SecurityGroupsTestAdminJSON-1999551164 tempest-SecurityGroupsTestAdminJSON-1999551164-project-admin] 10.222.0.18 "GET /v2.0/security-groups/31f86013-f0d2-441f-9d13-3b5b46a39814 HTTP/1.1" status: 200 len: 2977 time: 0.0475836
Oct 20 11:52:44.245192 n-d-813419-4 neutron-server[107705]: INFO neutron.wsgi [req-d6952501-4996-4142-817e-e4b4e73bec56 req-de3345ab-89a2-46b7-9268-3f95fc0a3409 tempest-SecurityGroupsTestAdminJSON-1999551164 tempest-SecurityGroupsTestAdminJSON-1999551164-project-admin] 10.222.0.18 "GET /v2.0/security-groups/5197d278-6ebb-4268-8f2c-365f700acad8 HTTP/1.1" status: 200 len: 2981 time: 0.0413227
Oct 20 11:52:44.288924 n-d-813419-4 neutron-server[107705]: INFO neutron.wsgi [req-d6952501-4996-4142-817e-e4b4e73bec56 req-57a3ea82-64d2-405e-935a-090d9549d2f2 tempest-SecurityGroupsTestAdminJSON-1999551164 tempest-SecurityGroupsTestAdminJSON-1999551164-project-admin] 10.222.0.18 "GET /v2.0/security-groups/5197d278-6ebb-4268-8f2c-365f700acad8 HTTP/1.1" status: 200 len: 2981 time: 0.0373125
Oct 20 11:52:44.333133 n-d-813419-4 neutron-server[107705]: INFO neutron.wsgi [req-d6952501-4996-4142-817e-e4b4e73bec56 req-5801eca0-b0c3-4632-929f-f4cebf10a240 tempest-SecurityGroupsTestAdminJSON-1999551164 tempest-SecurityGroupsTestAdminJSON-1999551164-project-admin] 10.222.0.18 "GET /v2.0/security-groups/61358f86-9718-48ee-afd4-83362ce4c814 HTTP/1.1" status: 200 len: 2981 time: 0.0380735
Oct 20 11:52:44.382543 n-d-813419-4 neutron-server[107705]: INFO neutron.wsgi [req-d6952501-4996-4142-817e-e4b4e73bec56 req-48df7c05-6107-4b94-b867-e66c0550f89e tempest-SecurityGroupsTestAdminJSON-1999551164 tempest-SecurityGroupsTestAdminJSON-1999551164-project-admin] 10.222.0.18 "GET /v2.0/security-groups/61358f86-9718-48ee-afd4-83362ce4c814 HTTP/1.1" status: 200 len: 2981 time: 0.0433745
Oct 20 11:52:44.432449 n-d-813419-4 neutron-server[107705]: INFO neutron.wsgi [req-d6952501-4996-4142-817e-e4b4e73bec56 req-ba6a4a64-bb33-449e-893f-6cbcd6ee42ab tempest-SecurityGroupsTestAdminJSON-1999551164 tempest-SecurityGroupsTestAdminJSON-1999551164-project-admin] 10.222.0.18 "GET /v2.0/security-groups/687a7a4a-1520-4818-aed2-05d8492c2609 HTTP/1.1" status: 200 len: 2973 time: 0.0434518
Oct 20 11:52:44.471267 n-d-813419-4 neutron-server[107705]: INFO neutron.wsgi [req-d6952501-4996-4142-817e-e4b4e73bec56 req-e0f3bada-d4ca-494f-b821-ceeeb44e333c tempest-SecurityGroupsTestAdminJSON-1999551164 tempest-SecurityGroupsTestAdminJSON-1999551164-project-admin] 10.222.0.18 "GET /v2.0/security-groups/687a7a4a-1520-4818-aed2-05d8492c2609 HTTP/1.1" status: 200 len: 2973 time: 0.0382981
