Nov 09 00:05:09.236070 n-d-813263-3 neutron-server[101781]: INFO neutron.wsgi [req-cab1cc2b-e1f1-4a47-bfde-504d69781e21 req-3f7caada-e5ab-46e1-bb30-fd14468222da service neutron] 10.222.0.30 "GET /v2.0/networks/24838c29-729b-4d0a-8a33-74e0579492e3?fields=segments HTTP/1.1" status: 200 len: 212 time: 0.4147844
Nov 09 00:05:09.574601 n-d-813263-3 neutron-server[101781]: INFO neutron.wsgi [req-cab1cc2b-e1f1-4a47-bfde-504d69781e21 req-899d6a6b-cb80-43d3-b0d4-b58ad2ebdfdc service neutron] 10.222.0.30 "GET /v2.0/networks/24838c29-729b-4d0a-8a33-74e0579492e3?fields=provider%3Aphysical_network&fields=provider%3Anetwork_type HTTP/1.1" status: 200 len: 281 time: 0.3056488
Nov 09 00:05:09.621727 n-d-813263-3 neutron-server[101780]: DEBUG neutron.pecan_wsgi.hooks.policy_enforcement [req-450972e2-643c-4660-a43b-5c2cd6a20470 req-bc36dcf9-0311-4f42-a0f3-046ca42ad5b1 tempest-ServersOnMultiNodesTest-57158747 tempest-ServersOnMultiNodesTest-57158747-project] Attributes excluded by policy engine: ['standard_attr_id', 'binding:profile', 'binding:host_id', 'binding:vif_type', 'binding:vif_details'] {{(pid=101780) _exclude_attributes_by_policy /opt/stack/neutron/neutron/pecan_wsgi/hooks/policy_enforcement.py:255}}
Nov 09 00:05:09.633820 n-d-813263-3 neutron-server[101780]: INFO neutron.wsgi [req-450972e2-643c-4660-a43b-5c2cd6a20470 req-bc36dcf9-0311-4f42-a0f3-046ca42ad5b1 tempest-ServersOnMultiNodesTest-57158747 tempest-ServersOnMultiNodesTest-57158747-project] 10.222.0.25 "GET /v2.0/ports?device_id=bc122255-2276-436b-b440-f4170932b8f2 HTTP/1.1" status: 200 len: 950 time: 0.1418223
Nov 09 00:05:09.753839 n-d-813263-3 neutron-server[101780]: INFO neutron.wsgi [req-450972e2-643c-4660-a43b-5c2cd6a20470 req-18535bd9-dbf0-4fe5-bea1-43a18a541683 tempest-ServersOnMultiNodesTest-57158747 tempest-ServersOnMultiNodesTest-57158747-project] 10.222.0.25 "GET /v2.0/security-groups?id=2cc51376-353f-45ee-9985-07c5e273862a&fields=id&fields=name HTTP/1.1" status: 200 len: 286 time: 0.1162152
Nov 09 00:05:09.763824 n-d-813263-3 neutron-server[101781]: DEBUG neutron.notifiers.nova [req-cac1cd92-8107-4096-8794-ba6928a42286 req-7af0075a-9e8a-4943-9338-a3371b5e49fc service neutron] Ignoring state change previous_port_status: DOWN current_port_status: DOWN port_id 88d1d2d1-5378-442e-8602-eb446cb65667 {{(pid=101781) record_port_status_changed /opt/stack/neutron/neutron/notifiers/nova.py:224}}
Nov 09 00:05:09.774212 n-d-813263-3 neutron-server[101781]: DEBUG neutron_lib.callbacks.manager [req-cac1cd92-8107-4096-8794-ba6928a42286 req-7af0075a-9e8a-4943-9338-a3371b5e49fc service neutron] Publish callbacks [] for port, precommit_update {{(pid=101781) _notify_loop /usr/local/lib/python3.8/dist-packages/neutron_lib/callbacks/manager.py:175}}
Nov 09 00:05:09.793924 n-d-813263-3 neutron-server[101781]: DEBUG neutron.pecan_wsgi.hooks.policy_enforcement [req-23a9507b-e83b-450e-815c-2c9b8180f994 req-8f8e79dd-ba9d-4253-8f1a-808ef67292bf service neutron] Attributes excluded by policy engine: ['standard_attr_id'] {{(pid=101781) _exclude_attributes_by_policy /opt/stack/neutron/neutron/pecan_wsgi/hooks/policy_enforcement.py:255}}
Nov 09 00:05:09.795194 n-d-813263-3 neutron-server[101781]: INFO neutron.wsgi [req-23a9507b-e83b-450e-815c-2c9b8180f994 req-8f8e79dd-ba9d-4253-8f1a-808ef67292bf service neutron] 10.222.0.30 "GET /v2.0/ports?tenant_id=818f12ca20e5471e85e8211d8afa3c9b&device_id=9edfc333-d3d1-441c-bda0-f693f314ffd3 HTTP/1.1" status: 200 len: 1099 time: 0.0716348
Nov 09 00:05:09.797876 n-d-813263-3 neutron-server[101781]: DEBUG neutron.db.provisioning_blocks [req-cac1cd92-8107-4096-8794-ba6928a42286 req-7af0075a-9e8a-4943-9338-a3371b5e49fc service neutron] Transition to ACTIVE for port object 88d1d2d1-5378-442e-8602-eb446cb65667 will not be triggered until provisioned by entity L2. {{(pid=101781) add_provisioning_component /opt/stack/neutron/neutron/db/provisioning_blocks.py:73}}
Nov 09 00:05:09.805339 n-d-813263-3 neutron-server[101781]: DEBUG neutron_lib.callbacks.manager [req-cac1cd92-8107-4096-8794-ba6928a42286 req-7af0075a-9e8a-4943-9338-a3371b5e49fc service neutron] Publish callbacks ['neutron.plugins.ml2.plugin.SecurityGroupServerNotifierRpcMixin._notify_sg_on_port_change-8052889', 'neutron.plugins.ml2.ovo_rpc._ObjectChangeHandler.handle_event-869523', 'neutron.api.rpc.agentnotifiers.dhcp_rpc_agent_api.DhcpAgentNotifyAPI._native_event_send_dhcp_notification-728538', 'neutron.db.l3_db.L3RpcNotifierMixin._notify_gateway_port_ip_changed-8740052483988', 'neutron.db.l3_dvrscheduler_db._notify_l3_agent_port_update-8740051988107', 'neutron.db.l3_hascheduler_db._notify_l3_agent_ha_port_update-8740051988125', 'neutron.services.segments.plugin.NovaSegmentNotifier._notify_port_updated-8392718'] for port, after_update {{(pid=101781) _notify_loop /usr/local/lib/python3.8/dist-packages/neutron_lib/callbacks/manager.py:175}}
Nov 09 00:05:09.931639 n-d-813263-3 neutron-server[101781]: DEBUG neutron.api.rpc.handlers.resources_rpc [None req-7af0075a-9e8a-4943-9338-a3371b5e49fc service neutron] Pushing event updated for resources: {'Port': ['ID=88d1d2d1-5378-442e-8602-eb446cb65667,revision_number=2']} {{(pid=101781) push /opt/stack/neutron/neutron/api/rpc/handlers/resources_rpc.py:237}}
Nov 09 00:05:09.935662 n-d-813263-3 neutron-server[101780]: DEBUG neutron.pecan_wsgi.hooks.policy_enforcement [req-f5c2effa-9957-4eff-85ba-59da770c74f1 req-02d6ef6e-e5aa-4875-942f-cf07eabe720c tempest-LiveAutoBlockMigrationV225Test-549700083 tempest-LiveAutoBlockMigrationV225Test-549700083-project] Attributes excluded by policy engine: ['standard_attr_id', 'binding:profile', 'binding:host_id', 'binding:vif_type', 'binding:vif_details'] {{(pid=101780) _exclude_attributes_by_policy /opt/stack/neutron/neutron/pecan_wsgi/hooks/policy_enforcement.py:255}}
Nov 09 00:05:09.946657 n-d-813263-3 neutron-server[101782]: DEBUG neutron.notifiers.nova [-] Sending events: [{'server_uuid': '8ce285f1-3af2-4e75-9f00-7f8a1195c4fd', 'name': 'network-vif-plugged', 'status': 'completed', 'tag': 'df33e5c7-d5f4-49e7-9dc5-5697be11b101'}] {{(pid=101782) send_events /opt/stack/neutron/neutron/notifiers/nova.py:262}}
Nov 09 00:05:09.949532 n-d-813263-3 neutron-server[101780]: INFO neutron.wsgi [req-f5c2effa-9957-4eff-85ba-59da770c74f1 req-02d6ef6e-e5aa-4875-942f-cf07eabe720c tempest-LiveAutoBlockMigrationV225Test-549700083 tempest-LiveAutoBlockMigrationV225Test-549700083-project] 10.222.0.25 "GET /v2.0/ports?device_id=2c720c5c-3ca8-40c6-b2da-44ffbf329055 HTTP/1.1" status: 200 len: 943 time: 0.1165702
Nov 09 00:05:09.950403 n-d-813263-3 neutron-server[101782]: DEBUG novaclient.v2.client [-] REQ: curl -g -i --cacert "/opt/stack/data/ca-bundle.pem" -X POST http://10.222.0.25/compute/v2.1/os-server-external-events -H "Accept: application/json" -H "Content-Type: application/json" -H "User-Agent: python-novaclient" -H "X-Auth-Token: {SHA256}69a85440200dcea5e83655ff48480957b73827f90326c3a7f24c3cd4a950e9d1" -H "X-OpenStack-Nova-API-Version: 2.1" -H "X-OpenStack-Request-ID: req-813e42d6-7b5b-4c1a-8579-744f222e5ef6" -d '{"events": [{"server_uuid": "8ce285f1-3af2-4e75-9f00-7f8a1195c4fd", "name": "network-vif-plugged", "status": "completed", "tag": "df33e5c7-d5f4-49e7-9dc5-5697be11b101"}]}' {{(pid=101782) _http_log_request /usr/local/lib/python3.8/dist-packages/keystoneauth1/session.py:519}}
Nov 09 00:05:10.010226 n-d-813263-3 neutron-server[101781]: DEBUG neutron.pecan_wsgi.hooks.policy_enforcement [req-23a9507b-e83b-450e-815c-2c9b8180f994 req-530fc6d8-5148-4a14-9654-f0bb1e7a26fc service neutron] Attributes excluded by policy engine: ['standard_attr_id', 'vlan_transparent'] {{(pid=101781) _exclude_attributes_by_policy /opt/stack/neutron/neutron/pecan_wsgi/hooks/policy_enforcement.py:255}}
Nov 09 00:05:10.011672 n-d-813263-3 neutron-server[101781]: INFO neutron.wsgi [req-23a9507b-e83b-450e-815c-2c9b8180f994 req-530fc6d8-5148-4a14-9654-f0bb1e7a26fc service neutron] 10.222.0.30 "GET /v2.0/networks?id=24838c29-729b-4d0a-8a33-74e0579492e3 HTTP/1.1" status: 200 len: 869 time: 0.2021649
Nov 09 00:05:10.060122 n-d-813263-3 neutron-server[101780]: DEBUG neutron.pecan_wsgi.hooks.policy_enforcement [req-a190572d-918b-4e6e-86a5-497b53cd0ff7 req-c01dd6cd-e56e-427e-9772-8ebd156943f9 tempest-LiveMigrationNegativeTest-1340778964 tempest-LiveMigrationNegativeTest-1340778964-project] Attributes excluded by policy engine: ['standard_attr_id', 'binding:profile', 'binding:host_id', 'binding:vif_type', 'binding:vif_details'] {{(pid=101780) _exclude_attributes_by_policy /opt/stack/neutron/neutron/pecan_wsgi/hooks/policy_enforcement.py:255}}
Nov 09 00:05:10.061627 n-d-813263-3 neutron-server[101780]: INFO neutron.wsgi [req-a190572d-918b-4e6e-86a5-497b53cd0ff7 req-c01dd6cd-e56e-427e-9772-8ebd156943f9 tempest-LiveMigrationNegativeTest-1340778964 tempest-LiveMigrationNegativeTest-1340778964-project] 10.222.0.25 "GET /v2.0/ports?device_id=9edfc333-d3d1-441c-bda0-f693f314ffd3 HTTP/1.1" status: 200 len: 948 time: 0.0834138
Nov 09 00:05:10.071777 n-d-813263-3 neutron-server[101780]: INFO neutron.wsgi [req-f5c2effa-9957-4eff-85ba-59da770c74f1 req-9228a012-3bcb-4a96-a843-14f346c8f586 tempest-LiveAutoBlockMigrationV225Test-549700083 tempest-LiveAutoBlockMigrationV225Test-549700083-project] 10.222.0.25 "GET /v2.0/security-groups?id=836f8add-2671-4c7c-9cec-3bbb4a8267e5&fields=id&fields=name HTTP/1.1" status: 200 len: 286 time: 0.1187630
Nov 09 00:05:10.075152 n-d-813263-3 neutron-server[101781]: INFO neutron.wsgi [req-23a9507b-e83b-450e-815c-2c9b8180f994 req-20350286-a5b0-4c38-a77d-7240a71a25f2 service neutron] 10.222.0.30 "GET /v2.0/floatingips?fixed_ip_address=192.168.233.161&port_id=1dec8c09-755b-43b4-b174-bd8117ec0ba7 HTTP/1.1" status: 200 len: 217 time: 0.0544126
Nov 09 00:05:10.077551 n-d-813263-3 neutron-server[101781]: DEBUG neutron.plugins.ml2.managers [req-cac1cd92-8107-4096-8794-ba6928a42286 req-7af0075a-9e8a-4943-9338-a3371b5e49fc service neutron] Attempting to bind port 88d1d2d1-5378-442e-8602-eb446cb65667 on host n-h2-813263-3 for vnic_type normal with profile {{(pid=101781) bind_port /opt/stack/neutron/neutron/plugins/ml2/managers.py:795}}
Nov 09 00:05:10.077969 n-d-813263-3 neutron-server[101781]: DEBUG neutron.plugins.ml2.managers [req-cac1cd92-8107-4096-8794-ba6928a42286 req-7af0075a-9e8a-4943-9338-a3371b5e49fc service neutron] Attempting to bind port 88d1d2d1-5378-442e-8602-eb446cb65667 by drivers openvswitch,hyperv on host n-h2-813263-3 at level 0 using segments [{'id': 'c1c7ac35-d041-47d4-ba85-e072fd869554', 'network_type': 'vlan', 'physical_network': 'physnet1', 'segmentation_id': 84, 'network_id': '3529e958-4130-4d89-8f6b-9e5d5aefa50a'}] {{(pid=101781) _bind_port_level /opt/stack/neutron/neutron/plugins/ml2/managers.py:820}}
Nov 09 00:05:10.078172 n-d-813263-3 neutron-server[101781]: DEBUG neutron.plugins.ml2.drivers.mech_agent [req-cac1cd92-8107-4096-8794-ba6928a42286 req-7af0075a-9e8a-4943-9338-a3371b5e49fc service neutron] Attempting to bind port 88d1d2d1-5378-442e-8602-eb446cb65667 on network 3529e958-4130-4d89-8f6b-9e5d5aefa50a {{(pid=101781) bind_port /opt/stack/neutron/neutron/plugins/ml2/drivers/mech_agent.py:91}}
Nov 09 00:05:10.101118 n-d-813263-3 neutron-server[101781]: DEBUG neutron.plugins.ml2.drivers.mech_agent [req-cac1cd92-8107-4096-8794-ba6928a42286 req-7af0075a-9e8a-4943-9338-a3371b5e49fc service neutron] Port 88d1d2d1-5378-442e-8602-eb446cb65667 on network 3529e958-4130-4d89-8f6b-9e5d5aefa50a not bound, no agent of type Open vSwitch agent registered on host n-h2-813263-3 {{(pid=101781) bind_port /opt/stack/neutron/neutron/plugins/ml2/drivers/mech_agent.py:103}}
Nov 09 00:05:10.101476 n-d-813263-3 neutron-server[101781]: DEBUG neutron.plugins.ml2.drivers.mech_agent [req-cac1cd92-8107-4096-8794-ba6928a42286 req-7af0075a-9e8a-4943-9338-a3371b5e49fc service neutron] Attempting to bind port 88d1d2d1-5378-442e-8602-eb446cb65667 on network 3529e958-4130-4d89-8f6b-9e5d5aefa50a {{(pid=101781) bind_port /opt/stack/neutron/neutron/plugins/ml2/drivers/mech_agent.py:91}}
Nov 09 00:05:10.122096 n-d-813263-3 neutron-server[101780]: INFO neutron.wsgi [req-a190572d-918b-4e6e-86a5-497b53cd0ff7 req-f71b9b39-7315-47d4-93fd-fd6bf08210ad tempest-LiveMigrationNegativeTest-1340778964 tempest-LiveMigrationNegativeTest-1340778964-project] 10.222.0.25 "GET /v2.0/security-groups?id=ca9af63a-392d-4247-9a59-326b6c1391fa&fields=id&fields=name HTTP/1.1" status: 200 len: 286 time: 0.0488989
Nov 09 00:05:10.127636 n-d-813263-3 neutron-server[101781]: DEBUG neutron.plugins.ml2.drivers.mech_agent [req-cac1cd92-8107-4096-8794-ba6928a42286 req-7af0075a-9e8a-4943-9338-a3371b5e49fc service neutron] Checking agent: {'id': '6856b624-c8f0-40b0-8822-3bfa4e34dcb6', 'agent_type': 'HyperV agent', 'binary': 'neutron-hyperv-agent', 'topic': 'N/A', 'host': 'n-h2-813263-3', 'admin_state_up': True, 'created_at': datetime.datetime(2021, 11, 9, 0, 1, 46), 'started_at': datetime.datetime(2021, 11, 9, 0, 1, 46), 'heartbeat_timestamp': datetime.datetime(2021, 11, 9, 0, 4, 46), 'description': None, 'resources_synced': None, 'availability_zone': None, 'alive': True, 'configurations': {'vswitch_mappings': {'physnet1$': 'br-data'}}, 'resource_versions': {}} {{(pid=101781) bind_port /opt/stack/neutron/neutron/plugins/ml2/drivers/mech_agent.py:110}}
Nov 09 00:05:10.127990 n-d-813263-3 neutron-server[101781]: DEBUG neutron.plugins.ml2.drivers.mech_agent [req-cac1cd92-8107-4096-8794-ba6928a42286 req-7af0075a-9e8a-4943-9338-a3371b5e49fc service neutron] Checking segment: {'id': 'c1c7ac35-d041-47d4-ba85-e072fd869554', 'network_type': 'vlan', 'physical_network': 'physnet1', 'segmentation_id': 84, 'network_id': '3529e958-4130-4d89-8f6b-9e5d5aefa50a'} for mappings: {'physnet1$': 'br-data'} with network types: ['local', 'flat', 'vlan'] {{(pid=101781) check_segment_for_agent /opt/stack/neutron/neutron/plugins/ml2/drivers/mech_agent.py:371}}
Nov 09 00:05:10.128249 n-d-813263-3 neutron-server[101781]: DEBUG neutron.plugins.ml2.drivers.mech_agent [req-cac1cd92-8107-4096-8794-ba6928a42286 req-7af0075a-9e8a-4943-9338-a3371b5e49fc service neutron] Bound using segment: {'id': 'c1c7ac35-d041-47d4-ba85-e072fd869554', 'network_type': 'vlan', 'physical_network': 'physnet1', 'segmentation_id': 84, 'network_id': '3529e958-4130-4d89-8f6b-9e5d5aefa50a'} {{(pid=101781) bind_port /opt/stack/neutron/neutron/plugins/ml2/drivers/mech_agent.py:120}}
Nov 09 00:05:10.128679 n-d-813263-3 neutron-server[101781]: DEBUG neutron.plugins.ml2.managers [req-cac1cd92-8107-4096-8794-ba6928a42286 req-7af0075a-9e8a-4943-9338-a3371b5e49fc service neutron] Bound port: 88d1d2d1-5378-442e-8602-eb446cb65667, host: n-h2-813263-3, vif_type: hyperv, vif_details: {"connectivity": "legacy", "port_filter": false}, binding_levels: [{'bound_driver': 'hyperv', 'bound_segment': {'id': 'c1c7ac35-d041-47d4-ba85-e072fd869554', 'network_type': 'vlan', 'physical_network': 'physnet1', 'segmentation_id': 84, 'network_id': '3529e958-4130-4d89-8f6b-9e5d5aefa50a'}}] {{(pid=101781) _bind_port_level /opt/stack/neutron/neutron/plugins/ml2/managers.py:932}}
Nov 09 00:05:10.129028 n-d-813263-3 neutron-server[101781]: DEBUG neutron_lib.callbacks.manager [req-cac1cd92-8107-4096-8794-ba6928a42286 req-7af0075a-9e8a-4943-9338-a3371b5e49fc service neutron] Publish callbacks ['neutron.plugins.ml2.plugin.SecurityGroupDbMixin._ensure_default_security_group_handler-8052763'] for port, before_update {{(pid=101781) _notify_loop /usr/local/lib/python3.8/dist-packages/neutron_lib/callbacks/manager.py:175}}
Nov 09 00:05:10.168230 n-d-813263-3 neutron-server[101781]: DEBUG neutron.pecan_wsgi.hooks.policy_enforcement [req-23a9507b-e83b-450e-815c-2c9b8180f994 req-baf43c76-8ee0-4849-aba1-d7ce6c40d8ca service neutron] Attributes excluded by policy engine: ['standard_attr_id', 'shared', 'segment_id'] {{(pid=101781) _exclude_attributes_by_policy /opt/stack/neutron/neutron/pecan_wsgi/hooks/policy_enforcement.py:255}}
Nov 09 00:05:10.169752 n-d-813263-3 neutron-server[101781]: INFO neutron.wsgi [req-23a9507b-e83b-450e-815c-2c9b8180f994 req-baf43c76-8ee0-4849-aba1-d7ce6c40d8ca service neutron] 10.222.0.30 "GET /v2.0/subnets?id=8dacc994-d9b3-4fa6-9a2e-22f22fb8ac45 HTTP/1.1" status: 200 len: 843 time: 0.0871475
Nov 09 00:05:10.191499 n-d-813263-3 neutron-server[101782]: DEBUG novaclient.v2.client [-] RESP: [200] Connection: close Content-Length: 183 Content-Type: application/json Date: Tue, 09 Nov 2021 00:05:09 GMT OpenStack-API-Version: compute 2.1 Server: Apache/2.4.41 (Ubuntu) Vary: OpenStack-API-Version,X-OpenStack-Nova-API-Version X-OpenStack-Nova-API-Version: 2.1 x-compute-request-id: req-435fc625-3282-4750-9fea-0d1ef3214435 x-openstack-request-id: req-435fc625-3282-4750-9fea-0d1ef3214435 {{(pid=101782) _http_log_response /usr/local/lib/python3.8/dist-packages/keystoneauth1/session.py:550}}
Nov 09 00:05:10.191811 n-d-813263-3 neutron-server[101782]: DEBUG novaclient.v2.client [-] RESP BODY: {"events": [{"server_uuid": "8ce285f1-3af2-4e75-9f00-7f8a1195c4fd", "name": "network-vif-plugged", "status": "completed", "tag": "df33e5c7-d5f4-49e7-9dc5-5697be11b101", "code": 200}]} {{(pid=101782) _http_log_response /usr/local/lib/python3.8/dist-packages/keystoneauth1/session.py:582}}
Nov 09 00:05:10.192067 n-d-813263-3 neutron-server[101782]: DEBUG novaclient.v2.client [-] POST call to compute for http://10.222.0.25/compute/v2.1/os-server-external-events used request id req-435fc625-3282-4750-9fea-0d1ef3214435 {{(pid=101782) request /usr/local/lib/python3.8/dist-packages/keystoneauth1/session.py:954}}
Nov 09 00:05:10.193008 n-d-813263-3 neutron-server[101782]: INFO neutron.notifiers.nova [-] Nova event response: {'server_uuid': '8ce285f1-3af2-4e75-9f00-7f8a1195c4fd', 'name': 'network-vif-plugged', 'status': 'completed', 'tag': 'df33e5c7-d5f4-49e7-9dc5-5697be11b101', 'code': 200}
Nov 09 00:05:10.289182 n-d-813263-3 neutron-server[101781]: DEBUG neutron.pecan_wsgi.hooks.policy_enforcement [req-23a9507b-e83b-450e-815c-2c9b8180f994 req-4b2b5479-ac56-41ec-a9d7-283f27b59296 service neutron] Attributes excluded by policy engine: ['standard_attr_id'] {{(pid=101781) _exclude_attributes_by_policy /opt/stack/neutron/neutron/pecan_wsgi/hooks/policy_enforcement.py:255}}
Nov 09 00:05:10.290969 n-d-813263-3 neutron-server[101781]: INFO neutron.wsgi [req-23a9507b-e83b-450e-815c-2c9b8180f994 req-4b2b5479-ac56-41ec-a9d7-283f27b59296 service neutron] 10.222.0.30 "GET /v2.0/ports?network_id=24838c29-729b-4d0a-8a33-74e0579492e3&device_owner=network%3Adhcp HTTP/1.1" status: 200 len: 1166 time: 0.0769517
Nov 09 00:05:10.297054 n-d-813263-3 neutron-server[101781]: DEBUG neutron.plugins.ml2.db [req-cac1cd92-8107-4096-8794-ba6928a42286 req-7af0075a-9e8a-4943-9338-a3371b5e49fc service neutron] For port 88d1d2d1-5378-442e-8602-eb446cb65667, host n-h2-813263-3, cleared binding levels {{(pid=101781) clear_binding_levels /opt/stack/neutron/neutron/plugins/ml2/db.py:87}}
Nov 09 00:05:10.301557 n-d-813263-3 neutron-server[101781]: DEBUG neutron.plugins.ml2.db [req-cac1cd92-8107-4096-8794-ba6928a42286 req-7af0075a-9e8a-4943-9338-a3371b5e49fc service neutron] For port 88d1d2d1-5378-442e-8602-eb446cb65667, host n-h2-813263-3, set binding levels [PortBindingLevel(driver='hyperv',host='n-h2-813263-3',level=0,port_id=88d1d2d1-5378-442e-8602-eb446cb65667,segment=NetworkSegment(c1c7ac35-d041-47d4-ba85-e072fd869554),segment_id=c1c7ac35-d041-47d4-ba85-e072fd869554)] {{(pid=101781) set_binding_levels /opt/stack/neutron/neutron/plugins/ml2/db.py:59}}
Nov 09 00:05:10.307139 n-d-813263-3 neutron-server[101781]: DEBUG neutron_lib.callbacks.manager [req-cac1cd92-8107-4096-8794-ba6928a42286 req-7af0075a-9e8a-4943-9338-a3371b5e49fc service neutron] Publish callbacks ['neutron.plugins.ml2.plugin.SecurityGroupServerNotifierRpcMixin._notify_sg_on_port_change-8052889', 'neutron.plugins.ml2.ovo_rpc._ObjectChangeHandler.handle_event-869523', 'neutron.api.rpc.agentnotifiers.dhcp_rpc_agent_api.DhcpAgentNotifyAPI._native_event_send_dhcp_notification-728538', 'neutron.db.l3_db.L3RpcNotifierMixin._notify_gateway_port_ip_changed-8740052483988', 'neutron.db.l3_dvrscheduler_db._notify_l3_agent_port_update-8740051988107', 'neutron.db.l3_hascheduler_db._notify_l3_agent_ha_port_update-8740051988125', 'neutron.services.segments.plugin.NovaSegmentNotifier._notify_port_updated-8392718'] for port, after_update {{(pid=101781) _notify_loop /usr/local/lib/python3.8/dist-packages/neutron_lib/callbacks/manager.py:175}}
Nov 09 00:05:10.362960 n-d-813263-3 neutron-server[101780]: DEBUG neutron.pecan_wsgi.hooks.policy_enforcement [req-f67fb3f4-843f-42ce-bb27-3f010398f840 req-39b9d211-db21-4c3f-9b7f-d4264f824856 service neutron] Attributes excluded by policy engine: ['standard_attr_id'] {{(pid=101780) _exclude_attributes_by_policy /opt/stack/neutron/neutron/pecan_wsgi/hooks/policy_enforcement.py:255}}
Nov 09 00:05:10.365566 n-d-813263-3 neutron-server[101780]: INFO neutron.wsgi [req-f67fb3f4-843f-42ce-bb27-3f010398f840 req-39b9d211-db21-4c3f-9b7f-d4264f824856 service neutron] 10.222.0.11 "GET /v2.0/ports?device_id=8ce285f1-3af2-4e75-9f00-7f8a1195c4fd HTTP/1.1" status: 200 len: 1096 time: 0.1048350
Nov 09 00:05:10.383627 n-d-813263-3 neutron-server[101781]: DEBUG neutron.pecan_wsgi.hooks.policy_enforcement [req-cac1cd92-8107-4096-8794-ba6928a42286 req-7af0075a-9e8a-4943-9338-a3371b5e49fc service neutron] Attributes excluded by policy engine: ['standard_attr_id'] {{(pid=101781) _exclude_attributes_by_policy /opt/stack/neutron/neutron/pecan_wsgi/hooks/policy_enforcement.py:255}}
Nov 09 00:05:10.384703 n-d-813263-3 neutron-server[101781]: DEBUG neutron_lib.callbacks.manager [req-cac1cd92-8107-4096-8794-ba6928a42286 req-7af0075a-9e8a-4943-9338-a3371b5e49fc service neutron] Publish callbacks ['neutron.notifiers.nova.Notifier._send_nova_notification-189313'] for port, before_response {{(pid=101781) _notify_loop /usr/local/lib/python3.8/dist-packages/neutron_lib/callbacks/manager.py:175}}
Nov 09 00:05:10.386293 n-d-813263-3 neutron-server[101781]: INFO neutron.wsgi [req-cac1cd92-8107-4096-8794-ba6928a42286 req-7af0075a-9e8a-4943-9338-a3371b5e49fc service neutron] 10.222.0.11 "PUT /v2.0/ports/88d1d2d1-5378-442e-8602-eb446cb65667 HTTP/1.1" status: 200 len: 1091 time: 1.6386383
Nov 09 00:05:10.404237 n-d-813263-3 neutron-server[101780]: DEBUG neutron.pecan_wsgi.hooks.policy_enforcement [req-0869413a-55f2-4425-8a55-699e352a5214 req-1b9dc123-c526-438c-a83c-787cf0d167d9 tempest-LiveMigrationTest-438970012 tempest-LiveMigrationTest-438970012-project] Attributes excluded by policy engine: ['standard_attr_id', 'binding:profile', 'binding:host_id', 'binding:vif_type', 'binding:vif_details'] {{(pid=101780) _exclude_attributes_by_policy /opt/stack/neutron/neutron/pecan_wsgi/hooks/policy_enforcement.py:255}}
Nov 09 00:05:10.424660 n-d-813263-3 neutron-server[101780]: INFO neutron.wsgi [req-0869413a-55f2-4425-8a55-699e352a5214 req-1b9dc123-c526-438c-a83c-787cf0d167d9 tempest-LiveMigrationTest-438970012 tempest-LiveMigrationTest-438970012-project] 10.222.0.25 "GET /v2.0/ports?device_id=8ce285f1-3af2-4e75-9f00-7f8a1195c4fd HTTP/1.1" status: 200 len: 945 time: 0.1160917
Nov 09 00:05:10.512479 n-d-813263-3 neutron-server[101781]: DEBUG neutron.api.rpc.handlers.resources_rpc [None req-7af0075a-9e8a-4943-9338-a3371b5e49fc service neutron] Pushing event updated for resources: {'Port': ['ID=88d1d2d1-5378-442e-8602-eb446cb65667,revision_number=3']} {{(pid=101781) push /opt/stack/neutron/neutron/api/rpc/handlers/resources_rpc.py:237}}
Nov 09 00:05:10.542436 n-d-813263-3 neutron-server[101781]: INFO neutron.wsgi [req-23a9507b-e83b-450e-815c-2c9b8180f994 req-56115505-3b4f-4924-bd8b-8eaf79ca4c22 service neutron] 10.222.0.30 "GET /v2.0/networks/24838c29-729b-4d0a-8a33-74e0579492e3?fields=segments HTTP/1.1" status: 200 len: 212 time: 0.2314646
Nov 09 00:05:10.545107 n-d-813263-3 neutron-server[101781]: DEBUG neutron.pecan_wsgi.hooks.policy_enforcement [req-cac1cd92-8107-4096-8794-ba6928a42286 req-8c5b6e66-c728-41cb-a9b3-b1e9e66d5e08 service neutron] Attributes excluded by policy engine: ['standard_attr_id'] {{(pid=101781) _exclude_attributes_by_policy /opt/stack/neutron/neutron/pecan_wsgi/hooks/policy_enforcement.py:255}}
Nov 09 00:05:10.546918 n-d-813263-3 neutron-server[101781]: INFO neutron.wsgi [req-cac1cd92-8107-4096-8794-ba6928a42286 req-8c5b6e66-c728-41cb-a9b3-b1e9e66d5e08 service neutron] 10.222.0.11 "GET /v2.0/ports?tenant_id=a2fd1f630ef54d6dba7f9f1e8827b967&device_id=2c720c5c-3ca8-40c6-b2da-44ffbf329055 HTTP/1.1" status: 200 len: 1094 time: 0.0948408
Nov 09 00:05:10.575208 n-d-813263-3 neutron-server[101780]: INFO neutron.wsgi [req-f67fb3f4-843f-42ce-bb27-3f010398f840 req-e67c8d3f-3ccb-4be6-92dd-d6f040aabd79 service neutron] 10.222.0.11 "GET /v2.0/security-groups?id=c255991d-0075-4142-9d6e-ac6f94667e73&fields=id&fields=name HTTP/1.1" status: 200 len: 286 time: 0.2005217
Nov 09 00:05:10.592092 n-d-813263-3 neutron-server[101780]: INFO neutron.wsgi [req-0869413a-55f2-4425-8a55-699e352a5214 req-b667dfb0-cf0b-4fd9-ae47-2ea34fb6d6f1 tempest-LiveMigrationTest-438970012 tempest-LiveMigrationTest-438970012-project] 10.222.0.25 "GET /v2.0/security-groups?id=c255991d-0075-4142-9d6e-ac6f94667e73&fields=id&fields=name HTTP/1.1" status: 200 len: 286 time: 0.1619401
Nov 09 00:05:10.645972 n-d-813263-3 neutron-server[101781]: INFO neutron.wsgi [req-cac1cd92-8107-4096-8794-ba6928a42286 req-ba8b4974-20d5-40d4-83ed-3de0e4ffe160 service neutron] 10.222.0.11 "GET /v2.0/floatingips?fixed_ip_address=172.20.0.7&port_id=88d1d2d1-5378-442e-8602-eb446cb65667 HTTP/1.1" status: 200 len: 217 time: 0.0775950
Nov 09 00:05:10.727422 n-d-813263-3 neutron-server[101781]: INFO neutron.wsgi [req-23a9507b-e83b-450e-815c-2c9b8180f994 req-fb410141-90e5-4058-8575-e09ef943f930 service neutron] 10.222.0.30 "GET /v2.0/networks/24838c29-729b-4d0a-8a33-74e0579492e3?fields=provider%3Aphysical_network&fields=provider%3Anetwork_type HTTP/1.1" status: 200 len: 281 time: 0.1738524
Nov 09 00:05:10.729212 n-d-813263-3 neutron-server[101781]: DEBUG neutron.notifiers.nova [-] Sending events: [{'name': 'network-changed', 'server_uuid': '2c720c5c-3ca8-40c6-b2da-44ffbf329055', 'tag': '88d1d2d1-5378-442e-8602-eb446cb65667'}] {{(pid=101781) send_events /opt/stack/neutron/neutron/notifiers/nova.py:262}}
Nov 09 00:05:10.731586 n-d-813263-3 neutron-server[101781]: DEBUG novaclient.v2.client [-] REQ: curl -g -i --cacert "/opt/stack/data/ca-bundle.pem" -X POST http://10.222.0.25/compute/v2.1/os-server-external-events -H "Accept: application/json" -H "Content-Type: application/json" -H "User-Agent: python-novaclient" -H "X-Auth-Token: {SHA256}b3ca5c016684b895dfe985af8df387c0ff7479dc966aaeda9f485a366814b178" -H "X-OpenStack-Nova-API-Version: 2.1" -H "X-OpenStack-Request-ID: req-9810034f-a3bd-4738-a2f6-add40ab33323" -d '{"events": [{"name": "network-changed", "server_uuid": "2c720c5c-3ca8-40c6-b2da-44ffbf329055", "tag": "88d1d2d1-5378-442e-8602-eb446cb65667"}]}' {{(pid=101781) _http_log_request /usr/local/lib/python3.8/dist-packages/keystoneauth1/session.py:519}}
Nov 09 00:05:10.861282 n-d-813263-3 neutron-server[101781]: DEBUG novaclient.v2.client [-] RESP: [200] Connection: close Content-Length: 179 Content-Type: application/json Date: Tue, 09 Nov 2021 00:05:10 GMT OpenStack-API-Version: compute 2.1 Server: Apache/2.4.41 (Ubuntu) Vary: OpenStack-API-Version,X-OpenStack-Nova-API-Version X-OpenStack-Nova-API-Version: 2.1 x-compute-request-id: req-9fad840a-b49f-4bd6-b543-c9ed4e53911c x-openstack-request-id: req-9fad840a-b49f-4bd6-b543-c9ed4e53911c {{(pid=101781) _http_log_response /usr/local/lib/python3.8/dist-packages/keystoneauth1/session.py:550}}
Nov 09 00:05:10.865934 n-d-813263-3 neutron-server[101781]: DEBUG novaclient.v2.client [-] RESP BODY: {"events": [{"name": "network-changed", "server_uuid": "2c720c5c-3ca8-40c6-b2da-44ffbf329055", "tag": "88d1d2d1-5378-442e-8602-eb446cb65667", "status": "completed", "code": 200}]} {{(pid=101781) _http_log_response /usr/local/lib/python3.8/dist-packages/keystoneauth1/session.py:582}}
Nov 09 00:05:10.866191 n-d-813263-3 neutron-server[101781]: DEBUG novaclient.v2.client [-] POST call to compute for http://10.222.0.25/compute/v2.1/os-server-external-events used request id req-9fad840a-b49f-4bd6-b543-c9ed4e53911c {{(pid=101781) request /usr/local/lib/python3.8/dist-packages/keystoneauth1/session.py:954}}
Nov 09 00:05:10.866595 n-d-813263-3 neutron-server[101781]: INFO neutron.notifiers.nova [-] Nova event response: {'name': 'network-changed', 'server_uuid': '2c720c5c-3ca8-40c6-b2da-44ffbf329055', 'tag': '88d1d2d1-5378-442e-8602-eb446cb65667', 'status': 'completed', 'code': 200}
Nov 09 00:05:10.892083 n-d-813263-3 neutron-server[101781]: DEBUG neutron.pecan_wsgi.hooks.policy_enforcement [req-cac1cd92-8107-4096-8794-ba6928a42286 req-9e4a17ed-8654-4dac-8fde-36f119b2d09c service neutron] Attributes excluded by policy engine: ['standard_attr_id', 'shared', 'segment_id'] {{(pid=101781) _exclude_attributes_by_policy /opt/stack/neutron/neutron/pecan_wsgi/hooks/policy_enforcement.py:255}}
Nov 09 00:05:10.894460 n-d-813263-3 neutron-server[101781]: INFO neutron.wsgi [req-cac1cd92-8107-4096-8794-ba6928a42286 req-9e4a17ed-8654-4dac-8fde-36f119b2d09c service neutron] 10.222.0.11 "GET /v2.0/subnets?id=fd6039d7-1f66-415c-bbb7-7ffc5a1e8b5b HTTP/1.1" status: 200 len: 861 time: 0.0803144
Nov 09 00:05:10.924488 n-d-813263-3 neutron-server[101780]: DEBUG neutron.pecan_wsgi.hooks.policy_enforcement [req-1d6a0c27-6d39-4309-9757-d1f2ce6bf2a4 req-eee018ef-52b7-4344-a05b-ab7559e6068b tempest-ServersOnMultiNodesTest-57158747 tempest-ServersOnMultiNodesTest-57158747-project] Attributes excluded by policy engine: ['standard_attr_id', 'binding:profile', 'binding:host_id', 'binding:vif_type', 'binding:vif_details'] {{(pid=101780) _exclude_attributes_by_policy /opt/stack/neutron/neutron/pecan_wsgi/hooks/policy_enforcement.py:255}}
Nov 09 00:05:10.926270 n-d-813263-3 neutron-server[101780]: INFO neutron.wsgi [req-1d6a0c27-6d39-4309-9757-d1f2ce6bf2a4 req-eee018ef-52b7-4344-a05b-ab7559e6068b tempest-ServersOnMultiNodesTest-57158747 tempest-ServersOnMultiNodesTest-57158747-project] 10.222.0.25 "GET /v2.0/ports?device_id=bc122255-2276-436b-b440-f4170932b8f2 HTTP/1.1" status: 200 len: 950 time: 0.0542312
Nov 09 00:05:10.936577 n-d-813263-3 neutron-server[101781]: INFO neutron.wsgi [req-cac1cd92-8107-4096-8794-ba6928a42286 req-634d42e5-267f-497e-a053-900a5eea4d32 service neutron] 10.222.0.11 "GET /v2.0/ports?network_id=3529e958-4130-4d89-8f6b-9e5d5aefa50a&device_owner=network%3Adhcp HTTP/1.1" status: 200 len: 210 time: 0.0304747
Nov 09 00:05:11.005574 n-d-813263-3 neutron-server[101780]: INFO neutron.wsgi [req-1d6a0c27-6d39-4309-9757-d1f2ce6bf2a4 req-9ffdc9a0-6aa0-46e9-af22-ac0c4b1efc23 tempest-ServersOnMultiNodesTest-57158747 tempest-ServersOnMultiNodesTest-57158747-project] 10.222.0.25 "GET /v2.0/security-groups?id=2cc51376-353f-45ee-9985-07c5e273862a&fields=id&fields=name HTTP/1.1" status: 200 len: 286 time: 0.0709307
Nov 09 00:05:11.056130 n-d-813263-3 neutron-server[101781]: INFO neutron.wsgi [req-cac1cd92-8107-4096-8794-ba6928a42286 req-75405319-19ff-4825-aad1-4da19fc67009 service neutron] 10.222.0.11 "GET /v2.0/networks/3529e958-4130-4d89-8f6b-9e5d5aefa50a?fields=segments HTTP/1.1" status: 200 len: 212 time: 0.1099877
Nov 09 00:05:11.169885 n-d-813263-3 neutron-server[101781]: INFO neutron.wsgi [req-cac1cd92-8107-4096-8794-ba6928a42286 req-67d206e6-26ef-4945-a5fc-b77f653f518d service neutron] 10.222.0.11 "GET /v2.0/networks/3529e958-4130-4d89-8f6b-9e5d5aefa50a?fields=provider%3Aphysical_network&fields=provider%3Anetwork_type HTTP/1.1" status: 200 len: 281 time: 0.1051028
Nov 09 00:05:11.181638 n-d-813263-3 neutron-server[101780]: DEBUG neutron.pecan_wsgi.hooks.policy_enforcement [req-535a6b11-46b2-4363-b521-481b64aa2eb9 req-d066b328-eb50-48a6-8b0c-dd01532c31d7 tempest-ServersOnMultiNodesTest-57158747 tempest-ServersOnMultiNodesTest-57158747-project] Attributes excluded by policy engine: ['standard_attr_id', 'binding:profile', 'binding:host_id', 'binding:vif_type', 'binding:vif_details'] {{(pid=101780) _exclude_attributes_by_policy /opt/stack/neutron/neutron/pecan_wsgi/hooks/policy_enforcement.py:255}}
Nov 09 00:05:11.183079 n-d-813263-3 neutron-server[101780]: INFO neutron.wsgi [req-535a6b11-46b2-4363-b521-481b64aa2eb9 req-d066b328-eb50-48a6-8b0c-dd01532c31d7 tempest-ServersOnMultiNodesTest-57158747 tempest-ServersOnMultiNodesTest-57158747-project] 10.222.0.25 "GET /v2.0/ports?device_id=b07de7e5-8083-4679-b82c-a9fde5061629 HTTP/1.1" status: 200 len: 950 time: 0.0861878
Nov 09 00:05:11.267515 n-d-813263-3 neutron-server[101781]: DEBUG neutron.pecan_wsgi.hooks.policy_enforcement [req-9810034f-a3bd-4738-a2f6-add40ab33323 req-39f31140-29b0-42fc-b395-4ce997d0d151 service neutron] Attributes excluded by policy engine: ['standard_attr_id'] {{(pid=101781) _exclude_attributes_by_policy /opt/stack/neutron/neutron/pecan_wsgi/hooks/policy_enforcement.py:255}}
Nov 09 00:05:11.269545 n-d-813263-3 neutron-server[101781]: INFO neutron.wsgi [req-9810034f-a3bd-4738-a2f6-add40ab33323 req-39f31140-29b0-42fc-b395-4ce997d0d151 service neutron] 10.222.0.11 "GET /v2.0/ports?tenant_id=a2fd1f630ef54d6dba7f9f1e8827b967&device_id=2c720c5c-3ca8-40c6-b2da-44ffbf329055 HTTP/1.1" status: 200 len: 1094 time: 0.0464227
Nov 09 00:05:11.274378 n-d-813263-3 neutron-server[101780]: DEBUG neutron.pecan_wsgi.hooks.policy_enforcement [req-484cffff-dc96-47f7-aa9a-a148ecc02f3e req-a7680869-a0a1-41df-92d6-166e31b9cd3e tempest-LiveAutoBlockMigrationV225Test-549700083 tempest-LiveAutoBlockMigrationV225Test-549700083-project] Attributes excluded by policy engine: ['standard_attr_id', 'binding:profile', 'binding:host_id', 'binding:vif_type', 'binding:vif_details'] {{(pid=101780) _exclude_attributes_by_policy /opt/stack/neutron/neutron/pecan_wsgi/hooks/policy_enforcement.py:255}}
Nov 09 00:05:11.275874 n-d-813263-3 neutron-server[101780]: INFO neutron.wsgi [req-484cffff-dc96-47f7-aa9a-a148ecc02f3e req-a7680869-a0a1-41df-92d6-166e31b9cd3e tempest-LiveAutoBlockMigrationV225Test-549700083 tempest-LiveAutoBlockMigrationV225Test-549700083-project] 10.222.0.25 "GET /v2.0/ports?device_id=2c720c5c-3ca8-40c6-b2da-44ffbf329055 HTTP/1.1" status: 200 len: 943 time: 0.0912592
Nov 09 00:05:11.283624 n-d-813263-3 neutron-server[101780]: INFO neutron.wsgi [req-535a6b11-46b2-4363-b521-481b64aa2eb9 req-dfd1ac67-61a7-4829-8012-0dade53e4a4f tempest-ServersOnMultiNodesTest-57158747 tempest-ServersOnMultiNodesTest-57158747-project] 10.222.0.25 "GET /v2.0/security-groups?id=2cc51376-353f-45ee-9985-07c5e273862a&fields=id&fields=name HTTP/1.1" status: 200 len: 286 time: 0.0896833
Nov 09 00:05:11.352597 n-d-813263-3 neutron-server[101780]: INFO neutron.wsgi [req-484cffff-dc96-47f7-aa9a-a148ecc02f3e req-1a4557a0-40e5-4702-9d71-996b9a779c39 tempest-LiveAutoBlockMigrationV225Test-549700083 tempest-LiveAutoBlockMigrationV225Test-549700083-project] 10.222.0.25 "GET /v2.0/security-groups?id=836f8add-2671-4c7c-9cec-3bbb4a8267e5&fields=id&fields=name HTTP/1.1" status: 200 len: 286 time: 0.0680249
Nov 09 00:05:11.420459 n-d-813263-3 neutron-server[101781]: DEBUG neutron.pecan_wsgi.hooks.policy_enforcement [req-9810034f-a3bd-4738-a2f6-add40ab33323 req-67949a6b-a4ba-44d5-9c4e-a6cb29e7d348 service neutron] Attributes excluded by policy engine: ['standard_attr_id', 'vlan_transparent'] {{(pid=101781) _exclude_attributes_by_policy /opt/stack/neutron/neutron/pecan_wsgi/hooks/policy_enforcement.py:255}}
Nov 09 00:05:11.423052 n-d-813263-3 neutron-server[101781]: INFO neutron.wsgi [req-9810034f-a3bd-4738-a2f6-add40ab33323 req-67949a6b-a4ba-44d5-9c4e-a6cb29e7d348 service neutron] 10.222.0.11 "GET /v2.0/networks?id=3529e958-4130-4d89-8f6b-9e5d5aefa50a HTTP/1.1" status: 200 len: 921 time: 0.1385479
Nov 09 00:05:11.475865 n-d-813263-3 neutron-server[101781]: INFO neutron.wsgi [req-9810034f-a3bd-4738-a2f6-add40ab33323 req-ac2c5dda-0ae4-4345-a114-1df9daff86c9 service neutron] 10.222.0.11 "GET /v2.0/floatingips?fixed_ip_address=172.20.0.7&port_id=88d1d2d1-5378-442e-8602-eb446cb65667 HTTP/1.1" status: 200 len: 217 time: 0.0411921
Nov 09 00:05:11.485223 n-d-813263-3 neutron-server[101780]: DEBUG neutron.pecan_wsgi.hooks.policy_enforcement [req-e584e6b2-c17e-40bf-a307-d930b89712ab req-76e4a05f-5e76-4fb0-a753-9655e2376259 tempest-LiveMigrationNegativeTest-1340778964 tempest-LiveMigrationNegativeTest-1340778964-project] Attributes excluded by policy engine: ['standard_attr_id', 'binding:profile', 'binding:host_id', 'binding:vif_type', 'binding:vif_details'] {{(pid=101780) _exclude_attributes_by_policy /opt/stack/neutron/neutron/pecan_wsgi/hooks/policy_enforcement.py:255}}
Nov 09 00:05:11.487035 n-d-813263-3 neutron-server[101780]: INFO neutron.wsgi [req-e584e6b2-c17e-40bf-a307-d930b89712ab req-76e4a05f-5e76-4fb0-a753-9655e2376259 tempest-LiveMigrationNegativeTest-1340778964 tempest-LiveMigrationNegativeTest-1340778964-project] 10.222.0.25 "GET /v2.0/ports?device_id=9edfc333-d3d1-441c-bda0-f693f314ffd3 HTTP/1.1" status: 200 len: 948 time: 0.0539823
Nov 09 00:05:11.549072 n-d-813263-3 neutron-server[101781]: DEBUG neutron.pecan_wsgi.hooks.policy_enforcement [req-9810034f-a3bd-4738-a2f6-add40ab33323 req-7e2812dc-25eb-4f2a-8bff-44b4b5f036fa service neutron] Attributes excluded by policy engine: ['standard_attr_id', 'shared', 'segment_id'] {{(pid=101781) _exclude_attributes_by_policy /opt/stack/neutron/neutron/pecan_wsgi/hooks/policy_enforcement.py:255}}
Nov 09 00:05:11.551347 n-d-813263-3 neutron-server[101781]: INFO neutron.wsgi [req-9810034f-a3bd-4738-a2f6-add40ab33323 req-7e2812dc-25eb-4f2a-8bff-44b4b5f036fa service neutron] 10.222.0.11 "GET /v2.0/subnets?id=fd6039d7-1f66-415c-bbb7-7ffc5a1e8b5b HTTP/1.1" status: 200 len: 861 time: 0.0646298
Nov 09 00:05:11.553654 n-d-813263-3 neutron-server[101780]: INFO neutron.wsgi [req-e584e6b2-c17e-40bf-a307-d930b89712ab req-b794d6ab-1e49-47ec-9267-b60ead46ad17 tempest-LiveMigrationNegativeTest-1340778964 tempest-LiveMigrationNegativeTest-1340778964-project] 10.222.0.25 "GET /v2.0/security-groups?id=ca9af63a-392d-4247-9a59-326b6c1391fa&fields=id&fields=name HTTP/1.1" status: 200 len: 286 time: 0.0547562
Nov 09 00:05:11.603508 n-d-813263-3 neutron-server[101781]: INFO neutron.wsgi [req-9810034f-a3bd-4738-a2f6-add40ab33323 req-a7146301-0b1a-497d-9590-9310f7d9254b service neutron] 10.222.0.11 "GET /v2.0/ports?network_id=3529e958-4130-4d89-8f6b-9e5d5aefa50a&device_owner=network%3Adhcp HTTP/1.1" status: 200 len: 210 time: 0.0410843
Nov 09 00:05:11.722569 n-d-813263-3 neutron-server[101781]: INFO neutron.wsgi [req-9810034f-a3bd-4738-a2f6-add40ab33323 req-62312ed8-4696-4db3-ab09-a75e4c1d15f1 service neutron] 10.222.0.11 "GET /v2.0/networks/3529e958-4130-4d89-8f6b-9e5d5aefa50a?fields=segments HTTP/1.1" status: 200 len: 212 time: 0.1083064
Nov 09 00:05:11.869388 n-d-813263-3 neutron-server[101780]: DEBUG neutron.pecan_wsgi.hooks.policy_enforcement [req-19da29ea-9a41-4c84-8f3c-b26026a221d8 req-443d5be9-8c43-4b03-b4fc-11b9af841e2d tempest-LiveMigrationTest-438970012 tempest-LiveMigrationTest-438970012-project] Attributes excluded by policy engine: ['standard_attr_id', 'binding:profile', 'binding:host_id', 'binding:vif_type', 'binding:vif_details'] {{(pid=101780) _exclude_attributes_by_policy /opt/stack/neutron/neutron/pecan_wsgi/hooks/policy_enforcement.py:255}}
Nov 09 00:05:11.870124 n-d-813263-3 neutron-server[101781]: INFO neutron.wsgi [req-9810034f-a3bd-4738-a2f6-add40ab33323 req-a9cdf414-0a2b-4a7a-afed-4d9d550a446a service neutron] 10.222.0.11 "GET /v2.0/networks/3529e958-4130-4d89-8f6b-9e5d5aefa50a?fields=provider%3Aphysical_network&fields=provider%3Anetwork_type HTTP/1.1" status: 200 len: 281 time: 0.1340630
Nov 09 00:05:11.871233 n-d-813263-3 neutron-server[101780]: INFO neutron.wsgi [req-19da29ea-9a41-4c84-8f3c-b26026a221d8 req-443d5be9-8c43-4b03-b4fc-11b9af841e2d tempest-LiveMigrationTest-438970012 tempest-LiveMigrationTest-438970012-project] 10.222.0.25 "GET /v2.0/ports?device_id=8ce285f1-3af2-4e75-9f00-7f8a1195c4fd HTTP/1.1" status: 200 len: 945 time: 0.0781317
Nov 09 00:05:11.918958 n-d-813263-3 neutron-server[101781]: DEBUG neutron.wsgi [-] (101781) accepted ('10.222.0.25', 55642) {{(pid=101781) server /usr/local/lib/python3.8/dist-packages/eventlet/wsgi.py:982}}
Nov 09 00:05:11.958691 n-d-813263-3 neutron-server[101780]: DEBUG neutron.pecan_wsgi.hooks.policy_enforcement [req-ed4d7cf3-cf43-48af-9c27-7c0390a16861 req-d7956a86-f6c3-49a9-be1a-fab06d6e0126 tempest-ServersOnMultiNodesTest-57158747 tempest-ServersOnMultiNodesTest-57158747-project] Attributes excluded by policy engine: ['standard_attr_id', 'binding:profile', 'binding:host_id', 'binding:vif_type', 'binding:vif_details'] {{(pid=101780) _exclude_attributes_by_policy /opt/stack/neutron/neutron/pecan_wsgi/hooks/policy_enforcement.py:255}}
Nov 09 00:05:11.964506 n-d-813263-3 neutron-server[101780]: DEBUG neutron.pecan_wsgi.hooks.policy_enforcement [req-ed4d7cf3-cf43-48af-9c27-7c0390a16861 req-d7956a86-f6c3-49a9-be1a-fab06d6e0126 tempest-ServersOnMultiNodesTest-57158747 tempest-ServersOnMultiNodesTest-57158747-project] Attributes excluded by policy engine: ['standard_attr_id', 'binding:profile', 'binding:host_id', 'binding:vif_type', 'binding:vif_details'] {{(pid=101780) _exclude_attributes_by_policy /opt/stack/neutron/neutron/pecan_wsgi/hooks/policy_enforcement.py:255}}
Nov 09 00:05:11.966069 n-d-813263-3 neutron-server[101780]: INFO neutron.wsgi [req-ed4d7cf3-cf43-48af-9c27-7c0390a16861 req-d7956a86-f6c3-49a9-be1a-fab06d6e0126 tempest-ServersOnMultiNodesTest-57158747 tempest-ServersOnMultiNodesTest-57158747-project] 10.222.0.25 "GET /v2.0/ports?device_id=b07de7e5-8083-4679-b82c-a9fde5061629&device_id=bc122255-2276-436b-b440-f4170932b8f2 HTTP/1.1" status: 200 len: 1691 time: 0.0867455
Nov 09 00:05:11.971596 n-d-813263-3 neutron-server[101780]: INFO neutron.wsgi [req-19da29ea-9a41-4c84-8f3c-b26026a221d8 req-3b7e8598-0edd-431c-87c7-27cd54047573 tempest-LiveMigrationTest-438970012 tempest-LiveMigrationTest-438970012-project] 10.222.0.25 "GET /v2.0/security-groups?id=c255991d-0075-4142-9d6e-ac6f94667e73&fields=id&fields=name HTTP/1.1" status: 200 len: 286 time: 0.0933063
Nov 09 00:05:12.017608 n-d-813263-3 neutron-server[101780]: INFO neutron.wsgi [req-ed4d7cf3-cf43-48af-9c27-7c0390a16861 req-98767374-fd58-4ed0-b74e-bddf9cc81965 tempest-ServersOnMultiNodesTest-57158747 tempest-ServersOnMultiNodesTest-57158747-project] 10.222.0.25 "GET /v2.0/security-groups?id=2cc51376-353f-45ee-9985-07c5e273862a&fields=id&fields=name HTTP/1.1" status: 200 len: 286 time: 0.0436509
Nov 09 00:05:12.035658 n-d-813263-3 neutron-server[101781]: DEBUG neutron_lib.callbacks.manager [None req-be9f4b7e-dbdb-4bd4-b0ba-ad8fa6078962 admin admin] Publish callbacks [] for security_group, before_create {{(pid=101781) _notify_loop /usr/local/lib/python3.8/dist-packages/neutron_lib/callbacks/manager.py:175}}
Nov 09 00:05:12.114129 n-d-813263-3 neutron-server[101781]: DEBUG neutron_lib.callbacks.manager [None req-be9f4b7e-dbdb-4bd4-b0ba-ad8fa6078962 admin admin] Publish callbacks [] for security_group, precommit_create {{(pid=101781) _notify_loop /usr/local/lib/python3.8/dist-packages/neutron_lib/callbacks/manager.py:175}}
Nov 09 00:05:12.121279 n-d-813263-3 neutron-server[101781]: DEBUG neutron_lib.callbacks.manager [None req-be9f4b7e-dbdb-4bd4-b0ba-ad8fa6078962 admin admin] Publish callbacks ['neutron.plugins.ml2.ovo_rpc._ObjectChangeHandler.handle_event-766108'] for security_group, after_create {{(pid=101781) _notify_loop /usr/local/lib/python3.8/dist-packages/neutron_lib/callbacks/manager.py:175}}
Nov 09 00:05:12.176464 n-d-813263-3 neutron-server[101780]: DEBUG neutron.wsgi [-] (101780) accepted ('10.222.0.25', 55662) {{(pid=101780) server /usr/local/lib/python3.8/dist-packages/eventlet/wsgi.py:982}}
Nov 09 00:05:12.180189 n-d-813263-3 neutron-server[101781]: INFO neutron.wsgi [None req-be9f4b7e-dbdb-4bd4-b0ba-ad8fa6078962 admin admin] 10.222.0.25 "GET /v2.0/security-groups?tenant_id=e980fe8787e741038041ccf060f56895&name=default HTTP/1.1" status: 200 len: 2996 time: 0.2535021
Nov 09 00:05:12.181189 n-d-813263-3 neutron-server[101781]: DEBUG neutron.api.rpc.handlers.resources_rpc [None req-be9f4b7e-dbdb-4bd4-b0ba-ad8fa6078962 admin admin] Pushing event updated for resources: {'SecurityGroup': ['ID=691e3666-bb8f-480c-ac1e-be27544290e0,revision_number=1']} {{(pid=101781) push /opt/stack/neutron/neutron/api/rpc/handlers/resources_rpc.py:237}}
Nov 09 00:05:12.276758 n-d-813263-3 neutron-server[101780]: DEBUG neutron_lib.callbacks.manager [None req-d8f83f83-4e8f-4591-b082-868bc2a3e840 admin admin] Publish callbacks [] for security_group, before_delete {{(pid=101780) _notify_loop /usr/local/lib/python3.8/dist-packages/neutron_lib/callbacks/manager.py:175}}
Nov 09 00:05:12.281941 n-d-813263-3 neutron-server[101780]: DEBUG neutron.pecan_wsgi.hooks.policy_enforcement [req-95c59092-723f-4dba-96f8-92002135188a req-1a508a24-5a66-4f7b-92a4-7a79e6f0f4ab tempest-ServersOnMultiNodesTest-1208407650 tempest-ServersOnMultiNodesTest-1208407650-project-admin] Attributes excluded by policy engine: ['standard_attr_id'] {{(pid=101780) _exclude_attributes_by_policy /opt/stack/neutron/neutron/pecan_wsgi/hooks/policy_enforcement.py:255}}
Nov 09 00:05:12.283498 n-d-813263-3 neutron-server[101780]: INFO neutron.wsgi [req-95c59092-723f-4dba-96f8-92002135188a req-1a508a24-5a66-4f7b-92a4-7a79e6f0f4ab tempest-ServersOnMultiNodesTest-1208407650 tempest-ServersOnMultiNodesTest-1208407650-project-admin] 10.222.0.25 "GET /v2.0/ports?device_id=b07de7e5-8083-4679-b82c-a9fde5061629 HTTP/1.1" status: 200 len: 1101 time: 0.0650713
Nov 09 00:05:12.323337 n-d-813263-3 neutron-server[101780]: DEBUG neutron_lib.callbacks.manager [None req-d8f83f83-4e8f-4591-b082-868bc2a3e840 admin admin] Publish callbacks [] for security_group, precommit_delete {{(pid=101780) _notify_loop /usr/local/lib/python3.8/dist-packages/neutron_lib/callbacks/manager.py:175}}
Nov 09 00:05:12.372247 n-d-813263-3 neutron-server[101780]: INFO neutron.wsgi [req-95c59092-723f-4dba-96f8-92002135188a req-fc029084-1d0c-4262-9d9a-9976bd7fe06b tempest-ServersOnMultiNodesTest-1208407650 tempest-ServersOnMultiNodesTest-1208407650-project-admin] 10.222.0.25 "GET /v2.0/security-groups?id=2cc51376-353f-45ee-9985-07c5e273862a&fields=id&fields=name HTTP/1.1" status: 200 len: 286 time: 0.0816419
Nov 09 00:05:12.406924 n-d-813263-3 neutron-server[101780]: DEBUG neutron_lib.callbacks.manager [None req-d8f83f83-4e8f-4591-b082-868bc2a3e840 admin admin] Publish callbacks ['neutron.plugins.ml2.ovo_rpc._ObjectChangeHandler.handle_event-766108'] for security_group, after_delete {{(pid=101780) _notify_loop /usr/local/lib/python3.8/dist-packages/neutron_lib/callbacks/manager.py:175}}
Nov 09 00:05:12.409681 n-d-813263-3 neutron-server[101780]: DEBUG neutron_lib.callbacks.manager [None req-d8f83f83-4e8f-4591-b082-868bc2a3e840 admin admin] Publish callbacks [] for security_group, before_response {{(pid=101780) _notify_loop /usr/local/lib/python3.8/dist-packages/neutron_lib/callbacks/manager.py:175}}
Nov 09 00:05:12.410811 n-d-813263-3 neutron-server[101780]: INFO neutron.wsgi [None req-d8f83f83-4e8f-4591-b082-868bc2a3e840 admin admin] 10.222.0.25 "DELETE /v2.0/security-groups/691e3666-bb8f-480c-ac1e-be27544290e0 HTTP/1.1" status: 204 len: 168 time: 0.2324965
Nov 09 00:05:12.418899 n-d-813263-3 neutron-server[101780]: DEBUG neutron.api.rpc.handlers.resources_rpc [None req-d8f83f83-4e8f-4591-b082-868bc2a3e840 admin admin] Pushing event deleted for resources: {'SecurityGroup': ['ID=691e3666-bb8f-480c-ac1e-be27544290e0,revision_number=None']} {{(pid=101780) push /opt/stack/neutron/neutron/api/rpc/handlers/resources_rpc.py:237}}
Nov 09 00:05:12.550747 n-d-813263-3 neutron-server[101780]: DEBUG neutron.pecan_wsgi.hooks.policy_enforcement [req-94a06486-0d2e-4f36-a7c1-3b6ee3c970f7 req-b3e42f3d-6a66-4e0b-8861-825a5cb0f1ab tempest-LiveAutoBlockMigrationV225Test-549700083 tempest-LiveAutoBlockMigrationV225Test-549700083-project] Attributes excluded by policy engine: ['standard_attr_id', 'binding:profile', 'binding:host_id', 'binding:vif_type', 'binding:vif_details'] {{(pid=101780) _exclude_attributes_by_policy /opt/stack/neutron/neutron/pecan_wsgi/hooks/policy_enforcement.py:255}}
Nov 09 00:05:12.552792 n-d-813263-3 neutron-server[101780]: INFO neutron.wsgi [req-94a06486-0d2e-4f36-a7c1-3b6ee3c970f7 req-b3e42f3d-6a66-4e0b-8861-825a5cb0f1ab tempest-LiveAutoBlockMigrationV225Test-549700083 tempest-LiveAutoBlockMigrationV225Test-549700083-project] 10.222.0.25 "GET /v2.0/ports?device_id=2c720c5c-3ca8-40c6-b2da-44ffbf329055 HTTP/1.1" status: 200 len: 943 time: 0.0815318
Nov 09 00:05:12.562291 n-d-813263-3 neutron-server[101780]: DEBUG neutron.pecan_wsgi.hooks.policy_enforcement [req-273348f6-bd36-47d8-99cc-e34863c1180c req-81baa560-7cc0-4cc2-a37c-f01d4c0f2a50 tempest-ServersOnMultiNodesTest-1208407650 tempest-ServersOnMultiNodesTest-1208407650-project-admin] Attributes excluded by policy engine: ['standard_attr_id'] {{(pid=101780) _exclude_attributes_by_policy /opt/stack/neutron/neutron/pecan_wsgi/hooks/policy_enforcement.py:255}}
Nov 09 00:05:12.563718 n-d-813263-3 neutron-server[101780]: INFO neutron.wsgi [req-273348f6-bd36-47d8-99cc-e34863c1180c req-81baa560-7cc0-4cc2-a37c-f01d4c0f2a50 tempest-ServersOnMultiNodesTest-1208407650 tempest-ServersOnMultiNodesTest-1208407650-project-admin] 10.222.0.25 "GET /v2.0/ports?device_id=bc122255-2276-436b-b440-f4170932b8f2 HTTP/1.1" status: 200 len: 1101 time: 0.0629418
Nov 09 00:05:12.583717 n-d-813263-3 neutron-server[101782]: DEBUG neutron_lib.callbacks.manager [None req-57815e98-dff2-4e47-94bb-2ead24cb4265 None None] Publish callbacks ['neutron.services.segments.db._update_segment_host_mapping_for_agent-8740052510239', 'neutron.plugins.ml2.plugin.Ml2Plugin._retry_binding_revived_agents-7869794'] for agent, after_update {{(pid=101782) _notify_loop /usr/local/lib/python3.8/dist-packages/neutron_lib/callbacks/manager.py:175}}
