Oct 26 11:41:48.148492 n-d-812150-3 neutron-server[102760]: DEBUG neutron_lib.callbacks.manager [None req-0a47b139-1665-4098-acc4-682b87f9c7f6 admin admin] Publish callbacks ['neutron.api.rpc.agentnotifiers.dhcp_rpc_agent_api.DhcpAgentNotifyAPI._send_dhcp_notification-652972'] for network, before_response {{(pid=102760) _notify_loop /usr/local/lib/python3.8/dist-packages/neutron_lib/callbacks/manager.py:175}}
Oct 26 11:41:48.221589 n-d-812150-3 neutron-server[102759]: DEBUG neutron.pecan_wsgi.hooks.policy_enforcement [req-7a0ab227-7892-4596-8ad5-8c979f335d40 req-e8a5d9a6-8d1e-4e1a-9c2f-10f74adcaf58 tempest-LiveMigrationNegativeTest-1265478426 tempest-LiveMigrationNegativeTest-1265478426-project] Attributes excluded by policy engine: ['standard_attr_id', 'vlan_transparent', 'provider:network_type', 'provider:physical_network', 'provider:segmentation_id'] {{(pid=102759) _exclude_attributes_by_policy /opt/stack/neutron/neutron/pecan_wsgi/hooks/policy_enforcement.py:255}}
Oct 26 11:41:48.223278 n-d-812150-3 neutron-server[102759]: INFO neutron.wsgi [req-7a0ab227-7892-4596-8ad5-8c979f335d40 req-e8a5d9a6-8d1e-4e1a-9c2f-10f74adcaf58 tempest-LiveMigrationNegativeTest-1265478426 tempest-LiveMigrationNegativeTest-1265478426-project] 10.222.0.30 "GET /v2.0/networks?shared=True HTTP/1.1" status: 200 len: 769 time: 0.2622445
Oct 26 11:41:48.239001 n-d-812150-3 neutron-server[102759]: DEBUG neutron.api.v2.base [req-7a0ab227-7892-4596-8ad5-8c979f335d40 req-f354f16c-eadf-46f0-9fc0-47f7c3fcc756 tempest-LiveMigrationNegativeTest-1265478426 tempest-LiveMigrationNegativeTest-1265478426-project] Request body: {'port': {'device_id': 'ec7661ad-218c-4f15-9eb3-533b16874f6f', 'network_id': 'ec33ca96-e3fb-4621-af65-143a4e1d7424', 'admin_state_up': True, 'tenant_id': '306c30ad120643e3ac2e253fc3971c4d'}} {{(pid=102759) prepare_request_body /opt/stack/neutron/neutron/api/v2/base.py:729}}
Oct 26 11:41:48.243588 n-d-812150-3 neutron-server[102759]: DEBUG neutron.pecan_wsgi.hooks.policy_enforcement [req-379567bf-836a-4ba9-a2fa-6b1a513e6bdf req-43c49df7-760e-4709-9ae6-eb31a5e85b3e service neutron] Attributes excluded by policy engine: ['standard_attr_id', 'vlan_transparent'] {{(pid=102759) _exclude_attributes_by_policy /opt/stack/neutron/neutron/pecan_wsgi/hooks/policy_enforcement.py:255}}
Oct 26 11:41:48.245163 n-d-812150-3 neutron-server[102759]: INFO neutron.wsgi [req-379567bf-836a-4ba9-a2fa-6b1a513e6bdf req-43c49df7-760e-4709-9ae6-eb31a5e85b3e service neutron] 10.222.0.100 "GET /v2.0/networks?id=ec33ca96-e3fb-4621-af65-143a4e1d7424 HTTP/1.1" status: 200 len: 871 time: 0.6662362
Oct 26 11:41:48.344086 n-d-812150-3 neutron-server[102759]: INFO neutron.wsgi [req-379567bf-836a-4ba9-a2fa-6b1a513e6bdf req-63c6ef2d-1aac-484e-b05f-302a23018940 service neutron] 10.222.0.100 "GET /v2.0/floatingips?fixed_ip_address=192.168.233.209&port_id=dc14618b-28aa-4655-9221-ab93574ce67d HTTP/1.1" status: 200 len: 217 time: 0.0815029
Oct 26 11:41:48.424188 n-d-812150-3 neutron-server[102761]: DEBUG neutron.db.l3_hamode_db [None req-1ea927c7-8702-46f2-81cf-4012bd1f522b None None] neutron.services.l3_router.l3_router_plugin.L3RouterPlugin method _process_sync_ha_data called with arguments (, [{'id': '7f2a44a8-6ec9-4c46-a3d7-989253c93114', 'name': 'tempest-ServersWithSpecificFlavorTestJSON-1812496241-router', 'tenant_id': '7a7f0c672ba149549792a9c2b5681aff', 'admin_state_up': True, 'status': 'ACTIVE', 'external_gateway_info': {'network_id': '1536dd8e-c114-413a-8e24-2c50ca48211d', 'external_fixed_ips': [{'subnet_id': '76e4ce44-7715-49a0-87f0-e4d131550be3', 'ip_address': '172.25.4.91'}], 'enable_snat': True}, 'gw_port_id': 'aaacb81c-4d0c-43b2-bd09-92c5dda74b2a', 'description': '', 'availability_zones': ['nova'], 'distributed': False, 'ha': False, 'ha_vr_id': 0, 'availability_zone_hints': [], 'routes': [], 'flavor_id': None, 'tags': [], 'created_at': '2021-10-26T11:41:30Z', 'updated_at': '2021-10-26T11:41:43Z', 'revision_number': 4, 'project_id': '7a7f0c672ba149549792a9c2b5681aff', 'gw_port': {'id': 'aaacb81c-4d0c-43b2-bd09-92c5dda74b2a', 'name': '', 'network_id': '1536dd8e-c114-413a-8e24-2c50ca48211d', 'tenant_id': '', 'mac_address': 'fa:16:3e:16:f5:9c', 'admin_state_up': True, 'status': 'ACTIVE', 'device_id': '7f2a44a8-6ec9-4c46-a3d7-989253c93114', 'device_owner': 'network:router_gateway', 'standard_attr_id': 211, 'fixed_ips': [{'subnet_id': '76e4ce44-7715-49a0-87f0-e4d131550be3', 'ip_address': '172.25.4.91', 'prefixlen': 24}], 'allowed_address_pairs': [], 'extra_dhcp_opts': [], 'security_groups': [], 'description': '', 'binding:vnic_type': 'normal', 'binding:profile': {}, 'binding:host_id': 'n-d-812150-3', 'binding:vif_type': 'ovs', 'binding:vif_details': {'connectivity': 'l2', 'port_filter': True, 'ovs_hybrid_plug': False, 'datapath_type': 'system', 'bridge_name': 'br-int'}, 'port_security_enabled': False, 'tags': [], 'created_at': '2021-10-26T11:41:33Z', 'updated_at': '2021-10-26T11:41:45Z', 'revision_number': 4, 'project_id': '', 'subnets': [{'id': '76e4ce44-7715-49a0-87f0-e4d131550be3', 'cidr': '172.25.4.0/24', 'gateway_ip': '172.25.4.1', 'dns_nameservers': [], 'ipv6_ra_mode': None, 'subnetpool_id': None}], 'extra_subnets': [], 'address_scopes': {4: None, 6: None}, 'mtu': 1500}, 'enable_snat': True, 'gw_port_host': 'n-d-812150-3', '_interfaces': [{'id': 'a5547a56-9c21-4d52-805d-bea84268fe50', 'name': '', 'network_id': '4b734d32-f2d1-40ac-bde0-dea86903c6db', 'tenant_id': '7a7f0c672ba149549792a9c2b5681aff', 'mac_address': 'fa:16:3e:a0:7d:13', 'admin_state_up': True, 'status': 'DOWN', 'device_id': '7f2a44a8-6ec9-4c46-a3d7-989253c93114', 'device_owner': 'network:router_interface', 'standard_attr_id': 222, 'fixed_ips': [{'subnet_id': 'b4d33bed-d9f0-4382-b285-d6c172457859', 'ip_address': '172.20.0.1', 'prefixlen': 28}], 'allowed_address_pairs': [], 'extra_dhcp_opts': [], 'security_groups': [], 'description': '', 'binding:vnic_type': 'normal', 'binding:profile': {}, 'binding:host_id': '', 'binding:vif_type': 'unbound', 'binding:vif_details': {}, 'port_security_enabled': False, 'tags': [], 'created_at': '2021-10-26T11:41:40Z', 'updated_at': '2021-10-26T11:41:44Z', 'revision_number': 2, 'project_id': '7a7f0c672ba149549792a9c2b5681aff', 'subnets': [{'id': 'b4d33bed-d9f0-4382-b285-d6c172457859', 'cidr': '172.20.0.0/28', 'gateway_ip': '172.20.0.1', 'dns_nameservers': [], 'ipv6_ra_mode': None, 'subnetpool_id': None}], 'extra_subnets': [], 'address_scopes': {4: None, 6: None}, 'mtu': 1500}]}], 'n-d-812150-3', False) {} {{(pid=102761) wrapper /usr/local/lib/python3.8/dist-packages/oslo_log/helpers.py:65}}
Oct 26 11:41:48.439607 n-d-812150-3 neutron-server[102759]: DEBUG neutron.pecan_wsgi.hooks.policy_enforcement [req-379567bf-836a-4ba9-a2fa-6b1a513e6bdf req-0ab8493b-8dc0-4236-9d9f-2627313b181b service neutron] Attributes excluded by policy engine: ['standard_attr_id', 'shared'] {{(pid=102759) _exclude_attributes_by_policy /opt/stack/neutron/neutron/pecan_wsgi/hooks/policy_enforcement.py:255}}
Oct 26 11:41:48.441411 n-d-812150-3 neutron-server[102759]: INFO neutron.wsgi [req-379567bf-836a-4ba9-a2fa-6b1a513e6bdf req-0ab8493b-8dc0-4236-9d9f-2627313b181b service neutron] 10.222.0.100 "GET /v2.0/subnets?id=4118dacb-a06e-4ab0-826d-0536d7204b43 HTTP/1.1" status: 200 len: 843 time: 0.0854847
Oct 26 11:41:48.476722 n-d-812150-3 neutron-server[102761]: DEBUG neutron.api.rpc.handlers.l3_rpc [None req-1ea927c7-8702-46f2-81cf-4012bd1f522b None None] Checking router: 7f2a44a8-6ec9-4c46-a3d7-989253c93114 for host: n-d-812150-3 {{(pid=102761) _ensure_host_set_on_ports /opt/stack/neutron/neutron/api/rpc/handlers/l3_rpc.py:155}}
Oct 26 11:41:48.477081 n-d-812150-3 neutron-server[102761]: DEBUG neutron.api.rpc.handlers.l3_rpc [None req-1ea927c7-8702-46f2-81cf-4012bd1f522b None None] Updating router 7f2a44a8-6ec9-4c46-a3d7-989253c93114 port a5547a56-9c21-4d52-805d-bea84268fe50 binding host n-d-812150-3 {{(pid=102761) _ensure_host_set_on_port /opt/stack/neutron/neutron/api/rpc/handlers/l3_rpc.py:205}}
Oct 26 11:41:48.521096 n-d-812150-3 neutron-server[102760]: INFO neutron.wsgi [req-ee0b0aa0-1c96-4f43-b349-1218e62cae14 req-c16bd54c-9fd6-4711-a253-5d39a47b3c20 tempest-LiveMigrationNegativeTest-1265478426 tempest-LiveMigrationNegativeTest-1265478426-project] 10.222.0.88 "GET /v2.0/ports?device_id=ec7661ad-218c-4f15-9eb3-533b16874f6f HTTP/1.1" status: 200 len: 210 time: 0.3528707
Oct 26 11:41:48.529105 n-d-812150-3 neutron-server[102759]: DEBUG neutron.pecan_wsgi.hooks.policy_enforcement [req-379567bf-836a-4ba9-a2fa-6b1a513e6bdf req-1b07227f-51c7-4eb7-83ee-e76158d27fdb service neutron] Attributes excluded by policy engine: ['standard_attr_id'] {{(pid=102759) _exclude_attributes_by_policy /opt/stack/neutron/neutron/pecan_wsgi/hooks/policy_enforcement.py:255}}
Oct 26 11:41:48.530037 n-d-812150-3 neutron-server[102761]: DEBUG neutron_lib.callbacks.manager [None req-1ea927c7-8702-46f2-81cf-4012bd1f522b None None] Publish callbacks ['neutron.plugins.ml2.plugin.SecurityGroupDbMixin._ensure_default_security_group_handler-7987403'] for port, before_update {{(pid=102761) _notify_loop /usr/local/lib/python3.8/dist-packages/neutron_lib/callbacks/manager.py:175}}
Oct 26 11:41:48.530652 n-d-812150-3 neutron-server[102759]: INFO neutron.wsgi [req-379567bf-836a-4ba9-a2fa-6b1a513e6bdf req-1b07227f-51c7-4eb7-83ee-e76158d27fdb service neutron] 10.222.0.100 "GET /v2.0/ports?network_id=ec33ca96-e3fb-4621-af65-143a4e1d7424&device_owner=network%3Adhcp HTTP/1.1" status: 200 len: 1166 time: 0.0808280
Oct 26 11:41:48.535442 n-d-812150-3 neutron-server[102759]: DEBUG neutron.pecan_wsgi.hooks.quota_enforcement [req-7a0ab227-7892-4596-8ad5-8c979f335d40 req-f354f16c-eadf-46f0-9fc0-47f7c3fcc756 tempest-LiveMigrationNegativeTest-1265478426 tempest-LiveMigrationNegativeTest-1265478426-project] Made reservation on behalf of 306c30ad120643e3ac2e253fc3971c4d for: {'port': 1} {{(pid=102759) before /opt/stack/neutron/neutron/pecan_wsgi/hooks/quota_enforcement.py:53}}
Oct 26 11:41:48.544518 n-d-812150-3 neutron-server[102759]: DEBUG neutron_lib.callbacks.manager [req-7a0ab227-7892-4596-8ad5-8c979f335d40 req-f354f16c-eadf-46f0-9fc0-47f7c3fcc756 tempest-LiveMigrationNegativeTest-1265478426 tempest-LiveMigrationNegativeTest-1265478426-project] Publish callbacks ['neutron.plugins.ml2.plugin.SecurityGroupDbMixin._ensure_default_security_group_handler-7987403'] for port, before_create {{(pid=102759) _notify_loop /usr/local/lib/python3.8/dist-packages/neutron_lib/callbacks/manager.py:175}}
Oct 26 11:41:48.607704 n-d-812150-3 neutron-server[102759]: DEBUG neutron_lib.callbacks.manager [req-7a0ab227-7892-4596-8ad5-8c979f335d40 req-f354f16c-eadf-46f0-9fc0-47f7c3fcc756 tempest-LiveMigrationNegativeTest-1265478426 tempest-LiveMigrationNegativeTest-1265478426-project] Publish callbacks [] for security_group, before_create {{(pid=102759) _notify_loop /usr/local/lib/python3.8/dist-packages/neutron_lib/callbacks/manager.py:175}}
Oct 26 11:41:48.656050 n-d-812150-3 neutron-server[102760]: INFO neutron.wsgi [None req-0a47b139-1665-4098-acc4-682b87f9c7f6 admin admin] 10.222.0.88 "POST /v2.0/networks HTTP/1.1" status: 201 len: 896 time: 1.4283051
Oct 26 11:41:48.675032 n-d-812150-3 neutron-server[102760]: DEBUG neutron.wsgi [-] (102760) accepted ('10.222.0.88', 45682) {{(pid=102760) server /usr/local/lib/python3.8/dist-packages/eventlet/wsgi.py:982}}
Oct 26 11:41:48.689559 n-d-812150-3 neutron-server[102760]: DEBUG neutron.api.v2.base [None req-14c3741a-0d0e-499c-a239-f8ed1b0963ad admin admin] Request body: {'subnet': {'network_id': '74f3b0d5-c83c-4082-a8b1-f415b01f847a', 'cidr': '172.20.0.0/28', 'name': 'tempest-ServersWithSpecificFlavorTestJSON-50490961-subnet', 'tenant_id': 'c68b440c3be84addb916b5d5b28dd610', 'enable_dhcp': True, 'ip_version': 4}} {{(pid=102760) prepare_request_body /opt/stack/neutron/neutron/api/v2/base.py:729}}
Oct 26 11:41:48.734832 n-d-812150-3 neutron-server[102760]: DEBUG neutron.api.rpc.handlers.resources_rpc [None req-0a47b139-1665-4098-acc4-682b87f9c7f6 admin admin] Pushing event updated for resources: {'Network': ['ID=74f3b0d5-c83c-4082-a8b1-f415b01f847a,revision_number=1']} {{(pid=102760) push /opt/stack/neutron/neutron/api/rpc/handlers/resources_rpc.py:237}}
Oct 26 11:41:48.755950 n-d-812150-3 neutron-server[102760]: INFO neutron.wsgi [req-124185b5-31de-4eb7-9b4f-380d1fac66b2 req-432e7691-6dcf-4eb4-a694-4e1836edd7a6 tempest-TenantUsagesTestJSON-1933548208 tempest-TenantUsagesTestJSON-1933548208-project] 10.222.0.88 "GET /v2.0/security-groups?id=f00bb656-aa40-4775-87ee-84a5607a5028&fields=id&fields=name HTTP/1.1" status: 200 len: 286 time: 0.5991936
Oct 26 11:41:48.763365 n-d-812150-3 neutron-server[102761]: DEBUG neutron.plugins.ml2.rpc [None req-05b053a7-ac2b-4270-9911-0ad4b8c7bc36 None None] Network 74f3b0d5-c83c-4082-a8b1-f415b01f847a details requested by agent ovs-agent-n-d-812150-3 with host n-d-812150-3 {{(pid=102761) get_network_details /opt/stack/neutron/neutron/plugins/ml2/rpc.py:248}}
Oct 26 11:41:48.795560 n-d-812150-3 neutron-server[102759]: INFO neutron.wsgi [req-379567bf-836a-4ba9-a2fa-6b1a513e6bdf req-14e48ac6-90e9-4c73-a579-687b157300ed service neutron] 10.222.0.100 "GET /v2.0/networks/ec33ca96-e3fb-4621-af65-143a4e1d7424?fields=segments HTTP/1.1" status: 200 len: 212 time: 0.2302413
Oct 26 11:41:48.806368 n-d-812150-3 neutron-server[102760]: INFO neutron.wsgi [req-b2626217-3030-4e01-aae5-27d35bded083 req-22731914-4834-4990-8c1a-2ac2810c4308 service neutron] 10.222.0.100 "GET /v2.0/networks/68550a16-fa5c-4506-886c-93ab4412cb16?fields=provider%3Aphysical_network&fields=provider%3Anetwork_type HTTP/1.1" status: 200 len: 281 time: 0.7797084
Oct 26 11:41:48.807329 n-d-812150-3 neutron-server[102760]: DEBUG neutron.pecan_wsgi.hooks.quota_enforcement [None req-14c3741a-0d0e-499c-a239-f8ed1b0963ad admin admin] Made reservation on behalf of c68b440c3be84addb916b5d5b28dd610 for: {'subnet': 1} {{(pid=102760) before /opt/stack/neutron/neutron/pecan_wsgi/hooks/quota_enforcement.py:53}}
Oct 26 11:41:48.813915 n-d-812150-3 neutron-server[102760]: DEBUG neutron_lib.callbacks.manager [None req-14c3741a-0d0e-499c-a239-f8ed1b0963ad admin admin] Publish callbacks [] for subnet, before_create {{(pid=102760) _notify_loop /usr/local/lib/python3.8/dist-packages/neutron_lib/callbacks/manager.py:175}}
Oct 26 11:41:49.018899 n-d-812150-3 neutron-server[102759]: DEBUG neutron_lib.callbacks.manager [req-7a0ab227-7892-4596-8ad5-8c979f335d40 req-f354f16c-eadf-46f0-9fc0-47f7c3fcc756 tempest-LiveMigrationNegativeTest-1265478426 tempest-LiveMigrationNegativeTest-1265478426-project] Publish callbacks [] for security_group, precommit_create {{(pid=102759) _notify_loop /usr/local/lib/python3.8/dist-packages/neutron_lib/callbacks/manager.py:175}}
Oct 26 11:41:49.031695 n-d-812150-3 neutron-server[102759]: DEBUG neutron_lib.callbacks.manager [req-7a0ab227-7892-4596-8ad5-8c979f335d40 req-f354f16c-eadf-46f0-9fc0-47f7c3fcc756 tempest-LiveMigrationNegativeTest-1265478426 tempest-LiveMigrationNegativeTest-1265478426-project] Publish callbacks ['neutron.plugins.ml2.ovo_rpc._ObjectChangeHandler.handle_event-543232'] for security_group, after_create {{(pid=102759) _notify_loop /usr/local/lib/python3.8/dist-packages/neutron_lib/callbacks/manager.py:175}}
Oct 26 11:41:49.033665 n-d-812150-3 neutron-server[102760]: DEBUG neutron.pecan_wsgi.hooks.policy_enforcement [req-2e4c4c5e-46a8-4456-a05b-ab7125acdd39 req-a2394f32-4fa9-437a-a82f-b14bdaa96d76 tempest-DeleteServersAdminTestJSON-1033586156 tempest-DeleteServersAdminTestJSON-1033586156-project] Attributes excluded by policy engine: ['standard_attr_id', 'binding:profile', 'binding:host_id', 'binding:vif_type', 'binding:vif_details'] {{(pid=102760) _exclude_attributes_by_policy /opt/stack/neutron/neutron/pecan_wsgi/hooks/policy_enforcement.py:255}}
Oct 26 11:41:49.035291 n-d-812150-3 neutron-server[102760]: INFO neutron.wsgi [req-2e4c4c5e-46a8-4456-a05b-ab7125acdd39 req-a2394f32-4fa9-437a-a82f-b14bdaa96d76 tempest-DeleteServersAdminTestJSON-1033586156 tempest-DeleteServersAdminTestJSON-1033586156-project] 10.222.0.88 "GET /v2.0/ports?device_id=2ea6b2d7-78be-4804-a72c-2b04123576c7 HTTP/1.1" status: 200 len: 948 time: 0.0883987
Oct 26 11:41:49.116148 n-d-812150-3 neutron-server[102759]: INFO neutron.wsgi [req-379567bf-836a-4ba9-a2fa-6b1a513e6bdf req-507126f8-942d-41a8-8400-fa52b7709fbd service neutron] 10.222.0.100 "GET /v2.0/networks/ec33ca96-e3fb-4621-af65-143a4e1d7424?fields=provider%3Aphysical_network&fields=provider%3Anetwork_type HTTP/1.1" status: 200 len: 281 time: 0.3157620
Oct 26 11:41:49.135557 n-d-812150-3 neutron-server[102759]: DEBUG neutron.api.rpc.handlers.resources_rpc [None req-f354f16c-eadf-46f0-9fc0-47f7c3fcc756 tempest-LiveMigrationNegativeTest-1265478426 tempest-LiveMigrationNegativeTest-1265478426-project] Pushing event updated for resources: {'SecurityGroup': ['ID=eba6d255-2bce-4575-9cb2-fc5b0b3038a0,revision_number=1']} {{(pid=102759) push /opt/stack/neutron/neutron/api/rpc/handlers/resources_rpc.py:237}}
Oct 26 11:41:49.180365 n-d-812150-3 neutron-server[102761]: DEBUG neutron_lib.callbacks.manager [None req-65d918a7-2f1b-4d5f-955c-8188721ae845 None None] Publish callbacks ['neutron.services.segments.db._update_segment_host_mapping_for_agent-8776299739661', 'neutron.plugins.ml2.plugin.Ml2Plugin._retry_binding_revived_agents-7875577'] for agent, after_update {{(pid=102761) _notify_loop /usr/local/lib/python3.8/dist-packages/neutron_lib/callbacks/manager.py:175}}
Oct 26 11:41:49.251173 n-d-812150-3 neutron-server[102759]: DEBUG neutron.db.db_base_plugin_common [req-7a0ab227-7892-4596-8ad5-8c979f335d40 req-f354f16c-eadf-46f0-9fc0-47f7c3fcc756 tempest-LiveMigrationNegativeTest-1265478426 tempest-LiveMigrationNegativeTest-1265478426-project] Allocated IP 192.168.233.122 (ec33ca96-e3fb-4621-af65-143a4e1d7424/4118dacb-a06e-4ab0-826d-0536d7204b43/81c71628-f1a4-47d9-81eb-9156514e5361) {{(pid=102759) _store_ip_allocation /opt/stack/neutron/neutron/db/db_base_plugin_common.py:131}}
Oct 26 11:41:49.276859 n-d-812150-3 neutron-server[102761]: DEBUG neutron_lib.callbacks.manager [None req-1ea927c7-8702-46f2-81cf-4012bd1f522b None None] Publish callbacks [] for port, precommit_update {{(pid=102761) _notify_loop /usr/local/lib/python3.8/dist-packages/neutron_lib/callbacks/manager.py:175}}
Oct 26 11:41:49.288558 n-d-812150-3 neutron-server[102761]: DEBUG neutron_lib.callbacks.manager [None req-1ea927c7-8702-46f2-81cf-4012bd1f522b None None] Publish callbacks ['neutron.plugins.ml2.plugin.SecurityGroupServerNotifierRpcMixin._notify_sg_on_port_change-7987367', 'neutron.plugins.ml2.ovo_rpc._ObjectChangeHandler.handle_event-156411', 'neutron.api.rpc.agentnotifiers.dhcp_rpc_agent_api.DhcpAgentNotifyAPI._native_event_send_dhcp_notification-652990', 'neutron.db.l3_db.L3RpcNotifierMixin._notify_gateway_port_ip_changed-8776299697390', 'neutron.db.l3_dvrscheduler_db._notify_l3_agent_port_update-8776299235422', 'neutron.db.l3_hascheduler_db._notify_l3_agent_ha_port_update-8776299235440'] for port, after_update {{(pid=102761) _notify_loop /usr/local/lib/python3.8/dist-packages/neutron_lib/callbacks/manager.py:175}}
Oct 26 11:41:49.325549 n-d-812150-3 neutron-server[102760]: INFO neutron.wsgi [req-2e4c4c5e-46a8-4456-a05b-ab7125acdd39 req-59b3d2c6-9822-4f15-a57f-ef5845da82d6 tempest-DeleteServersAdminTestJSON-1033586156 tempest-DeleteServersAdminTestJSON-1033586156-project] 10.222.0.88 "GET /v2.0/security-groups?id=5b8665e0-5c35-43ef-8540-dc2f1fb1d199&fields=id&fields=name HTTP/1.1" status: 200 len: 286 time: 0.2031107
Oct 26 11:41:49.344400 n-d-812150-3 neutron-server[102760]: DEBUG neutron.pecan_wsgi.hooks.policy_enforcement [req-c9b8ea08-473a-4053-995c-01006a0d9816 req-4ac16313-e9dd-4577-bfd4-952b84d20c1c tempest-LiveMigrationTest-1250902536 tempest-LiveMigrationTest-1250902536-project] Attributes excluded by policy engine: ['standard_attr_id', 'binding:profile', 'binding:host_id', 'binding:vif_type', 'binding:vif_details'] {{(pid=102760) _exclude_attributes_by_policy /opt/stack/neutron/neutron/pecan_wsgi/hooks/policy_enforcement.py:255}}
Oct 26 11:41:49.354093 n-d-812150-3 neutron-server[102760]: INFO neutron.wsgi [req-c9b8ea08-473a-4053-995c-01006a0d9816 req-4ac16313-e9dd-4577-bfd4-952b84d20c1c tempest-LiveMigrationTest-1250902536 tempest-LiveMigrationTest-1250902536-project] 10.222.0.88 "GET /v2.0/ports?device_id=28028e59-c661-4b59-a8c3-e928f8031d46 HTTP/1.1" status: 200 len: 944 time: 0.2227235
Oct 26 11:41:49.394910 n-d-812150-3 neutron-server[102761]: DEBUG neutron.api.rpc.handlers.resources_rpc [None req-a825aa02-3194-4b96-aad5-529575d6695f None None] Pushing event updated for resources: {'Port': ['ID=a5547a56-9c21-4d52-805d-bea84268fe50,revision_number=3']} {{(pid=102761) push /opt/stack/neutron/neutron/api/rpc/handlers/resources_rpc.py:237}}
Oct 26 11:41:49.432729 n-d-812150-3 neutron-server[102760]: DEBUG neutron_lib.callbacks.manager [None req-14c3741a-0d0e-499c-a239-f8ed1b0963ad admin admin] Publish callbacks ['neutron.plugins.ml2.ovo_rpc._ObjectChangeHandler.handle_event-618474', 'neutron.api.rpc.agentnotifiers.dhcp_rpc_agent_api.DhcpAgentNotifyAPI._native_event_send_dhcp_notification-652990'] for subnet, after_create {{(pid=102760) _notify_loop /usr/local/lib/python3.8/dist-packages/neutron_lib/callbacks/manager.py:175}}
Oct 26 11:41:49.508555 n-d-812150-3 neutron-server[102761]: DEBUG neutron.plugins.ml2.managers [None req-1ea927c7-8702-46f2-81cf-4012bd1f522b None None] Attempting to bind port a5547a56-9c21-4d52-805d-bea84268fe50 on host n-d-812150-3 for vnic_type normal with profile {{(pid=102761) bind_port /opt/stack/neutron/neutron/plugins/ml2/managers.py:795}}
Oct 26 11:41:49.509650 n-d-812150-3 neutron-server[102761]: DEBUG neutron.plugins.ml2.managers [None req-1ea927c7-8702-46f2-81cf-4012bd1f522b None None] Attempting to bind port a5547a56-9c21-4d52-805d-bea84268fe50 by drivers openvswitch,hyperv on host n-d-812150-3 at level 0 using segments [{'id': '50530255-0685-4ba2-adea-3c12645b2b49', 'network_type': 'vlan', 'physical_network': 'physnet1', 'segmentation_id': 1002, 'network_id': '4b734d32-f2d1-40ac-bde0-dea86903c6db'}] {{(pid=102761) _bind_port_level /opt/stack/neutron/neutron/plugins/ml2/managers.py:820}}
Oct 26 11:41:49.509851 n-d-812150-3 neutron-server[102761]: DEBUG neutron.plugins.ml2.drivers.mech_agent [None req-1ea927c7-8702-46f2-81cf-4012bd1f522b None None] Attempting to bind port a5547a56-9c21-4d52-805d-bea84268fe50 on network 4b734d32-f2d1-40ac-bde0-dea86903c6db {{(pid=102761) bind_port /opt/stack/neutron/neutron/plugins/ml2/drivers/mech_agent.py:91}}
Oct 26 11:41:49.526110 n-d-812150-3 neutron-server[102761]: DEBUG neutron.plugins.ml2.drivers.mech_agent [None req-1ea927c7-8702-46f2-81cf-4012bd1f522b None None] Checking agent: {'id': '674ea007-f465-4e5e-ad61-f3179c2a1c69', 'agent_type': 'Open vSwitch agent', 'binary': 'neutron-openvswitch-agent', 'topic': 'N/A', 'host': 'n-d-812150-3', 'admin_state_up': True, 'created_at': datetime.datetime(2021, 10, 26, 11, 30, 23), 'started_at': datetime.datetime(2021, 10, 26, 11, 30, 53), 'heartbeat_timestamp': datetime.datetime(2021, 10, 26, 11, 41, 23), 'description': None, 'resources_synced': None, 'availability_zone': None, 'alive': True, 'configurations': {'arp_responder_enabled': False, 'baremetal_smartnic': False, 'bridge_mappings': {'physnet1': 'br-data'}, 'datapath_type': 'system', 'devices': 0, 'enable_distributed_routing': False, 'extensions': [], 'in_distributed_mode': False, 'integration_bridge': 'br-int', 'l2_population': False, 'log_agent_heartbeats': False, 'ovs_capabilities': {'datapath_types': ['netdev', 'system'], 'iface_types': ['erspan', 'geneve', 'gre', 'internal', 'ip6erspan', 'ip6gre', 'lisp', 'patch', 'stt', 'system', 'tap', 'vxlan']}, 'ovs_hybrid_plug': False, 'resource_provider_bandwidths': {}, 'resource_provider_hypervisors': {'br-data': 'n-d-812150-3'}, 'resource_provider_inventory_defaults': {'allocation_ratio': 1.0, 'min_unit': 1, 'step_size': 1, 'reserved': 0}, 'resource_provider_packet_processing_inventory_defaults': {'allocation_ratio': 1.0, 'min_unit': 1, 'step_size': 1, 'reserved': 0}, 'resource_provider_packet_processing_with_direction': {}, 'resource_provider_packet_processing_without_direction': {}, 'tunnel_types': [], 'tunneling_ip': None, 'vhostuser_socket_dir': '/var/run/openvswitch'}, 'resource_versions': {'AddressGroup': '1.2', 'ConntrackHelper': '1.0', 'Log': '1.0', 'Network': '1.1', 'Port': '1.7', 'PortForwarding': '1.2', 'QosPolicy': '1.10', 'SecurityGroup': '1.4', 'SecurityGroupRule': '1.2', 'SubPort': '1.0', 'Subnet': '1.1', 'Trunk': '1.1'}} {{(pid=102761) bind_port /opt/stack/neutron/neutron/plugins/ml2/drivers/mech_agent.py:110}}
Oct 26 11:41:49.526835 n-d-812150-3 neutron-server[102761]: DEBUG neutron.plugins.ml2.drivers.mech_agent [None req-1ea927c7-8702-46f2-81cf-4012bd1f522b None None] Checking segment: {'id': '50530255-0685-4ba2-adea-3c12645b2b49', 'network_type': 'vlan', 'physical_network': 'physnet1', 'segmentation_id': 1002, 'network_id': '4b734d32-f2d1-40ac-bde0-dea86903c6db'} for mappings: {'physnet1': 'br-data'} with network types: ['local', 'flat', 'vlan'] {{(pid=102761) check_segment_for_agent /opt/stack/neutron/neutron/plugins/ml2/drivers/mech_agent.py:358}}
Oct 26 11:41:49.527639 n-d-812150-3 neutron-server[102761]: DEBUG neutron_lib.callbacks.manager [None req-1ea927c7-8702-46f2-81cf-4012bd1f522b None None] Publish callbacks [] for ovs_bridge_name, before_read {{(pid=102761) _notify_loop /usr/local/lib/python3.8/dist-packages/neutron_lib/callbacks/manager.py:175}}
Oct 26 11:41:49.528516 n-d-812150-3 neutron-server[102761]: DEBUG neutron.plugins.ml2.drivers.mech_agent [None req-1ea927c7-8702-46f2-81cf-4012bd1f522b None None] Bound using segment: {'id': '50530255-0685-4ba2-adea-3c12645b2b49', 'network_type': 'vlan', 'physical_network': 'physnet1', 'segmentation_id': 1002, 'network_id': '4b734d32-f2d1-40ac-bde0-dea86903c6db'} {{(pid=102761) bind_port /opt/stack/neutron/neutron/plugins/ml2/drivers/mech_agent.py:120}}
Oct 26 11:41:49.529275 n-d-812150-3 neutron-server[102761]: DEBUG neutron.plugins.ml2.managers [None req-1ea927c7-8702-46f2-81cf-4012bd1f522b None None] Bound port: a5547a56-9c21-4d52-805d-bea84268fe50, host: n-d-812150-3, vif_type: ovs, vif_details: {"connectivity": "l2", "port_filter": true, "ovs_hybrid_plug": false, "datapath_type": "system", "bridge_name": "br-int"}, binding_levels: [{'bound_driver': 'openvswitch', 'bound_segment': {'id': '50530255-0685-4ba2-adea-3c12645b2b49', 'network_type': 'vlan', 'physical_network': 'physnet1', 'segmentation_id': 1002, 'network_id': '4b734d32-f2d1-40ac-bde0-dea86903c6db'}}] {{(pid=102761) _bind_port_level /opt/stack/neutron/neutron/plugins/ml2/managers.py:933}}
Oct 26 11:41:49.530010 n-d-812150-3 neutron-server[102761]: DEBUG neutron_lib.callbacks.manager [None req-1ea927c7-8702-46f2-81cf-4012bd1f522b None None] Publish callbacks ['neutron.plugins.ml2.plugin.SecurityGroupDbMixin._ensure_default_security_group_handler-7987403'] for port, before_update {{(pid=102761) _notify_loop /usr/local/lib/python3.8/dist-packages/neutron_lib/callbacks/manager.py:175}}
Oct 26 11:41:49.562993 n-d-812150-3 neutron-server[102760]: INFO neutron.wsgi [req-c9b8ea08-473a-4053-995c-01006a0d9816 req-de536392-7847-4ccd-9f52-dacf777b8440 tempest-LiveMigrationTest-1250902536 tempest-LiveMigrationTest-1250902536-project] 10.222.0.88 "GET /v2.0/security-groups?id=1f108fe5-ff28-4a26-855d-abfcdb1539ba&fields=id&fields=name HTTP/1.1" status: 200 len: 286 time: 0.2078459
Oct 26 11:41:49.591942 n-d-812150-3 neutron-server[102760]: DEBUG neutron.api.rpc.handlers.resources_rpc [None req-14c3741a-0d0e-499c-a239-f8ed1b0963ad admin admin] Pushing event updated for resources: {'Subnet': ['ID=546cc047-efce-4100-bb10-2c74199732cc,revision_number=0']} {{(pid=102760) push /opt/stack/neutron/neutron/api/rpc/handlers/resources_rpc.py:237}}
Oct 26 11:41:49.622345 n-d-812150-3 neutron-server[102759]: DEBUG neutron_lib.callbacks.manager [req-7a0ab227-7892-4596-8ad5-8c979f335d40 req-f354f16c-eadf-46f0-9fc0-47f7c3fcc756 tempest-LiveMigrationNegativeTest-1265478426 tempest-LiveMigrationNegativeTest-1265478426-project] Publish callbacks [] for port, precommit_create {{(pid=102759) _notify_loop /usr/local/lib/python3.8/dist-packages/neutron_lib/callbacks/manager.py:175}}
Oct 26 11:41:49.673946 n-d-812150-3 neutron-server[102760]: DEBUG neutron.plugins.ml2.drivers.mech_agent [None req-14c3741a-0d0e-499c-a239-f8ed1b0963ad admin admin] Checking segment: {'id': '72b9d600-a336-422c-95a3-68fc35e89438', 'network_type': 'vlan', 'physical_network': 'physnet1', 'segmentation_id': 1045, 'network_id': '74f3b0d5-c83c-4082-a8b1-f415b01f847a'} for mappings: {'physnet1': 'br-data'} with network types: ['local', 'flat', 'vlan'] {{(pid=102760) check_segment_for_agent /opt/stack/neutron/neutron/plugins/ml2/drivers/mech_agent.py:358}}
Oct 26 11:41:49.674544 n-d-812150-3 neutron-server[102760]: DEBUG neutron.scheduler.dhcp_agent_scheduler [None req-14c3741a-0d0e-499c-a239-f8ed1b0963ad admin admin] Network hostable DHCP agents. Network: 74f3b0d5-c83c-4082-a8b1-f415b01f847a, hostable agents: ['d2d1e522-db71-4087-b9b5-5ea0976feeb6'], hosted agents: [] {{(pid=102760) _get_network_hostable_dhcp_agents /opt/stack/neutron/neutron/scheduler/dhcp_agent_scheduler.py:329}}
Oct 26 11:41:49.722149 n-d-812150-3 neutron-server[102761]: DEBUG neutron.plugins.ml2.db [None req-1ea927c7-8702-46f2-81cf-4012bd1f522b None None] For port a5547a56-9c21-4d52-805d-bea84268fe50, host n-d-812150-3, cleared binding levels {{(pid=102761) clear_binding_levels /opt/stack/neutron/neutron/plugins/ml2/db.py:87}}
Oct 26 11:41:49.729990 n-d-812150-3 neutron-server[102761]: DEBUG neutron.plugins.ml2.db [None req-1ea927c7-8702-46f2-81cf-4012bd1f522b None None] For port a5547a56-9c21-4d52-805d-bea84268fe50, host n-d-812150-3, set binding levels [PortBindingLevel(driver='openvswitch',host='n-d-812150-3',level=0,port_id=a5547a56-9c21-4d52-805d-bea84268fe50,segment=NetworkSegment(50530255-0685-4ba2-adea-3c12645b2b49),segment_id=50530255-0685-4ba2-adea-3c12645b2b49)] {{(pid=102761) set_binding_levels /opt/stack/neutron/neutron/plugins/ml2/db.py:59}}
Oct 26 11:41:49.737347 n-d-812150-3 neutron-server[102761]: DEBUG neutron_lib.callbacks.manager [None req-1ea927c7-8702-46f2-81cf-4012bd1f522b None None] Publish callbacks ['neutron.plugins.ml2.plugin.SecurityGroupServerNotifierRpcMixin._notify_sg_on_port_change-7987367', 'neutron.plugins.ml2.ovo_rpc._ObjectChangeHandler.handle_event-156411', 'neutron.api.rpc.agentnotifiers.dhcp_rpc_agent_api.DhcpAgentNotifyAPI._native_event_send_dhcp_notification-652990', 'neutron.db.l3_db.L3RpcNotifierMixin._notify_gateway_port_ip_changed-8776299697390', 'neutron.db.l3_dvrscheduler_db._notify_l3_agent_port_update-8776299235422', 'neutron.db.l3_hascheduler_db._notify_l3_agent_ha_port_update-8776299235440'] for port, after_update {{(pid=102761) _notify_loop /usr/local/lib/python3.8/dist-packages/neutron_lib/callbacks/manager.py:175}}
Oct 26 11:41:49.742928 n-d-812150-3 neutron-server[102760]: DEBUG neutron.scheduler.dhcp_agent_scheduler [None req-14c3741a-0d0e-499c-a239-f8ed1b0963ad admin admin] Network 74f3b0d5-c83c-4082-a8b1-f415b01f847a is scheduled to be hosted by DHCP agent d2d1e522-db71-4087-b9b5-5ea0976feeb6 with binding_index 1 {{(pid=102760) bind /opt/stack/neutron/neutron/scheduler/dhcp_agent_scheduler.py:227}}
Oct 26 11:41:49.756731 n-d-812150-3 neutron-server[102759]: DEBUG neutron_lib.callbacks.manager [req-7a0ab227-7892-4596-8ad5-8c979f335d40 req-f354f16c-eadf-46f0-9fc0-47f7c3fcc756 tempest-LiveMigrationNegativeTest-1265478426 tempest-LiveMigrationNegativeTest-1265478426-project] Publish callbacks ['neutron.plugins.ml2.plugin.SecurityGroupServerNotifierRpcMixin._notify_sg_on_port_change-7987367', 'neutron.plugins.ml2.ovo_rpc._ObjectChangeHandler.handle_event-156411', 'neutron.api.rpc.agentnotifiers.dhcp_rpc_agent_api.DhcpAgentNotifyAPI._native_event_send_dhcp_notification-652990', 'neutron.db.l3_dvrscheduler_db._notify_l3_agent_new_port-8776299235404'] for port, after_create {{(pid=102759) _notify_loop /usr/local/lib/python3.8/dist-packages/neutron_lib/callbacks/manager.py:175}}
Oct 26 11:41:49.769466 n-d-812150-3 neutron-server[102760]: DEBUG neutron.scheduler.base_scheduler [None req-14c3741a-0d0e-499c-a239-f8ed1b0963ad admin admin] Resources bound (agent type, host, resource id): (DHCP agent, n-d-812150-3, 74f3b0d5-c83c-4082-a8b1-f415b01f847a) {{(pid=102760) schedule /opt/stack/neutron/neutron/scheduler/base_scheduler.py:57}}
Oct 26 11:41:49.776513 n-d-812150-3 neutron-server[102760]: DEBUG neutron.pecan_wsgi.hooks.policy_enforcement [None req-14c3741a-0d0e-499c-a239-f8ed1b0963ad admin admin] Attributes excluded by policy engine: ['standard_attr_id', 'shared', 'network'] {{(pid=102760) _exclude_attributes_by_policy /opt/stack/neutron/neutron/pecan_wsgi/hooks/policy_enforcement.py:255}}
Oct 26 11:41:49.777104 n-d-812150-3 neutron-server[102760]: DEBUG neutron_lib.callbacks.manager [None req-14c3741a-0d0e-499c-a239-f8ed1b0963ad admin admin] Publish callbacks ['neutron.api.rpc.agentnotifiers.dhcp_rpc_agent_api.DhcpAgentNotifyAPI._send_dhcp_notification-652972'] for subnet, before_response {{(pid=102760) _notify_loop /usr/local/lib/python3.8/dist-packages/neutron_lib/callbacks/manager.py:175}}
Oct 26 11:41:49.817825 n-d-812150-3 neutron-server[102760]: INFO neutron.wsgi [None req-14c3741a-0d0e-499c-a239-f8ed1b0963ad admin admin] 10.222.0.88 "POST /v2.0/subnets HTTP/1.1" status: 201 len: 858 time: 1.1347902
Oct 26 11:41:49.820720 n-d-812150-3 neutron-server[102761]: DEBUG neutron.api.rpc.handlers.dhcp_rpc [None req-881b97ae-c7d2-48d3-92a1-5dde74dcd509 None None] Network 74f3b0d5-c83c-4082-a8b1-f415b01f847a requested from n-d-812150-3 {{(pid=102761) get_network_info /opt/stack/neutron/neutron/api/rpc/handlers/dhcp_rpc.py:218}}
Oct 26 11:41:49.822161 n-d-812150-3 neutron-server[102760]: DEBUG neutron.wsgi [-] (102760) accepted ('10.222.0.88', 45698) {{(pid=102760) server /usr/local/lib/python3.8/dist-packages/eventlet/wsgi.py:982}}
Oct 26 11:41:49.829886 n-d-812150-3 neutron-server[102760]: DEBUG neutron.api.v2.base [None req-8ab9ba2e-8dd5-47a9-805a-fa140fc80796 admin admin] Request body: {'router': {'name': 'tempest-ServersWithSpecificFlavorTestJSON-50490961-router', 'tenant_id': 'c68b440c3be84addb916b5d5b28dd610', 'external_gateway_info': {'network_id': '1536dd8e-c114-413a-8e24-2c50ca48211d'}}} {{(pid=102760) prepare_request_body /opt/stack/neutron/neutron/api/v2/base.py:729}}
Oct 26 11:41:49.832313 n-d-812150-3 neutron-server[102759]: DEBUG neutron.scheduler.dhcp_agent_scheduler [req-7a0ab227-7892-4596-8ad5-8c979f335d40 req-f354f16c-eadf-46f0-9fc0-47f7c3fcc756 tempest-LiveMigrationNegativeTest-1265478426 tempest-LiveMigrationNegativeTest-1265478426-project] Network ec33ca96-e3fb-4621-af65-143a4e1d7424 is already hosted by enough agents. {{(pid=102759) _get_dhcp_agents_hosting_network /opt/stack/neutron/neutron/scheduler/dhcp_agent_scheduler.py:275}}
Oct 26 11:41:49.838141 n-d-812150-3 neutron-server[102759]: DEBUG neutron.scheduler.base_scheduler [req-7a0ab227-7892-4596-8ad5-8c979f335d40 req-f354f16c-eadf-46f0-9fc0-47f7c3fcc756 tempest-LiveMigrationNegativeTest-1265478426 tempest-LiveMigrationNegativeTest-1265478426-project] Resources bound (agent type, host, resource id): {{(pid=102759) schedule /opt/stack/neutron/neutron/scheduler/base_scheduler.py:57}}
Oct 26 11:41:49.849340 n-d-812150-3 neutron-server[102759]: DEBUG neutron.db.l3_dvrscheduler_db [req-7a0ab227-7892-4596-8ad5-8c979f335d40 req-f354f16c-eadf-46f0-9fc0-47f7c3fcc756 tempest-LiveMigrationNegativeTest-1265478426 tempest-LiveMigrationNegativeTest-1265478426-project] Received port after_create {{(pid=102759) _notify_l3_agent_new_port /opt/stack/neutron/neutron/db/l3_dvrscheduler_db.py:535}}
Oct 26 11:41:49.861894 n-d-812150-3 neutron-server[102759]: DEBUG neutron.pecan_wsgi.hooks.policy_enforcement [req-7a0ab227-7892-4596-8ad5-8c979f335d40 req-f354f16c-eadf-46f0-9fc0-47f7c3fcc756 tempest-LiveMigrationNegativeTest-1265478426 tempest-LiveMigrationNegativeTest-1265478426-project] Attributes excluded by policy engine: ['standard_attr_id', 'binding:profile', 'binding:host_id', 'binding:vif_type', 'binding:vif_details', 'network'] {{(pid=102759) _exclude_attributes_by_policy /opt/stack/neutron/neutron/pecan_wsgi/hooks/policy_enforcement.py:255}}
Oct 26 11:41:49.863971 n-d-812150-3 neutron-server[102759]: DEBUG neutron_lib.callbacks.manager [req-7a0ab227-7892-4596-8ad5-8c979f335d40 req-f354f16c-eadf-46f0-9fc0-47f7c3fcc756 tempest-LiveMigrationNegativeTest-1265478426 tempest-LiveMigrationNegativeTest-1265478426-project] Publish callbacks ['neutron.notifiers.nova.Notifier._send_nova_notification-106470'] for port, before_response {{(pid=102759) _notify_loop /usr/local/lib/python3.8/dist-packages/neutron_lib/callbacks/manager.py:175}}
Oct 26 11:41:49.869607 n-d-812150-3 neutron-server[102760]: DEBUG neutron_lib.callbacks.manager [None req-8ab9ba2e-8dd5-47a9-805a-fa140fc80796 admin admin] Publish callbacks ['neutron.services.l3_router.l3_router_plugin.L3_HA_NAT_db_mixin._before_router_create_handler-757918', 'neutron.services.l3_router.service_providers.driver_controller.DriverController._check_router_request-15330'] for router, before_create {{(pid=102760) _notify_loop /usr/local/lib/python3.8/dist-packages/neutron_lib/callbacks/manager.py:175}}
Oct 26 11:41:49.871364 n-d-812150-3 neutron-server[102760]: DEBUG neutron_lib.callbacks.manager [None req-8ab9ba2e-8dd5-47a9-805a-fa140fc80796 admin admin] Publish callbacks ['neutron.services.l3_router.l3_router_plugin.L3_HA_NAT_db_mixin._precommit_router_create-764974', 'neutron.services.l3_router.l3_router_plugin.DVRResourceOperationHandler._set_distributed_flag-759496', 'neutron.services.l3_router.l3_router_plugin.RouterAvailabilityZoneMixin._process_az_request-554547', 'neutron.services.l3_router.service_providers.driver_controller.DriverController._set_router_provider-15321'] for router, precommit_create {{(pid=102760) _notify_loop /usr/local/lib/python3.8/dist-packages/neutron_lib/callbacks/manager.py:175}}
Oct 26 11:41:49.909527 n-d-812150-3 neutron-server[102759]: INFO neutron.wsgi [req-7a0ab227-7892-4596-8ad5-8c979f335d40 req-f354f16c-eadf-46f0-9fc0-47f7c3fcc756 tempest-LiveMigrationNegativeTest-1265478426 tempest-LiveMigrationNegativeTest-1265478426-project] 10.222.0.30 "POST /v2.0/ports HTTP/1.1" status: 201 len: 938 time: 1.6751957
Oct 26 11:41:49.915954 n-d-812150-3 neutron-server[102759]: DEBUG neutron.api.rpc.handlers.resources_rpc [None req-f354f16c-eadf-46f0-9fc0-47f7c3fcc756 tempest-LiveMigrationNegativeTest-1265478426 tempest-LiveMigrationNegativeTest-1265478426-project] Pushing event updated for resources: {'Port': ['ID=81c71628-f1a4-47d9-81eb-9156514e5361,revision_number=1']} {{(pid=102759) push /opt/stack/neutron/neutron/api/rpc/handlers/resources_rpc.py:237}}
Oct 26 11:41:49.917082 n-d-812150-3 neutron-server[102760]: DEBUG neutron.pecan_wsgi.hooks.policy_enforcement [req-b88d4963-0899-4a96-9565-cbf561bb3e45 req-8df7e5db-f8ab-4b77-b6d8-0b02cc7696d1 tempest-ServerDiagnosticsNegativeTest-1167022797 tempest-ServerDiagnosticsNegativeTest-1167022797-project] Attributes excluded by policy engine: ['standard_attr_id', 'binding:profile', 'binding:host_id', 'binding:vif_type', 'binding:vif_details'] {{(pid=102760) _exclude_attributes_by_policy /opt/stack/neutron/neutron/pecan_wsgi/hooks/policy_enforcement.py:255}}
Oct 26 11:41:49.919065 n-d-812150-3 neutron-server[102760]: INFO neutron.wsgi [req-b88d4963-0899-4a96-9565-cbf561bb3e45 req-8df7e5db-f8ab-4b77-b6d8-0b02cc7696d1 tempest-ServerDiagnosticsNegativeTest-1167022797 tempest-ServerDiagnosticsNegativeTest-1167022797-project] 10.222.0.88 "GET /v2.0/ports?device_id=4aab3130-0b37-4057-8e07-a04ee961dc88 HTTP/1.1" status: 200 len: 950 time: 0.2122254
Oct 26 11:41:49.937282 n-d-812150-3 neutron-server[102759]: DEBUG neutron.api.v2.base [req-7a0ab227-7892-4596-8ad5-8c979f335d40 req-350052e2-42a2-4b75-a3a8-d2f830cd366e service neutron] Request body: {'port': {'device_id': 'ec7661ad-218c-4f15-9eb3-533b16874f6f', 'device_owner': 'compute:nova', 'binding:host_id': 'n-h1-812150-3'}} {{(pid=102759) prepare_request_body /opt/stack/neutron/neutron/api/v2/base.py:729}}
Oct 26 11:41:49.940237 n-d-812150-3 neutron-server[102761]: DEBUG neutron.db.provisioning_blocks [None req-21cdb96e-ea36-4fc3-991b-7f2b1b7ddde4 None None] Provisioning complete for port a5547a56-9c21-4d52-805d-bea84268fe50 triggered by entity DHCP. {{(pid=102761) provisioning_complete /opt/stack/neutron/neutron/db/provisioning_blocks.py:139}}
Oct 26 11:41:49.942058 n-d-812150-3 neutron-server[102761]: DEBUG neutron_lib.callbacks.manager [None req-21cdb96e-ea36-4fc3-991b-7f2b1b7ddde4 None None] Publish callbacks ['neutron.plugins.ml2.plugin.Ml2Plugin._port_provisioned-7875502'] for port, provisioning_complete {{(pid=102761) _notify_loop /usr/local/lib/python3.8/dist-packages/neutron_lib/callbacks/manager.py:175}}
Oct 26 11:41:50.032494 n-d-812150-3 neutron-server[102761]: DEBUG neutron.db.l3_dvrscheduler_db [None req-1ea927c7-8702-46f2-81cf-4012bd1f522b None None] Routers {'7f2a44a8-6ec9-4c46-a3d7-989253c93114'} bound to L3 agent in host n-d-812150-3 {{(pid=102761) _get_router_ids_for_agent /opt/stack/neutron/neutron/db/l3_dvrscheduler_db.py:420}}
Oct 26 11:41:50.033582 n-d-812150-3 neutron-server[102761]: DEBUG neutron.db.l3_hamode_db [None req-1ea927c7-8702-46f2-81cf-4012bd1f522b None None] neutron.services.l3_router.l3_router_plugin.L3RouterPlugin method get_ha_sync_data_for_host called with arguments (, 'n-d-812150-3', Agent(admin_state_up=True,agent_type='L3 agent',availability_zone='nova',binary='neutron-l3-agent',configurations={"agent_mode": "legacy", "ex_gw_ports": 1, "extensions": [], "floating_ips": 0, "handle_internal_only_routers": true, "interface_driver": "openvswitch", "interfaces": 1, "log_agent_heartbeats": false, "routers": 1},created_at=2021-10-26T11:30:22Z,description=,heartbeat_timestamp=2021-10-26T11:41:22Z,host='n-d-812150-3',id=36ef2ed5-44dd-45b1-9e6c-142208e13a81,load=0,resource_versions=,resources_synced=,started_at=2021-10-26T11:30:22Z,topic='l3_agent')) {'router_ids': ['7f2a44a8-6ec9-4c46-a3d7-989253c93114'], 'active': True} {{(pid=102761) wrapper /usr/local/lib/python3.8/dist-packages/oslo_log/helpers.py:65}}
Oct 26 11:41:50.040033 n-d-812150-3 neutron-server[102759]: DEBUG neutron_lib.callbacks.manager [req-7a0ab227-7892-4596-8ad5-8c979f335d40 req-350052e2-42a2-4b75-a3a8-d2f830cd366e service neutron] Publish callbacks ['neutron.plugins.ml2.plugin.SecurityGroupDbMixin._ensure_default_security_group_handler-7987403'] for port, before_update {{(pid=102759) _notify_loop /usr/local/lib/python3.8/dist-packages/neutron_lib/callbacks/manager.py:175}}
Oct 26 11:41:50.061281 n-d-812150-3 neutron-server[102760]: DEBUG neutron_lib.callbacks.manager [None req-8ab9ba2e-8dd5-47a9-805a-fa140fc80796 admin admin] Publish callbacks [] for router_controller, precommit_add_association {{(pid=102760) _notify_loop /usr/local/lib/python3.8/dist-packages/neutron_lib/callbacks/manager.py:175}}
Oct 26 11:41:50.278983 n-d-812150-3 neutron-server[102760]: INFO neutron.wsgi [req-b88d4963-0899-4a96-9565-cbf561bb3e45 req-8c10b8ca-3c61-4990-adee-881fbbe5022f tempest-ServerDiagnosticsNegativeTest-1167022797 tempest-ServerDiagnosticsNegativeTest-1167022797-project] 10.222.0.88 "GET /v2.0/security-groups?id=3f62e0b0-d7ad-495d-8d40-3f9dac6f9d17&fields=id&fields=name HTTP/1.1" status: 200 len: 286 time: 0.2286935
Oct 26 11:41:50.376067 n-d-812150-3 neutron-server[102761]: DEBUG neutron.api.rpc.handlers.resources_rpc [None req-a825aa02-3194-4b96-aad5-529575d6695f None None] Pushing event updated for resources: {'Port': ['ID=a5547a56-9c21-4d52-805d-bea84268fe50,revision_number=4']} {{(pid=102761) push /opt/stack/neutron/neutron/api/rpc/handlers/resources_rpc.py:237}}
Oct 26 11:41:50.444331 n-d-812150-3 neutron-server[102761]: DEBUG neutron.plugins.ml2.rpc [None req-de9df713-2561-432f-8b72-4e6d3dd9c1f4 None None] Device 752d1139-66d5-48cf-bd7c-9f1daa9f5214 details requested by agent hyperv_n-h2-812150-3 with host n-h2-812150-3 {{(pid=102761) get_device_details /opt/stack/neutron/neutron/plugins/ml2/rpc.py:102}}
Oct 26 11:41:50.499163 n-d-812150-3 neutron-server[102760]: DEBUG neutron_lib.callbacks.manager [None req-8ab9ba2e-8dd5-47a9-805a-fa140fc80796 admin admin] Publish callbacks [] for router_gateway, precommit_update {{(pid=102760) _notify_loop /usr/local/lib/python3.8/dist-packages/neutron_lib/callbacks/manager.py:175}}
Oct 26 11:41:50.635648 n-d-812150-3 neutron-server[102760]: DEBUG neutron.pecan_wsgi.hooks.policy_enforcement [req-1bef16dc-96c0-439c-88eb-0daed81d2138 req-9ef718ca-db08-4051-8201-6f0f1f75222f tempest-ServerDiagnosticsNegativeTest-1167022797 tempest-ServerDiagnosticsNegativeTest-1167022797-project] Attributes excluded by policy engine: ['standard_attr_id', 'binding:profile', 'binding:host_id', 'binding:vif_type', 'binding:vif_details'] {{(pid=102760) _exclude_attributes_by_policy /opt/stack/neutron/neutron/pecan_wsgi/hooks/policy_enforcement.py:255}}
Oct 26 11:41:50.637854 n-d-812150-3 neutron-server[102760]: INFO neutron.wsgi [req-1bef16dc-96c0-439c-88eb-0daed81d2138 req-9ef718ca-db08-4051-8201-6f0f1f75222f tempest-ServerDiagnosticsNegativeTest-1167022797 tempest-ServerDiagnosticsNegativeTest-1167022797-project] 10.222.0.30 "GET /v2.0/ports?device_id=4aab3130-0b37-4057-8e07-a04ee961dc88 HTTP/1.1" status: 200 len: 950 time: 0.1996105
Oct 26 11:41:50.652938 n-d-812150-3 neutron-server[102760]: DEBUG neutron.pecan_wsgi.hooks.policy_enforcement [req-17e4d935-a1f1-4322-89a4-4c3661d42e0e req-3e6a18b6-b012-4057-ba21-0dd806e7c90b tempest-LiveMigrationNegativeTest-1265478426 tempest-LiveMigrationNegativeTest-1265478426-project] Attributes excluded by policy engine: ['standard_attr_id', 'binding:profile', 'binding:host_id', 'binding:vif_type', 'binding:vif_details'] {{(pid=102760) _exclude_attributes_by_policy /opt/stack/neutron/neutron/pecan_wsgi/hooks/policy_enforcement.py:255}}
Oct 26 11:41:50.667009 n-d-812150-3 neutron-server[102760]: INFO neutron.wsgi [req-17e4d935-a1f1-4322-89a4-4c3661d42e0e req-3e6a18b6-b012-4057-ba21-0dd806e7c90b tempest-LiveMigrationNegativeTest-1265478426 tempest-LiveMigrationNegativeTest-1265478426-project] 10.222.0.88 "GET /v2.0/ports?device_id=ec7661ad-218c-4f15-9eb3-533b16874f6f HTTP/1.1" status: 200 len: 936 time: 0.1606727
Oct 26 11:41:50.687816 n-d-812150-3 neutron-server[102761]: DEBUG neutron.db.l3_dvr_db [None req-1ea927c7-8702-46f2-81cf-4012bd1f522b None None] Set router 7f2a44a8-6ec9-4c46-a3d7-989253c93114 gateway port host: n-d-812150-3 {{(pid=102761) _build_routers_list /opt/stack/neutron/neutron/db/l3_dvr_db.py:906}}
Oct 26 11:41:50.738745 n-d-812150-3 neutron-server[102759]: DEBUG neutron.notifiers.nova [req-7a0ab227-7892-4596-8ad5-8c979f335d40 req-350052e2-42a2-4b75-a3a8-d2f830cd366e service neutron] Ignoring state change previous_port_status: DOWN current_port_status: DOWN port_id 81c71628-f1a4-47d9-81eb-9156514e5361 {{(pid=102759) record_port_status_changed /opt/stack/neutron/neutron/notifiers/nova.py:224}}
Oct 26 11:41:50.751943 n-d-812150-3 neutron-server[102759]: DEBUG neutron_lib.callbacks.manager [req-7a0ab227-7892-4596-8ad5-8c979f335d40 req-350052e2-42a2-4b75-a3a8-d2f830cd366e service neutron] Publish callbacks [] for port, precommit_update {{(pid=102759) _notify_loop /usr/local/lib/python3.8/dist-packages/neutron_lib/callbacks/manager.py:175}}
Oct 26 11:41:50.768842 n-d-812150-3 neutron-server[102759]: DEBUG neutron.db.provisioning_blocks [req-7a0ab227-7892-4596-8ad5-8c979f335d40 req-350052e2-42a2-4b75-a3a8-d2f830cd366e service neutron] Transition to ACTIVE for port object 81c71628-f1a4-47d9-81eb-9156514e5361 will not be triggered until provisioned by entity L2. {{(pid=102759) add_provisioning_component /opt/stack/neutron/neutron/db/provisioning_blocks.py:73}}
Oct 26 11:41:50.777332 n-d-812150-3 neutron-server[102761]: DEBUG neutron_lib.callbacks.manager [None req-21cdb96e-ea36-4fc3-991b-7f2b1b7ddde4 None None] Publish callbacks ['neutron.plugins.ml2.plugin.SecurityGroupDbMixin._ensure_default_security_group_handler-7987403'] for port, before_update {{(pid=102761) _notify_loop /usr/local/lib/python3.8/dist-packages/neutron_lib/callbacks/manager.py:175}}
Oct 26 11:41:50.790701 n-d-812150-3 neutron-server[102761]: DEBUG neutron.api.rpc.handlers.dhcp_rpc [None req-948c99ad-e241-4775-811c-d007a2e20b36 None None] Create dhcp port {'port': {'name': '', 'admin_state_up': True, 'device_id': 'dhcp7f897a4e-572d-5dbb-ad33-52cb5a9f3dcf-74f3b0d5-c83c-4082-a8b1-f415b01f847a', 'network_id': '74f3b0d5-c83c-4082-a8b1-f415b01f847a', 'tenant_id': 'c68b440c3be84addb916b5d5b28dd610', 'fixed_ips': [{'subnet_id': '546cc047-efce-4100-bb10-2c74199732cc'}]}} from n-d-812150-3. {{(pid=102761) create_dhcp_port /opt/stack/neutron/neutron/api/rpc/handlers/dhcp_rpc.py:285}}
Oct 26 11:41:50.791618 n-d-812150-3 neutron-server[102761]: DEBUG neutron_lib.callbacks.manager [None req-948c99ad-e241-4775-811c-d007a2e20b36 None None] Publish callbacks ['neutron.plugins.ml2.plugin.SecurityGroupDbMixin._ensure_default_security_group_handler-7987403'] for port, before_create {{(pid=102761) _notify_loop /usr/local/lib/python3.8/dist-packages/neutron_lib/callbacks/manager.py:175}}
