Nov 03 18:28:16.788021 n-d-812149-4 neutron-server[101756]: INFO neutron.wsgi [None req-b4b1ec00-c7eb-4cc5-a402-48e7405ad4e7 admin admin] 10.222.0.36 "GET /v2.0/security-groups?tenant_id=e6e72bc27c054a5cb177cf1b7e22c0f0&name=default HTTP/1.1" status: 200 len: 2996 time: 0.3883874
Nov 03 18:28:16.794391 n-d-812149-4 neutron-server[101758]: DEBUG neutron.plugins.ml2.db [None req-d0adeba1-6129-4efb-92b7-df9b041804b3 None None] For port b4455d58-8000-4396-9421-31862d9d1f5d, host n-h1-812149-4, got binding levels [PortBindingLevel(driver='hyperv',host='n-h1-812149-4',level=0,port_id=b4455d58-8000-4396-9421-31862d9d1f5d,segment=NetworkSegment(264a09ba-2cac-40ef-98bb-196433804edf),segment_id=264a09ba-2cac-40ef-98bb-196433804edf)] {{(pid=101758) get_binding_level_objs /opt/stack/neutron/neutron/plugins/ml2/db.py:74}}
Nov 03 18:28:16.799415 n-d-812149-4 neutron-server[101758]: DEBUG neutron.notifiers.nova [-] Sending events: [{'server_uuid': '1c7acffb-e918-403d-8141-cd3f5f7a598a', 'name': 'network-vif-plugged', 'status': 'completed', 'tag': 'b4455d58-8000-4396-9421-31862d9d1f5d'}] {{(pid=101758) send_events /opt/stack/neutron/neutron/notifiers/nova.py:262}}
Nov 03 18:28:16.802580 n-d-812149-4 neutron-server[101756]: DEBUG neutron.wsgi [-] (101756) accepted ('10.222.0.36', 57520) {{(pid=101756) server /usr/local/lib/python3.8/dist-packages/eventlet/wsgi.py:982}}
Nov 03 18:28:16.806406 n-d-812149-4 neutron-server[101758]: DEBUG novaclient.v2.client [-] REQ: curl -g -i --cacert "/opt/stack/data/ca-bundle.pem" -X POST http://10.222.0.36/compute/v2.1/os-server-external-events -H "Accept: application/json" -H "Content-Type: application/json" -H "User-Agent: python-novaclient" -H "X-Auth-Token: {SHA256}2d2a45f50d282b68d00933c2cf51850aab5842cd619ba3799c0b13919223c408" -H "X-OpenStack-Nova-API-Version: 2.1" -H "X-OpenStack-Request-ID: req-9b402680-b780-4329-ab3d-2f683e1a5e8f" -d '{"events": [{"server_uuid": "1c7acffb-e918-403d-8141-cd3f5f7a598a", "name": "network-vif-plugged", "status": "completed", "tag": "b4455d58-8000-4396-9421-31862d9d1f5d"}]}' {{(pid=101758) _http_log_request /usr/local/lib/python3.8/dist-packages/keystoneauth1/session.py:519}}
Nov 03 18:28:16.814347 n-d-812149-4 neutron-server[101758]: DEBUG neutron_lib.callbacks.manager [None req-d0adeba1-6129-4efb-92b7-df9b041804b3 None None] Publish callbacks ['neutron.plugins.ml2.plugin.SecurityGroupServerNotifierRpcMixin._notify_sg_on_port_change-663884', 'neutron.plugins.ml2.ovo_rpc._ObjectChangeHandler.handle_event-256452', 'neutron.api.rpc.agentnotifiers.dhcp_rpc_agent_api.DhcpAgentNotifyAPI._native_event_send_dhcp_notification-16266422', 'neutron.db.l3_db.L3RpcNotifierMixin._notify_gateway_port_ip_changed-8791689158768', 'neutron.db.l3_dvrscheduler_db._notify_l3_agent_port_update-8791688663354', 'neutron.db.l3_hascheduler_db._notify_l3_agent_ha_port_update-8791688663372'] for port, after_update {{(pid=101758) _notify_loop /usr/local/lib/python3.8/dist-packages/neutron_lib/callbacks/manager.py:175}}
Nov 03 18:28:16.897554 n-d-812149-4 neutron-server[101756]: DEBUG neutron.api.rpc.handlers.resources_rpc [None req-b4b1ec00-c7eb-4cc5-a402-48e7405ad4e7 admin admin] Pushing event updated for resources: {'SecurityGroup': ['ID=7e7747c0-2972-4dae-8076-a3db94794935,revision_number=1']} {{(pid=101756) push /opt/stack/neutron/neutron/api/rpc/handlers/resources_rpc.py:237}}
Nov 03 18:28:16.909306 n-d-812149-4 neutron-server[101758]: DEBUG neutron.api.rpc.handlers.resources_rpc [None req-d0adeba1-6129-4efb-92b7-df9b041804b3 None None] Pushing event updated for resources: {'Port': ['ID=b4455d58-8000-4396-9421-31862d9d1f5d,revision_number=5']} {{(pid=101758) push /opt/stack/neutron/neutron/api/rpc/handlers/resources_rpc.py:237}}
Nov 03 18:28:16.944805 n-d-812149-4 neutron-server[101757]: DEBUG neutron_lib.callbacks.manager [None req-58429f1e-eab3-43da-a3f4-f31c621a5cc8 admin admin] Publish callbacks [] for security_group, precommit_create {{(pid=101757) _notify_loop /usr/local/lib/python3.8/dist-packages/neutron_lib/callbacks/manager.py:175}}
Nov 03 18:28:16.967734 n-d-812149-4 neutron-server[101757]: DEBUG neutron_lib.callbacks.manager [None req-58429f1e-eab3-43da-a3f4-f31c621a5cc8 admin admin] Publish callbacks ['neutron.plugins.ml2.ovo_rpc._ObjectChangeHandler.handle_event-16272744'] for security_group, after_create {{(pid=101757) _notify_loop /usr/local/lib/python3.8/dist-packages/neutron_lib/callbacks/manager.py:175}}
Nov 03 18:28:16.997022 n-d-812149-4 neutron-server[101756]: DEBUG neutron_lib.callbacks.manager [None req-e78807d7-0c13-46c8-aae9-69f2ec9ef7f2 admin admin] Publish callbacks [] for security_group, before_delete {{(pid=101756) _notify_loop /usr/local/lib/python3.8/dist-packages/neutron_lib/callbacks/manager.py:175}}
Nov 03 18:28:17.014877 n-d-812149-4 neutron-server[101757]: INFO neutron.wsgi [None req-58429f1e-eab3-43da-a3f4-f31c621a5cc8 admin admin] 10.222.0.36 "GET /v2.0/security-groups?tenant_id=44dba59f111547e792be42961cabc149&name=default HTTP/1.1" status: 200 len: 2996 time: 0.8641016
Nov 03 18:28:17.023915 n-d-812149-4 neutron-server[101756]: DEBUG neutron.wsgi [-] (101756) accepted ('10.222.0.36', 57530) {{(pid=101756) server /usr/local/lib/python3.8/dist-packages/eventlet/wsgi.py:982}}
Nov 03 18:28:17.056311 n-d-812149-4 neutron-server[101756]: DEBUG neutron_lib.callbacks.manager [None req-e78807d7-0c13-46c8-aae9-69f2ec9ef7f2 admin admin] Publish callbacks [] for security_group, precommit_delete {{(pid=101756) _notify_loop /usr/local/lib/python3.8/dist-packages/neutron_lib/callbacks/manager.py:175}}
Nov 03 18:28:17.080338 n-d-812149-4 neutron-server[101757]: DEBUG neutron_lib.callbacks.manager [None req-dc0e5edc-f79f-4e3b-8ee5-9a6a1ceab31d admin admin] Publish callbacks ['neutron.services.l3_router.l3_router_plugin.L3_HA_NAT_db_mixin._after_router_create-16338262', 'neutron.services.l3_router.l3_router_plugin.DVRResourceOperationHandler._create_snat_interfaces_after_change-16336009'] for router, after_create {{(pid=101757) _notify_loop /usr/local/lib/python3.8/dist-packages/neutron_lib/callbacks/manager.py:175}}
Nov 03 18:28:17.097179 n-d-812149-4 neutron-server[101757]: DEBUG neutron.api.rpc.handlers.resources_rpc [None req-58429f1e-eab3-43da-a3f4-f31c621a5cc8 admin admin] Pushing event updated for resources: {'SecurityGroup': ['ID=e8957955-d495-48ca-b837-333b188f36b0,revision_number=1']} {{(pid=101757) push /opt/stack/neutron/neutron/api/rpc/handlers/resources_rpc.py:237}}
Nov 03 18:28:17.118466 n-d-812149-4 neutron-server[101758]: DEBUG novaclient.v2.client [-] RESP: [200] Connection: close Content-Length: 183 Content-Type: application/json Date: Wed, 03 Nov 2021 18:28:16 GMT OpenStack-API-Version: compute 2.1 Server: Apache/2.4.41 (Ubuntu) Vary: OpenStack-API-Version,X-OpenStack-Nova-API-Version X-OpenStack-Nova-API-Version: 2.1 x-compute-request-id: req-e0903567-7abf-42ac-a9fa-10a52cc4a594 x-openstack-request-id: req-e0903567-7abf-42ac-a9fa-10a52cc4a594 {{(pid=101758) _http_log_response /usr/local/lib/python3.8/dist-packages/keystoneauth1/session.py:550}}
Nov 03 18:28:17.118827 n-d-812149-4 neutron-server[101758]: DEBUG novaclient.v2.client [-] RESP BODY: {"events": [{"server_uuid": "1c7acffb-e918-403d-8141-cd3f5f7a598a", "name": "network-vif-plugged", "status": "completed", "tag": "b4455d58-8000-4396-9421-31862d9d1f5d", "code": 200}]} {{(pid=101758) _http_log_response /usr/local/lib/python3.8/dist-packages/keystoneauth1/session.py:582}}
Nov 03 18:28:17.119052 n-d-812149-4 neutron-server[101758]: DEBUG novaclient.v2.client [-] POST call to compute for http://10.222.0.36/compute/v2.1/os-server-external-events used request id req-e0903567-7abf-42ac-a9fa-10a52cc4a594 {{(pid=101758) request /usr/local/lib/python3.8/dist-packages/keystoneauth1/session.py:954}}
Nov 03 18:28:17.120056 n-d-812149-4 neutron-server[101758]: INFO neutron.notifiers.nova [-] Nova event response: {'server_uuid': '1c7acffb-e918-403d-8141-cd3f5f7a598a', 'name': 'network-vif-plugged', 'status': 'completed', 'tag': 'b4455d58-8000-4396-9421-31862d9d1f5d', 'code': 200}
Nov 03 18:28:17.130813 n-d-812149-4 neutron-server[101756]: DEBUG neutron_lib.callbacks.manager [None req-99e58811-166e-4907-a9e1-ad099e90913b admin admin] Publish callbacks [] for security_group, before_delete {{(pid=101756) _notify_loop /usr/local/lib/python3.8/dist-packages/neutron_lib/callbacks/manager.py:175}}
Nov 03 18:28:17.164449 n-d-812149-4 neutron-server[101756]: DEBUG neutron_lib.callbacks.manager [None req-99e58811-166e-4907-a9e1-ad099e90913b admin admin] Publish callbacks [] for security_group, precommit_delete {{(pid=101756) _notify_loop /usr/local/lib/python3.8/dist-packages/neutron_lib/callbacks/manager.py:175}}
Nov 03 18:28:17.255427 n-d-812149-4 neutron-server[101758]: DEBUG neutron.api.rpc.handlers.dhcp_rpc [None req-f42cc6e2-291d-4666-994c-95152ff7f535 None None] Network 12010c7c-f4fc-499e-a771-ee5ab3b5df0d requested from n-d-812149-4 {{(pid=101758) get_network_info /opt/stack/neutron/neutron/api/rpc/handlers/dhcp_rpc.py:218}}
Nov 03 18:28:17.281518 n-d-812149-4 neutron-server[101756]: DEBUG neutron_lib.callbacks.manager [None req-99e58811-166e-4907-a9e1-ad099e90913b admin admin] Publish callbacks ['neutron.plugins.ml2.ovo_rpc._ObjectChangeHandler.handle_event-16272744'] for security_group, after_delete {{(pid=101756) _notify_loop /usr/local/lib/python3.8/dist-packages/neutron_lib/callbacks/manager.py:175}}
Nov 03 18:28:17.284493 n-d-812149-4 neutron-server[101756]: DEBUG neutron_lib.callbacks.manager [None req-99e58811-166e-4907-a9e1-ad099e90913b admin admin] Publish callbacks [] for security_group, before_response {{(pid=101756) _notify_loop /usr/local/lib/python3.8/dist-packages/neutron_lib/callbacks/manager.py:175}}
Nov 03 18:28:17.288215 n-d-812149-4 neutron-server[101756]: INFO neutron.wsgi [None req-99e58811-166e-4907-a9e1-ad099e90913b admin admin] 10.222.0.36 "DELETE /v2.0/security-groups/e8957955-d495-48ca-b837-333b188f36b0 HTTP/1.1" status: 204 len: 168 time: 0.2607815
Nov 03 18:28:17.315209 n-d-812149-4 neutron-server[101756]: DEBUG neutron.api.rpc.handlers.resources_rpc [None req-99e58811-166e-4907-a9e1-ad099e90913b admin admin] Pushing event deleted for resources: {'SecurityGroup': ['ID=e8957955-d495-48ca-b837-333b188f36b0,revision_number=None']} {{(pid=101756) push /opt/stack/neutron/neutron/api/rpc/handlers/resources_rpc.py:237}}
Nov 03 18:28:17.351264 n-d-812149-4 neutron-server[101756]: DEBUG neutron.pecan_wsgi.hooks.policy_enforcement [req-e7b8058c-108e-455e-8536-02de2d1547b2 req-27c959e0-a70b-4caa-b4a9-dae1c85a4a46 tempest-AggregatesAdminTestJSON-1824383706 tempest-AggregatesAdminTestJSON-1824383706-project] Attributes excluded by policy engine: ['standard_attr_id', 'binding:profile', 'binding:host_id', 'binding:vif_type', 'binding:vif_details'] {{(pid=101756) _exclude_attributes_by_policy /opt/stack/neutron/neutron/pecan_wsgi/hooks/policy_enforcement.py:255}}
Nov 03 18:28:17.360643 n-d-812149-4 neutron-server[101756]: INFO neutron.wsgi [req-e7b8058c-108e-455e-8536-02de2d1547b2 req-27c959e0-a70b-4caa-b4a9-dae1c85a4a46 tempest-AggregatesAdminTestJSON-1824383706 tempest-AggregatesAdminTestJSON-1824383706-project] 10.222.0.36 "GET /v2.0/ports?device_id=0104e43b-da53-435b-aa8f-7ae163d8d6f6 HTTP/1.1" status: 200 len: 969 time: 0.1021738
Nov 03 18:28:17.368698 n-d-812149-4 neutron-server[101756]: DEBUG neutron_lib.callbacks.manager [None req-e78807d7-0c13-46c8-aae9-69f2ec9ef7f2 admin admin] Publish callbacks ['neutron.plugins.ml2.ovo_rpc._ObjectChangeHandler.handle_event-16272744'] for security_group, after_delete {{(pid=101756) _notify_loop /usr/local/lib/python3.8/dist-packages/neutron_lib/callbacks/manager.py:175}}
Nov 03 18:28:17.372424 n-d-812149-4 neutron-server[101756]: DEBUG neutron_lib.callbacks.manager [None req-e78807d7-0c13-46c8-aae9-69f2ec9ef7f2 admin admin] Publish callbacks [] for security_group, before_response {{(pid=101756) _notify_loop /usr/local/lib/python3.8/dist-packages/neutron_lib/callbacks/manager.py:175}}
Nov 03 18:28:17.376675 n-d-812149-4 neutron-server[101756]: INFO neutron.wsgi [None req-e78807d7-0c13-46c8-aae9-69f2ec9ef7f2 admin admin] 10.222.0.36 "DELETE /v2.0/security-groups/7e7747c0-2972-4dae-8076-a3db94794935 HTTP/1.1" status: 204 len: 168 time: 0.5705123
Nov 03 18:28:17.381178 n-d-812149-4 neutron-server[101758]: DEBUG neutron.db.provisioning_blocks [None req-91d9b69e-c0cb-4f68-b281-f9d622035b94 None None] Provisioning complete for port 2472b0b6-9b22-49ce-8c3a-66986dd722cb triggered by entity DHCP. {{(pid=101758) provisioning_complete /opt/stack/neutron/neutron/db/provisioning_blocks.py:139}}
Nov 03 18:28:17.381772 n-d-812149-4 neutron-server[101758]: DEBUG neutron_lib.callbacks.manager [None req-91d9b69e-c0cb-4f68-b281-f9d622035b94 None None] Publish callbacks ['neutron.plugins.ml2.plugin.Ml2Plugin._port_provisioned-528972'] for port, provisioning_complete {{(pid=101758) _notify_loop /usr/local/lib/python3.8/dist-packages/neutron_lib/callbacks/manager.py:175}}
Nov 03 18:28:17.399891 n-d-812149-4 neutron-server[101756]: DEBUG neutron.api.rpc.handlers.resources_rpc [None req-e78807d7-0c13-46c8-aae9-69f2ec9ef7f2 admin admin] Pushing event deleted for resources: {'SecurityGroup': ['ID=7e7747c0-2972-4dae-8076-a3db94794935,revision_number=None']} {{(pid=101756) push /opt/stack/neutron/neutron/api/rpc/handlers/resources_rpc.py:237}}
Nov 03 18:28:17.410119 n-d-812149-4 neutron-server[101757]: DEBUG neutron.wsgi [-] (101757) accepted ('10.222.0.36', 57550) {{(pid=101757) server /usr/local/lib/python3.8/dist-packages/eventlet/wsgi.py:982}}
Nov 03 18:28:17.440357 n-d-812149-4 neutron-server[101757]: DEBUG neutron.pecan_wsgi.hooks.policy_enforcement [req-936a8736-9f4b-4c63-8b55-2a47c9660179 req-2621a9bb-7d29-4895-adb5-edb86c886fdf service neutron] Attributes excluded by policy engine: ['standard_attr_id'] {{(pid=101757) _exclude_attributes_by_policy /opt/stack/neutron/neutron/pecan_wsgi/hooks/policy_enforcement.py:255}}
Nov 03 18:28:17.448827 n-d-812149-4 neutron-server[101756]: INFO neutron.wsgi [req-e7b8058c-108e-455e-8536-02de2d1547b2 req-688e5b67-80a2-4346-9603-2a411fbc8455 tempest-AggregatesAdminTestJSON-1824383706 tempest-AggregatesAdminTestJSON-1824383706-project] 10.222.0.36 "GET /v2.0/security-groups?id=d5b249fd-9c30-4727-a9b5-8b665f0e9ec8&fields=id&fields=name HTTP/1.1" status: 200 len: 286 time: 0.0843761
Nov 03 18:28:17.448952 n-d-812149-4 neutron-server[101757]: INFO neutron.wsgi [req-936a8736-9f4b-4c63-8b55-2a47c9660179 req-2621a9bb-7d29-4895-adb5-edb86c886fdf service neutron] 10.222.0.30 "GET /v2.0/ports?device_id=1c7acffb-e918-403d-8141-cd3f5f7a598a HTTP/1.1" status: 200 len: 1116 time: 0.1877182
Nov 03 18:28:17.540003 n-d-812149-4 neutron-server[101757]: INFO neutron.wsgi [req-936a8736-9f4b-4c63-8b55-2a47c9660179 req-f0f0409e-a45f-4cbd-aaca-956abb01a627 service neutron] 10.222.0.30 "GET /v2.0/security-groups?id=d6691e41-265b-4180-a223-ae36add8a78c&fields=id&fields=name HTTP/1.1" status: 200 len: 286 time: 0.0712190
Nov 03 18:28:17.579438 n-d-812149-4 neutron-server[101757]: DEBUG neutron.scheduler.l3_agent_scheduler [None req-dc0e5edc-f79f-4e3b-8ee5-9a6a1ceab31d admin admin] Router 32e957fc-bad5-4416-a0ec-be200b127d7b is scheduled to L3 agent 550ffc1f-dd4b-452c-a001-a5bb5f5145db with binding_index 1 {{(pid=101757) bind_router /opt/stack/neutron/neutron/scheduler/l3_agent_scheduler.py:209}}
Nov 03 18:28:17.616206 n-d-812149-4 neutron-server[101758]: DEBUG neutron_lib.callbacks.manager [None req-64cb9854-c496-42af-a7b4-4f5d82c1acb6 None None] Publish callbacks ['neutron.services.segments.db._update_segment_host_mapping_for_agent-8791689148151', 'neutron.plugins.ml2.plugin.Ml2Plugin._retry_binding_revived_agents-528925'] for agent, after_update {{(pid=101758) _notify_loop /usr/local/lib/python3.8/dist-packages/neutron_lib/callbacks/manager.py:175}}
Nov 03 18:28:17.624167 n-d-812149-4 neutron-server[101756]: DEBUG neutron.pecan_wsgi.hooks.policy_enforcement [req-6d268fd5-f410-434b-8bf6-2708b0d43f3e req-a9f289f3-c90c-4e41-aa40-5b744851d26c tempest-LiveMigrationTest-1835332089 tempest-LiveMigrationTest-1835332089-project] Attributes excluded by policy engine: ['standard_attr_id', 'binding:profile', 'binding:host_id', 'binding:vif_type', 'binding:vif_details'] {{(pid=101756) _exclude_attributes_by_policy /opt/stack/neutron/neutron/pecan_wsgi/hooks/policy_enforcement.py:255}}
Nov 03 18:28:17.625846 n-d-812149-4 neutron-server[101756]: INFO neutron.wsgi [req-6d268fd5-f410-434b-8bf6-2708b0d43f3e req-a9f289f3-c90c-4e41-aa40-5b744851d26c tempest-LiveMigrationTest-1835332089 tempest-LiveMigrationTest-1835332089-project] 10.222.0.36 "GET /v2.0/ports?device_id=1c7acffb-e918-403d-8141-cd3f5f7a598a HTTP/1.1" status: 200 len: 965 time: 0.1033232
Nov 03 18:28:17.661397 n-d-812149-4 neutron-server[101758]: DEBUG neutron_lib.callbacks.manager [None req-d0adeba1-6129-4efb-92b7-df9b041804b3 None None] Publish callbacks ['neutron.services.segments.db._update_segment_host_mapping_for_agent-8791689148151', 'neutron.plugins.ml2.plugin.Ml2Plugin._retry_binding_revived_agents-528925'] for agent, after_update {{(pid=101758) _notify_loop /usr/local/lib/python3.8/dist-packages/neutron_lib/callbacks/manager.py:175}}
Nov 03 18:28:17.662038 n-d-812149-4 neutron-server[101758]: DEBUG neutron_lib.callbacks.manager [None req-91d9b69e-c0cb-4f68-b281-f9d622035b94 None None] Publish callbacks ['neutron.plugins.ml2.plugin.SecurityGroupDbMixin._ensure_default_security_group_handler-664057'] for port, before_update {{(pid=101758) _notify_loop /usr/local/lib/python3.8/dist-packages/neutron_lib/callbacks/manager.py:175}}
Nov 03 18:28:17.719002 n-d-812149-4 neutron-server[101758]: DEBUG neutron.plugins.ml2.db [None req-91d9b69e-c0cb-4f68-b281-f9d622035b94 None None] For port 2472b0b6-9b22-49ce-8c3a-66986dd722cb, host n-d-812149-4, got binding levels [PortBindingLevel(driver='openvswitch',host='n-d-812149-4',level=0,port_id=2472b0b6-9b22-49ce-8c3a-66986dd722cb,segment=NetworkSegment(3edfae91-d77b-4fc0-b75e-f61ab5bdab2c),segment_id=3edfae91-d77b-4fc0-b75e-f61ab5bdab2c)] {{(pid=101758) get_binding_level_objs /opt/stack/neutron/neutron/plugins/ml2/db.py:74}}
Nov 03 18:28:17.728419 n-d-812149-4 neutron-server[101758]: DEBUG neutron_lib.callbacks.manager [None req-91d9b69e-c0cb-4f68-b281-f9d622035b94 None None] Publish callbacks ['neutron.plugins.ml2.plugin.SecurityGroupServerNotifierRpcMixin._notify_sg_on_port_change-663884', 'neutron.plugins.ml2.ovo_rpc._ObjectChangeHandler.handle_event-256452', 'neutron.api.rpc.agentnotifiers.dhcp_rpc_agent_api.DhcpAgentNotifyAPI._native_event_send_dhcp_notification-16266422', 'neutron.db.l3_db.L3RpcNotifierMixin._notify_gateway_port_ip_changed-8791689158768', 'neutron.db.l3_dvrscheduler_db._notify_l3_agent_port_update-8791688663354', 'neutron.db.l3_hascheduler_db._notify_l3_agent_ha_port_update-8791688663372'] for port, after_update {{(pid=101758) _notify_loop /usr/local/lib/python3.8/dist-packages/neutron_lib/callbacks/manager.py:175}}
Nov 03 18:28:17.745655 n-d-812149-4 neutron-server[101756]: INFO neutron.wsgi [req-6d268fd5-f410-434b-8bf6-2708b0d43f3e req-e267f023-d523-43cd-bbc2-101951339f45 tempest-LiveMigrationTest-1835332089 tempest-LiveMigrationTest-1835332089-project] 10.222.0.36 "GET /v2.0/security-groups?id=d6691e41-265b-4180-a223-ae36add8a78c&fields=id&fields=name HTTP/1.1" status: 200 len: 286 time: 0.1081908
Nov 03 18:28:17.865998 n-d-812149-4 neutron-server[101757]: DEBUG neutron.api.rpc.agentnotifiers.l3_rpc_agent_api [None req-dc0e5edc-f79f-4e3b-8ee5-9a6a1ceab31d admin admin] Notify agent at l3_agent.n-d-812149-4 the message routers_updated {{(pid=101757) _agent_notification /opt/stack/neutron/neutron/api/rpc/agentnotifiers/l3_rpc_agent_api.py:65}}
Nov 03 18:28:17.890561 n-d-812149-4 neutron-server[101757]: DEBUG neutron_lib.callbacks.manager [None req-dc0e5edc-f79f-4e3b-8ee5-9a6a1ceab31d admin admin] Publish callbacks [] for router, before_response {{(pid=101757) _notify_loop /usr/local/lib/python3.8/dist-packages/neutron_lib/callbacks/manager.py:175}}
Nov 03 18:28:17.895439 n-d-812149-4 neutron-server[101757]: INFO neutron.wsgi [None req-dc0e5edc-f79f-4e3b-8ee5-9a6a1ceab31d admin admin] 10.222.0.36 "POST /v2.0/routers HTTP/1.1" status: 201 len: 926 time: 3.9456408
Nov 03 18:28:17.896019 n-d-812149-4 neutron-server[101756]: DEBUG neutron.wsgi [-] (101756) accepted ('10.222.0.36', 57562) {{(pid=101756) server /usr/local/lib/python3.8/dist-packages/eventlet/wsgi.py:982}}
Nov 03 18:28:17.906002 n-d-812149-4 neutron-server[101757]: DEBUG neutron.pecan_wsgi.hooks.policy_enforcement [req-db2da717-0b21-46b7-b004-63d97e25e677 req-861c9945-5b0a-4c14-8425-a6846fc3c425 tempest-ServersWithSpecificFlavorTestJSON-1094523107 tempest-ServersWithSpecificFlavorTestJSON-1094523107-project] Attributes excluded by policy engine: ['standard_attr_id', 'binding:profile', 'binding:host_id', 'binding:vif_type', 'binding:vif_details'] {{(pid=101757) _exclude_attributes_by_policy /opt/stack/neutron/neutron/pecan_wsgi/hooks/policy_enforcement.py:255}}
Nov 03 18:28:17.907627 n-d-812149-4 neutron-server[101757]: INFO neutron.wsgi [req-db2da717-0b21-46b7-b004-63d97e25e677 req-861c9945-5b0a-4c14-8425-a6846fc3c425 tempest-ServersWithSpecificFlavorTestJSON-1094523107 tempest-ServersWithSpecificFlavorTestJSON-1094523107-project] 10.222.0.36 "GET /v2.0/ports?device_id=49f48968-20a1-4dbf-a235-0f9d7351a4a9 HTTP/1.1" status: 200 len: 943 time: 0.1069958
Nov 03 18:28:17.913189 n-d-812149-4 neutron-server[101759]: DEBUG neutron.api.rpc.handlers.l3_rpc [None req-86106a26-c6f9-4de5-8c0f-b29b231653fb None None] Sync routers for ids ['32e957fc-bad5-4416-a0ec-be200b127d7b'] in n-d-812149-4 {{(pid=101759) sync_routers /opt/stack/neutron/neutron/api/rpc/handlers/l3_rpc.py:125}}
Nov 03 18:28:17.939776 n-d-812149-4 neutron-server[101759]: DEBUG neutron.db.l3_dvrscheduler_db [None req-86106a26-c6f9-4de5-8c0f-b29b231653fb None None] Routers {'32e957fc-bad5-4416-a0ec-be200b127d7b'} bound to L3 agent in host n-d-812149-4 {{(pid=101759) _get_router_ids_for_agent /opt/stack/neutron/neutron/db/l3_dvrscheduler_db.py:420}}
Nov 03 18:28:17.940682 n-d-812149-4 neutron-server[101759]: DEBUG neutron.db.l3_hamode_db [None req-86106a26-c6f9-4de5-8c0f-b29b231653fb None None] neutron.services.l3_router.l3_router_plugin.L3RouterPlugin method get_ha_sync_data_for_host called with arguments (, 'n-d-812149-4', Agent(admin_state_up=True,agent_type='L3 agent',availability_zone='nova',binary='neutron-l3-agent',configurations={"agent_mode": "legacy", "ex_gw_ports": 3, "extensions": [], "floating_ips": 0, "handle_internal_only_routers": true, "interface_driver": "openvswitch", "interfaces": 3, "log_agent_heartbeats": false, "routers": 3},created_at=2021-11-03T18:17:14Z,description=,heartbeat_timestamp=2021-11-03T18:28:14Z,host='n-d-812149-4',id=550ffc1f-dd4b-452c-a001-a5bb5f5145db,load=0,resource_versions=,resources_synced=,started_at=2021-11-03T18:17:14Z,topic='l3_agent')) {'router_ids': ['32e957fc-bad5-4416-a0ec-be200b127d7b'], 'active': True} {{(pid=101759) wrapper /usr/local/lib/python3.8/dist-packages/oslo_log/helpers.py:65}}
Nov 03 18:28:17.943747 n-d-812149-4 neutron-server[101758]: DEBUG neutron.api.rpc.handlers.resources_rpc [None req-91d9b69e-c0cb-4f68-b281-f9d622035b94 None None] Pushing event updated for resources: {'Port': ['ID=2472b0b6-9b22-49ce-8c3a-66986dd722cb,revision_number=3']} {{(pid=101758) push /opt/stack/neutron/neutron/api/rpc/handlers/resources_rpc.py:237}}
Nov 03 18:28:18.030605 n-d-812149-4 neutron-server[101758]: DEBUG neutron.plugins.ml2.rpc [None req-64cb9854-c496-42af-a7b4-4f5d82c1acb6 None None] Device 2472b0b6-9b22-49ce-8c3a-66986dd722cb up at agent ovs-agent-n-d-812149-4 {{(pid=101758) update_device_up /opt/stack/neutron/neutron/plugins/ml2/rpc.py:296}}
Nov 03 18:28:18.134202 n-d-812149-4 neutron-server[101757]: INFO neutron.wsgi [req-db2da717-0b21-46b7-b004-63d97e25e677 req-fa2be801-65bc-4fc0-931a-66f3beaca0d1 tempest-ServersWithSpecificFlavorTestJSON-1094523107 tempest-ServersWithSpecificFlavorTestJSON-1094523107-project] 10.222.0.36 "GET /v2.0/security-groups?id=52a41a95-ccb3-4dc8-a7a4-cc35333aea22&fields=id&fields=name HTTP/1.1" status: 200 len: 311 time: 0.2122512
Nov 03 18:28:18.172809 n-d-812149-4 neutron-server[101757]: DEBUG neutron_lib.callbacks.manager [None req-ebaf0c89-2f02-482f-8303-a21ab9b2e509 admin admin] Publish callbacks [] for security_group, before_create {{(pid=101757) _notify_loop /usr/local/lib/python3.8/dist-packages/neutron_lib/callbacks/manager.py:175}}
Nov 03 18:28:18.247507 n-d-812149-4 neutron-server[101759]: DEBUG neutron.db.l3_dvr_db [None req-86106a26-c6f9-4de5-8c0f-b29b231653fb None None] Set router 32e957fc-bad5-4416-a0ec-be200b127d7b gateway port host: n-d-812149-4 {{(pid=101759) _build_routers_list /opt/stack/neutron/neutron/db/l3_dvr_db.py:906}}
Nov 03 18:28:18.324715 n-d-812149-4 neutron-server[101758]: DEBUG neutron.db.provisioning_blocks [None req-57b9977f-ae5b-4377-887c-6dfe7f3b4ca6 None None] Provisioning complete for port 2472b0b6-9b22-49ce-8c3a-66986dd722cb triggered by entity DHCP. {{(pid=101758) provisioning_complete /opt/stack/neutron/neutron/db/provisioning_blocks.py:139}}
Nov 03 18:28:18.325301 n-d-812149-4 neutron-server[101758]: DEBUG neutron_lib.callbacks.manager [None req-57b9977f-ae5b-4377-887c-6dfe7f3b4ca6 None None] Publish callbacks ['neutron.plugins.ml2.plugin.Ml2Plugin._port_provisioned-528972'] for port, provisioning_complete {{(pid=101758) _notify_loop /usr/local/lib/python3.8/dist-packages/neutron_lib/callbacks/manager.py:175}}
Nov 03 18:28:18.348517 n-d-812149-4 neutron-server[101757]: DEBUG neutron_lib.callbacks.manager [None req-ebaf0c89-2f02-482f-8303-a21ab9b2e509 admin admin] Publish callbacks [] for security_group, precommit_create {{(pid=101757) _notify_loop /usr/local/lib/python3.8/dist-packages/neutron_lib/callbacks/manager.py:175}}
Nov 03 18:28:18.353971 n-d-812149-4 neutron-server[101757]: DEBUG neutron_lib.callbacks.manager [None req-ebaf0c89-2f02-482f-8303-a21ab9b2e509 admin admin] Publish callbacks ['neutron.plugins.ml2.ovo_rpc._ObjectChangeHandler.handle_event-16272744'] for security_group, after_create {{(pid=101757) _notify_loop /usr/local/lib/python3.8/dist-packages/neutron_lib/callbacks/manager.py:175}}
Nov 03 18:28:18.406976 n-d-812149-4 neutron-server[101757]: INFO neutron.wsgi [None req-ebaf0c89-2f02-482f-8303-a21ab9b2e509 admin admin] 10.222.0.36 "GET /v2.0/security-groups?tenant_id=d3a4b874fe8e4af79f62b69112c80798&name=default HTTP/1.1" status: 200 len: 2996 time: 0.9955411
Nov 03 18:28:18.413711 n-d-812149-4 neutron-server[101757]: DEBUG neutron.wsgi [-] (101757) accepted ('10.222.0.36', 57582) {{(pid=101757) server /usr/local/lib/python3.8/dist-packages/eventlet/wsgi.py:982}}
Nov 03 18:28:18.421465 n-d-812149-4 neutron-server[101758]: DEBUG neutron.db.provisioning_blocks [None req-64cb9854-c496-42af-a7b4-4f5d82c1acb6 None None] Provisioning complete for port 2472b0b6-9b22-49ce-8c3a-66986dd722cb triggered by entity L2. {{(pid=101758) provisioning_complete /opt/stack/neutron/neutron/db/provisioning_blocks.py:139}}
Nov 03 18:28:18.421859 n-d-812149-4 neutron-server[101758]: DEBUG neutron_lib.callbacks.manager [None req-64cb9854-c496-42af-a7b4-4f5d82c1acb6 None None] Publish callbacks ['neutron.plugins.ml2.plugin.Ml2Plugin._port_provisioned-528972'] for port, provisioning_complete {{(pid=101758) _notify_loop /usr/local/lib/python3.8/dist-packages/neutron_lib/callbacks/manager.py:175}}
Nov 03 18:28:18.610043 n-d-812149-4 neutron-server[101756]: DEBUG neutron.wsgi [-] (101756) accepted ('10.222.0.36', 57596) {{(pid=101756) server /usr/local/lib/python3.8/dist-packages/eventlet/wsgi.py:982}}
Nov 03 18:28:18.622616 n-d-812149-4 neutron-server[101757]: DEBUG neutron_lib.callbacks.manager [None req-d91dee42-753b-4f2d-9b41-ef99a31774cb admin admin] Publish callbacks [] for security_group, before_delete {{(pid=101757) _notify_loop /usr/local/lib/python3.8/dist-packages/neutron_lib/callbacks/manager.py:175}}
Nov 03 18:28:18.624413 n-d-812149-4 neutron-server[101757]: DEBUG neutron.api.rpc.handlers.resources_rpc [None req-ebaf0c89-2f02-482f-8303-a21ab9b2e509 admin admin] Pushing event updated for resources: {'SecurityGroup': ['ID=83a94ca3-475b-433f-bf90-0864a9d73d71,revision_number=1']} {{(pid=101757) push /opt/stack/neutron/neutron/api/rpc/handlers/resources_rpc.py:237}}
Nov 03 18:28:18.725674 n-d-812149-4 neutron-server[101756]: DEBUG neutron_lib.callbacks.manager [None req-0a5f8dc1-42d9-4b06-b0ec-c50522e376ac admin admin] Publish callbacks [] for security_group, before_create {{(pid=101756) _notify_loop /usr/local/lib/python3.8/dist-packages/neutron_lib/callbacks/manager.py:175}}
Nov 03 18:28:18.835913 n-d-812149-4 neutron-server[101756]: DEBUG neutron.pecan_wsgi.hooks.policy_enforcement [req-b023d4c7-8c58-4c10-93b8-9d9772d8bbed req-d0baf898-7d25-47bd-b08e-b3d542eaa4a5 tempest-AggregatesAdminTestJSON-1824383706 tempest-AggregatesAdminTestJSON-1824383706-project] Attributes excluded by policy engine: ['standard_attr_id', 'binding:profile', 'binding:host_id', 'binding:vif_type', 'binding:vif_details'] {{(pid=101756) _exclude_attributes_by_policy /opt/stack/neutron/neutron/pecan_wsgi/hooks/policy_enforcement.py:255}}
Nov 03 18:28:18.844341 n-d-812149-4 neutron-server[101756]: INFO neutron.wsgi [req-b023d4c7-8c58-4c10-93b8-9d9772d8bbed req-d0baf898-7d25-47bd-b08e-b3d542eaa4a5 tempest-AggregatesAdminTestJSON-1824383706 tempest-AggregatesAdminTestJSON-1824383706-project] 10.222.0.36 "GET /v2.0/ports?device_id=0104e43b-da53-435b-aa8f-7ae163d8d6f6 HTTP/1.1" status: 200 len: 969 time: 0.2138412
Nov 03 18:28:18.863566 n-d-812149-4 neutron-server[101757]: DEBUG neutron_lib.callbacks.manager [None req-d91dee42-753b-4f2d-9b41-ef99a31774cb admin admin] Publish callbacks [] for security_group, precommit_delete {{(pid=101757) _notify_loop /usr/local/lib/python3.8/dist-packages/neutron_lib/callbacks/manager.py:175}}
Nov 03 18:28:18.910131 n-d-812149-4 neutron-server[101757]: DEBUG neutron.pecan_wsgi.hooks.policy_enforcement [req-7d09301d-90ee-4839-8dc5-4a4c34f4ea14 req-c986bf26-ada3-4536-bef0-e234cb7cdd7f tempest-AggregatesAdminTestJSON-1824383706 tempest-AggregatesAdminTestJSON-1824383706-project] Attributes excluded by policy engine: ['standard_attr_id', 'binding:profile', 'binding:host_id', 'binding:vif_type', 'binding:vif_details'] {{(pid=101757) _exclude_attributes_by_policy /opt/stack/neutron/neutron/pecan_wsgi/hooks/policy_enforcement.py:255}}
Nov 03 18:28:18.913955 n-d-812149-4 neutron-server[101757]: INFO neutron.wsgi [req-7d09301d-90ee-4839-8dc5-4a4c34f4ea14 req-c986bf26-ada3-4536-bef0-e234cb7cdd7f tempest-AggregatesAdminTestJSON-1824383706 tempest-AggregatesAdminTestJSON-1824383706-project] 10.222.0.30 "GET /v2.0/ports?device_id=0104e43b-da53-435b-aa8f-7ae163d8d6f6 HTTP/1.1" status: 200 len: 969 time: 0.2917497
Nov 03 18:28:18.962344 n-d-812149-4 neutron-server[101759]: DEBUG neutron.db.l3_hamode_db [None req-86106a26-c6f9-4de5-8c0f-b29b231653fb None None] neutron.services.l3_router.l3_router_plugin.L3RouterPlugin method _process_sync_ha_data called with arguments (, [{'id': '32e957fc-bad5-4416-a0ec-be200b127d7b', 'name': 'tempest-FloatingIPDetailsTestJSON-978146245-router', 'tenant_id': '6f3aa323a2554ac392539ce582352b43', 'admin_state_up': True, 'status': 'ACTIVE', 'external_gateway_info': {'network_id': '66ca2c97-9791-4d62-9def-d0ffce65df98', 'external_fixed_ips': [{'subnet_id': '8aaebaa5-8c8e-4c23-992a-52555915dcd4', 'ip_address': '172.25.0.51'}], 'enable_snat': True}, 'gw_port_id': 'd0cca578-8068-4c6a-812a-7a581b26524d', 'description': '', 'availability_zones': ['nova'], 'distributed': False, 'ha': False, 'ha_vr_id': 0, 'availability_zone_hints': [], 'routes': [], 'flavor_id': None, 'tags': [], 'created_at': '2021-11-03T18:28:14Z', 'updated_at': '2021-11-03T18:28:16Z', 'revision_number': 3, 'project_id': '6f3aa323a2554ac392539ce582352b43', 'gw_port': {'id': 'd0cca578-8068-4c6a-812a-7a581b26524d', 'name': '', 'network_id': '66ca2c97-9791-4d62-9def-d0ffce65df98', 'tenant_id': '', 'mac_address': 'fa:16:3e:78:b4:29', 'admin_state_up': True, 'status': 'DOWN', 'device_id': '32e957fc-bad5-4416-a0ec-be200b127d7b', 'device_owner': 'network:router_gateway', 'standard_attr_id': 226, 'fixed_ips': [{'subnet_id': '8aaebaa5-8c8e-4c23-992a-52555915dcd4', 'ip_address': '172.25.0.51', 'prefixlen': 24}], 'allowed_address_pairs': [], 'extra_dhcp_opts': [], 'security_groups': [], 'description': '', 'binding:vnic_type': 'normal', 'binding:profile': {}, 'binding:host_id': '', 'binding:vif_type': 'unbound', 'binding:vif_details': {}, 'port_security_enabled': False, 'tags': [], 'created_at': '2021-11-03T18:28:15Z', 'updated_at': '2021-11-03T18:28:15Z', 'revision_number': 1, 'project_id': '', 'subnets': [{'id': '8aaebaa5-8c8e-4c23-992a-52555915dcd4', 'cidr': '172.25.0.0/24', 'gateway_ip': '172.25.0.1', 'dns_nameservers': [], 'ipv6_ra_mode': None, 'subnetpool_id': None}], 'extra_subnets': [], 'address_scopes': {4: None, 6: None}, 'mtu': 1500}, 'enable_snat': True, 'gw_port_host': 'n-d-812149-4'}], 'n-d-812149-4', False) {} {{(pid=101759) wrapper /usr/local/lib/python3.8/dist-packages/oslo_log/helpers.py:65}}
Nov 03 18:28:19.006090 n-d-812149-4 neutron-server[101759]: DEBUG neutron.api.rpc.handlers.l3_rpc [None req-86106a26-c6f9-4de5-8c0f-b29b231653fb None None] Checking router: 32e957fc-bad5-4416-a0ec-be200b127d7b for host: n-d-812149-4 {{(pid=101759) _ensure_host_set_on_ports /opt/stack/neutron/neutron/api/rpc/handlers/l3_rpc.py:155}}
Nov 03 18:28:19.006796 n-d-812149-4 neutron-server[101759]: DEBUG neutron.api.rpc.handlers.l3_rpc [None req-86106a26-c6f9-4de5-8c0f-b29b231653fb None None] Updating router 32e957fc-bad5-4416-a0ec-be200b127d7b port d0cca578-8068-4c6a-812a-7a581b26524d binding host n-d-812149-4 {{(pid=101759) _ensure_host_set_on_port /opt/stack/neutron/neutron/api/rpc/handlers/l3_rpc.py:205}}
Nov 03 18:28:19.036379 n-d-812149-4 neutron-server[101756]: INFO neutron.wsgi [req-b023d4c7-8c58-4c10-93b8-9d9772d8bbed req-615a2a1a-fe05-4d14-be96-3a5cf4c3461d tempest-AggregatesAdminTestJSON-1824383706 tempest-AggregatesAdminTestJSON-1824383706-project] 10.222.0.36 "GET /v2.0/security-groups?id=d5b249fd-9c30-4727-a9b5-8b665f0e9ec8&fields=id&fields=name HTTP/1.1" status: 200 len: 286 time: 0.1909714
Nov 03 18:28:19.046093 n-d-812149-4 neutron-server[101759]: DEBUG neutron_lib.callbacks.manager [None req-86106a26-c6f9-4de5-8c0f-b29b231653fb None None] Publish callbacks ['neutron.plugins.ml2.plugin.SecurityGroupDbMixin._ensure_default_security_group_handler-664057'] for port, before_update {{(pid=101759) _notify_loop /usr/local/lib/python3.8/dist-packages/neutron_lib/callbacks/manager.py:175}}
Nov 03 18:28:19.118514 n-d-812149-4 neutron-server[101757]: DEBUG neutron.pecan_wsgi.hooks.policy_enforcement [req-91deb6d0-58a5-4f20-81bd-2e851a7ea870 req-6fc2b651-8f1e-4eb2-8137-9335c8f15311 tempest-LiveMigrationTest-1835332089 tempest-LiveMigrationTest-1835332089-project] Attributes excluded by policy engine: ['standard_attr_id', 'binding:profile', 'binding:host_id', 'binding:vif_type', 'binding:vif_details'] {{(pid=101757) _exclude_attributes_by_policy /opt/stack/neutron/neutron/pecan_wsgi/hooks/policy_enforcement.py:255}}
Nov 03 18:28:19.120741 n-d-812149-4 neutron-server[101757]: INFO neutron.wsgi [req-91deb6d0-58a5-4f20-81bd-2e851a7ea870 req-6fc2b651-8f1e-4eb2-8137-9335c8f15311 tempest-LiveMigrationTest-1835332089 tempest-LiveMigrationTest-1835332089-project] 10.222.0.36 "GET /v2.0/ports?device_id=1c7acffb-e918-403d-8141-cd3f5f7a598a HTTP/1.1" status: 200 len: 965 time: 0.1852238
Nov 03 18:28:19.134601 n-d-812149-4 neutron-server[101757]: DEBUG neutron_lib.callbacks.manager [None req-d91dee42-753b-4f2d-9b41-ef99a31774cb admin admin] Publish callbacks ['neutron.plugins.ml2.ovo_rpc._ObjectChangeHandler.handle_event-16272744'] for security_group, after_delete {{(pid=101757) _notify_loop /usr/local/lib/python3.8/dist-packages/neutron_lib/callbacks/manager.py:175}}
Nov 03 18:28:19.137206 n-d-812149-4 neutron-server[101757]: DEBUG neutron_lib.callbacks.manager [None req-d91dee42-753b-4f2d-9b41-ef99a31774cb admin admin] Publish callbacks [] for security_group, before_response {{(pid=101757) _notify_loop /usr/local/lib/python3.8/dist-packages/neutron_lib/callbacks/manager.py:175}}
Nov 03 18:28:19.138574 n-d-812149-4 neutron-server[101757]: INFO neutron.wsgi [None req-d91dee42-753b-4f2d-9b41-ef99a31774cb admin admin] 10.222.0.36 "DELETE /v2.0/security-groups/83a94ca3-475b-433f-bf90-0864a9d73d71 HTTP/1.1" status: 204 len: 168 time: 0.7238758
Nov 03 18:28:19.159474 n-d-812149-4 neutron-server[101756]: DEBUG neutron_lib.callbacks.manager [None req-0a5f8dc1-42d9-4b06-b0ec-c50522e376ac admin admin] Publish callbacks [] for security_group, precommit_create {{(pid=101756) _notify_loop /usr/local/lib/python3.8/dist-packages/neutron_lib/callbacks/manager.py:175}}
Nov 03 18:28:19.169135 n-d-812149-4 neutron-server[101757]: DEBUG neutron.api.rpc.handlers.resources_rpc [None req-d91dee42-753b-4f2d-9b41-ef99a31774cb admin admin] Pushing event deleted for resources: {'SecurityGroup': ['ID=83a94ca3-475b-433f-bf90-0864a9d73d71,revision_number=None']} {{(pid=101757) push /opt/stack/neutron/neutron/api/rpc/handlers/resources_rpc.py:237}}
Nov 03 18:28:19.229803 n-d-812149-4 neutron-server[101757]: INFO neutron.wsgi [req-91deb6d0-58a5-4f20-81bd-2e851a7ea870 req-532a2aca-4425-4bea-b4f1-5a1c53375a9e tempest-LiveMigrationTest-1835332089 tempest-LiveMigrationTest-1835332089-project] 10.222.0.36 "GET /v2.0/security-groups?id=d6691e41-265b-4180-a223-ae36add8a78c&fields=id&fields=name HTTP/1.1" status: 200 len: 286 time: 0.0987680
Nov 03 18:28:19.270898 n-d-812149-4 neutron-server[101757]: DEBUG neutron.plugins.ml2.plugin [req-7d09301d-90ee-4839-8dc5-4a4c34f4ea14 req-6ca80336-22a9-4c10-8105-207e750e3e11 tempest-AggregatesAdminTestJSON-1824383706 tempest-AggregatesAdminTestJSON-1824383706-project] Deleting port 5e354642-20e3-4f39-8459-9e25f25f43a5 {{(pid=101757) _pre_delete_port /opt/stack/neutron/neutron/plugins/ml2/plugin.py:1934}}
Nov 03 18:28:19.270898 n-d-812149-4 neutron-server[101757]: DEBUG neutron_lib.callbacks.manager [req-7d09301d-90ee-4839-8dc5-4a4c34f4ea14 req-6ca80336-22a9-4c10-8105-207e750e3e11 tempest-AggregatesAdminTestJSON-1824383706 tempest-AggregatesAdminTestJSON-1824383706-project] Publish callbacks ['neutron.db.l3_db.L3_NAT_dbonly_mixin._prevent_l3_port_delete_callback-8791689071508'] for port, before_delete {{(pid=101757) _notify_loop /usr/local/lib/python3.8/dist-packages/neutron_lib/callbacks/manager.py:175}}
Nov 03 18:28:19.277840 n-d-812149-4 neutron-server[101756]: DEBUG neutron_lib.callbacks.manager [None req-0a5f8dc1-42d9-4b06-b0ec-c50522e376ac admin admin] Publish callbacks ['neutron.plugins.ml2.ovo_rpc._ObjectChangeHandler.handle_event-16272744'] for security_group, after_create {{(pid=101756) _notify_loop /usr/local/lib/python3.8/dist-packages/neutron_lib/callbacks/manager.py:175}}
Nov 03 18:28:19.458884 n-d-812149-4 neutron-server[101756]: INFO neutron.wsgi [None req-0a5f8dc1-42d9-4b06-b0ec-c50522e376ac admin admin] 10.222.0.36 "GET /v2.0/security-groups?tenant_id=6c6f6b36dabf4562a96ea2e0a4e9fa81&name=default HTTP/1.1" status: 200 len: 2996 time: 0.8459713
Nov 03 18:28:19.462741 n-d-812149-4 neutron-server[101756]: DEBUG neutron.api.rpc.handlers.resources_rpc [None req-0a5f8dc1-42d9-4b06-b0ec-c50522e376ac admin admin] Pushing event updated for resources: {'SecurityGroup': ['ID=4475bf94-7146-4c44-9092-304d55a2e80f,revision_number=1']} {{(pid=101756) push /opt/stack/neutron/neutron/api/rpc/handlers/resources_rpc.py:237}}
Nov 03 18:28:19.469119 n-d-812149-4 neutron-server[101757]: DEBUG neutron.wsgi [-] (101757) accepted ('10.222.0.36', 57636) {{(pid=101757) server /usr/local/lib/python3.8/dist-packages/eventlet/wsgi.py:982}}
Nov 03 18:28:19.490500 n-d-812149-4 neutron-server[101757]: DEBUG neutron.plugins.ml2.db [req-7d09301d-90ee-4839-8dc5-4a4c34f4ea14 req-6ca80336-22a9-4c10-8105-207e750e3e11 tempest-AggregatesAdminTestJSON-1824383706 tempest-AggregatesAdminTestJSON-1824383706-project] For port 5e354642-20e3-4f39-8459-9e25f25f43a5, host n-h1-812149-4, got binding levels [PortBindingLevel(driver='hyperv',host='n-h1-812149-4',level=0,port_id=5e354642-20e3-4f39-8459-9e25f25f43a5,segment=NetworkSegment(3bf0071d-0d02-4a1d-9fb9-648d59592bca),segment_id=3bf0071d-0d02-4a1d-9fb9-648d59592bca)] {{(pid=101757) get_binding_level_objs /opt/stack/neutron/neutron/plugins/ml2/db.py:74}}
Nov 03 18:28:19.490871 n-d-812149-4 neutron-server[101757]: DEBUG neutron_lib.callbacks.manager [req-7d09301d-90ee-4839-8dc5-4a4c34f4ea14 req-6ca80336-22a9-4c10-8105-207e750e3e11 tempest-AggregatesAdminTestJSON-1824383706 tempest-AggregatesAdminTestJSON-1824383706-project] Publish callbacks ['neutron.services.l3_router.l3_router_plugin.L3_NAT_dbonly_mixin._precommit_delete_port_callback-16347384'] for port, precommit_delete {{(pid=101757) _notify_loop /usr/local/lib/python3.8/dist-packages/neutron_lib/callbacks/manager.py:175}}
Nov 03 18:28:19.499428 n-d-812149-4 neutron-server[101759]: DEBUG neutron_lib.callbacks.manager [None req-86106a26-c6f9-4de5-8c0f-b29b231653fb None None] Publish callbacks [] for port, precommit_update {{(pid=101759) _notify_loop /usr/local/lib/python3.8/dist-packages/neutron_lib/callbacks/manager.py:175}}
Nov 03 18:28:19.506344 n-d-812149-4 neutron-server[101759]: DEBUG neutron_lib.callbacks.manager [None req-86106a26-c6f9-4de5-8c0f-b29b231653fb None None] Publish callbacks ['neutron.plugins.ml2.plugin.SecurityGroupServerNotifierRpcMixin._notify_sg_on_port_change-663884', 'neutron.plugins.ml2.ovo_rpc._ObjectChangeHandler.handle_event-256452', 'neutron.api.rpc.agentnotifiers.dhcp_rpc_agent_api.DhcpAgentNotifyAPI._native_event_send_dhcp_notification-16266422', 'neutron.db.l3_db.L3RpcNotifierMixin._notify_gateway_port_ip_changed-8791689158768', 'neutron.db.l3_dvrscheduler_db._notify_l3_agent_port_update-8791688663354', 'neutron.db.l3_hascheduler_db._notify_l3_agent_ha_port_update-8791688663372'] for port, after_update {{(pid=101759) _notify_loop /usr/local/lib/python3.8/dist-packages/neutron_lib/callbacks/manager.py:175}}
Nov 03 18:28:19.510960 n-d-812149-4 neutron-server[101756]: DEBUG neutron_lib.callbacks.manager [None req-65d33178-b90b-4f9c-b0cd-acf0346d0518 admin admin] Publish callbacks ['neutron.plugins.ml2.plugin.SecurityGroupDbMixin._ensure_default_security_group_handler-664057'] for port, before_create {{(pid=101756) _notify_loop /usr/local/lib/python3.8/dist-packages/neutron_lib/callbacks/manager.py:175}}
Nov 03 18:28:19.533479 n-d-812149-4 neutron-server[101756]: DEBUG neutron.pecan_wsgi.hooks.policy_enforcement [req-7051fff8-05f4-408c-bad1-756da6f99aa2 req-8302b492-cd9b-441b-9c78-ddb6fe643162 tempest-ServersWithSpecificFlavorTestJSON-1094523107 tempest-ServersWithSpecificFlavorTestJSON-1094523107-project] Attributes excluded by policy engine: ['standard_attr_id', 'binding:profile', 'binding:host_id', 'binding:vif_type', 'binding:vif_details'] {{(pid=101756) _exclude_attributes_by_policy /opt/stack/neutron/neutron/pecan_wsgi/hooks/policy_enforcement.py:255}}
Nov 03 18:28:19.540919 n-d-812149-4 neutron-server[101756]: INFO neutron.wsgi [req-7051fff8-05f4-408c-bad1-756da6f99aa2 req-8302b492-cd9b-441b-9c78-ddb6fe643162 tempest-ServersWithSpecificFlavorTestJSON-1094523107 tempest-ServersWithSpecificFlavorTestJSON-1094523107-project] 10.222.0.36 "GET /v2.0/ports?device_id=49f48968-20a1-4dbf-a235-0f9d7351a4a9 HTTP/1.1" status: 200 len: 943 time: 0.1834400
Nov 03 18:28:19.547841 n-d-812149-4 neutron-server[101757]: DEBUG neutron.plugins.ml2.plugin [req-7d09301d-90ee-4839-8dc5-4a4c34f4ea14 req-6ca80336-22a9-4c10-8105-207e750e3e11 tempest-AggregatesAdminTestJSON-1824383706 tempest-AggregatesAdminTestJSON-1824383706-project] Calling delete_port for 5e354642-20e3-4f39-8459-9e25f25f43a5 owned by compute:tempest-test_az-4084527 {{(pid=101757) delete_port /opt/stack/neutron/neutron/plugins/ml2/plugin.py:2012}}
Nov 03 18:28:19.561084 n-d-812149-4 neutron-server[101759]: DEBUG neutron.api.rpc.handlers.resources_rpc [None req-7609184e-156c-43cf-a45d-67105145630c None None] Pushing event updated for resources: {'Port': ['ID=d0cca578-8068-4c6a-812a-7a581b26524d,revision_number=2']} {{(pid=101759) push /opt/stack/neutron/neutron/api/rpc/handlers/resources_rpc.py:237}}
Nov 03 18:28:19.584576 n-d-812149-4 neutron-server[101759]: DEBUG neutron.plugins.ml2.managers [None req-86106a26-c6f9-4de5-8c0f-b29b231653fb None None] Attempting to bind port d0cca578-8068-4c6a-812a-7a581b26524d on host n-d-812149-4 for vnic_type normal with profile {{(pid=101759) bind_port /opt/stack/neutron/neutron/plugins/ml2/managers.py:795}}
Nov 03 18:28:19.585572 n-d-812149-4 neutron-server[101759]: DEBUG neutron.plugins.ml2.managers [None req-86106a26-c6f9-4de5-8c0f-b29b231653fb None None] Attempting to bind port d0cca578-8068-4c6a-812a-7a581b26524d by drivers openvswitch,hyperv on host n-d-812149-4 at level 0 using segments [{'id': '630e1ab7-e0d3-44fb-96f2-5ee4997f4edc', 'network_type': 'flat', 'physical_network': 'physnet1', 'segmentation_id': None, 'network_id': '66ca2c97-9791-4d62-9def-d0ffce65df98'}] {{(pid=101759) _bind_port_level /opt/stack/neutron/neutron/plugins/ml2/managers.py:820}}
Nov 03 18:28:19.585750 n-d-812149-4 neutron-server[101759]: DEBUG neutron.plugins.ml2.drivers.mech_agent [None req-86106a26-c6f9-4de5-8c0f-b29b231653fb None None] Attempting to bind port d0cca578-8068-4c6a-812a-7a581b26524d on network 66ca2c97-9791-4d62-9def-d0ffce65df98 {{(pid=101759) bind_port /opt/stack/neutron/neutron/plugins/ml2/drivers/mech_agent.py:91}}
Nov 03 18:28:19.592682 n-d-812149-4 neutron-server[101759]: DEBUG neutron.plugins.ml2.drivers.mech_agent [None req-86106a26-c6f9-4de5-8c0f-b29b231653fb None None] Checking agent: {'id': '581ba4da-b341-4f92-a40e-3281e3af99b0', 'agent_type': 'Open vSwitch agent', 'binary': 'neutron-openvswitch-agent', 'topic': 'N/A', 'host': 'n-d-812149-4', 'admin_state_up': True, 'created_at': datetime.datetime(2021, 11, 3, 18, 17, 17), 'started_at': datetime.datetime(2021, 11, 3, 18, 17, 47), 'heartbeat_timestamp': datetime.datetime(2021, 11, 3, 18, 28, 18), 'description': None, 'resources_synced': None, 'availability_zone': None, 'alive': True, 'configurations': {'arp_responder_enabled': False, 'baremetal_smartnic': False, 'bridge_mappings': {'physnet1': 'br-data'}, 'datapath_type': 'system', 'devices': 0, 'enable_distributed_routing': False, 'extensions': [], 'in_distributed_mode': False, 'integration_bridge': 'br-int', 'l2_population': False, 'log_agent_heartbeats': False, 'ovs_capabilities': {'datapath_types': ['netdev', 'system'], 'iface_types': ['erspan', 'geneve', 'gre', 'internal', 'ip6erspan', 'ip6gre', 'lisp', 'patch', 'stt', 'system', 'tap', 'vxlan']}, 'ovs_hybrid_plug': False, 'resource_provider_bandwidths': {}, 'resource_provider_hypervisors': {'br-data': 'n-d-812149-4'}, 'resource_provider_inventory_defaults': {'allocation_ratio': 1.0, 'min_unit': 1, 'step_size': 1, 'reserved': 0}, 'resource_provider_packet_processing_inventory_defaults': {'allocation_ratio': 1.0, 'min_unit': 1, 'step_size': 1, 'reserved': 0}, 'resource_provider_packet_processing_with_direction': {}, 'resource_provider_packet_processing_without_direction': {}, 'tunnel_types': [], 'tunneling_ip': None, 'vhostuser_socket_dir': '/var/run/openvswitch'}, 'resource_versions': {'AddressGroup': '1.2', 'ConntrackHelper': '1.0', 'Log': '1.0', 'Network': '1.1', 'Port': '1.7', 'PortForwarding': '1.2', 'QosPolicy': '1.10', 'SecurityGroup': '1.5', 'SecurityGroupRule': '1.2', 'SubPort': '1.0', 'Subnet': '1.1', 'Trunk': '1.1'}} {{(pid=101759) bind_port /opt/stack/neutron/neutron/plugins/ml2/drivers/mech_agent.py:110}}
Nov 03 18:28:19.593087 n-d-812149-4 neutron-server[101759]: DEBUG neutron.plugins.ml2.drivers.mech_agent [None req-86106a26-c6f9-4de5-8c0f-b29b231653fb None None] Checking segment: {'id': '630e1ab7-e0d3-44fb-96f2-5ee4997f4edc', 'network_type': 'flat', 'physical_network': 'physnet1', 'segmentation_id': None, 'network_id': '66ca2c97-9791-4d62-9def-d0ffce65df98'} for mappings: {'physnet1': 'br-data'} with network types: ['local', 'flat', 'vlan'] {{(pid=101759) check_segment_for_agent /opt/stack/neutron/neutron/plugins/ml2/drivers/mech_agent.py:371}}
Nov 03 18:28:19.593516 n-d-812149-4 neutron-server[101759]: DEBUG neutron_lib.callbacks.manager [None req-86106a26-c6f9-4de5-8c0f-b29b231653fb None None] Publish callbacks [] for ovs_bridge_name, before_read {{(pid=101759) _notify_loop /usr/local/lib/python3.8/dist-packages/neutron_lib/callbacks/manager.py:175}}
Nov 03 18:28:19.593925 n-d-812149-4 neutron-server[101759]: DEBUG neutron.plugins.ml2.drivers.mech_agent [None req-86106a26-c6f9-4de5-8c0f-b29b231653fb None None] Bound using segment: {'id': '630e1ab7-e0d3-44fb-96f2-5ee4997f4edc', 'network_type': 'flat', 'physical_network': 'physnet1', 'segmentation_id': None, 'network_id': '66ca2c97-9791-4d62-9def-d0ffce65df98'} {{(pid=101759) bind_port /opt/stack/neutron/neutron/plugins/ml2/drivers/mech_agent.py:120}}
Nov 03 18:28:19.594397 n-d-812149-4 neutron-server[101759]: DEBUG neutron.plugins.ml2.managers [None req-86106a26-c6f9-4de5-8c0f-b29b231653fb None None] Bound port: d0cca578-8068-4c6a-812a-7a581b26524d, host: n-d-812149-4, vif_type: ovs, vif_details: {"connectivity": "l2", "port_filter": true, "ovs_hybrid_plug": false, "datapath_type": "system", "bridge_name": "br-int"}, binding_levels: [{'bound_driver': 'openvswitch', 'bound_segment': {'id': '630e1ab7-e0d3-44fb-96f2-5ee4997f4edc', 'network_type': 'flat', 'physical_network': 'physnet1', 'segmentation_id': None, 'network_id': '66ca2c97-9791-4d62-9def-d0ffce65df98'}}] {{(pid=101759) _bind_port_level /opt/stack/neutron/neutron/plugins/ml2/managers.py:932}}
