Oct 22 14:49:09.288877 n-d-812149-3 neutron-server[107700]: DEBUG neutron_lib.callbacks.manager [req-96eb5deb-7495-456e-ba97-1ce9e7419427 req-ddbd2318-0575-426d-94df-be77c28c9957 service neutron] Publish callbacks ['neutron.plugins.ml2.plugin.SecurityGroupDbMixin._ensure_default_security_group_handler-665547'] for port, before_update {{(pid=107700) _notify_loop /usr/local/lib/python3.8/dist-packages/neutron_lib/callbacks/manager.py:175}}
Oct 22 14:49:09.297220 n-d-812149-3 neutron-server[107699]: DEBUG neutron.plugins.ml2.managers [req-39f4e9fe-dfa1-4211-83da-f08bf4d029b7 req-4277a699-ddb6-465a-b57a-221cfc9140a8 service neutron] Attempting to bind port ee80bec3-4e83-4189-9676-f137248464ce on host n-h2-812149-3 for vnic_type normal with profile None {{(pid=107699) bind_port /opt/stack/neutron/neutron/plugins/ml2/managers.py:795}}
Oct 22 14:49:09.297798 n-d-812149-3 neutron-server[107699]: DEBUG neutron.plugins.ml2.managers [req-39f4e9fe-dfa1-4211-83da-f08bf4d029b7 req-4277a699-ddb6-465a-b57a-221cfc9140a8 service neutron] Attempting to bind port ee80bec3-4e83-4189-9676-f137248464ce by drivers openvswitch,hyperv on host n-h2-812149-3 at level 0 using segments [{'id': '61097969-cf19-4c9b-9ad1-ebd07d997e51', 'network_type': 'vlan', 'physical_network': 'physnet1', 'segmentation_id': 179, 'network_id': '7b9173c2-9b1a-4968-868b-40df4ecb9a68'}] {{(pid=107699) _bind_port_level /opt/stack/neutron/neutron/plugins/ml2/managers.py:820}}
Oct 22 14:49:09.300839 n-d-812149-3 neutron-server[107699]: DEBUG neutron.plugins.ml2.drivers.mech_agent [req-39f4e9fe-dfa1-4211-83da-f08bf4d029b7 req-4277a699-ddb6-465a-b57a-221cfc9140a8 service neutron] Attempting to bind port ee80bec3-4e83-4189-9676-f137248464ce on network 7b9173c2-9b1a-4968-868b-40df4ecb9a68 {{(pid=107699) bind_port /opt/stack/neutron/neutron/plugins/ml2/drivers/mech_agent.py:91}}
Oct 22 14:49:09.303262 n-d-812149-3 neutron-server[107699]: DEBUG neutron.plugins.ml2.drivers.mech_agent [req-39f4e9fe-dfa1-4211-83da-f08bf4d029b7 req-4277a699-ddb6-465a-b57a-221cfc9140a8 service neutron] Port ee80bec3-4e83-4189-9676-f137248464ce on network 7b9173c2-9b1a-4968-868b-40df4ecb9a68 not bound, no agent of type Open vSwitch agent registered on host n-h2-812149-3 {{(pid=107699) bind_port /opt/stack/neutron/neutron/plugins/ml2/drivers/mech_agent.py:103}}
Oct 22 14:49:09.303586 n-d-812149-3 neutron-server[107699]: DEBUG neutron.plugins.ml2.drivers.mech_agent [req-39f4e9fe-dfa1-4211-83da-f08bf4d029b7 req-4277a699-ddb6-465a-b57a-221cfc9140a8 service neutron] Attempting to bind port ee80bec3-4e83-4189-9676-f137248464ce on network 7b9173c2-9b1a-4968-868b-40df4ecb9a68 {{(pid=107699) bind_port /opt/stack/neutron/neutron/plugins/ml2/drivers/mech_agent.py:91}}
Oct 22 14:49:09.309570 n-d-812149-3 neutron-server[107699]: DEBUG neutron.plugins.ml2.drivers.mech_agent [req-39f4e9fe-dfa1-4211-83da-f08bf4d029b7 req-4277a699-ddb6-465a-b57a-221cfc9140a8 service neutron] Checking agent: {'id': 'a3caadec-cbd8-4742-a360-296a85b51fd8', 'agent_type': 'HyperV agent', 'binary': 'neutron-hyperv-agent', 'topic': 'N/A', 'host': 'n-h2-812149-3', 'admin_state_up': True, 'created_at': datetime.datetime(2021, 10, 22, 14, 45, 51), 'started_at': datetime.datetime(2021, 10, 22, 14, 45, 51), 'heartbeat_timestamp': datetime.datetime(2021, 10, 22, 14, 48, 51), 'description': None, 'resources_synced': None, 'availability_zone': None, 'alive': True, 'configurations': {'vswitch_mappings': {'physnet1$': 'br-data'}}, 'resource_versions': {}} {{(pid=107699) bind_port /opt/stack/neutron/neutron/plugins/ml2/drivers/mech_agent.py:110}}
Oct 22 14:49:09.310051 n-d-812149-3 neutron-server[107699]: DEBUG neutron.plugins.ml2.drivers.mech_agent [req-39f4e9fe-dfa1-4211-83da-f08bf4d029b7 req-4277a699-ddb6-465a-b57a-221cfc9140a8 service neutron] Checking segment: {'id': '61097969-cf19-4c9b-9ad1-ebd07d997e51', 'network_type': 'vlan', 'physical_network': 'physnet1', 'segmentation_id': 179, 'network_id': '7b9173c2-9b1a-4968-868b-40df4ecb9a68'} for mappings: {'physnet1$': 'br-data'} with network types: ['local', 'flat', 'vlan'] {{(pid=107699) check_segment_for_agent /opt/stack/neutron/neutron/plugins/ml2/drivers/mech_agent.py:358}}
Oct 22 14:49:09.310442 n-d-812149-3 neutron-server[107699]: DEBUG neutron.plugins.ml2.drivers.mech_agent [req-39f4e9fe-dfa1-4211-83da-f08bf4d029b7 req-4277a699-ddb6-465a-b57a-221cfc9140a8 service neutron] Bound using segment: {'id': '61097969-cf19-4c9b-9ad1-ebd07d997e51', 'network_type': 'vlan', 'physical_network': 'physnet1', 'segmentation_id': 179, 'network_id': '7b9173c2-9b1a-4968-868b-40df4ecb9a68'} {{(pid=107699) bind_port /opt/stack/neutron/neutron/plugins/ml2/drivers/mech_agent.py:120}}
Oct 22 14:49:09.310933 n-d-812149-3 neutron-server[107699]: DEBUG neutron.plugins.ml2.managers [req-39f4e9fe-dfa1-4211-83da-f08bf4d029b7 req-4277a699-ddb6-465a-b57a-221cfc9140a8 service neutron] Bound port: ee80bec3-4e83-4189-9676-f137248464ce, host: n-h2-812149-3, vif_type: hyperv, vif_details: {"connectivity": "legacy", "port_filter": false}, binding_levels: [{'bound_driver': 'hyperv', 'bound_segment': {'id': '61097969-cf19-4c9b-9ad1-ebd07d997e51', 'network_type': 'vlan', 'physical_network': 'physnet1', 'segmentation_id': 179, 'network_id': '7b9173c2-9b1a-4968-868b-40df4ecb9a68'}}] {{(pid=107699) _bind_port_level /opt/stack/neutron/neutron/plugins/ml2/managers.py:933}}
Oct 22 14:49:09.338885 n-d-812149-3 neutron-server[107700]: INFO neutron.wsgi [req-1f33aacd-7964-49d3-b471-88b4503f39b5 req-a7f64447-3d6f-4369-a754-6f949fe078df tempest-ServerDiagnosticsNegativeTest-1643658524 tempest-ServerDiagnosticsNegativeTest-1643658524-project] 10.222.0.57 "GET /v2.0/security-groups?id=39c177dd-18ca-4175-948e-92f2c95f6d01&fields=id&fields=name HTTP/1.1" status: 200 len: 286 time: 0.0675256
Oct 22 14:49:09.402600 n-d-812149-3 neutron-server[107700]: DEBUG neutron.plugins.ml2.db [req-96eb5deb-7495-456e-ba97-1ce9e7419427 req-ddbd2318-0575-426d-94df-be77c28c9957 service neutron] For port 5c033baf-ff02-4220-9227-ead0057842a4, host n-h1-812149-3, cleared binding levels {{(pid=107700) clear_binding_levels /opt/stack/neutron/neutron/plugins/ml2/db.py:87}}
Oct 22 14:49:09.406618 n-d-812149-3 neutron-server[107700]: DEBUG neutron.plugins.ml2.db [req-96eb5deb-7495-456e-ba97-1ce9e7419427 req-ddbd2318-0575-426d-94df-be77c28c9957 service neutron] For port 5c033baf-ff02-4220-9227-ead0057842a4, host n-h1-812149-3, set binding levels [PortBindingLevel(driver='hyperv',host='n-h1-812149-3',level=0,port_id=5c033baf-ff02-4220-9227-ead0057842a4,segment=NetworkSegment(d15a71b5-20af-4886-bb24-3a363a47ee93),segment_id=d15a71b5-20af-4886-bb24-3a363a47ee93)] {{(pid=107700) set_binding_levels /opt/stack/neutron/neutron/plugins/ml2/db.py:59}}
Oct 22 14:49:09.421813 n-d-812149-3 neutron-server[107699]: DEBUG neutron.plugins.ml2.db [req-39f4e9fe-dfa1-4211-83da-f08bf4d029b7 req-4277a699-ddb6-465a-b57a-221cfc9140a8 service neutron] For port ee80bec3-4e83-4189-9676-f137248464ce, host n-h2-812149-3, set binding levels [PortBindingLevel(driver='hyperv',host='n-h2-812149-3',level=0,port_id=ee80bec3-4e83-4189-9676-f137248464ce,segment=NetworkSegment(61097969-cf19-4c9b-9ad1-ebd07d997e51),segment_id=61097969-cf19-4c9b-9ad1-ebd07d997e51)] {{(pid=107699) set_binding_levels /opt/stack/neutron/neutron/plugins/ml2/db.py:59}}
Oct 22 14:49:09.500300 n-d-812149-3 neutron-server[107700]: DEBUG neutron_lib.callbacks.manager [req-96eb5deb-7495-456e-ba97-1ce9e7419427 req-ddbd2318-0575-426d-94df-be77c28c9957 service neutron] Publish callbacks ['neutron.plugins.ml2.plugin.SecurityGroupServerNotifierRpcMixin._notify_sg_on_port_change-663618', 'neutron.plugins.ml2.ovo_rpc._ObjectChangeHandler.handle_event-253164', 'neutron.api.rpc.agentnotifiers.dhcp_rpc_agent_api.DhcpAgentNotifyAPI._native_event_send_dhcp_notification-1799455', 'neutron.db.l3_db.L3RpcNotifierMixin._notify_gateway_port_ip_changed-8757852523493', 'neutron.db.l3_dvrscheduler_db._notify_l3_agent_port_update-8757852110538', 'neutron.db.l3_hascheduler_db._notify_l3_agent_ha_port_update-8757852110556', 'neutron.services.segments.plugin.NovaSegmentNotifier._notify_port_updated-8676401'] for port, after_update {{(pid=107700) _notify_loop /usr/local/lib/python3.8/dist-packages/neutron_lib/callbacks/manager.py:175}}
Oct 22 14:49:09.526429 n-d-812149-3 neutron-server[107699]: DEBUG neutron_lib.callbacks.manager [req-39f4e9fe-dfa1-4211-83da-f08bf4d029b7 req-4277a699-ddb6-465a-b57a-221cfc9140a8 service neutron] Publish callbacks [] for binding, before_response {{(pid=107699) _notify_loop /usr/local/lib/python3.8/dist-packages/neutron_lib/callbacks/manager.py:175}}
Oct 22 14:49:09.531813 n-d-812149-3 neutron-server[107699]: INFO neutron.wsgi [req-39f4e9fe-dfa1-4211-83da-f08bf4d029b7 req-4277a699-ddb6-465a-b57a-221cfc9140a8 service neutron] 10.222.0.57 "POST /v2.0/ports/ee80bec3-4e83-4189-9676-f137248464ce/bindings HTTP/1.1" status: 201 len: 389 time: 0.6566987
Oct 22 14:49:09.765179 n-d-812149-3 neutron-server[107700]: DEBUG neutron.pecan_wsgi.hooks.policy_enforcement [req-96eb5deb-7495-456e-ba97-1ce9e7419427 req-ddbd2318-0575-426d-94df-be77c28c9957 service neutron] Attributes excluded by policy engine: ['standard_attr_id'] {{(pid=107700) _exclude_attributes_by_policy /opt/stack/neutron/neutron/pecan_wsgi/hooks/policy_enforcement.py:255}}
Oct 22 14:49:09.765694 n-d-812149-3 neutron-server[107700]: DEBUG neutron_lib.callbacks.manager [req-96eb5deb-7495-456e-ba97-1ce9e7419427 req-ddbd2318-0575-426d-94df-be77c28c9957 service neutron] Publish callbacks ['neutron.notifiers.nova.Notifier._send_nova_notification-59668'] for port, before_response {{(pid=107700) _notify_loop /usr/local/lib/python3.8/dist-packages/neutron_lib/callbacks/manager.py:175}}
Oct 22 14:49:09.767268 n-d-812149-3 neutron-server[107700]: INFO neutron.wsgi [req-96eb5deb-7495-456e-ba97-1ce9e7419427 req-ddbd2318-0575-426d-94df-be77c28c9957 service neutron] 10.222.0.36 "PUT /v2.0/ports/5c033baf-ff02-4220-9227-ead0057842a4 HTTP/1.1" status: 200 len: 1096 time: 1.2736392
Oct 22 14:49:09.796933 n-d-812149-3 neutron-server[107700]: DEBUG neutron.pecan_wsgi.hooks.policy_enforcement [req-def61db6-f310-4f0d-9481-9f2d76be9007 req-93920a2d-1453-4367-85f3-ab934bc9013d tempest-ServersWithSpecificFlavorTestJSON-1808782238 tempest-ServersWithSpecificFlavorTestJSON-1808782238-project] Attributes excluded by policy engine: ['standard_attr_id', 'binding:profile', 'binding:host_id', 'binding:vif_type', 'binding:vif_details'] {{(pid=107700) _exclude_attributes_by_policy /opt/stack/neutron/neutron/pecan_wsgi/hooks/policy_enforcement.py:255}}
Oct 22 14:49:09.798453 n-d-812149-3 neutron-server[107700]: INFO neutron.wsgi [req-def61db6-f310-4f0d-9481-9f2d76be9007 req-93920a2d-1453-4367-85f3-ab934bc9013d tempest-ServersWithSpecificFlavorTestJSON-1808782238 tempest-ServersWithSpecificFlavorTestJSON-1808782238-project] 10.222.0.57 "GET /v2.0/ports?device_id=fa1a5402-4c2b-4c2b-9361-6343763f8b83 HTTP/1.1" status: 200 len: 967 time: 0.3114834
Oct 22 14:49:09.821246 n-d-812149-3 neutron-server[107700]: DEBUG neutron.api.rpc.handlers.resources_rpc [None req-ddbd2318-0575-426d-94df-be77c28c9957 service neutron] Pushing event updated for resources: {'Port': ['ID=5c033baf-ff02-4220-9227-ead0057842a4,revision_number=3']} {{(pid=107700) push /opt/stack/neutron/neutron/api/rpc/handlers/resources_rpc.py:237}}
Oct 22 14:49:09.853989 n-d-812149-3 neutron-server[107700]: INFO neutron.wsgi [req-def61db6-f310-4f0d-9481-9f2d76be9007 req-534409a9-3a9a-43e3-ae84-2b203f819609 tempest-ServersWithSpecificFlavorTestJSON-1808782238 tempest-ServersWithSpecificFlavorTestJSON-1808782238-project] 10.222.0.57 "GET /v2.0/security-groups?id=9445a067-6cd5-448e-9e31-c9d04f48c511&fields=id&fields=name HTTP/1.1" status: 200 len: 312 time: 0.0445750
Oct 22 14:49:09.962011 n-d-812149-3 neutron-server[107700]: DEBUG neutron.pecan_wsgi.hooks.policy_enforcement [req-a7461dcf-6dbd-4f9a-a9a3-97c230d81cf9 req-7cdf2342-2a0a-4ea1-b9d9-fa5d44990d40 tempest-DeleteServersAdminTestJSON-1794231550 tempest-DeleteServersAdminTestJSON-1794231550-project] Attributes excluded by policy engine: ['standard_attr_id', 'binding:profile', 'binding:host_id', 'binding:vif_type', 'binding:vif_details'] {{(pid=107700) _exclude_attributes_by_policy /opt/stack/neutron/neutron/pecan_wsgi/hooks/policy_enforcement.py:255}}
Oct 22 14:49:09.964155 n-d-812149-3 neutron-server[107700]: INFO neutron.wsgi [req-a7461dcf-6dbd-4f9a-a9a3-97c230d81cf9 req-7cdf2342-2a0a-4ea1-b9d9-fa5d44990d40 tempest-DeleteServersAdminTestJSON-1794231550 tempest-DeleteServersAdminTestJSON-1794231550-project] 10.222.0.57 "GET /v2.0/ports?device_id=8a5bc2fc-f4cc-40b2-829f-f7eaf514d7ff HTTP/1.1" status: 200 len: 948 time: 0.0510440
Oct 22 14:49:10.034846 n-d-812149-3 neutron-server[107700]: INFO neutron.wsgi [req-a7461dcf-6dbd-4f9a-a9a3-97c230d81cf9 req-4a5de9e7-ea86-48cf-bbfd-27a5c42d47db tempest-DeleteServersAdminTestJSON-1794231550 tempest-DeleteServersAdminTestJSON-1794231550-project] 10.222.0.57 "GET /v2.0/security-groups?id=4ed3b4b3-bd36-4458-9992-5cbfbb64842a&fields=id&fields=name HTTP/1.1" status: 200 len: 286 time: 0.0605357
Oct 22 14:49:10.047584 n-d-812149-3 neutron-server[107700]: DEBUG neutron.pecan_wsgi.hooks.policy_enforcement [req-96eb5deb-7495-456e-ba97-1ce9e7419427 req-beb03235-e6a4-4c13-9124-8c18123cb956 service neutron] Attributes excluded by policy engine: ['standard_attr_id'] {{(pid=107700) _exclude_attributes_by_policy /opt/stack/neutron/neutron/pecan_wsgi/hooks/policy_enforcement.py:255}}
Oct 22 14:49:10.050216 n-d-812149-3 neutron-server[107700]: INFO neutron.wsgi [req-96eb5deb-7495-456e-ba97-1ce9e7419427 req-beb03235-e6a4-4c13-9124-8c18123cb956 service neutron] 10.222.0.36 "GET /v2.0/ports?tenant_id=7f58459a5bb04575955afcc6b81922f0&device_id=8a5bc2fc-f4cc-40b2-829f-f7eaf514d7ff HTTP/1.1" status: 200 len: 1099 time: 0.0671747
Oct 22 14:49:10.057371 n-d-812149-3 neutron-server[107700]: DEBUG neutron.notifiers.nova [-] Sending events: [{'name': 'network-changed', 'server_uuid': '8a5bc2fc-f4cc-40b2-829f-f7eaf514d7ff', 'tag': '5c033baf-ff02-4220-9227-ead0057842a4'}] {{(pid=107700) send_events /opt/stack/neutron/neutron/notifiers/nova.py:262}}
Oct 22 14:49:10.060848 n-d-812149-3 neutron-server[107700]: DEBUG novaclient.v2.client [-] REQ: curl -g -i --cacert "/opt/stack/data/ca-bundle.pem" -X POST http://10.222.0.57/compute/v2.1/os-server-external-events -H "Accept: application/json" -H "Content-Type: application/json" -H "User-Agent: python-novaclient" -H "X-Auth-Token: {SHA256}42abde8134be6ce03bf1071c2a9309d9cbfd9146c1470de39a3d34f3a41b216d" -H "X-OpenStack-Nova-API-Version: 2.1" -H "X-OpenStack-Request-ID: req-d42cd12a-3dba-4487-8af0-86356f535b6b" -d '{"events": [{"name": "network-changed", "server_uuid": "8a5bc2fc-f4cc-40b2-829f-f7eaf514d7ff", "tag": "5c033baf-ff02-4220-9227-ead0057842a4"}]}' {{(pid=107700) _http_log_request /usr/local/lib/python3.8/dist-packages/keystoneauth1/session.py:519}}
Oct 22 14:49:10.120413 n-d-812149-3 neutron-server[107700]: INFO neutron.wsgi [req-96eb5deb-7495-456e-ba97-1ce9e7419427 req-91f2369c-0169-4ee1-be9b-2e71d0adadcd service neutron] 10.222.0.36 "GET /v2.0/floatingips?fixed_ip_address=192.168.233.169&port_id=5c033baf-ff02-4220-9227-ead0057842a4 HTTP/1.1" status: 200 len: 217 time: 0.0459969
Oct 22 14:49:10.193034 n-d-812149-3 neutron-server[107700]: DEBUG neutron.pecan_wsgi.hooks.policy_enforcement [req-96eb5deb-7495-456e-ba97-1ce9e7419427 req-05ee1e3f-2686-4c36-8652-da06883c3496 service neutron] Attributes excluded by policy engine: ['standard_attr_id', 'shared', 'segment_id'] {{(pid=107700) _exclude_attributes_by_policy /opt/stack/neutron/neutron/pecan_wsgi/hooks/policy_enforcement.py:255}}
Oct 22 14:49:10.194862 n-d-812149-3 neutron-server[107700]: INFO neutron.wsgi [req-96eb5deb-7495-456e-ba97-1ce9e7419427 req-05ee1e3f-2686-4c36-8652-da06883c3496 service neutron] 10.222.0.36 "GET /v2.0/subnets?id=fd05f735-e595-4159-84f8-1d6535f06716 HTTP/1.1" status: 200 len: 843 time: 0.0565281
Oct 22 14:49:10.231388 n-d-812149-3 neutron-server[107699]: DEBUG neutron.pecan_wsgi.hooks.policy_enforcement [req-45608356-f901-4e11-bf2f-465ce5c3f8d5 req-47cb9163-1065-4ec6-9f85-381123943b87 tempest-ServersWithSpecificFlavorTestJSON-1808782238 tempest-ServersWithSpecificFlavorTestJSON-1808782238-project] Attributes excluded by policy engine: ['standard_attr_id', 'binding:profile', 'binding:host_id', 'binding:vif_type', 'binding:vif_details'] {{(pid=107699) _exclude_attributes_by_policy /opt/stack/neutron/neutron/pecan_wsgi/hooks/policy_enforcement.py:255}}
Oct 22 14:49:10.241332 n-d-812149-3 neutron-server[107700]: DEBUG neutron.wsgi [-] (107700) accepted ('10.222.0.57', 54404) {{(pid=107700) server /usr/local/lib/python3.8/dist-packages/eventlet/wsgi.py:982}}
Oct 22 14:49:10.243431 n-d-812149-3 neutron-server[107699]: INFO neutron.wsgi [req-45608356-f901-4e11-bf2f-465ce5c3f8d5 req-47cb9163-1065-4ec6-9f85-381123943b87 tempest-ServersWithSpecificFlavorTestJSON-1808782238 tempest-ServersWithSpecificFlavorTestJSON-1808782238-project] 10.222.0.57 "GET /v2.0/ports?device_id=fa1a5402-4c2b-4c2b-9361-6343763f8b83 HTTP/1.1" status: 200 len: 967 time: 0.0700793
Oct 22 14:49:10.265457 n-d-812149-3 neutron-server[107700]: DEBUG neutron.api.v2.base [None req-bd730e47-0afe-42b9-9759-66774c8caa68 tempest-ServersWithSpecificFlavorTestJSON-1808782238 tempest-ServersWithSpecificFlavorTestJSON-1808782238-project] Request body: {'floatingip': {'port_id': 'db33eb25-4e36-4289-8d11-dfb660ebae60'}} {{(pid=107700) prepare_request_body /opt/stack/neutron/neutron/api/v2/base.py:729}}
Oct 22 14:49:10.330546 n-d-812149-3 neutron-server[107699]: DEBUG neutron.pecan_wsgi.hooks.policy_enforcement [req-5925fbea-ff0d-4a59-9d81-9997faa495f2 req-a4b8fb79-ed6b-4516-a681-6e0e9b178bc1 tempest-LiveAutoBlockMigrationV225Test-290067789 tempest-LiveAutoBlockMigrationV225Test-290067789-project] Attributes excluded by policy engine: ['standard_attr_id', 'binding:profile', 'binding:host_id', 'binding:vif_type', 'binding:vif_details'] {{(pid=107699) _exclude_attributes_by_policy /opt/stack/neutron/neutron/pecan_wsgi/hooks/policy_enforcement.py:255}}
Oct 22 14:49:10.332068 n-d-812149-3 neutron-server[107699]: INFO neutron.wsgi [req-5925fbea-ff0d-4a59-9d81-9997faa495f2 req-a4b8fb79-ed6b-4516-a681-6e0e9b178bc1 tempest-LiveAutoBlockMigrationV225Test-290067789 tempest-LiveAutoBlockMigrationV225Test-290067789-project] 10.222.0.57 "GET /v2.0/ports?device_id=e1832070-dd97-4409-93de-5eee1de0a4ab HTTP/1.1" status: 200 len: 945 time: 0.0491083
Oct 22 14:49:10.338124 n-d-812149-3 neutron-server[107700]: DEBUG neutron.api.v2.base [req-a315d9d2-f651-40af-9f96-560fb9a88f82 req-b0049497-beb6-4f35-9422-c0e25f097bbc tempest-SecurityGroupsTestAdminJSON-1685614885 tempest-SecurityGroupsTestAdminJSON-1685614885-project] Request body: {'security_group': {'name': 'tempest-securitygroup-219576863', 'description': 'tempest-description-149205515'}} {{(pid=107700) prepare_request_body /opt/stack/neutron/neutron/api/v2/base.py:729}}
Oct 22 14:49:10.356356 n-d-812149-3 neutron-server[107700]: DEBUG neutron_lib.callbacks.manager [None req-bd730e47-0afe-42b9-9759-66774c8caa68 tempest-ServersWithSpecificFlavorTestJSON-1808782238 tempest-ServersWithSpecificFlavorTestJSON-1808782238-project] Publish callbacks [] for floatingip, before_update {{(pid=107700) _notify_loop /usr/local/lib/python3.8/dist-packages/neutron_lib/callbacks/manager.py:175}}
Oct 22 14:49:10.363881 n-d-812149-3 neutron-server[107701]: DEBUG neutron.plugins.ml2.rpc [None req-25570081-445b-406b-9c2a-69bda645b51c None None] Device 8874d7d9-f8b6-4144-9469-dc89a493ee57 up at agent hyperv_n-h2-812149-3 {{(pid=107701) update_device_up /opt/stack/neutron/neutron/plugins/ml2/rpc.py:296}}
Oct 22 14:49:10.377365 n-d-812149-3 neutron-server[107699]: INFO neutron.wsgi [req-5925fbea-ff0d-4a59-9d81-9997faa495f2 req-920fc511-b691-4b8a-ab0e-1d07138f433b tempest-LiveAutoBlockMigrationV225Test-290067789 tempest-LiveAutoBlockMigrationV225Test-290067789-project] 10.222.0.57 "GET /v2.0/security-groups?id=7af5ee43-20a2-42f8-98d5-e2baf75d36ff&fields=id&fields=name HTTP/1.1" status: 200 len: 286 time: 0.0379043
Oct 22 14:49:10.409283 n-d-812149-3 neutron-server[107700]: DEBUG neutron.pecan_wsgi.hooks.policy_enforcement [req-96eb5deb-7495-456e-ba97-1ce9e7419427 req-b39cdbca-a319-451b-b28a-9ccd3b881394 service neutron] Attributes excluded by policy engine: ['standard_attr_id'] {{(pid=107700) _exclude_attributes_by_policy /opt/stack/neutron/neutron/pecan_wsgi/hooks/policy_enforcement.py:255}}
Oct 22 14:49:10.411548 n-d-812149-3 neutron-server[107700]: INFO neutron.wsgi [req-96eb5deb-7495-456e-ba97-1ce9e7419427 req-b39cdbca-a319-451b-b28a-9ccd3b881394 service neutron] 10.222.0.36 "GET /v2.0/ports?network_id=757271c9-0de8-4cca-adc6-4b92515bbdc9&device_owner=network%3Adhcp HTTP/1.1" status: 200 len: 1166 time: 0.1812248
Oct 22 14:49:10.450367 n-d-812149-3 neutron-server[107700]: DEBUG novaclient.v2.client [-] RESP: [200] Connection: close Content-Length: 179 Content-Type: application/json Date: Fri, 22 Oct 2021 14:49:10 GMT OpenStack-API-Version: compute 2.1 Server: Apache/2.4.41 (Ubuntu) Vary: OpenStack-API-Version,X-OpenStack-Nova-API-Version X-OpenStack-Nova-API-Version: 2.1 x-compute-request-id: req-9e976822-933f-44e8-9ce5-5708601e0112 x-openstack-request-id: req-9e976822-933f-44e8-9ce5-5708601e0112 {{(pid=107700) _http_log_response /usr/local/lib/python3.8/dist-packages/keystoneauth1/session.py:550}}
Oct 22 14:49:10.450656 n-d-812149-3 neutron-server[107700]: DEBUG novaclient.v2.client [-] RESP BODY: {"events": [{"name": "network-changed", "server_uuid": "8a5bc2fc-f4cc-40b2-829f-f7eaf514d7ff", "tag": "5c033baf-ff02-4220-9227-ead0057842a4", "status": "completed", "code": 200}]} {{(pid=107700) _http_log_response /usr/local/lib/python3.8/dist-packages/keystoneauth1/session.py:582}}
Oct 22 14:49:10.451493 n-d-812149-3 neutron-server[107700]: DEBUG novaclient.v2.client [-] POST call to compute for http://10.222.0.57/compute/v2.1/os-server-external-events used request id req-9e976822-933f-44e8-9ce5-5708601e0112 {{(pid=107700) request /usr/local/lib/python3.8/dist-packages/keystoneauth1/session.py:954}}
Oct 22 14:49:10.451879 n-d-812149-3 neutron-server[107700]: INFO neutron.notifiers.nova [-] Nova event response: {'name': 'network-changed', 'server_uuid': '8a5bc2fc-f4cc-40b2-829f-f7eaf514d7ff', 'tag': '5c033baf-ff02-4220-9227-ead0057842a4', 'status': 'completed', 'code': 200}
Oct 22 14:49:10.559979 n-d-812149-3 neutron-server[107701]: DEBUG neutron.db.provisioning_blocks [None req-25570081-445b-406b-9c2a-69bda645b51c None None] Provisioning for port 8874d7d9-f8b6-4144-9469-dc89a493ee57 completed by entity L2. {{(pid=107701) provisioning_complete /opt/stack/neutron/neutron/db/provisioning_blocks.py:133}}
Oct 22 14:49:10.564784 n-d-812149-3 neutron-server[107701]: DEBUG neutron.db.provisioning_blocks [None req-25570081-445b-406b-9c2a-69bda645b51c None None] Provisioning complete for port 8874d7d9-f8b6-4144-9469-dc89a493ee57 triggered by entity L2. {{(pid=107701) provisioning_complete /opt/stack/neutron/neutron/db/provisioning_blocks.py:139}}
Oct 22 14:49:10.565602 n-d-812149-3 neutron-server[107701]: DEBUG neutron_lib.callbacks.manager [None req-25570081-445b-406b-9c2a-69bda645b51c None None] Publish callbacks ['neutron.plugins.ml2.plugin.Ml2Plugin._port_provisioned-696642'] for port, provisioning_complete {{(pid=107701) _notify_loop /usr/local/lib/python3.8/dist-packages/neutron_lib/callbacks/manager.py:175}}
Oct 22 14:49:10.581579 n-d-812149-3 neutron-server[107700]: DEBUG neutron.pecan_wsgi.hooks.policy_enforcement [req-39f4e9fe-dfa1-4211-83da-f08bf4d029b7 req-e2e7eea5-498f-470d-aa2d-e3a37b906702 service neutron] Attributes excluded by policy engine: ['standard_attr_id'] {{(pid=107700) _exclude_attributes_by_policy /opt/stack/neutron/neutron/pecan_wsgi/hooks/policy_enforcement.py:255}}
Oct 22 14:49:10.583110 n-d-812149-3 neutron-server[107700]: INFO neutron.wsgi [req-39f4e9fe-dfa1-4211-83da-f08bf4d029b7 req-e2e7eea5-498f-470d-aa2d-e3a37b906702 service neutron] 10.222.0.39 "GET /v2.0/ports?tenant_id=611350f82fa6422d8ed756d7807c1e2e&device_id=e1832070-dd97-4409-93de-5eee1de0a4ab HTTP/1.1" status: 200 len: 1096 time: 0.1851499
Oct 22 14:49:10.652876 n-d-812149-3 neutron-server[107700]: DEBUG neutron_lib.callbacks.manager [req-a315d9d2-f651-40af-9f96-560fb9a88f82 req-b0049497-beb6-4f35-9422-c0e25f097bbc tempest-SecurityGroupsTestAdminJSON-1685614885 tempest-SecurityGroupsTestAdminJSON-1685614885-project] Publish callbacks [] for security_group, before_create {{(pid=107700) _notify_loop /usr/local/lib/python3.8/dist-packages/neutron_lib/callbacks/manager.py:175}}
Oct 22 14:49:10.696444 n-d-812149-3 neutron-server[107700]: DEBUG neutron_lib.callbacks.manager [req-a315d9d2-f651-40af-9f96-560fb9a88f82 req-b0049497-beb6-4f35-9422-c0e25f097bbc tempest-SecurityGroupsTestAdminJSON-1685614885 tempest-SecurityGroupsTestAdminJSON-1685614885-project] Publish callbacks [] for security_group, before_create {{(pid=107700) _notify_loop /usr/local/lib/python3.8/dist-packages/neutron_lib/callbacks/manager.py:175}}
Oct 22 14:49:10.707348 n-d-812149-3 neutron-server[107700]: INFO neutron.wsgi [req-96eb5deb-7495-456e-ba97-1ce9e7419427 req-1ed06600-3be2-494f-a993-f0f84e394e15 service neutron] 10.222.0.36 "GET /v2.0/networks/757271c9-0de8-4cca-adc6-4b92515bbdc9?fields=segments HTTP/1.1" status: 200 len: 212 time: 0.2781477
Oct 22 14:49:10.708419 n-d-812149-3 neutron-server[107699]: DEBUG neutron.pecan_wsgi.hooks.policy_enforcement [req-b098ee7a-915c-4994-b3fa-c01d2ecf8856 req-4dd0fbb5-128a-4a0d-b762-12d055be7bcf tempest-ServerDiagnosticsNegativeTest-1643658524 tempest-ServerDiagnosticsNegativeTest-1643658524-project] Attributes excluded by policy engine: ['standard_attr_id', 'binding:profile', 'binding:host_id', 'binding:vif_type', 'binding:vif_details'] {{(pid=107699) _exclude_attributes_by_policy /opt/stack/neutron/neutron/pecan_wsgi/hooks/policy_enforcement.py:255}}
Oct 22 14:49:10.710156 n-d-812149-3 neutron-server[107699]: INFO neutron.wsgi [req-b098ee7a-915c-4994-b3fa-c01d2ecf8856 req-4dd0fbb5-128a-4a0d-b762-12d055be7bcf tempest-ServerDiagnosticsNegativeTest-1643658524 tempest-ServerDiagnosticsNegativeTest-1643658524-project] 10.222.0.57 "GET /v2.0/ports?device_id=75571c58-824b-4829-b224-a7c0547e60ae HTTP/1.1" status: 200 len: 949 time: 0.0538905
Oct 22 14:49:10.755788 n-d-812149-3 neutron-server[107699]: INFO neutron.wsgi [req-b098ee7a-915c-4994-b3fa-c01d2ecf8856 req-298f0bca-62b4-4282-a3ba-b125f0be6ced tempest-ServerDiagnosticsNegativeTest-1643658524 tempest-ServerDiagnosticsNegativeTest-1643658524-project] 10.222.0.57 "GET /v2.0/security-groups?id=39c177dd-18ca-4175-948e-92f2c95f6d01&fields=id&fields=name HTTP/1.1" status: 200 len: 286 time: 0.0388958
Oct 22 14:49:10.791882 n-d-812149-3 neutron-server[107701]: DEBUG neutron_lib.callbacks.manager [None req-25570081-445b-406b-9c2a-69bda645b51c None None] Publish callbacks ['neutron.plugins.ml2.plugin.SecurityGroupDbMixin._ensure_default_security_group_handler-665547'] for port, before_update {{(pid=107701) _notify_loop /usr/local/lib/python3.8/dist-packages/neutron_lib/callbacks/manager.py:175}}
Oct 22 14:49:10.820768 n-d-812149-3 neutron-server[107701]: DEBUG neutron.notifiers.nova [-] Sending events: [{'server_uuid': '75571c58-824b-4829-b224-a7c0547e60ae', 'name': 'network-vif-plugged', 'status': 'completed', 'tag': '8874d7d9-f8b6-4144-9469-dc89a493ee57'}] {{(pid=107701) send_events /opt/stack/neutron/neutron/notifiers/nova.py:262}}
Oct 22 14:49:10.824138 n-d-812149-3 neutron-server[107701]: DEBUG novaclient.v2.client [-] REQ: curl -g -i --cacert "/opt/stack/data/ca-bundle.pem" -X POST http://10.222.0.57/compute/v2.1/os-server-external-events -H "Accept: application/json" -H "Content-Type: application/json" -H "User-Agent: python-novaclient" -H "X-Auth-Token: {SHA256}f6c9e6861b13b268704bf003b1f519f9ad87750a83ba450a675d891b22c316ec" -H "X-OpenStack-Nova-API-Version: 2.1" -H "X-OpenStack-Request-ID: req-13a23a32-53e1-4a75-8eb2-585fb2237b92" -d '{"events": [{"server_uuid": "75571c58-824b-4829-b224-a7c0547e60ae", "name": "network-vif-plugged", "status": "completed", "tag": "8874d7d9-f8b6-4144-9469-dc89a493ee57"}]}' {{(pid=107701) _http_log_request /usr/local/lib/python3.8/dist-packages/keystoneauth1/session.py:519}}
Oct 22 14:49:10.838289 n-d-812149-3 neutron-server[107701]: DEBUG neutron.plugins.ml2.db [None req-25570081-445b-406b-9c2a-69bda645b51c None None] For port 8874d7d9-f8b6-4144-9469-dc89a493ee57, host n-h2-812149-3, got binding levels [PortBindingLevel(driver='hyperv',host='n-h2-812149-3',level=0,port_id=8874d7d9-f8b6-4144-9469-dc89a493ee57,segment=NetworkSegment(d15a71b5-20af-4886-bb24-3a363a47ee93),segment_id=d15a71b5-20af-4886-bb24-3a363a47ee93)] {{(pid=107701) get_binding_level_objs /opt/stack/neutron/neutron/plugins/ml2/db.py:74}}
Oct 22 14:49:10.895673 n-d-812149-3 neutron-server[107701]: DEBUG novaclient.v2.client [-] RESP: [200] Connection: close Content-Length: 183 Content-Type: application/json Date: Fri, 22 Oct 2021 14:49:10 GMT OpenStack-API-Version: compute 2.1 Server: Apache/2.4.41 (Ubuntu) Vary: OpenStack-API-Version,X-OpenStack-Nova-API-Version X-OpenStack-Nova-API-Version: 2.1 x-compute-request-id: req-e4d1f279-6e28-4401-a578-69792b6bffcd x-openstack-request-id: req-e4d1f279-6e28-4401-a578-69792b6bffcd {{(pid=107701) _http_log_response /usr/local/lib/python3.8/dist-packages/keystoneauth1/session.py:550}}
Oct 22 14:49:10.895984 n-d-812149-3 neutron-server[107701]: DEBUG novaclient.v2.client [-] RESP BODY: {"events": [{"server_uuid": "75571c58-824b-4829-b224-a7c0547e60ae", "name": "network-vif-plugged", "status": "completed", "tag": "8874d7d9-f8b6-4144-9469-dc89a493ee57", "code": 200}]} {{(pid=107701) _http_log_response /usr/local/lib/python3.8/dist-packages/keystoneauth1/session.py:582}}
Oct 22 14:49:10.896859 n-d-812149-3 neutron-server[107701]: DEBUG novaclient.v2.client [-] POST call to compute for http://10.222.0.57/compute/v2.1/os-server-external-events used request id req-e4d1f279-6e28-4401-a578-69792b6bffcd {{(pid=107701) request /usr/local/lib/python3.8/dist-packages/keystoneauth1/session.py:954}}
Oct 22 14:49:10.896859 n-d-812149-3 neutron-server[107701]: INFO neutron.notifiers.nova [-] Nova event response: {'server_uuid': '75571c58-824b-4829-b224-a7c0547e60ae', 'name': 'network-vif-plugged', 'status': 'completed', 'tag': '8874d7d9-f8b6-4144-9469-dc89a493ee57', 'code': 200}
Oct 22 14:49:10.943278 n-d-812149-3 neutron-server[107701]: DEBUG neutron_lib.callbacks.manager [None req-25570081-445b-406b-9c2a-69bda645b51c None None] Publish callbacks ['neutron.plugins.ml2.plugin.SecurityGroupServerNotifierRpcMixin._notify_sg_on_port_change-663618', 'neutron.plugins.ml2.ovo_rpc._ObjectChangeHandler.handle_event-253164', 'neutron.api.rpc.agentnotifiers.dhcp_rpc_agent_api.DhcpAgentNotifyAPI._native_event_send_dhcp_notification-1799455', 'neutron.db.l3_db.L3RpcNotifierMixin._notify_gateway_port_ip_changed-8757852523493', 'neutron.db.l3_dvrscheduler_db._notify_l3_agent_port_update-8757852110538', 'neutron.db.l3_hascheduler_db._notify_l3_agent_ha_port_update-8757852110556'] for port, after_update {{(pid=107701) _notify_loop /usr/local/lib/python3.8/dist-packages/neutron_lib/callbacks/manager.py:175}}
Oct 22 14:49:10.944499 n-d-812149-3 neutron-server[107701]: DEBUG neutron.plugins.ml2.rpc [None req-25570081-445b-406b-9c2a-69bda645b51c None None] Device 4a49473f-1480-4dab-a55c-d90005daddab no longer exists at agent hyperv_n-h2-812149-3 {{(pid=107701) update_device_down /opt/stack/neutron/neutron/plugins/ml2/rpc.py:259}}
Oct 22 14:49:10.984825 n-d-812149-3 neutron-server[107700]: INFO neutron.wsgi [req-96eb5deb-7495-456e-ba97-1ce9e7419427 req-28ab9d6a-e917-434b-b957-3287bbbf9d19 service neutron] 10.222.0.36 "GET /v2.0/networks/757271c9-0de8-4cca-adc6-4b92515bbdc9?fields=provider%3Aphysical_network&fields=provider%3Anetwork_type HTTP/1.1" status: 200 len: 281 time: 0.2413614
Oct 22 14:49:10.996575 n-d-812149-3 neutron-server[107701]: DEBUG neutron.plugins.ml2.plugin [None req-25570081-445b-406b-9c2a-69bda645b51c None None] No Port match for: 4a49473f-1480-4dab-a55c-d90005daddab {{(pid=107701) port_bound_to_host /opt/stack/neutron/neutron/plugins/ml2/plugin.py:2268}}
Oct 22 14:49:10.998241 n-d-812149-3 neutron-server[107701]: DEBUG neutron.plugins.ml2.rpc [None req-25570081-445b-406b-9c2a-69bda645b51c None None] Device 4a49473f-1480-4dab-a55c-d90005daddab not bound to the agent host n-h2-812149-3 {{(pid=107701) update_device_down /opt/stack/neutron/neutron/plugins/ml2/rpc.py:269}}
Oct 22 14:49:11.007434 n-d-812149-3 neutron-server[107699]: DEBUG neutron.pecan_wsgi.hooks.policy_enforcement [req-96ed8e67-e504-4791-ae63-68da3ad66f9d req-97d38a50-e9bd-48b3-8f03-b8c0cb74e229 service neutron] Attributes excluded by policy engine: ['standard_attr_id'] {{(pid=107699) _exclude_attributes_by_policy /opt/stack/neutron/neutron/pecan_wsgi/hooks/policy_enforcement.py:255}}
Oct 22 14:49:11.008935 n-d-812149-3 neutron-server[107699]: INFO neutron.wsgi [req-96ed8e67-e504-4791-ae63-68da3ad66f9d req-97d38a50-e9bd-48b3-8f03-b8c0cb74e229 service neutron] 10.222.0.39 "GET /v2.0/ports?device_id=75571c58-824b-4829-b224-a7c0547e60ae HTTP/1.1" status: 200 len: 1101 time: 0.0545244
Oct 22 14:49:11.060485 n-d-812149-3 neutron-server[107701]: DEBUG neutron.api.rpc.handlers.resources_rpc [None req-25570081-445b-406b-9c2a-69bda645b51c None None] Pushing event updated for resources: {'Port': ['ID=8874d7d9-f8b6-4144-9469-dc89a493ee57,revision_number=5']} {{(pid=107701) push /opt/stack/neutron/neutron/api/rpc/handlers/resources_rpc.py:237}}
Oct 22 14:49:11.096838 n-d-812149-3 neutron-server[107699]: INFO neutron.wsgi [req-96ed8e67-e504-4791-ae63-68da3ad66f9d req-834692d8-3466-4b22-81da-e9323949cfae service neutron] 10.222.0.39 "GET /v2.0/security-groups?id=39c177dd-18ca-4175-948e-92f2c95f6d01&fields=id&fields=name HTTP/1.1" status: 200 len: 286 time: 0.0793476
Oct 22 14:49:11.157076 n-d-812149-3 neutron-server[107700]: DEBUG neutron.pecan_wsgi.hooks.policy_enforcement [req-39f4e9fe-dfa1-4211-83da-f08bf4d029b7 req-87fa66a0-8a20-43ec-8b10-fe5357e05899 service neutron] Attributes excluded by policy engine: ['standard_attr_id', 'vlan_transparent'] {{(pid=107700) _exclude_attributes_by_policy /opt/stack/neutron/neutron/pecan_wsgi/hooks/policy_enforcement.py:255}}
Oct 22 14:49:11.158548 n-d-812149-3 neutron-server[107700]: INFO neutron.wsgi [req-39f4e9fe-dfa1-4211-83da-f08bf4d029b7 req-87fa66a0-8a20-43ec-8b10-fe5357e05899 service neutron] 10.222.0.39 "GET /v2.0/networks?id=7b9173c2-9b1a-4968-868b-40df4ecb9a68 HTTP/1.1" status: 200 len: 922 time: 0.4989858
Oct 22 14:49:11.182142 n-d-812149-3 neutron-server[107699]: DEBUG neutron.wsgi [-] (107699) accepted ('10.222.0.57', 54448) {{(pid=107699) server /usr/local/lib/python3.8/dist-packages/eventlet/wsgi.py:982}}
Oct 22 14:49:11.230690 n-d-812149-3 neutron-server[107700]: DEBUG neutron_lib.callbacks.manager [req-a315d9d2-f651-40af-9f96-560fb9a88f82 req-b0049497-beb6-4f35-9422-c0e25f097bbc tempest-SecurityGroupsTestAdminJSON-1685614885 tempest-SecurityGroupsTestAdminJSON-1685614885-project] Publish callbacks [] for security_group, precommit_create {{(pid=107700) _notify_loop /usr/local/lib/python3.8/dist-packages/neutron_lib/callbacks/manager.py:175}}
Oct 22 14:49:11.332174 n-d-812149-3 neutron-server[107700]: DEBUG neutron_lib.callbacks.manager [req-a315d9d2-f651-40af-9f96-560fb9a88f82 req-b0049497-beb6-4f35-9422-c0e25f097bbc tempest-SecurityGroupsTestAdminJSON-1685614885 tempest-SecurityGroupsTestAdminJSON-1685614885-project] Publish callbacks ['neutron.plugins.ml2.ovo_rpc._ObjectChangeHandler.handle_event-1785293'] for security_group, after_create {{(pid=107700) _notify_loop /usr/local/lib/python3.8/dist-packages/neutron_lib/callbacks/manager.py:175}}
Oct 22 14:49:11.378142 n-d-812149-3 neutron-server[107699]: INFO neutron.wsgi [None req-c4a8a1ed-32db-4502-8a94-b78316902418 admin admin] 10.222.0.57 "GET /v2.0/security-groups?tenant_id=963def24027d46ec8ac78d36e3062f71&name=default HTTP/1.1" status: 200 len: 2975 time: 0.1947751
Oct 22 14:49:11.381874 n-d-812149-3 neutron-server[107699]: DEBUG neutron.wsgi [-] (107699) accepted ('10.222.0.57', 54454) {{(pid=107699) server /usr/local/lib/python3.8/dist-packages/eventlet/wsgi.py:982}}
Oct 22 14:49:11.489910 n-d-812149-3 neutron-server[107699]: DEBUG neutron.pecan_wsgi.hooks.policy_enforcement [req-8984ce57-1df6-455d-bdd6-761df900483a req-115ab93b-3f4c-48a9-92f0-c775cfe9bff6 tempest-DeleteServersAdminTestJSON-1794231550 tempest-DeleteServersAdminTestJSON-1794231550-project] Attributes excluded by policy engine: ['standard_attr_id', 'binding:profile', 'binding:host_id', 'binding:vif_type', 'binding:vif_details'] {{(pid=107699) _exclude_attributes_by_policy /opt/stack/neutron/neutron/pecan_wsgi/hooks/policy_enforcement.py:255}}
Oct 22 14:49:11.491513 n-d-812149-3 neutron-server[107699]: INFO neutron.wsgi [req-8984ce57-1df6-455d-bdd6-761df900483a req-115ab93b-3f4c-48a9-92f0-c775cfe9bff6 tempest-DeleteServersAdminTestJSON-1794231550 tempest-DeleteServersAdminTestJSON-1794231550-project] 10.222.0.57 "GET /v2.0/ports?device_id=8a5bc2fc-f4cc-40b2-829f-f7eaf514d7ff HTTP/1.1" status: 200 len: 948 time: 0.0829303
Oct 22 14:49:11.492565 n-d-812149-3 neutron-server[107699]: DEBUG neutron_lib.callbacks.manager [None req-529c643c-2c88-4e63-bf2b-b9044aa40260 admin admin] Publish callbacks [] for security_group, before_delete {{(pid=107699) _notify_loop /usr/local/lib/python3.8/dist-packages/neutron_lib/callbacks/manager.py:175}}
Oct 22 14:49:11.533984 n-d-812149-3 neutron-server[107699]: DEBUG neutron_lib.callbacks.manager [None req-529c643c-2c88-4e63-bf2b-b9044aa40260 admin admin] Publish callbacks [] for security_group, precommit_delete {{(pid=107699) _notify_loop /usr/local/lib/python3.8/dist-packages/neutron_lib/callbacks/manager.py:175}}
Oct 22 14:49:11.583163 n-d-812149-3 neutron-server[107699]: INFO neutron.wsgi [req-8984ce57-1df6-455d-bdd6-761df900483a req-80847a86-5eec-4b4e-8e8c-242321f66556 tempest-DeleteServersAdminTestJSON-1794231550 tempest-DeleteServersAdminTestJSON-1794231550-project] 10.222.0.57 "GET /v2.0/security-groups?id=4ed3b4b3-bd36-4458-9992-5cbfbb64842a&fields=id&fields=name HTTP/1.1" status: 200 len: 286 time: 0.0805378
Oct 22 14:49:11.640074 n-d-812149-3 neutron-server[107700]: INFO neutron.wsgi [req-39f4e9fe-dfa1-4211-83da-f08bf4d029b7 req-c457758f-8435-4aab-8cca-6d34e0f23e87 service neutron] 10.222.0.39 "GET /v2.0/floatingips?fixed_ip_address=172.20.0.5&port_id=ee80bec3-4e83-4189-9676-f137248464ce HTTP/1.1" status: 200 len: 217 time: 0.3454463
Oct 22 14:49:11.660924 n-d-812149-3 neutron-server[107700]: DEBUG neutron.pecan_wsgi.hooks.policy_enforcement [req-d42cd12a-3dba-4487-8af0-86356f535b6b req-9e80aa70-d90a-4b1d-9440-4f87f72c6009 service neutron] Attributes excluded by policy engine: ['standard_attr_id'] {{(pid=107700) _exclude_attributes_by_policy /opt/stack/neutron/neutron/pecan_wsgi/hooks/policy_enforcement.py:255}}
Oct 22 14:49:11.662367 n-d-812149-3 neutron-server[107700]: INFO neutron.wsgi [req-d42cd12a-3dba-4487-8af0-86356f535b6b req-9e80aa70-d90a-4b1d-9440-4f87f72c6009 service neutron] 10.222.0.36 "GET /v2.0/ports?tenant_id=7f58459a5bb04575955afcc6b81922f0&device_id=8a5bc2fc-f4cc-40b2-829f-f7eaf514d7ff HTTP/1.1" status: 200 len: 1099 time: 0.4344194
Oct 22 14:49:11.695197 n-d-812149-3 neutron-server[107699]: DEBUG neutron_lib.callbacks.manager [None req-529c643c-2c88-4e63-bf2b-b9044aa40260 admin admin] Publish callbacks ['neutron.plugins.ml2.ovo_rpc._ObjectChangeHandler.handle_event-1785293'] for security_group, after_delete {{(pid=107699) _notify_loop /usr/local/lib/python3.8/dist-packages/neutron_lib/callbacks/manager.py:175}}
Oct 22 14:49:11.698680 n-d-812149-3 neutron-server[107699]: DEBUG neutron_lib.callbacks.manager [None req-529c643c-2c88-4e63-bf2b-b9044aa40260 admin admin] Publish callbacks [] for security_group, before_response {{(pid=107699) _notify_loop /usr/local/lib/python3.8/dist-packages/neutron_lib/callbacks/manager.py:175}}
Oct 22 14:49:11.700748 n-d-812149-3 neutron-server[107699]: INFO neutron.wsgi [None req-529c643c-2c88-4e63-bf2b-b9044aa40260 admin admin] 10.222.0.57 "DELETE /v2.0/security-groups/1fff8d7f-803e-4e48-9656-542e266d4506 HTTP/1.1" status: 204 len: 168 time: 0.3167591
Oct 22 14:49:11.703458 n-d-812149-3 neutron-server[107700]: DEBUG neutron_lib.db.resource_extend [None req-bd730e47-0afe-42b9-9759-66774c8caa68 tempest-ServersWithSpecificFlavorTestJSON-1808782238 tempest-ServersWithSpecificFlavorTestJSON-1808782238-project] It took 0.39 seconds to run function 'neutron_lib.db.resource_extend.apply_funcs' {{(pid=107700) wrapper /usr/local/lib/python3.8/dist-packages/oslo_utils/timeutils.py:386}}
Oct 22 14:49:11.709618 n-d-812149-3 neutron-server[107699]: DEBUG neutron.pecan_wsgi.hooks.policy_enforcement [req-e1842cbb-af85-4428-bdce-8cc7ed815d25 req-4f02f58b-c332-4d76-beaf-616223254f63 tempest-LiveAutoBlockMigrationV225Test-290067789 tempest-LiveAutoBlockMigrationV225Test-290067789-project] Attributes excluded by policy engine: ['standard_attr_id', 'binding:profile', 'binding:host_id', 'binding:vif_type', 'binding:vif_details'] {{(pid=107699) _exclude_attributes_by_policy /opt/stack/neutron/neutron/pecan_wsgi/hooks/policy_enforcement.py:255}}
Oct 22 14:49:11.711172 n-d-812149-3 neutron-server[107699]: INFO neutron.wsgi [req-e1842cbb-af85-4428-bdce-8cc7ed815d25 req-4f02f58b-c332-4d76-beaf-616223254f63 tempest-LiveAutoBlockMigrationV225Test-290067789 tempest-LiveAutoBlockMigrationV225Test-290067789-project] 10.222.0.57 "GET /v2.0/ports?device_id=e1832070-dd97-4409-93de-5eee1de0a4ab HTTP/1.1" status: 200 len: 945 time: 0.0691087
Oct 22 14:49:11.722092 n-d-812149-3 neutron-server[107699]: DEBUG neutron.api.rpc.handlers.resources_rpc [None req-529c643c-2c88-4e63-bf2b-b9044aa40260 admin admin] Pushing event deleted for resources: {'SecurityGroup': ['ID=1fff8d7f-803e-4e48-9656-542e266d4506,revision_number=None']} {{(pid=107699) push /opt/stack/neutron/neutron/api/rpc/handlers/resources_rpc.py:237}}
Oct 22 14:49:11.765465 n-d-812149-3 neutron-server[107700]: DEBUG neutron.api.rpc.handlers.resources_rpc [None req-b0049497-beb6-4f35-9422-c0e25f097bbc tempest-SecurityGroupsTestAdminJSON-1685614885 tempest-SecurityGroupsTestAdminJSON-1685614885-project] Pushing event updated for resources: {'SecurityGroup': ['ID=cce21c3b-be47-4f43-aae8-1b3a6c990fef,revision_number=1']} {{(pid=107700) push /opt/stack/neutron/neutron/api/rpc/handlers/resources_rpc.py:237}}
Oct 22 14:49:11.787083 n-d-812149-3 neutron-server[107699]: INFO neutron.wsgi [req-e1842cbb-af85-4428-bdce-8cc7ed815d25 req-c07e251b-91d2-4ac4-9cb9-dcb0060242e1 tempest-LiveAutoBlockMigrationV225Test-290067789 tempest-LiveAutoBlockMigrationV225Test-290067789-project] 10.222.0.57 "GET /v2.0/security-groups?id=7af5ee43-20a2-42f8-98d5-e2baf75d36ff&fields=id&fields=name HTTP/1.1" status: 200 len: 286 time: 0.0658255
Oct 22 14:49:11.821798 n-d-812149-3 neutron-server[107699]: DEBUG neutron.wsgi [-] (107699) accepted ('10.222.0.57', 54472) {{(pid=107699) server /usr/local/lib/python3.8/dist-packages/eventlet/wsgi.py:982}}
Oct 22 14:49:11.891011 n-d-812149-3 neutron-server[107700]: DEBUG neutron_lib.callbacks.manager [None req-bd730e47-0afe-42b9-9759-66774c8caa68 tempest-ServersWithSpecificFlavorTestJSON-1808782238 tempest-ServersWithSpecificFlavorTestJSON-1808782238-project] Publish callbacks [] for floatingip, precommit_update {{(pid=107700) _notify_loop /usr/local/lib/python3.8/dist-packages/neutron_lib/callbacks/manager.py:175}}
Oct 22 14:49:11.893937 n-d-812149-3 neutron-server[107700]: DEBUG neutron.pecan_wsgi.hooks.policy_enforcement [req-39f4e9fe-dfa1-4211-83da-f08bf4d029b7 req-47eb0f12-af68-4780-8984-4a28274db1db service neutron] Attributes excluded by policy engine: ['standard_attr_id', 'shared', 'segment_id'] {{(pid=107700) _exclude_attributes_by_policy /opt/stack/neutron/neutron/pecan_wsgi/hooks/policy_enforcement.py:255}}
Oct 22 14:49:11.895128 n-d-812149-3 neutron-server[107700]: INFO neutron.wsgi [req-39f4e9fe-dfa1-4211-83da-f08bf4d029b7 req-47eb0f12-af68-4780-8984-4a28274db1db service neutron] 10.222.0.39 "GET /v2.0/subnets?id=51822aeb-ee2e-425b-9c9f-7081d797a180 HTTP/1.1" status: 200 len: 861 time: 0.2363591
Oct 22 14:49:11.919461 n-d-812149-3 neutron-server[107699]: DEBUG neutron.pecan_wsgi.hooks.policy_enforcement [req-950afdc7-8162-4ddd-bd10-1bb2f112d4d0 req-d7d613b3-7aca-4af7-a3aa-b4bab3840d93 tempest-ServerDiagnosticsNegativeTest-1643658524 tempest-ServerDiagnosticsNegativeTest-1643658524-project] Attributes excluded by policy engine: ['standard_attr_id', 'binding:profile', 'binding:host_id', 'binding:vif_type', 'binding:vif_details'] {{(pid=107699) _exclude_attributes_by_policy /opt/stack/neutron/neutron/pecan_wsgi/hooks/policy_enforcement.py:255}}
Oct 22 14:49:11.929725 n-d-812149-3 neutron-server[107699]: INFO neutron.wsgi [req-950afdc7-8162-4ddd-bd10-1bb2f112d4d0 req-d7d613b3-7aca-4af7-a3aa-b4bab3840d93 tempest-ServerDiagnosticsNegativeTest-1643658524 tempest-ServerDiagnosticsNegativeTest-1643658524-project] 10.222.0.57 "GET /v2.0/ports?device_id=75571c58-824b-4829-b224-a7c0547e60ae HTTP/1.1" status: 200 len: 950 time: 0.0680850
Oct 22 14:49:11.947908 n-d-812149-3 neutron-server[107700]: INFO neutron.wsgi [req-39f4e9fe-dfa1-4211-83da-f08bf4d029b7 req-fd26231f-3acd-4411-a97d-b1be9f2b03c1 service neutron] 10.222.0.39 "GET /v2.0/ports?network_id=7b9173c2-9b1a-4968-868b-40df4ecb9a68&device_owner=network%3Adhcp HTTP/1.1" status: 200 len: 210 time: 0.0424497
Oct 22 14:49:11.950124 n-d-812149-3 neutron-server[107700]: DEBUG neutron_lib.callbacks.manager [req-a315d9d2-f651-40af-9f96-560fb9a88f82 req-b0049497-beb6-4f35-9422-c0e25f097bbc tempest-SecurityGroupsTestAdminJSON-1685614885 tempest-SecurityGroupsTestAdminJSON-1685614885-project] Publish callbacks [] for security_group, precommit_create {{(pid=107700) _notify_loop /usr/local/lib/python3.8/dist-packages/neutron_lib/callbacks/manager.py:175}}
Oct 22 14:49:11.967478 n-d-812149-3 neutron-server[107699]: INFO neutron.wsgi [req-950afdc7-8162-4ddd-bd10-1bb2f112d4d0 req-85f3c9dd-979b-4857-8c19-fd77cb0c3e8d tempest-ServerDiagnosticsNegativeTest-1643658524 tempest-ServerDiagnosticsNegativeTest-1643658524-project] 10.222.0.57 "GET /v2.0/security-groups?id=39c177dd-18ca-4175-948e-92f2c95f6d01&fields=id&fields=name HTTP/1.1" status: 200 len: 286 time: 0.0365293
Oct 22 14:49:11.982687 n-d-812149-3 neutron-server[107700]: DEBUG neutron_lib.callbacks.manager [None req-bd730e47-0afe-42b9-9759-66774c8caa68 tempest-ServersWithSpecificFlavorTestJSON-1808782238 tempest-ServersWithSpecificFlavorTestJSON-1808782238-project] Publish callbacks ['neutron.services.l3_router.l3_router_plugin.DVRResourceOperationHandler._create_dvr_floating_gw_port-1688869'] for floatingip, after_update {{(pid=107700) _notify_loop /usr/local/lib/python3.8/dist-packages/neutron_lib/callbacks/manager.py:175}}
Oct 22 14:49:11.987952 n-d-812149-3 neutron-server[107700]: DEBUG neutron.pecan_wsgi.hooks.policy_enforcement [req-d42cd12a-3dba-4487-8af0-86356f535b6b req-15c12037-2dbe-456a-ade3-760f3795f369 service neutron] Attributes excluded by policy engine: ['standard_attr_id', 'vlan_transparent'] {{(pid=107700) _exclude_attributes_by_policy /opt/stack/neutron/neutron/pecan_wsgi/hooks/policy_enforcement.py:255}}
Oct 22 14:49:11.989919 n-d-812149-3 neutron-server[107700]: INFO neutron.wsgi [req-d42cd12a-3dba-4487-8af0-86356f535b6b req-15c12037-2dbe-456a-ade3-760f3795f369 service neutron] 10.222.0.36 "GET /v2.0/networks?id=757271c9-0de8-4cca-adc6-4b92515bbdc9 HTTP/1.1" status: 200 len: 870 time: 0.3110566
Oct 22 14:49:12.099580 n-d-812149-3 neutron-server[107699]: DEBUG neutron_lib.callbacks.manager [None req-aab0274e-c076-426b-a279-64252c780eae admin admin] Publish callbacks [] for security_group, before_create {{(pid=107699) _notify_loop /usr/local/lib/python3.8/dist-packages/neutron_lib/callbacks/manager.py:175}}
Oct 22 14:49:12.102773 n-d-812149-3 neutron-server[107700]: DEBUG neutron_lib.callbacks.manager [req-a315d9d2-f651-40af-9f96-560fb9a88f82 req-b0049497-beb6-4f35-9422-c0e25f097bbc tempest-SecurityGroupsTestAdminJSON-1685614885 tempest-SecurityGroupsTestAdminJSON-1685614885-project] Publish callbacks ['neutron.plugins.ml2.ovo_rpc._ObjectChangeHandler.handle_event-1785293'] for security_group, after_create {{(pid=107700) _notify_loop /usr/local/lib/python3.8/dist-packages/neutron_lib/callbacks/manager.py:175}}
Oct 22 14:49:12.111764 n-d-812149-3 neutron-server[107700]: INFO neutron.wsgi [req-d42cd12a-3dba-4487-8af0-86356f535b6b req-bf284a54-b3bc-4a81-b483-814907a076d7 service neutron] 10.222.0.36 "GET /v2.0/floatingips?fixed_ip_address=192.168.233.169&port_id=5c033baf-ff02-4220-9227-ead0057842a4 HTTP/1.1" status: 200 len: 217 time: 0.0847242
Oct 22 14:49:12.117118 n-d-812149-3 neutron-server[107699]: INFO neutron.wsgi [req-48fbf7ae-2ab2-4975-906d-34c899c0fac5 req-bc236457-6177-4596-a52e-b40b7fa5bdc5 tempest-FlavorsV2NegativeTest-455890582 tempest-FlavorsV2NegativeTest-455890582-project] 10.222.0.57 "GET /v2.0/networks?tenant_id=981b1daa41b4401d9c25e3088dee4184&shared=False HTTP/1.1" status: 200 len: 213 time: 0.0465333
Oct 22 14:49:12.220147 n-d-812149-3 neutron-server[107700]: DEBUG neutron.api.rpc.handlers.resources_rpc [None req-b0049497-beb6-4f35-9422-c0e25f097bbc tempest-SecurityGroupsTestAdminJSON-1685614885 tempest-SecurityGroupsTestAdminJSON-1685614885-project] Pushing event updated for resources: {'SecurityGroup': ['ID=945fb4c8-89c0-4bbf-aab2-7feb2d594338,revision_number=1']} {{(pid=107700) push /opt/stack/neutron/neutron/api/rpc/handlers/resources_rpc.py:237}}
