Nov 03 18:46:55.170696 n-d-812148-3 devstack@placement-api.service[102238]: DEBUG placement.requestlog [req-43431a55-356c-4851-b83a-bc7138891b02 req-4b300cbd-e6db-4946-b28b-0b219f5250d4 None None] Starting request: 10.222.0.70 "GET /placement/resource_providers/4b5b2bea-d0e0-4804-b3e2-3dfbe2a70153/allocations" {{(pid=102238) __call__ /opt/stack/placement/placement/requestlog.py:55}}
Nov 03 18:46:55.689892 n-d-812148-3 devstack@placement-api.service[102238]: INFO placement.requestlog [req-43431a55-356c-4851-b83a-bc7138891b02 req-4b300cbd-e6db-4946-b28b-0b219f5250d4 service placement] 10.222.0.70 "GET /placement/resource_providers/4b5b2bea-d0e0-4804-b3e2-3dfbe2a70153/allocations" status: 200 len: 356 microversion: 1.0
Nov 03 18:46:55.691886 n-d-812148-3 devstack@placement-api.service[102238]: [pid: 102238|app: 0|req: 403/801] 10.222.0.70 () {58 vars in 1390 bytes} [Wed Nov 3 18:46:55 2021] GET /placement/resource_providers/4b5b2bea-d0e0-4804-b3e2-3dfbe2a70153/allocations => generated 356 bytes in 522 msecs (HTTP/1.1 200) 6 headers in 224 bytes (1 switches on core 0)
Nov 03 18:46:55.781332 n-d-812148-3 devstack@placement-api.service[102237]: DEBUG placement.requestlog [req-43431a55-356c-4851-b83a-bc7138891b02 req-c43a3ac4-24fb-46de-91cf-474b9ba549f3 None None] Starting request: 10.222.0.70 "GET /placement/resource_providers?in_tree=4b5b2bea-d0e0-4804-b3e2-3dfbe2a70153" {{(pid=102237) __call__ /opt/stack/placement/placement/requestlog.py:55}}
Nov 03 18:46:55.829060 n-d-812148-3 devstack@placement-api.service[102237]: INFO placement.requestlog [req-43431a55-356c-4851-b83a-bc7138891b02 req-c43a3ac4-24fb-46de-91cf-474b9ba549f3 service placement] 10.222.0.70 "GET /placement/resource_providers?in_tree=4b5b2bea-d0e0-4804-b3e2-3dfbe2a70153" status: 200 len: 863 microversion: 1.14
Nov 03 18:46:55.838025 n-d-812148-3 devstack@placement-api.service[102237]: [pid: 102237|app: 0|req: 399/802] 10.222.0.70 () {60 vars in 1376 bytes} [Wed Nov 3 18:46:55 2021] GET /placement/resource_providers?in_tree=4b5b2bea-d0e0-4804-b3e2-3dfbe2a70153 => generated 863 bytes in 56 msecs (HTTP/1.1 200) 6 headers in 225 bytes (1 switches on core 0)
Nov 03 18:46:55.849520 n-d-812148-3 devstack@placement-api.service[102238]: DEBUG placement.requestlog [req-43431a55-356c-4851-b83a-bc7138891b02 req-259fb65e-a17e-432b-98b6-bd029dae880e None None] Starting request: 10.222.0.70 "GET /placement/resource_providers/4b5b2bea-d0e0-4804-b3e2-3dfbe2a70153/inventories" {{(pid=102238) __call__ /opt/stack/placement/placement/requestlog.py:55}}
Nov 03 18:46:55.921303 n-d-812148-3 devstack@placement-api.service[102238]: INFO placement.requestlog [req-43431a55-356c-4851-b83a-bc7138891b02 req-259fb65e-a17e-432b-98b6-bd029dae880e service placement] 10.222.0.70 "GET /placement/resource_providers/4b5b2bea-d0e0-4804-b3e2-3dfbe2a70153/inventories" status: 200 len: 398 microversion: 1.0
Nov 03 18:46:55.925262 n-d-812148-3 devstack@placement-api.service[102238]: [pid: 102238|app: 0|req: 404/803] 10.222.0.70 () {58 vars in 1390 bytes} [Wed Nov 3 18:46:55 2021] GET /placement/resource_providers/4b5b2bea-d0e0-4804-b3e2-3dfbe2a70153/inventories => generated 398 bytes in 76 msecs (HTTP/1.1 200) 6 headers in 224 bytes (2 switches on core 0)
Nov 03 18:46:55.936702 n-d-812148-3 devstack@placement-api.service[102237]: DEBUG placement.requestlog [req-43431a55-356c-4851-b83a-bc7138891b02 req-4a23c43e-4328-4bb5-92b2-9fda09f6ea69 None None] Starting request: 10.222.0.70 "GET /placement/resource_providers/4b5b2bea-d0e0-4804-b3e2-3dfbe2a70153/aggregates" {{(pid=102237) __call__ /opt/stack/placement/placement/requestlog.py:55}}
Nov 03 18:46:56.002626 n-d-812148-3 devstack@placement-api.service[102237]: INFO placement.requestlog [req-43431a55-356c-4851-b83a-bc7138891b02 req-4a23c43e-4328-4bb5-92b2-9fda09f6ea69 service placement] 10.222.0.70 "GET /placement/resource_providers/4b5b2bea-d0e0-4804-b3e2-3dfbe2a70153/aggregates" status: 200 len: 54 microversion: 1.19
Nov 03 18:46:56.004191 n-d-812148-3 devstack@placement-api.service[102237]: [pid: 102237|app: 0|req: 400/804] 10.222.0.70 () {60 vars in 1431 bytes} [Wed Nov 3 18:46:55 2021] GET /placement/resource_providers/4b5b2bea-d0e0-4804-b3e2-3dfbe2a70153/aggregates => generated 54 bytes in 68 msecs (HTTP/1.1 200) 8 headers in 295 bytes (1 switches on core 0)
Nov 03 18:46:56.015063 n-d-812148-3 devstack@placement-api.service[102238]: DEBUG placement.requestlog [req-43431a55-356c-4851-b83a-bc7138891b02 req-1607c4ac-69a1-4838-9727-688c81785a14 None None] Starting request: 10.222.0.70 "GET /placement/resource_providers/4b5b2bea-d0e0-4804-b3e2-3dfbe2a70153/traits" {{(pid=102238) __call__ /opt/stack/placement/placement/requestlog.py:55}}
Nov 03 18:46:56.128513 n-d-812148-3 devstack@placement-api.service[102238]: INFO placement.requestlog [req-43431a55-356c-4851-b83a-bc7138891b02 req-1607c4ac-69a1-4838-9727-688c81785a14 service placement] 10.222.0.70 "GET /placement/resource_providers/4b5b2bea-d0e0-4804-b3e2-3dfbe2a70153/traits" status: 200 len: 212 microversion: 1.6
Nov 03 18:46:56.129241 n-d-812148-3 devstack@placement-api.service[102238]: [pid: 102238|app: 0|req: 405/805] 10.222.0.70 () {60 vars in 1418 bytes} [Wed Nov 3 18:46:56 2021] GET /placement/resource_providers/4b5b2bea-d0e0-4804-b3e2-3dfbe2a70153/traits => generated 212 bytes in 115 msecs (HTTP/1.1 200) 6 headers in 224 bytes (1 switches on core 0)
Nov 03 18:46:57.721631 n-d-812148-3 devstack@placement-api.service[102237]: DEBUG placement.requestlog [req-6c029f9a-ce9b-4cea-917c-3d925303b3b6 req-9c43be5e-bea2-4c65-a016-755b122b3ace None None] Starting request: 10.222.0.70 "DELETE /placement/allocations/8e6a9217-682b-4f6e-84ab-62b12cd2b70a" {{(pid=102237) __call__ /opt/stack/placement/placement/requestlog.py:55}}
Nov 03 18:46:57.804146 n-d-812148-3 devstack@placement-api.service[102237]: DEBUG placement.handlers.allocation [req-6c029f9a-ce9b-4cea-917c-3d925303b3b6 req-9c43be5e-bea2-4c65-a016-755b122b3ace service placement] Successfully deleted allocations [, , ] {{(pid=102237) delete_allocations /opt/stack/placement/placement/handlers/allocation.py:627}}
Nov 03 18:46:57.805722 n-d-812148-3 devstack@placement-api.service[102237]: INFO placement.requestlog [req-6c029f9a-ce9b-4cea-917c-3d925303b3b6 req-9c43be5e-bea2-4c65-a016-755b122b3ace service placement] 10.222.0.70 "DELETE /placement/allocations/8e6a9217-682b-4f6e-84ab-62b12cd2b70a" status: 204 len: 0 microversion: 1.0
Nov 03 18:46:57.805722 n-d-812148-3 devstack@placement-api.service[102237]: [pid: 102237|app: 0|req: 401/806] 10.222.0.70 () {60 vars in 1355 bytes} [Wed Nov 3 18:46:57 2021] DELETE /placement/allocations/8e6a9217-682b-4f6e-84ab-62b12cd2b70a => generated 0 bytes in 85 msecs (HTTP/1.1 204) 5 headers in 198 bytes (1 switches on core 0)
Nov 03 18:47:12.519127 n-d-812148-3 devstack@placement-api.service[102238]: DEBUG placement.requestlog [req-65d50fe2-d575-4fd7-a729-af7b10610ec1 req-8b05bf2f-9618-44fd-8600-942afbbe4249 None None] Starting request: 10.222.0.77 "GET /placement/allocation_candidates?limit=1000&resources=DISK_GB%3A1%2CMEMORY_MB%3A1024%2CVCPU%3A1&root_required=%21COMPUTE_STATUS_DISABLED" {{(pid=102238) __call__ /opt/stack/placement/placement/requestlog.py:55}}
Nov 03 18:47:12.634160 n-d-812148-3 devstack@placement-api.service[102238]: DEBUG placement.objects.research_context [req-65d50fe2-d575-4fd7-a729-af7b10610ec1 req-8b05bf2f-9618-44fd-8600-942afbbe4249 service placement] getting providers with 1 DISK_GB {{(pid=102238) __init__ /opt/stack/placement/placement/objects/research_context.py:126}}
Nov 03 18:47:12.646464 n-d-812148-3 devstack@placement-api.service[102238]: DEBUG placement.objects.research_context [req-65d50fe2-d575-4fd7-a729-af7b10610ec1 req-8b05bf2f-9618-44fd-8600-942afbbe4249 service placement] getting providers with 1024 MEMORY_MB {{(pid=102238) __init__ /opt/stack/placement/placement/objects/research_context.py:126}}
Nov 03 18:47:12.677849 n-d-812148-3 devstack@placement-api.service[102238]: DEBUG placement.objects.research_context [req-65d50fe2-d575-4fd7-a729-af7b10610ec1 req-8b05bf2f-9618-44fd-8600-942afbbe4249 service placement] getting providers with 1 VCPU {{(pid=102238) __init__ /opt/stack/placement/placement/objects/research_context.py:126}}
Nov 03 18:47:12.725379 n-d-812148-3 devstack@placement-api.service[102238]: DEBUG placement.objects.research_context [req-65d50fe2-d575-4fd7-a729-af7b10610ec1 req-8b05bf2f-9618-44fd-8600-942afbbe4249 service placement] found 2 providers with available 1 DISK_GB {{(pid=102238) get_provider_ids_matching /opt/stack/placement/placement/objects/research_context.py:549}}
Nov 03 18:47:12.727850 n-d-812148-3 devstack@placement-api.service[102238]: DEBUG placement.objects.research_context [req-65d50fe2-d575-4fd7-a729-af7b10610ec1 req-8b05bf2f-9618-44fd-8600-942afbbe4249 service placement] found 2 providers with available 1024 MEMORY_MB {{(pid=102238) get_provider_ids_matching /opt/stack/placement/placement/objects/research_context.py:549}}
Nov 03 18:47:12.728566 n-d-812148-3 devstack@placement-api.service[102238]: DEBUG placement.objects.research_context [req-65d50fe2-d575-4fd7-a729-af7b10610ec1 req-8b05bf2f-9618-44fd-8600-942afbbe4249 service placement] found 2 providers after filtering by previous result {{(pid=102238) get_provider_ids_matching /opt/stack/placement/placement/objects/research_context.py:580}}
Nov 03 18:47:12.729255 n-d-812148-3 devstack@placement-api.service[102238]: DEBUG placement.objects.research_context [req-65d50fe2-d575-4fd7-a729-af7b10610ec1 req-8b05bf2f-9618-44fd-8600-942afbbe4249 service placement] found 2 providers with available 1 VCPU {{(pid=102238) get_provider_ids_matching /opt/stack/placement/placement/objects/research_context.py:549}}
Nov 03 18:47:12.730302 n-d-812148-3 devstack@placement-api.service[102238]: DEBUG placement.objects.research_context [req-65d50fe2-d575-4fd7-a729-af7b10610ec1 req-8b05bf2f-9618-44fd-8600-942afbbe4249 service placement] found 2 providers after filtering by previous result {{(pid=102238) get_provider_ids_matching /opt/stack/placement/placement/objects/research_context.py:580}}
Nov 03 18:47:12.760732 n-d-812148-3 devstack@placement-api.service[102238]: DEBUG placement.objects.allocation_candidate [req-65d50fe2-d575-4fd7-a729-af7b10610ec1 req-8b05bf2f-9618-44fd-8600-942afbbe4249 service placement] RequestGroup(use_same_provider=False, resources={DISK_GB:1, MEMORY_MB:1024, VCPU:1}, traits=[], aggregates=[]) (suffix '') returned 2 matches {{(pid=102238) _get_by_requests /opt/stack/placement/placement/objects/allocation_candidate.py:145}}
Nov 03 18:47:12.761982 n-d-812148-3 devstack@placement-api.service[102238]: DEBUG placement.objects.allocation_candidate [req-65d50fe2-d575-4fd7-a729-af7b10610ec1 req-8b05bf2f-9618-44fd-8600-942afbbe4249 service placement] Merging candidates yields 2 allocation requests and 2 provider summaries {{(pid=102238) _merge_candidates /opt/stack/placement/placement/objects/allocation_candidate.py:783}}
Nov 03 18:47:12.766544 n-d-812148-3 devstack@placement-api.service[102238]: INFO placement.requestlog [req-65d50fe2-d575-4fd7-a729-af7b10610ec1 req-8b05bf2f-9618-44fd-8600-942afbbe4249 service placement] 10.222.0.77 "GET /placement/allocation_candidates?limit=1000&resources=DISK_GB%3A1%2CMEMORY_MB%3A1024%2CVCPU%3A1&root_required=%21COMPUTE_STATUS_DISABLED" status: 200 len: 1309 microversion: 1.36
Nov 03 18:47:12.770067 n-d-812148-3 devstack@placement-api.service[102238]: [pid: 102238|app: 0|req: 406/807] 10.222.0.77 () {60 vars in 1506 bytes} [Wed Nov 3 18:47:12 2021] GET /placement/allocation_candidates?limit=1000&resources=DISK_GB%3A1%2CMEMORY_MB%3A1024%2CVCPU%3A1&root_required=%21COMPUTE_STATUS_DISABLED => generated 1309 bytes in 252 msecs (HTTP/1.1 200) 8 headers in 297 bytes (2 switches on core 0)
Nov 03 18:47:12.928658 n-d-812148-3 devstack@placement-api.service[102237]: DEBUG placement.requestlog [req-65d50fe2-d575-4fd7-a729-af7b10610ec1 req-bbb14f18-4c74-46bf-ac5a-029df994f681 None None] Starting request: 10.222.0.77 "GET /placement/allocations/41b8be5c-28a2-4075-bd43-8e82598c2156" {{(pid=102237) __call__ /opt/stack/placement/placement/requestlog.py:55}}
Nov 03 18:47:12.981151 n-d-812148-3 devstack@placement-api.service[102237]: INFO placement.requestlog [req-65d50fe2-d575-4fd7-a729-af7b10610ec1 req-bbb14f18-4c74-46bf-ac5a-029df994f681 service placement] 10.222.0.77 "GET /placement/allocations/41b8be5c-28a2-4075-bd43-8e82598c2156" status: 200 len: 19 microversion: 1.28
Nov 03 18:47:12.982075 n-d-812148-3 devstack@placement-api.service[102237]: [pid: 102237|app: 0|req: 402/808] 10.222.0.77 () {60 vars in 1380 bytes} [Wed Nov 3 18:47:12 2021] GET /placement/allocations/41b8be5c-28a2-4075-bd43-8e82598c2156 => generated 19 bytes in 54 msecs (HTTP/1.1 200) 8 headers in 295 bytes (1 switches on core 0)
Nov 03 18:47:12.998153 n-d-812148-3 devstack@placement-api.service[102238]: DEBUG placement.requestlog [req-65d50fe2-d575-4fd7-a729-af7b10610ec1 req-1d6bd04a-1899-4ee1-8228-ac11f6140143 None None] Starting request: 10.222.0.77 "PUT /placement/allocations/41b8be5c-28a2-4075-bd43-8e82598c2156" {{(pid=102238) __call__ /opt/stack/placement/placement/requestlog.py:55}}
Nov 03 18:47:13.214072 n-d-812148-3 devstack@placement-api.service[102238]: DEBUG placement.handlers.allocation [req-65d50fe2-d575-4fd7-a729-af7b10610ec1 req-1d6bd04a-1899-4ee1-8228-ac11f6140143 service placement] Successfully wrote allocations [, , ] {{(pid=102238) _update_consumers_and_create_allocations /opt/stack/placement/placement/handlers/allocation.py:462}}
Nov 03 18:47:13.226360 n-d-812148-3 devstack@placement-api.service[102238]: INFO placement.requestlog [req-65d50fe2-d575-4fd7-a729-af7b10610ec1 req-1d6bd04a-1899-4ee1-8228-ac11f6140143 service placement] 10.222.0.77 "PUT /placement/allocations/41b8be5c-28a2-4075-bd43-8e82598c2156" status: 204 len: 0 microversion: 1.36
Nov 03 18:47:13.227909 n-d-812148-3 devstack@placement-api.service[102238]: [pid: 102238|app: 0|req: 407/809] 10.222.0.77 () {64 vars in 1433 bytes} [Wed Nov 3 18:47:12 2021] PUT /placement/allocations/41b8be5c-28a2-4075-bd43-8e82598c2156 => generated 0 bytes in 230 msecs (HTTP/1.1 204) 5 headers in 199 bytes (2 switches on core 0)
Nov 03 18:47:14.050329 n-d-812148-3 devstack@placement-api.service[102237]: DEBUG placement.requestlog [req-65d50fe2-d575-4fd7-a729-af7b10610ec1 req-456c4d84-aa48-484b-8554-60f1e9fdb2ab None None] Starting request: 10.222.0.70 "GET /placement/allocations/41b8be5c-28a2-4075-bd43-8e82598c2156" {{(pid=102237) __call__ /opt/stack/placement/placement/requestlog.py:55}}
Nov 03 18:47:14.157057 n-d-812148-3 devstack@placement-api.service[102237]: INFO placement.requestlog [req-65d50fe2-d575-4fd7-a729-af7b10610ec1 req-456c4d84-aa48-484b-8554-60f1e9fdb2ab service placement] 10.222.0.70 "GET /placement/allocations/41b8be5c-28a2-4075-bd43-8e82598c2156" status: 200 len: 259 microversion: 1.28
Nov 03 18:47:14.168410 n-d-812148-3 devstack@placement-api.service[102237]: [pid: 102237|app: 0|req: 403/810] 10.222.0.70 () {60 vars in 1377 bytes} [Wed Nov 3 18:47:14 2021] GET /placement/allocations/41b8be5c-28a2-4075-bd43-8e82598c2156 => generated 259 bytes in 109 msecs (HTTP/1.1 200) 8 headers in 296 bytes (1 switches on core 0)
Nov 03 18:47:44.998122 n-d-812148-3 devstack@placement-api.service[102238]: DEBUG placement.requestlog [req-5000298f-0165-4224-9bf4-defbc84972f0 req-eae4817e-dd9c-4b17-b258-b1c81597efa1 None None] Starting request: 10.222.0.77 "DELETE /placement/allocations/8e6a9217-682b-4f6e-84ab-62b12cd2b70a" {{(pid=102238) __call__ /opt/stack/placement/placement/requestlog.py:55}}
Nov 03 18:47:45.573733 n-d-812148-3 devstack@placement-api.service[102238]: DEBUG placement.wsgi_wrapper [req-5000298f-0165-4224-9bf4-defbc84972f0 req-eae4817e-dd9c-4b17-b258-b1c81597efa1 service placement] Placement API returning an error response: No allocations for consumer '8e6a9217-682b-4f6e-84ab-62b12cd2b70a' {{(pid=102238) call_func /opt/stack/placement/placement/wsgi_wrapper.py:31}}
Nov 03 18:47:45.579059 n-d-812148-3 devstack@placement-api.service[102238]: INFO placement.requestlog [req-5000298f-0165-4224-9bf4-defbc84972f0 req-eae4817e-dd9c-4b17-b258-b1c81597efa1 service placement] 10.222.0.77 "DELETE /placement/allocations/8e6a9217-682b-4f6e-84ab-62b12cd2b70a" status: 404 len: 228 microversion: 1.0
Nov 03 18:47:45.580254 n-d-812148-3 devstack@placement-api.service[102238]: [pid: 102238|app: 0|req: 408/811] 10.222.0.77 () {60 vars in 1349 bytes} [Wed Nov 3 18:47:44 2021] DELETE /placement/allocations/8e6a9217-682b-4f6e-84ab-62b12cd2b70a => generated 228 bytes in 586 msecs (HTTP/1.1 404) 6 headers in 231 bytes (1 switches on core 0)
Nov 03 18:47:51.947981 n-d-812148-3 devstack@placement-api.service[102237]: DEBUG placement.requestlog [req-052b6cb4-6b39-415b-88a1-3104b76b8323 req-cfd538f4-645e-482b-b768-c40a41491269 None None] Starting request: 10.222.0.70 "DELETE /placement/allocations/ab267cfe-0ee9-44b1-b690-05e6451e8c67" {{(pid=102237) __call__ /opt/stack/placement/placement/requestlog.py:55}}
Nov 03 18:47:52.022137 n-d-812148-3 devstack@placement-api.service[102237]: DEBUG placement.handlers.allocation [req-052b6cb4-6b39-415b-88a1-3104b76b8323 req-cfd538f4-645e-482b-b768-c40a41491269 service placement] Successfully deleted allocations [, , ] {{(pid=102237) delete_allocations /opt/stack/placement/placement/handlers/allocation.py:627}}
Nov 03 18:47:52.023365 n-d-812148-3 devstack@placement-api.service[102237]: INFO placement.requestlog [req-052b6cb4-6b39-415b-88a1-3104b76b8323 req-cfd538f4-645e-482b-b768-c40a41491269 service placement] 10.222.0.70 "DELETE /placement/allocations/ab267cfe-0ee9-44b1-b690-05e6451e8c67" status: 204 len: 0 microversion: 1.0
Nov 03 18:47:52.024395 n-d-812148-3 devstack@placement-api.service[102237]: [pid: 102237|app: 0|req: 404/812] 10.222.0.70 () {60 vars in 1355 bytes} [Wed Nov 3 18:47:51 2021] DELETE /placement/allocations/ab267cfe-0ee9-44b1-b690-05e6451e8c67 => generated 0 bytes in 77 msecs (HTTP/1.1 204) 5 headers in 198 bytes (2 switches on core 0)
Nov 03 18:47:53.068369 n-d-812148-3 devstack@placement-api.service[102238]: DEBUG placement.requestlog [req-7812d4ac-c9d4-44e9-95f1-74f77d55fed4 req-4e6d8a9f-8599-4802-9a6c-e26d932e597b None None] Starting request: 10.222.0.96 "DELETE /placement/allocations/1942d811-ed64-4c4a-9299-cc614e993fc0" {{(pid=102238) __call__ /opt/stack/placement/placement/requestlog.py:55}}
Nov 03 18:47:53.134510 n-d-812148-3 devstack@placement-api.service[102238]: DEBUG placement.handlers.allocation [req-7812d4ac-c9d4-44e9-95f1-74f77d55fed4 req-4e6d8a9f-8599-4802-9a6c-e26d932e597b service placement] Successfully deleted allocations [, , ] {{(pid=102238) delete_allocations /opt/stack/placement/placement/handlers/allocation.py:627}}
Nov 03 18:47:53.135597 n-d-812148-3 devstack@placement-api.service[102238]: INFO placement.requestlog [req-7812d4ac-c9d4-44e9-95f1-74f77d55fed4 req-4e6d8a9f-8599-4802-9a6c-e26d932e597b service placement] 10.222.0.96 "DELETE /placement/allocations/1942d811-ed64-4c4a-9299-cc614e993fc0" status: 204 len: 0 microversion: 1.0
Nov 03 18:47:53.136510 n-d-812148-3 devstack@placement-api.service[102238]: [pid: 102238|app: 0|req: 409/813] 10.222.0.96 () {60 vars in 1355 bytes} [Wed Nov 3 18:47:53 2021] DELETE /placement/allocations/1942d811-ed64-4c4a-9299-cc614e993fc0 => generated 0 bytes in 69 msecs (HTTP/1.1 204) 5 headers in 198 bytes (1 switches on core 0)
Nov 03 18:47:55.673116 n-d-812148-3 devstack@placement-api.service[102237]: DEBUG placement.requestlog [req-be4e49d6-e0e4-47d5-9510-9b9e0c74447c req-cdef75c1-9512-4f2e-8bac-ff2d07c2600d None None] Starting request: 10.222.0.96 "GET /placement/resource_providers/a0964d29-42bf-49a3-aba7-1cd6318d8299/allocations" {{(pid=102237) __call__ /opt/stack/placement/placement/requestlog.py:55}}
Nov 03 18:47:55.762835 n-d-812148-3 devstack@placement-api.service[102237]: INFO placement.requestlog [req-be4e49d6-e0e4-47d5-9510-9b9e0c74447c req-cdef75c1-9512-4f2e-8bac-ff2d07c2600d service placement] 10.222.0.96 "GET /placement/resource_providers/a0964d29-42bf-49a3-aba7-1cd6318d8299/allocations" status: 200 len: 530 microversion: 1.0
Nov 03 18:47:55.763605 n-d-812148-3 devstack@placement-api.service[102237]: [pid: 102237|app: 0|req: 405/814] 10.222.0.96 () {58 vars in 1390 bytes} [Wed Nov 3 18:47:55 2021] GET /placement/resource_providers/a0964d29-42bf-49a3-aba7-1cd6318d8299/allocations => generated 530 bytes in 91 msecs (HTTP/1.1 200) 6 headers in 224 bytes (1 switches on core 0)
Nov 03 18:47:55.798690 n-d-812148-3 devstack@placement-api.service[102238]: DEBUG placement.requestlog [req-4f1686e5-df17-44d5-a47c-8896db5ec660 req-5d53e54f-eeea-432c-acfb-3f5d6948b838 None None] Starting request: 10.222.0.70 "GET /placement/resource_providers/4b5b2bea-d0e0-4804-b3e2-3dfbe2a70153/allocations" {{(pid=102238) __call__ /opt/stack/placement/placement/requestlog.py:55}}
Nov 03 18:47:55.837524 n-d-812148-3 devstack@placement-api.service[102238]: INFO placement.requestlog [req-4f1686e5-df17-44d5-a47c-8896db5ec660 req-5d53e54f-eeea-432c-acfb-3f5d6948b838 service placement] 10.222.0.70 "GET /placement/resource_providers/4b5b2bea-d0e0-4804-b3e2-3dfbe2a70153/allocations" status: 200 len: 255 microversion: 1.0
Nov 03 18:47:55.838335 n-d-812148-3 devstack@placement-api.service[102238]: [pid: 102238|app: 0|req: 410/815] 10.222.0.70 () {58 vars in 1390 bytes} [Wed Nov 3 18:47:55 2021] GET /placement/resource_providers/4b5b2bea-d0e0-4804-b3e2-3dfbe2a70153/allocations => generated 255 bytes in 40 msecs (HTTP/1.1 200) 6 headers in 224 bytes (1 switches on core 0)
Nov 03 18:47:56.496610 n-d-812148-3 devstack@placement-api.service[102237]: DEBUG placement.requestlog [req-ac682e3a-e05f-498a-84f7-069250a00355 req-c031953c-e1bc-4166-8280-c2016494218a None None] Starting request: 10.222.0.96 "DELETE /placement/allocations/ec9d9dc3-a47d-4f58-8a8c-59bad6009a54" {{(pid=102237) __call__ /opt/stack/placement/placement/requestlog.py:55}}
Nov 03 18:47:56.573041 n-d-812148-3 devstack@placement-api.service[102237]: DEBUG placement.handlers.allocation [req-ac682e3a-e05f-498a-84f7-069250a00355 req-c031953c-e1bc-4166-8280-c2016494218a service placement] Successfully deleted allocations [, , ] {{(pid=102237) delete_allocations /opt/stack/placement/placement/handlers/allocation.py:627}}
Nov 03 18:47:56.575063 n-d-812148-3 devstack@placement-api.service[102237]: INFO placement.requestlog [req-ac682e3a-e05f-498a-84f7-069250a00355 req-c031953c-e1bc-4166-8280-c2016494218a service placement] 10.222.0.96 "DELETE /placement/allocations/ec9d9dc3-a47d-4f58-8a8c-59bad6009a54" status: 204 len: 0 microversion: 1.0
Nov 03 18:47:56.575428 n-d-812148-3 devstack@placement-api.service[102237]: [pid: 102237|app: 0|req: 406/816] 10.222.0.96 () {60 vars in 1355 bytes} [Wed Nov 3 18:47:56 2021] DELETE /placement/allocations/ec9d9dc3-a47d-4f58-8a8c-59bad6009a54 => generated 0 bytes in 93 msecs (HTTP/1.1 204) 5 headers in 198 bytes (1 switches on core 0)
Nov 03 18:47:56.926556 n-d-812148-3 devstack@placement-api.service[102238]: DEBUG placement.requestlog [req-d2cf38b2-4179-4c24-a349-2278b3fd18ab req-42b6fa74-1722-45e0-b276-67a6acc0161e None None] Starting request: 10.222.0.77 "GET /placement/allocation_candidates?limit=1000&resources=DISK_GB%3A1%2CMEMORY_MB%3A1024%2CVCPU%3A1&root_required=%21COMPUTE_STATUS_DISABLED" {{(pid=102238) __call__ /opt/stack/placement/placement/requestlog.py:55}}
Nov 03 18:47:57.038687 n-d-812148-3 devstack@placement-api.service[102238]: DEBUG placement.objects.research_context [req-d2cf38b2-4179-4c24-a349-2278b3fd18ab req-42b6fa74-1722-45e0-b276-67a6acc0161e service placement] getting providers with 1 DISK_GB {{(pid=102238) __init__ /opt/stack/placement/placement/objects/research_context.py:126}}
Nov 03 18:47:57.071009 n-d-812148-3 devstack@placement-api.service[102238]: DEBUG placement.objects.research_context [req-d2cf38b2-4179-4c24-a349-2278b3fd18ab req-42b6fa74-1722-45e0-b276-67a6acc0161e service placement] getting providers with 1024 MEMORY_MB {{(pid=102238) __init__ /opt/stack/placement/placement/objects/research_context.py:126}}
Nov 03 18:47:57.087569 n-d-812148-3 devstack@placement-api.service[102238]: DEBUG placement.objects.research_context [req-d2cf38b2-4179-4c24-a349-2278b3fd18ab req-42b6fa74-1722-45e0-b276-67a6acc0161e service placement] getting providers with 1 VCPU {{(pid=102238) __init__ /opt/stack/placement/placement/objects/research_context.py:126}}
Nov 03 18:47:57.130578 n-d-812148-3 devstack@placement-api.service[102238]: DEBUG placement.objects.research_context [req-d2cf38b2-4179-4c24-a349-2278b3fd18ab req-42b6fa74-1722-45e0-b276-67a6acc0161e service placement] found 2 providers with available 1 DISK_GB {{(pid=102238) get_provider_ids_matching /opt/stack/placement/placement/objects/research_context.py:549}}
Nov 03 18:47:57.130578 n-d-812148-3 devstack@placement-api.service[102238]: DEBUG placement.objects.research_context [req-d2cf38b2-4179-4c24-a349-2278b3fd18ab req-42b6fa74-1722-45e0-b276-67a6acc0161e service placement] found 2 providers with available 1024 MEMORY_MB {{(pid=102238) get_provider_ids_matching /opt/stack/placement/placement/objects/research_context.py:549}}
Nov 03 18:47:57.130578 n-d-812148-3 devstack@placement-api.service[102238]: DEBUG placement.objects.research_context [req-d2cf38b2-4179-4c24-a349-2278b3fd18ab req-42b6fa74-1722-45e0-b276-67a6acc0161e service placement] found 2 providers after filtering by previous result {{(pid=102238) get_provider_ids_matching /opt/stack/placement/placement/objects/research_context.py:580}}
Nov 03 18:47:57.130578 n-d-812148-3 devstack@placement-api.service[102238]: DEBUG placement.objects.research_context [req-d2cf38b2-4179-4c24-a349-2278b3fd18ab req-42b6fa74-1722-45e0-b276-67a6acc0161e service placement] found 2 providers with available 1 VCPU {{(pid=102238) get_provider_ids_matching /opt/stack/placement/placement/objects/research_context.py:549}}
Nov 03 18:47:57.131102 n-d-812148-3 devstack@placement-api.service[102238]: DEBUG placement.objects.research_context [req-d2cf38b2-4179-4c24-a349-2278b3fd18ab req-42b6fa74-1722-45e0-b276-67a6acc0161e service placement] found 2 providers after filtering by previous result {{(pid=102238) get_provider_ids_matching /opt/stack/placement/placement/objects/research_context.py:580}}
Nov 03 18:47:57.171956 n-d-812148-3 devstack@placement-api.service[102238]: DEBUG placement.objects.allocation_candidate [req-d2cf38b2-4179-4c24-a349-2278b3fd18ab req-42b6fa74-1722-45e0-b276-67a6acc0161e service placement] RequestGroup(use_same_provider=False, resources={DISK_GB:1, MEMORY_MB:1024, VCPU:1}, traits=[], aggregates=[]) (suffix '') returned 2 matches {{(pid=102238) _get_by_requests /opt/stack/placement/placement/objects/allocation_candidate.py:145}}
Nov 03 18:47:57.173129 n-d-812148-3 devstack@placement-api.service[102238]: DEBUG placement.objects.allocation_candidate [req-d2cf38b2-4179-4c24-a349-2278b3fd18ab req-42b6fa74-1722-45e0-b276-67a6acc0161e service placement] Merging candidates yields 2 allocation requests and 2 provider summaries {{(pid=102238) _merge_candidates /opt/stack/placement/placement/objects/allocation_candidate.py:783}}
Nov 03 18:47:57.180983 n-d-812148-3 devstack@placement-api.service[102238]: INFO placement.requestlog [req-d2cf38b2-4179-4c24-a349-2278b3fd18ab req-42b6fa74-1722-45e0-b276-67a6acc0161e service placement] 10.222.0.77 "GET /placement/allocation_candidates?limit=1000&resources=DISK_GB%3A1%2CMEMORY_MB%3A1024%2CVCPU%3A1&root_required=%21COMPUTE_STATUS_DISABLED" status: 200 len: 1309 microversion: 1.36
Nov 03 18:47:57.182560 n-d-812148-3 devstack@placement-api.service[102238]: [pid: 102238|app: 0|req: 411/817] 10.222.0.77 () {60 vars in 1506 bytes} [Wed Nov 3 18:47:56 2021] GET /placement/allocation_candidates?limit=1000&resources=DISK_GB%3A1%2CMEMORY_MB%3A1024%2CVCPU%3A1&root_required=%21COMPUTE_STATUS_DISABLED => generated 1309 bytes in 257 msecs (HTTP/1.1 200) 8 headers in 297 bytes (2 switches on core 0)
Nov 03 18:47:57.361163 n-d-812148-3 devstack@placement-api.service[102237]: DEBUG placement.requestlog [req-d2cf38b2-4179-4c24-a349-2278b3fd18ab req-80490f3c-12fa-4c2d-9d49-0538a7e57139 None None] Starting request: 10.222.0.77 "GET /placement/allocations/0d4dbb95-8ac6-41c8-9e9a-e40c098624c6" {{(pid=102237) __call__ /opt/stack/placement/placement/requestlog.py:55}}
Nov 03 18:47:57.389774 n-d-812148-3 devstack@placement-api.service[102237]: INFO placement.requestlog [req-d2cf38b2-4179-4c24-a349-2278b3fd18ab req-80490f3c-12fa-4c2d-9d49-0538a7e57139 service placement] 10.222.0.77 "GET /placement/allocations/0d4dbb95-8ac6-41c8-9e9a-e40c098624c6" status: 200 len: 19 microversion: 1.28
Nov 03 18:47:57.400530 n-d-812148-3 devstack@placement-api.service[102237]: [pid: 102237|app: 0|req: 407/818] 10.222.0.77 () {60 vars in 1380 bytes} [Wed Nov 3 18:47:57 2021] GET /placement/allocations/0d4dbb95-8ac6-41c8-9e9a-e40c098624c6 => generated 19 bytes in 39 msecs (HTTP/1.1 200) 8 headers in 295 bytes (1 switches on core 0)
Nov 03 18:47:57.405319 n-d-812148-3 devstack@placement-api.service[102238]: DEBUG placement.requestlog [req-d2cf38b2-4179-4c24-a349-2278b3fd18ab req-f54f5ee1-7dc1-4b08-b2fa-8ecfe39bfc95 None None] Starting request: 10.222.0.77 "PUT /placement/allocations/0d4dbb95-8ac6-41c8-9e9a-e40c098624c6" {{(pid=102238) __call__ /opt/stack/placement/placement/requestlog.py:55}}
Nov 03 18:47:57.509785 n-d-812148-3 devstack@placement-api.service[102238]: DEBUG placement.handlers.allocation [req-d2cf38b2-4179-4c24-a349-2278b3fd18ab req-f54f5ee1-7dc1-4b08-b2fa-8ecfe39bfc95 service placement] Successfully wrote allocations [, , ] {{(pid=102238) _update_consumers_and_create_allocations /opt/stack/placement/placement/handlers/allocation.py:462}}
Nov 03 18:47:57.527232 n-d-812148-3 devstack@placement-api.service[102238]: INFO placement.requestlog [req-d2cf38b2-4179-4c24-a349-2278b3fd18ab req-f54f5ee1-7dc1-4b08-b2fa-8ecfe39bfc95 service placement] 10.222.0.77 "PUT /placement/allocations/0d4dbb95-8ac6-41c8-9e9a-e40c098624c6" status: 204 len: 0 microversion: 1.36
Nov 03 18:47:57.528405 n-d-812148-3 devstack@placement-api.service[102238]: [pid: 102238|app: 0|req: 412/819] 10.222.0.77 () {64 vars in 1433 bytes} [Wed Nov 3 18:47:57 2021] PUT /placement/allocations/0d4dbb95-8ac6-41c8-9e9a-e40c098624c6 => generated 0 bytes in 123 msecs (HTTP/1.1 204) 5 headers in 199 bytes (1 switches on core 0)
Nov 03 18:47:58.310158 n-d-812148-3 devstack@placement-api.service[102237]: DEBUG placement.requestlog [req-d2cf38b2-4179-4c24-a349-2278b3fd18ab req-ff6baec6-791c-45fc-8614-9e6a01355962 None None] Starting request: 10.222.0.70 "GET /placement/allocations/0d4dbb95-8ac6-41c8-9e9a-e40c098624c6" {{(pid=102237) __call__ /opt/stack/placement/placement/requestlog.py:55}}
Nov 03 18:47:58.356141 n-d-812148-3 devstack@placement-api.service[102237]: INFO placement.requestlog [req-d2cf38b2-4179-4c24-a349-2278b3fd18ab req-ff6baec6-791c-45fc-8614-9e6a01355962 service placement] 10.222.0.70 "GET /placement/allocations/0d4dbb95-8ac6-41c8-9e9a-e40c098624c6" status: 200 len: 259 microversion: 1.28
Nov 03 18:47:58.356832 n-d-812148-3 devstack@placement-api.service[102237]: [pid: 102237|app: 0|req: 408/820] 10.222.0.70 () {60 vars in 1377 bytes} [Wed Nov 3 18:47:58 2021] GET /placement/allocations/0d4dbb95-8ac6-41c8-9e9a-e40c098624c6 => generated 259 bytes in 53 msecs (HTTP/1.1 200) 8 headers in 296 bytes (2 switches on core 0)
Nov 03 18:48:02.020152 n-d-812148-3 devstack@placement-api.service[102238]: DEBUG placement.requestlog [req-4f2ab72d-5974-4b41-b3ad-7e61a6b598e6 req-bb0d2883-7340-4e41-86aa-31d9c6334c15 None None] Starting request: 10.222.0.96 "DELETE /placement/allocations/3495df34-d694-46d2-923c-a02f0ec9e236" {{(pid=102238) __call__ /opt/stack/placement/placement/requestlog.py:55}}
Nov 03 18:48:02.173206 n-d-812148-3 devstack@placement-api.service[102238]: DEBUG placement.handlers.allocation [req-4f2ab72d-5974-4b41-b3ad-7e61a6b598e6 req-bb0d2883-7340-4e41-86aa-31d9c6334c15 service placement] Successfully deleted allocations [, , ] {{(pid=102238) delete_allocations /opt/stack/placement/placement/handlers/allocation.py:627}}
Nov 03 18:48:02.175871 n-d-812148-3 devstack@placement-api.service[102238]: INFO placement.requestlog [req-4f2ab72d-5974-4b41-b3ad-7e61a6b598e6 req-bb0d2883-7340-4e41-86aa-31d9c6334c15 service placement] 10.222.0.96 "DELETE /placement/allocations/3495df34-d694-46d2-923c-a02f0ec9e236" status: 204 len: 0 microversion: 1.0
Nov 03 18:48:02.176509 n-d-812148-3 devstack@placement-api.service[102238]: [pid: 102238|app: 0|req: 413/821] 10.222.0.96 () {60 vars in 1355 bytes} [Wed Nov 3 18:48:02 2021] DELETE /placement/allocations/3495df34-d694-46d2-923c-a02f0ec9e236 => generated 0 bytes in 157 msecs (HTTP/1.1 204) 5 headers in 198 bytes (2 switches on core 0)
Nov 03 18:48:12.060999 n-d-812148-3 devstack@placement-api.service[102237]: DEBUG placement.requestlog [req-16e2e712-36f0-4e16-a49c-4c5ccee9b8a8 req-15a7d198-0a56-40aa-a66d-6987613a7729 None None] Starting request: 10.222.0.96 "DELETE /placement/allocations/112c44ff-339b-4882-b026-a05b1d8455c9" {{(pid=102237) __call__ /opt/stack/placement/placement/requestlog.py:55}}
Nov 03 18:48:12.173887 n-d-812148-3 devstack@placement-api.service[102237]: DEBUG placement.handlers.allocation [req-16e2e712-36f0-4e16-a49c-4c5ccee9b8a8 req-15a7d198-0a56-40aa-a66d-6987613a7729 service placement] Successfully deleted allocations [, , ] {{(pid=102237) delete_allocations /opt/stack/placement/placement/handlers/allocation.py:627}}
Nov 03 18:48:12.174879 n-d-812148-3 devstack@placement-api.service[102237]: INFO placement.requestlog [req-16e2e712-36f0-4e16-a49c-4c5ccee9b8a8 req-15a7d198-0a56-40aa-a66d-6987613a7729 service placement] 10.222.0.96 "DELETE /placement/allocations/112c44ff-339b-4882-b026-a05b1d8455c9" status: 204 len: 0 microversion: 1.0
Nov 03 18:48:12.175282 n-d-812148-3 devstack@placement-api.service[102237]: [pid: 102237|app: 0|req: 409/822] 10.222.0.96 () {60 vars in 1355 bytes} [Wed Nov 3 18:48:12 2021] DELETE /placement/allocations/112c44ff-339b-4882-b026-a05b1d8455c9 => generated 0 bytes in 115 msecs (HTTP/1.1 204) 5 headers in 198 bytes (1 switches on core 0)
Nov 03 18:48:40.816426 n-d-812148-3 devstack@placement-api.service[102238]: DEBUG placement.requestlog [req-3940c598-2c66-4a0e-9f1a-14bf30b535de req-3b69b3cf-26ee-4ba9-929a-8750402a82e8 None None] Starting request: 10.222.0.77 "GET /placement/allocation_candidates?limit=1000&resources=DISK_GB%3A1%2CMEMORY_MB%3A1024%2CVCPU%3A1&root_required=%21COMPUTE_STATUS_DISABLED" {{(pid=102238) __call__ /opt/stack/placement/placement/requestlog.py:55}}
Nov 03 18:48:40.877681 n-d-812148-3 devstack@placement-api.service[102238]: DEBUG placement.objects.research_context [req-3940c598-2c66-4a0e-9f1a-14bf30b535de req-3b69b3cf-26ee-4ba9-929a-8750402a82e8 service placement] getting providers with 1 DISK_GB {{(pid=102238) __init__ /opt/stack/placement/placement/objects/research_context.py:126}}
Nov 03 18:48:40.888218 n-d-812148-3 devstack@placement-api.service[102238]: DEBUG placement.objects.research_context [req-3940c598-2c66-4a0e-9f1a-14bf30b535de req-3b69b3cf-26ee-4ba9-929a-8750402a82e8 service placement] getting providers with 1024 MEMORY_MB {{(pid=102238) __init__ /opt/stack/placement/placement/objects/research_context.py:126}}
Nov 03 18:48:40.905353 n-d-812148-3 devstack@placement-api.service[102238]: DEBUG placement.objects.research_context [req-3940c598-2c66-4a0e-9f1a-14bf30b535de req-3b69b3cf-26ee-4ba9-929a-8750402a82e8 service placement] getting providers with 1 VCPU {{(pid=102238) __init__ /opt/stack/placement/placement/objects/research_context.py:126}}
Nov 03 18:48:40.920343 n-d-812148-3 devstack@placement-api.service[102238]: DEBUG placement.objects.research_context [req-3940c598-2c66-4a0e-9f1a-14bf30b535de req-3b69b3cf-26ee-4ba9-929a-8750402a82e8 service placement] found 2 providers with available 1 DISK_GB {{(pid=102238) get_provider_ids_matching /opt/stack/placement/placement/objects/research_context.py:549}}
Nov 03 18:48:40.921194 n-d-812148-3 devstack@placement-api.service[102238]: DEBUG placement.objects.research_context [req-3940c598-2c66-4a0e-9f1a-14bf30b535de req-3b69b3cf-26ee-4ba9-929a-8750402a82e8 service placement] found 2 providers with available 1024 MEMORY_MB {{(pid=102238) get_provider_ids_matching /opt/stack/placement/placement/objects/research_context.py:549}}
Nov 03 18:48:40.921917 n-d-812148-3 devstack@placement-api.service[102238]: DEBUG placement.objects.research_context [req-3940c598-2c66-4a0e-9f1a-14bf30b535de req-3b69b3cf-26ee-4ba9-929a-8750402a82e8 service placement] found 2 providers after filtering by previous result {{(pid=102238) get_provider_ids_matching /opt/stack/placement/placement/objects/research_context.py:580}}
Nov 03 18:48:40.922518 n-d-812148-3 devstack@placement-api.service[102238]: DEBUG placement.objects.research_context [req-3940c598-2c66-4a0e-9f1a-14bf30b535de req-3b69b3cf-26ee-4ba9-929a-8750402a82e8 service placement] found 2 providers with available 1 VCPU {{(pid=102238) get_provider_ids_matching /opt/stack/placement/placement/objects/research_context.py:549}}
Nov 03 18:48:40.923119 n-d-812148-3 devstack@placement-api.service[102238]: DEBUG placement.objects.research_context [req-3940c598-2c66-4a0e-9f1a-14bf30b535de req-3b69b3cf-26ee-4ba9-929a-8750402a82e8 service placement] found 2 providers after filtering by previous result {{(pid=102238) get_provider_ids_matching /opt/stack/placement/placement/objects/research_context.py:580}}
Nov 03 18:48:40.949970 n-d-812148-3 devstack@placement-api.service[102238]: DEBUG placement.objects.allocation_candidate [req-3940c598-2c66-4a0e-9f1a-14bf30b535de req-3b69b3cf-26ee-4ba9-929a-8750402a82e8 service placement] RequestGroup(use_same_provider=False, resources={DISK_GB:1, MEMORY_MB:1024, VCPU:1}, traits=[], aggregates=[]) (suffix '') returned 2 matches {{(pid=102238) _get_by_requests /opt/stack/placement/placement/objects/allocation_candidate.py:145}}
Nov 03 18:48:40.950754 n-d-812148-3 devstack@placement-api.service[102238]: DEBUG placement.objects.allocation_candidate [req-3940c598-2c66-4a0e-9f1a-14bf30b535de req-3b69b3cf-26ee-4ba9-929a-8750402a82e8 service placement] Merging candidates yields 2 allocation requests and 2 provider summaries {{(pid=102238) _merge_candidates /opt/stack/placement/placement/objects/allocation_candidate.py:783}}
Nov 03 18:48:40.954807 n-d-812148-3 devstack@placement-api.service[102238]: INFO placement.requestlog [req-3940c598-2c66-4a0e-9f1a-14bf30b535de req-3b69b3cf-26ee-4ba9-929a-8750402a82e8 service placement] 10.222.0.77 "GET /placement/allocation_candidates?limit=1000&resources=DISK_GB%3A1%2CMEMORY_MB%3A1024%2CVCPU%3A1&root_required=%21COMPUTE_STATUS_DISABLED" status: 200 len: 1309 microversion: 1.36
Nov 03 18:48:40.956732 n-d-812148-3 devstack@placement-api.service[102238]: [pid: 102238|app: 0|req: 414/823] 10.222.0.77 () {60 vars in 1506 bytes} [Wed Nov 3 18:48:40 2021] GET /placement/allocation_candidates?limit=1000&resources=DISK_GB%3A1%2CMEMORY_MB%3A1024%2CVCPU%3A1&root_required=%21COMPUTE_STATUS_DISABLED => generated 1309 bytes in 141 msecs (HTTP/1.1 200) 8 headers in 297 bytes (2 switches on core 0)
Nov 03 18:48:41.077010 n-d-812148-3 devstack@placement-api.service[102237]: DEBUG placement.requestlog [req-3940c598-2c66-4a0e-9f1a-14bf30b535de req-f7eda358-24a7-41ff-a46b-93afb4e20267 None None] Starting request: 10.222.0.77 "GET /placement/allocations/bb890861-b7da-42c9-ab99-c606cd2afdfc" {{(pid=102237) __call__ /opt/stack/placement/placement/requestlog.py:55}}
Nov 03 18:48:41.095107 n-d-812148-3 devstack@placement-api.service[102237]: INFO placement.requestlog [req-3940c598-2c66-4a0e-9f1a-14bf30b535de req-f7eda358-24a7-41ff-a46b-93afb4e20267 service placement] 10.222.0.77 "GET /placement/allocations/bb890861-b7da-42c9-ab99-c606cd2afdfc" status: 200 len: 19 microversion: 1.28
Nov 03 18:48:41.104054 n-d-812148-3 devstack@placement-api.service[102237]: [pid: 102237|app: 0|req: 410/824] 10.222.0.77 () {60 vars in 1380 bytes} [Wed Nov 3 18:48:41 2021] GET /placement/allocations/bb890861-b7da-42c9-ab99-c606cd2afdfc => generated 19 bytes in 27 msecs (HTTP/1.1 200) 8 headers in 295 bytes (1 switches on core 0)
Nov 03 18:48:41.105274 n-d-812148-3 devstack@placement-api.service[102238]: DEBUG placement.requestlog [req-3940c598-2c66-4a0e-9f1a-14bf30b535de req-fdf0fc73-b693-420e-a050-ceef1f25a77a None None] Starting request: 10.222.0.77 "PUT /placement/allocations/bb890861-b7da-42c9-ab99-c606cd2afdfc" {{(pid=102238) __call__ /opt/stack/placement/placement/requestlog.py:55}}
Nov 03 18:48:41.262458 n-d-812148-3 devstack@placement-api.service[102238]: DEBUG placement.handlers.allocation [req-3940c598-2c66-4a0e-9f1a-14bf30b535de req-fdf0fc73-b693-420e-a050-ceef1f25a77a service placement] Successfully wrote allocations [, , ] {{(pid=102238) _update_consumers_and_create_allocations /opt/stack/placement/placement/handlers/allocation.py:462}}
Nov 03 18:48:41.273827 n-d-812148-3 devstack@placement-api.service[102238]: INFO placement.requestlog [req-3940c598-2c66-4a0e-9f1a-14bf30b535de req-fdf0fc73-b693-420e-a050-ceef1f25a77a service placement] 10.222.0.77 "PUT /placement/allocations/bb890861-b7da-42c9-ab99-c606cd2afdfc" status: 204 len: 0 microversion: 1.36
Nov 03 18:48:41.274477 n-d-812148-3 devstack@placement-api.service[102238]: [pid: 102238|app: 0|req: 415/825] 10.222.0.77 () {64 vars in 1433 bytes} [Wed Nov 3 18:48:41 2021] PUT /placement/allocations/bb890861-b7da-42c9-ab99-c606cd2afdfc => generated 0 bytes in 170 msecs (HTTP/1.1 204) 5 headers in 199 bytes (1 switches on core 0)
Nov 03 18:48:42.084637 n-d-812148-3 devstack@placement-api.service[102237]: DEBUG placement.requestlog [req-3940c598-2c66-4a0e-9f1a-14bf30b535de req-907c08a0-ff87-41e8-94dc-1c845fa5e9dd None None] Starting request: 10.222.0.96 "GET /placement/allocations/bb890861-b7da-42c9-ab99-c606cd2afdfc" {{(pid=102237) __call__ /opt/stack/placement/placement/requestlog.py:55}}
Nov 03 18:48:42.196459 n-d-812148-3 devstack@placement-api.service[102237]: INFO placement.requestlog [req-3940c598-2c66-4a0e-9f1a-14bf30b535de req-907c08a0-ff87-41e8-94dc-1c845fa5e9dd service placement] 10.222.0.96 "GET /placement/allocations/bb890861-b7da-42c9-ab99-c606cd2afdfc" status: 200 len: 259 microversion: 1.28
Nov 03 18:48:42.197288 n-d-812148-3 devstack@placement-api.service[102237]: [pid: 102237|app: 0|req: 411/826] 10.222.0.96 () {60 vars in 1377 bytes} [Wed Nov 3 18:48:42 2021] GET /placement/allocations/bb890861-b7da-42c9-ab99-c606cd2afdfc => generated 259 bytes in 113 msecs (HTTP/1.1 200) 8 headers in 296 bytes (1 switches on core 0)
Nov 03 18:48:56.617490 n-d-812148-3 devstack@placement-api.service[102238]: DEBUG placement.requestlog [req-0c45035b-71a9-4713-920f-605c40e071e4 req-d8ad41c4-2500-4c69-97e4-cb5d8eab1cc6 None None] Starting request: 10.222.0.70 "GET /placement/resource_providers/4b5b2bea-d0e0-4804-b3e2-3dfbe2a70153/allocations" {{(pid=102238) __call__ /opt/stack/placement/placement/requestlog.py:55}}
Nov 03 18:48:56.655198 n-d-812148-3 devstack@placement-api.service[102238]: INFO placement.requestlog [req-0c45035b-71a9-4713-920f-605c40e071e4 req-d8ad41c4-2500-4c69-97e4-cb5d8eab1cc6 service placement] 10.222.0.70 "GET /placement/resource_providers/4b5b2bea-d0e0-4804-b3e2-3dfbe2a70153/allocations" status: 200 len: 356 microversion: 1.0
Nov 03 18:48:56.656079 n-d-812148-3 devstack@placement-api.service[102238]: [pid: 102238|app: 0|req: 416/827] 10.222.0.70 () {58 vars in 1390 bytes} [Wed Nov 3 18:48:56 2021] GET /placement/resource_providers/4b5b2bea-d0e0-4804-b3e2-3dfbe2a70153/allocations => generated 356 bytes in 40 msecs (HTTP/1.1 200) 6 headers in 224 bytes (1 switches on core 0)
Nov 03 18:49:03.753100 n-d-812148-3 devstack@placement-api.service[102237]: DEBUG placement.requestlog [req-b6371232-9391-4e2b-a777-66fee8eae571 req-b90a6b15-04b0-4d65-a70a-38d9c8cd8305 None None] Starting request: 10.222.0.96 "GET /placement/resource_providers/a0964d29-42bf-49a3-aba7-1cd6318d8299/allocations" {{(pid=102237) __call__ /opt/stack/placement/placement/requestlog.py:55}}
Nov 03 18:49:03.835088 n-d-812148-3 devstack@placement-api.service[102237]: INFO placement.requestlog [req-b6371232-9391-4e2b-a777-66fee8eae571 req-b90a6b15-04b0-4d65-a70a-38d9c8cd8305 service placement] 10.222.0.96 "GET /placement/resource_providers/a0964d29-42bf-49a3-aba7-1cd6318d8299/allocations" status: 200 len: 328 microversion: 1.0
Nov 03 18:49:03.835829 n-d-812148-3 devstack@placement-api.service[102237]: [pid: 102237|app: 0|req: 412/828] 10.222.0.96 () {58 vars in 1390 bytes} [Wed Nov 3 18:49:03 2021] GET /placement/resource_providers/a0964d29-42bf-49a3-aba7-1cd6318d8299/allocations => generated 328 bytes in 85 msecs (HTTP/1.1 200) 6 headers in 224 bytes (1 switches on core 0)
Nov 03 18:49:07.558983 n-d-812148-3 devstack@placement-api.service[102238]: DEBUG placement.requestlog [req-8bcacae4-1b07-49f3-b9e1-a7298fb95aec req-70f517b1-3fb1-42ad-864e-406709d8330d None None] Starting request: 10.222.0.70 "DELETE /placement/allocations/0d4dbb95-8ac6-41c8-9e9a-e40c098624c6" {{(pid=102238) __call__ /opt/stack/placement/placement/requestlog.py:55}}
Nov 03 18:49:07.619331 n-d-812148-3 devstack@placement-api.service[102238]: DEBUG placement.handlers.allocation [req-8bcacae4-1b07-49f3-b9e1-a7298fb95aec req-70f517b1-3fb1-42ad-864e-406709d8330d service placement] Successfully deleted allocations [, , ] {{(pid=102238) delete_allocations /opt/stack/placement/placement/handlers/allocation.py:627}}
Nov 03 18:49:07.621656 n-d-812148-3 devstack@placement-api.service[102238]: INFO placement.requestlog [req-8bcacae4-1b07-49f3-b9e1-a7298fb95aec req-70f517b1-3fb1-42ad-864e-406709d8330d service placement] 10.222.0.70 "DELETE /placement/allocations/0d4dbb95-8ac6-41c8-9e9a-e40c098624c6" status: 204 len: 0 microversion: 1.0
Nov 03 18:49:07.622964 n-d-812148-3 devstack@placement-api.service[102238]: [pid: 102238|app: 0|req: 417/829] 10.222.0.70 () {60 vars in 1355 bytes} [Wed Nov 3 18:49:07 2021] DELETE /placement/allocations/0d4dbb95-8ac6-41c8-9e9a-e40c098624c6 => generated 0 bytes in 66 msecs (HTTP/1.1 204) 5 headers in 198 bytes (1 switches on core 0)
Nov 03 18:49:09.242971 n-d-812148-3 devstack@placement-api.service[102237]: DEBUG placement.requestlog [req-3861754e-9e37-4d60-b02c-c2386c325623 req-12fd703c-92bf-4f4b-b40b-c5398a185967 None None] Starting request: 10.222.0.96 "DELETE /placement/allocations/bb890861-b7da-42c9-ab99-c606cd2afdfc" {{(pid=102237) __call__ /opt/stack/placement/placement/requestlog.py:55}}
Nov 03 18:49:09.364805 n-d-812148-3 devstack@placement-api.service[102237]: DEBUG placement.handlers.allocation [req-3861754e-9e37-4d60-b02c-c2386c325623 req-12fd703c-92bf-4f4b-b40b-c5398a185967 service placement] Successfully deleted allocations [, , ] {{(pid=102237) delete_allocations /opt/stack/placement/placement/handlers/allocation.py:627}}
Nov 03 18:49:09.365941 n-d-812148-3 devstack@placement-api.service[102237]: INFO placement.requestlog [req-3861754e-9e37-4d60-b02c-c2386c325623 req-12fd703c-92bf-4f4b-b40b-c5398a185967 service placement] 10.222.0.96 "DELETE /placement/allocations/bb890861-b7da-42c9-ab99-c606cd2afdfc" status: 204 len: 0 microversion: 1.0
Nov 03 18:49:09.367270 n-d-812148-3 devstack@placement-api.service[102237]: [pid: 102237|app: 0|req: 413/830] 10.222.0.96 () {60 vars in 1355 bytes} [Wed Nov 3 18:49:09 2021] DELETE /placement/allocations/bb890861-b7da-42c9-ab99-c606cd2afdfc => generated 0 bytes in 125 msecs (HTTP/1.1 204) 5 headers in 198 bytes (1 switches on core 0)
Nov 03 18:49:14.289771 n-d-812148-3 devstack@placement-api.service[102238]: DEBUG placement.requestlog [req-a1f3714e-b10c-476e-9268-22f00ead5ad0 req-5c7cf757-2a1f-4af9-b59f-b57f1854f166 None None] Starting request: 10.222.0.70 "DELETE /placement/allocations/41b8be5c-28a2-4075-bd43-8e82598c2156" {{(pid=102238) __call__ /opt/stack/placement/placement/requestlog.py:55}}
Nov 03 18:49:14.365782 n-d-812148-3 devstack@placement-api.service[102238]: DEBUG placement.handlers.allocation [req-a1f3714e-b10c-476e-9268-22f00ead5ad0 req-5c7cf757-2a1f-4af9-b59f-b57f1854f166 service placement] Successfully deleted allocations [, , ] {{(pid=102238) delete_allocations /opt/stack/placement/placement/handlers/allocation.py:627}}
Nov 03 18:49:14.367842 n-d-812148-3 devstack@placement-api.service[102238]: INFO placement.requestlog [req-a1f3714e-b10c-476e-9268-22f00ead5ad0 req-5c7cf757-2a1f-4af9-b59f-b57f1854f166 service placement] 10.222.0.70 "DELETE /placement/allocations/41b8be5c-28a2-4075-bd43-8e82598c2156" status: 204 len: 0 microversion: 1.0
Nov 03 18:49:14.369289 n-d-812148-3 devstack@placement-api.service[102238]: [pid: 102238|app: 0|req: 418/831] 10.222.0.70 () {60 vars in 1355 bytes} [Wed Nov 3 18:49:14 2021] DELETE /placement/allocations/41b8be5c-28a2-4075-bd43-8e82598c2156 => generated 0 bytes in 80 msecs (HTTP/1.1 204) 5 headers in 198 bytes (2 switches on core 0)
Nov 03 18:49:38.386136 n-d-812148-3 devstack@placement-api.service[102237]: DEBUG placement.requestlog [req-5998e2b3-aec3-47c0-b514-87e0307c34c1 req-98f10772-3733-4e20-adaa-b8be5092014b None None] Starting request: 10.222.0.77 "GET /placement/allocation_candidates?limit=1000&resources=DISK_GB%3A1%2CMEMORY_MB%3A1024%2CVCPU%3A1&root_required=%21COMPUTE_STATUS_DISABLED" {{(pid=102237) __call__ /opt/stack/placement/placement/requestlog.py:55}}
Nov 03 18:49:39.001601 n-d-812148-3 devstack@placement-api.service[102237]: DEBUG placement.objects.research_context [req-5998e2b3-aec3-47c0-b514-87e0307c34c1 req-98f10772-3733-4e20-adaa-b8be5092014b service placement] getting providers with 1 DISK_GB {{(pid=102237) __init__ /opt/stack/placement/placement/objects/research_context.py:126}}
Nov 03 18:49:39.048957 n-d-812148-3 devstack@placement-api.service[102237]: DEBUG placement.objects.research_context [req-5998e2b3-aec3-47c0-b514-87e0307c34c1 req-98f10772-3733-4e20-adaa-b8be5092014b service placement] getting providers with 1024 MEMORY_MB {{(pid=102237) __init__ /opt/stack/placement/placement/objects/research_context.py:126}}
