Oct 18 20:21:45.427391 n-d-812147-2 devstack@placement-api.service[101183]: DEBUG placement.requestlog [req-cb04e91f-08fc-492a-8b08-100013eb71cd req-712179b2-224a-43b8-8472-ee15009ca26b None None] Starting request: 10.222.0.61 "GET /placement/resource_providers/9b06016d-da68-4622-bdf6-2f71dc112998/inventories" {{(pid=101183) __call__ /opt/stack/placement/placement/requestlog.py:55}}
Oct 18 20:21:45.455380 n-d-812147-2 devstack@placement-api.service[101183]: INFO placement.requestlog [req-cb04e91f-08fc-492a-8b08-100013eb71cd req-712179b2-224a-43b8-8472-ee15009ca26b service placement] 10.222.0.61 "GET /placement/resource_providers/9b06016d-da68-4622-bdf6-2f71dc112998/inventories" status: 200 len: 398 microversion: 1.0
Oct 18 20:21:45.456177 n-d-812147-2 devstack@placement-api.service[101183]: [pid: 101183|app: 0|req: 91/187] 10.222.0.61 () {58 vars in 1390 bytes} [Mon Oct 18 20:21:45 2021] GET /placement/resource_providers/9b06016d-da68-4622-bdf6-2f71dc112998/inventories => generated 398 bytes in 29 msecs (HTTP/1.1 200) 6 headers in 224 bytes (1 switches on core 0)
Oct 18 20:21:45.470645 n-d-812147-2 devstack@placement-api.service[101184]: DEBUG placement.requestlog [req-cb04e91f-08fc-492a-8b08-100013eb71cd req-ae06ae8f-9b35-4616-bac9-7ef1b4102aae None None] Starting request: 10.222.0.61 "GET /placement/resource_providers/9b06016d-da68-4622-bdf6-2f71dc112998/aggregates" {{(pid=101184) __call__ /opt/stack/placement/placement/requestlog.py:55}}
Oct 18 20:21:45.498923 n-d-812147-2 devstack@placement-api.service[101184]: INFO placement.requestlog [req-cb04e91f-08fc-492a-8b08-100013eb71cd req-ae06ae8f-9b35-4616-bac9-7ef1b4102aae service placement] 10.222.0.61 "GET /placement/resource_providers/9b06016d-da68-4622-bdf6-2f71dc112998/aggregates" status: 200 len: 54 microversion: 1.19
Oct 18 20:21:45.500066 n-d-812147-2 devstack@placement-api.service[101184]: [pid: 101184|app: 0|req: 97/188] 10.222.0.61 () {60 vars in 1431 bytes} [Mon Oct 18 20:21:45 2021] GET /placement/resource_providers/9b06016d-da68-4622-bdf6-2f71dc112998/aggregates => generated 54 bytes in 30 msecs (HTTP/1.1 200) 8 headers in 295 bytes (1 switches on core 0)
Oct 18 20:21:45.516865 n-d-812147-2 devstack@placement-api.service[101183]: DEBUG placement.requestlog [req-cb04e91f-08fc-492a-8b08-100013eb71cd req-722f76ee-e208-446a-afe4-5ddac842b14a None None] Starting request: 10.222.0.61 "GET /placement/resource_providers/9b06016d-da68-4622-bdf6-2f71dc112998/traits" {{(pid=101183) __call__ /opt/stack/placement/placement/requestlog.py:55}}
Oct 18 20:21:45.580383 n-d-812147-2 devstack@placement-api.service[101183]: INFO placement.requestlog [req-cb04e91f-08fc-492a-8b08-100013eb71cd req-722f76ee-e208-446a-afe4-5ddac842b14a service placement] 10.222.0.61 "GET /placement/resource_providers/9b06016d-da68-4622-bdf6-2f71dc112998/traits" status: 200 len: 212 microversion: 1.6
Oct 18 20:21:45.581139 n-d-812147-2 devstack@placement-api.service[101183]: [pid: 101183|app: 0|req: 92/189] 10.222.0.61 () {60 vars in 1418 bytes} [Mon Oct 18 20:21:45 2021] GET /placement/resource_providers/9b06016d-da68-4622-bdf6-2f71dc112998/traits => generated 212 bytes in 65 msecs (HTTP/1.1 200) 6 headers in 224 bytes (1 switches on core 0)
Oct 18 20:21:45.928202 n-d-812147-2 devstack@placement-api.service[101184]: DEBUG placement.requestlog [req-cb04e91f-08fc-492a-8b08-100013eb71cd req-5b7efb42-3c3c-48cc-a51d-bf69ae38da8a None None] Starting request: 10.222.0.61 "DELETE /placement/allocations/95bf90cf-a08e-4cb2-b04b-bbe4e1283bb0" {{(pid=101184) __call__ /opt/stack/placement/placement/requestlog.py:55}}
Oct 18 20:21:46.110089 n-d-812147-2 devstack@placement-api.service[101184]: DEBUG placement.handlers.allocation [req-cb04e91f-08fc-492a-8b08-100013eb71cd req-5b7efb42-3c3c-48cc-a51d-bf69ae38da8a service placement] Successfully deleted allocations [, , ] {{(pid=101184) delete_allocations /opt/stack/placement/placement/handlers/allocation.py:627}}
Oct 18 20:21:46.110614 n-d-812147-2 devstack@placement-api.service[101184]: INFO placement.requestlog [req-cb04e91f-08fc-492a-8b08-100013eb71cd req-5b7efb42-3c3c-48cc-a51d-bf69ae38da8a service placement] 10.222.0.61 "DELETE /placement/allocations/95bf90cf-a08e-4cb2-b04b-bbe4e1283bb0" status: 204 len: 0 microversion: 1.0
Oct 18 20:21:46.111271 n-d-812147-2 devstack@placement-api.service[101184]: [pid: 101184|app: 0|req: 98/190] 10.222.0.61 () {60 vars in 1355 bytes} [Mon Oct 18 20:21:45 2021] DELETE /placement/allocations/95bf90cf-a08e-4cb2-b04b-bbe4e1283bb0 => generated 0 bytes in 184 msecs (HTTP/1.1 204) 5 headers in 198 bytes (1 switches on core 0)
Oct 18 20:21:46.434341 n-d-812147-2 devstack@placement-api.service[101183]: DEBUG placement.requestlog [req-de0f4934-6006-4a28-aa28-375b1bbfe347 req-edd7e547-3256-43b5-8dc3-b6802f1f2dc4 None None] Starting request: 10.222.0.62 "GET /placement/allocation_candidates?limit=1000&resources=DISK_GB%3A1%2CMEMORY_MB%3A1024%2CVCPU%3A1&root_required=%21COMPUTE_STATUS_DISABLED" {{(pid=101183) __call__ /opt/stack/placement/placement/requestlog.py:55}}
Oct 18 20:21:46.477137 n-d-812147-2 devstack@placement-api.service[101183]: DEBUG placement.objects.research_context [req-de0f4934-6006-4a28-aa28-375b1bbfe347 req-edd7e547-3256-43b5-8dc3-b6802f1f2dc4 service placement] getting providers with 1 DISK_GB {{(pid=101183) __init__ /opt/stack/placement/placement/objects/research_context.py:126}}
Oct 18 20:21:46.483937 n-d-812147-2 devstack@placement-api.service[101183]: DEBUG placement.objects.research_context [req-de0f4934-6006-4a28-aa28-375b1bbfe347 req-edd7e547-3256-43b5-8dc3-b6802f1f2dc4 service placement] getting providers with 1024 MEMORY_MB {{(pid=101183) __init__ /opt/stack/placement/placement/objects/research_context.py:126}}
Oct 18 20:21:46.498234 n-d-812147-2 devstack@placement-api.service[101183]: DEBUG placement.objects.research_context [req-de0f4934-6006-4a28-aa28-375b1bbfe347 req-edd7e547-3256-43b5-8dc3-b6802f1f2dc4 service placement] getting providers with 1 VCPU {{(pid=101183) __init__ /opt/stack/placement/placement/objects/research_context.py:126}}
Oct 18 20:21:46.507500 n-d-812147-2 devstack@placement-api.service[101183]: DEBUG placement.objects.research_context [req-de0f4934-6006-4a28-aa28-375b1bbfe347 req-edd7e547-3256-43b5-8dc3-b6802f1f2dc4 service placement] found 2 providers with available 1 DISK_GB {{(pid=101183) get_provider_ids_matching /opt/stack/placement/placement/objects/research_context.py:549}}
Oct 18 20:21:46.507800 n-d-812147-2 devstack@placement-api.service[101183]: DEBUG placement.objects.research_context [req-de0f4934-6006-4a28-aa28-375b1bbfe347 req-edd7e547-3256-43b5-8dc3-b6802f1f2dc4 service placement] found 2 providers with available 1024 MEMORY_MB {{(pid=101183) get_provider_ids_matching /opt/stack/placement/placement/objects/research_context.py:549}}
Oct 18 20:21:46.508029 n-d-812147-2 devstack@placement-api.service[101183]: DEBUG placement.objects.research_context [req-de0f4934-6006-4a28-aa28-375b1bbfe347 req-edd7e547-3256-43b5-8dc3-b6802f1f2dc4 service placement] found 2 providers after filtering by previous result {{(pid=101183) get_provider_ids_matching /opt/stack/placement/placement/objects/research_context.py:580}}
Oct 18 20:21:46.508596 n-d-812147-2 devstack@placement-api.service[101183]: DEBUG placement.objects.research_context [req-de0f4934-6006-4a28-aa28-375b1bbfe347 req-edd7e547-3256-43b5-8dc3-b6802f1f2dc4 service placement] found 2 providers with available 1 VCPU {{(pid=101183) get_provider_ids_matching /opt/stack/placement/placement/objects/research_context.py:549}}
Oct 18 20:21:46.509108 n-d-812147-2 devstack@placement-api.service[101183]: DEBUG placement.objects.research_context [req-de0f4934-6006-4a28-aa28-375b1bbfe347 req-edd7e547-3256-43b5-8dc3-b6802f1f2dc4 service placement] found 2 providers after filtering by previous result {{(pid=101183) get_provider_ids_matching /opt/stack/placement/placement/objects/research_context.py:580}}
Oct 18 20:21:46.522135 n-d-812147-2 devstack@placement-api.service[101183]: DEBUG placement.objects.allocation_candidate [req-de0f4934-6006-4a28-aa28-375b1bbfe347 req-edd7e547-3256-43b5-8dc3-b6802f1f2dc4 service placement] RequestGroup(use_same_provider=False, resources={DISK_GB:1, MEMORY_MB:1024, VCPU:1}, traits=[], aggregates=[]) (suffix '') returned 2 matches {{(pid=101183) _get_by_requests /opt/stack/placement/placement/objects/allocation_candidate.py:145}}
Oct 18 20:21:46.522782 n-d-812147-2 devstack@placement-api.service[101183]: DEBUG placement.objects.allocation_candidate [req-de0f4934-6006-4a28-aa28-375b1bbfe347 req-edd7e547-3256-43b5-8dc3-b6802f1f2dc4 service placement] Merging candidates yields 2 allocation requests and 2 provider summaries {{(pid=101183) _merge_candidates /opt/stack/placement/placement/objects/allocation_candidate.py:783}}
Oct 18 20:21:46.538533 n-d-812147-2 devstack@placement-api.service[101183]: INFO placement.requestlog [req-de0f4934-6006-4a28-aa28-375b1bbfe347 req-edd7e547-3256-43b5-8dc3-b6802f1f2dc4 service placement] 10.222.0.62 "GET /placement/allocation_candidates?limit=1000&resources=DISK_GB%3A1%2CMEMORY_MB%3A1024%2CVCPU%3A1&root_required=%21COMPUTE_STATUS_DISABLED" status: 200 len: 1309 microversion: 1.36
Oct 18 20:21:46.541139 n-d-812147-2 devstack@placement-api.service[101183]: [pid: 101183|app: 0|req: 93/191] 10.222.0.62 () {60 vars in 1506 bytes} [Mon Oct 18 20:21:46 2021] GET /placement/allocation_candidates?limit=1000&resources=DISK_GB%3A1%2CMEMORY_MB%3A1024%2CVCPU%3A1&root_required=%21COMPUTE_STATUS_DISABLED => generated 1309 bytes in 107 msecs (HTTP/1.1 200) 8 headers in 297 bytes (1 switches on core 0)
Oct 18 20:21:46.629967 n-d-812147-2 devstack@placement-api.service[101184]: DEBUG placement.requestlog [req-de0f4934-6006-4a28-aa28-375b1bbfe347 req-e259977f-7aef-4936-9f33-b0397e62b324 None None] Starting request: 10.222.0.62 "GET /placement/allocations/f50efea3-d1b9-4c04-b109-dcee86e7d6f0" {{(pid=101184) __call__ /opt/stack/placement/placement/requestlog.py:55}}
Oct 18 20:21:46.642491 n-d-812147-2 devstack@placement-api.service[101184]: INFO placement.requestlog [req-de0f4934-6006-4a28-aa28-375b1bbfe347 req-e259977f-7aef-4936-9f33-b0397e62b324 service placement] 10.222.0.62 "GET /placement/allocations/f50efea3-d1b9-4c04-b109-dcee86e7d6f0" status: 200 len: 19 microversion: 1.28
Oct 18 20:21:46.649720 n-d-812147-2 devstack@placement-api.service[101184]: [pid: 101184|app: 0|req: 99/192] 10.222.0.62 () {60 vars in 1380 bytes} [Mon Oct 18 20:21:46 2021] GET /placement/allocations/f50efea3-d1b9-4c04-b109-dcee86e7d6f0 => generated 19 bytes in 19 msecs (HTTP/1.1 200) 8 headers in 295 bytes (2 switches on core 0)
Oct 18 20:21:46.651058 n-d-812147-2 devstack@placement-api.service[101183]: DEBUG placement.requestlog [req-de0f4934-6006-4a28-aa28-375b1bbfe347 req-30d98633-8503-4a1c-90ec-a1822707ff61 None None] Starting request: 10.222.0.62 "PUT /placement/allocations/f50efea3-d1b9-4c04-b109-dcee86e7d6f0" {{(pid=101183) __call__ /opt/stack/placement/placement/requestlog.py:55}}
Oct 18 20:21:46.802561 n-d-812147-2 devstack@placement-api.service[101183]: DEBUG placement.handlers.allocation [req-de0f4934-6006-4a28-aa28-375b1bbfe347 req-30d98633-8503-4a1c-90ec-a1822707ff61 service placement] Successfully wrote allocations [, , ] {{(pid=101183) _update_consumers_and_create_allocations /opt/stack/placement/placement/handlers/allocation.py:462}}
Oct 18 20:21:46.812591 n-d-812147-2 devstack@placement-api.service[101183]: INFO placement.requestlog [req-de0f4934-6006-4a28-aa28-375b1bbfe347 req-30d98633-8503-4a1c-90ec-a1822707ff61 service placement] 10.222.0.62 "PUT /placement/allocations/f50efea3-d1b9-4c04-b109-dcee86e7d6f0" status: 204 len: 0 microversion: 1.36
Oct 18 20:21:46.813496 n-d-812147-2 devstack@placement-api.service[101183]: [pid: 101183|app: 0|req: 94/193] 10.222.0.62 () {64 vars in 1433 bytes} [Mon Oct 18 20:21:46 2021] PUT /placement/allocations/f50efea3-d1b9-4c04-b109-dcee86e7d6f0 => generated 0 bytes in 163 msecs (HTTP/1.1 204) 5 headers in 199 bytes (1 switches on core 0)
Oct 18 20:21:47.470739 n-d-812147-2 devstack@placement-api.service[101184]: DEBUG placement.requestlog [req-de0f4934-6006-4a28-aa28-375b1bbfe347 req-15daf567-29aa-435d-b4c5-fafc53650166 None None] Starting request: 10.222.0.57 "GET /placement/allocations/f50efea3-d1b9-4c04-b109-dcee86e7d6f0" {{(pid=101184) __call__ /opt/stack/placement/placement/requestlog.py:55}}
Oct 18 20:21:47.503999 n-d-812147-2 devstack@placement-api.service[101184]: INFO placement.requestlog [req-de0f4934-6006-4a28-aa28-375b1bbfe347 req-15daf567-29aa-435d-b4c5-fafc53650166 service placement] 10.222.0.57 "GET /placement/allocations/f50efea3-d1b9-4c04-b109-dcee86e7d6f0" status: 200 len: 259 microversion: 1.28
Oct 18 20:21:47.504817 n-d-812147-2 devstack@placement-api.service[101184]: [pid: 101184|app: 0|req: 100/194] 10.222.0.57 () {60 vars in 1377 bytes} [Mon Oct 18 20:21:47 2021] GET /placement/allocations/f50efea3-d1b9-4c04-b109-dcee86e7d6f0 => generated 259 bytes in 34 msecs (HTTP/1.1 200) 8 headers in 296 bytes (1 switches on core 0)
Oct 18 20:21:49.134031 n-d-812147-2 devstack@placement-api.service[101183]: DEBUG placement.requestlog [req-07b1f1cf-fcb5-4c2e-8e4a-0fd20602342d req-d6fb9611-00aa-45fc-9908-3423aa682cb6 None None] Starting request: 10.222.0.62 "GET /placement/allocation_candidates?limit=1000&resources=DISK_GB%3A1%2CMEMORY_MB%3A1024%2CVCPU%3A1&root_required=%21COMPUTE_STATUS_DISABLED" {{(pid=101183) __call__ /opt/stack/placement/placement/requestlog.py:55}}
Oct 18 20:21:49.213017 n-d-812147-2 devstack@placement-api.service[101183]: DEBUG placement.objects.research_context [req-07b1f1cf-fcb5-4c2e-8e4a-0fd20602342d req-d6fb9611-00aa-45fc-9908-3423aa682cb6 service placement] getting providers with 1 DISK_GB {{(pid=101183) __init__ /opt/stack/placement/placement/objects/research_context.py:126}}
Oct 18 20:21:49.223740 n-d-812147-2 devstack@placement-api.service[101183]: DEBUG placement.objects.research_context [req-07b1f1cf-fcb5-4c2e-8e4a-0fd20602342d req-d6fb9611-00aa-45fc-9908-3423aa682cb6 service placement] getting providers with 1024 MEMORY_MB {{(pid=101183) __init__ /opt/stack/placement/placement/objects/research_context.py:126}}
Oct 18 20:21:49.235927 n-d-812147-2 devstack@placement-api.service[101183]: DEBUG placement.objects.research_context [req-07b1f1cf-fcb5-4c2e-8e4a-0fd20602342d req-d6fb9611-00aa-45fc-9908-3423aa682cb6 service placement] getting providers with 1 VCPU {{(pid=101183) __init__ /opt/stack/placement/placement/objects/research_context.py:126}}
Oct 18 20:21:49.249923 n-d-812147-2 devstack@placement-api.service[101183]: DEBUG placement.objects.research_context [req-07b1f1cf-fcb5-4c2e-8e4a-0fd20602342d req-d6fb9611-00aa-45fc-9908-3423aa682cb6 service placement] found 2 providers with available 1 DISK_GB {{(pid=101183) get_provider_ids_matching /opt/stack/placement/placement/objects/research_context.py:549}}
Oct 18 20:21:49.250496 n-d-812147-2 devstack@placement-api.service[101183]: DEBUG placement.objects.research_context [req-07b1f1cf-fcb5-4c2e-8e4a-0fd20602342d req-d6fb9611-00aa-45fc-9908-3423aa682cb6 service placement] found 2 providers with available 1024 MEMORY_MB {{(pid=101183) get_provider_ids_matching /opt/stack/placement/placement/objects/research_context.py:549}}
Oct 18 20:21:49.255266 n-d-812147-2 devstack@placement-api.service[101183]: DEBUG placement.objects.research_context [req-07b1f1cf-fcb5-4c2e-8e4a-0fd20602342d req-d6fb9611-00aa-45fc-9908-3423aa682cb6 service placement] found 2 providers after filtering by previous result {{(pid=101183) get_provider_ids_matching /opt/stack/placement/placement/objects/research_context.py:580}}
Oct 18 20:21:49.255993 n-d-812147-2 devstack@placement-api.service[101183]: DEBUG placement.objects.research_context [req-07b1f1cf-fcb5-4c2e-8e4a-0fd20602342d req-d6fb9611-00aa-45fc-9908-3423aa682cb6 service placement] found 2 providers with available 1 VCPU {{(pid=101183) get_provider_ids_matching /opt/stack/placement/placement/objects/research_context.py:549}}
Oct 18 20:21:49.257145 n-d-812147-2 devstack@placement-api.service[101183]: DEBUG placement.objects.research_context [req-07b1f1cf-fcb5-4c2e-8e4a-0fd20602342d req-d6fb9611-00aa-45fc-9908-3423aa682cb6 service placement] found 2 providers after filtering by previous result {{(pid=101183) get_provider_ids_matching /opt/stack/placement/placement/objects/research_context.py:580}}
Oct 18 20:21:49.272309 n-d-812147-2 devstack@placement-api.service[101183]: DEBUG placement.objects.allocation_candidate [req-07b1f1cf-fcb5-4c2e-8e4a-0fd20602342d req-d6fb9611-00aa-45fc-9908-3423aa682cb6 service placement] RequestGroup(use_same_provider=False, resources={DISK_GB:1, MEMORY_MB:1024, VCPU:1}, traits=[], aggregates=[]) (suffix '') returned 2 matches {{(pid=101183) _get_by_requests /opt/stack/placement/placement/objects/allocation_candidate.py:145}}
Oct 18 20:21:49.273091 n-d-812147-2 devstack@placement-api.service[101183]: DEBUG placement.objects.allocation_candidate [req-07b1f1cf-fcb5-4c2e-8e4a-0fd20602342d req-d6fb9611-00aa-45fc-9908-3423aa682cb6 service placement] Merging candidates yields 2 allocation requests and 2 provider summaries {{(pid=101183) _merge_candidates /opt/stack/placement/placement/objects/allocation_candidate.py:783}}
Oct 18 20:21:49.278580 n-d-812147-2 devstack@placement-api.service[101183]: INFO placement.requestlog [req-07b1f1cf-fcb5-4c2e-8e4a-0fd20602342d req-d6fb9611-00aa-45fc-9908-3423aa682cb6 service placement] 10.222.0.62 "GET /placement/allocation_candidates?limit=1000&resources=DISK_GB%3A1%2CMEMORY_MB%3A1024%2CVCPU%3A1&root_required=%21COMPUTE_STATUS_DISABLED" status: 200 len: 1309 microversion: 1.36
Oct 18 20:21:49.279709 n-d-812147-2 devstack@placement-api.service[101183]: [pid: 101183|app: 0|req: 95/195] 10.222.0.62 () {60 vars in 1506 bytes} [Mon Oct 18 20:21:49 2021] GET /placement/allocation_candidates?limit=1000&resources=DISK_GB%3A1%2CMEMORY_MB%3A1024%2CVCPU%3A1&root_required=%21COMPUTE_STATUS_DISABLED => generated 1309 bytes in 146 msecs (HTTP/1.1 200) 8 headers in 297 bytes (1 switches on core 0)
Oct 18 20:21:49.372262 n-d-812147-2 devstack@placement-api.service[101184]: DEBUG placement.requestlog [req-07b1f1cf-fcb5-4c2e-8e4a-0fd20602342d req-ab39de6f-2809-4e60-9292-7f75229c713b None None] Starting request: 10.222.0.62 "GET /placement/allocations/45464ba5-ea68-408c-8677-3ad208182d1c" {{(pid=101184) __call__ /opt/stack/placement/placement/requestlog.py:55}}
Oct 18 20:21:49.393091 n-d-812147-2 devstack@placement-api.service[101184]: INFO placement.requestlog [req-07b1f1cf-fcb5-4c2e-8e4a-0fd20602342d req-ab39de6f-2809-4e60-9292-7f75229c713b service placement] 10.222.0.62 "GET /placement/allocations/45464ba5-ea68-408c-8677-3ad208182d1c" status: 200 len: 19 microversion: 1.28
Oct 18 20:21:49.402700 n-d-812147-2 devstack@placement-api.service[101183]: DEBUG placement.requestlog [req-07b1f1cf-fcb5-4c2e-8e4a-0fd20602342d req-8ea38907-f09d-4aac-b9b3-76dd8ae832e3 None None] Starting request: 10.222.0.62 "PUT /placement/allocations/45464ba5-ea68-408c-8677-3ad208182d1c" {{(pid=101183) __call__ /opt/stack/placement/placement/requestlog.py:55}}
Oct 18 20:21:49.404137 n-d-812147-2 devstack@placement-api.service[101184]: [pid: 101184|app: 0|req: 101/196] 10.222.0.62 () {60 vars in 1380 bytes} [Mon Oct 18 20:21:49 2021] GET /placement/allocations/45464ba5-ea68-408c-8677-3ad208182d1c => generated 19 bytes in 32 msecs (HTTP/1.1 200) 8 headers in 295 bytes (1 switches on core 0)
Oct 18 20:21:49.506458 n-d-812147-2 devstack@placement-api.service[101183]: DEBUG placement.handlers.allocation [req-07b1f1cf-fcb5-4c2e-8e4a-0fd20602342d req-8ea38907-f09d-4aac-b9b3-76dd8ae832e3 service placement] Successfully wrote allocations [, , ] {{(pid=101183) _update_consumers_and_create_allocations /opt/stack/placement/placement/handlers/allocation.py:462}}
Oct 18 20:21:49.513053 n-d-812147-2 devstack@placement-api.service[101183]: INFO placement.requestlog [req-07b1f1cf-fcb5-4c2e-8e4a-0fd20602342d req-8ea38907-f09d-4aac-b9b3-76dd8ae832e3 service placement] 10.222.0.62 "PUT /placement/allocations/45464ba5-ea68-408c-8677-3ad208182d1c" status: 204 len: 0 microversion: 1.36
Oct 18 20:21:49.513352 n-d-812147-2 devstack@placement-api.service[101183]: [pid: 101183|app: 0|req: 96/197] 10.222.0.62 () {64 vars in 1433 bytes} [Mon Oct 18 20:21:49 2021] PUT /placement/allocations/45464ba5-ea68-408c-8677-3ad208182d1c => generated 0 bytes in 111 msecs (HTTP/1.1 204) 5 headers in 199 bytes (2 switches on core 0)
Oct 18 20:21:50.127078 n-d-812147-2 devstack@placement-api.service[101184]: DEBUG placement.requestlog [req-07b1f1cf-fcb5-4c2e-8e4a-0fd20602342d req-cf9e3b08-0395-4b3d-a675-c25229b13025 None None] Starting request: 10.222.0.61 "GET /placement/allocations/45464ba5-ea68-408c-8677-3ad208182d1c" {{(pid=101184) __call__ /opt/stack/placement/placement/requestlog.py:55}}
Oct 18 20:21:50.177953 n-d-812147-2 devstack@placement-api.service[101184]: INFO placement.requestlog [req-07b1f1cf-fcb5-4c2e-8e4a-0fd20602342d req-cf9e3b08-0395-4b3d-a675-c25229b13025 service placement] 10.222.0.61 "GET /placement/allocations/45464ba5-ea68-408c-8677-3ad208182d1c" status: 200 len: 259 microversion: 1.28
Oct 18 20:21:50.179908 n-d-812147-2 devstack@placement-api.service[101184]: [pid: 101184|app: 0|req: 102/198] 10.222.0.61 () {60 vars in 1377 bytes} [Mon Oct 18 20:21:50 2021] GET /placement/allocations/45464ba5-ea68-408c-8677-3ad208182d1c => generated 259 bytes in 53 msecs (HTTP/1.1 200) 8 headers in 296 bytes (1 switches on core 0)
Oct 18 20:21:52.056626 n-d-812147-2 devstack@placement-api.service[101183]: DEBUG placement.requestlog [req-fabc801a-4394-4487-86fe-bd6b4af37909 req-96ca9622-ea0f-4d20-9db9-19f59a09b4de None None] Starting request: 10.222.0.61 "DELETE /placement/allocations/3d2a328d-51f6-4529-92f7-eb70a1e0d38e" {{(pid=101183) __call__ /opt/stack/placement/placement/requestlog.py:55}}
Oct 18 20:21:52.111172 n-d-812147-2 devstack@placement-api.service[101183]: DEBUG placement.handlers.allocation [req-fabc801a-4394-4487-86fe-bd6b4af37909 req-96ca9622-ea0f-4d20-9db9-19f59a09b4de service placement] Successfully deleted allocations [, , ] {{(pid=101183) delete_allocations /opt/stack/placement/placement/handlers/allocation.py:627}}
Oct 18 20:21:52.111781 n-d-812147-2 devstack@placement-api.service[101183]: INFO placement.requestlog [req-fabc801a-4394-4487-86fe-bd6b4af37909 req-96ca9622-ea0f-4d20-9db9-19f59a09b4de service placement] 10.222.0.61 "DELETE /placement/allocations/3d2a328d-51f6-4529-92f7-eb70a1e0d38e" status: 204 len: 0 microversion: 1.0
Oct 18 20:21:52.112035 n-d-812147-2 devstack@placement-api.service[101183]: [pid: 101183|app: 0|req: 97/199] 10.222.0.61 () {60 vars in 1355 bytes} [Mon Oct 18 20:21:52 2021] DELETE /placement/allocations/3d2a328d-51f6-4529-92f7-eb70a1e0d38e => generated 0 bytes in 56 msecs (HTTP/1.1 204) 5 headers in 198 bytes (2 switches on core 0)
Oct 18 20:21:55.874614 n-d-812147-2 devstack@placement-api.service[101184]: DEBUG placement.requestlog [req-697c6e71-0c14-476c-b249-2668637f118a req-d8315f5a-ccf6-468c-84fc-3695a5f72501 None None] Starting request: 10.222.0.57 "GET /placement/resource_providers/8bfdeb6d-a2d3-4350-9848-091e1855c2a3/allocations" {{(pid=101184) __call__ /opt/stack/placement/placement/requestlog.py:55}}
Oct 18 20:21:55.924374 n-d-812147-2 devstack@placement-api.service[101184]: INFO placement.requestlog [req-697c6e71-0c14-476c-b249-2668637f118a req-d8315f5a-ccf6-468c-84fc-3695a5f72501 service placement] 10.222.0.57 "GET /placement/resource_providers/8bfdeb6d-a2d3-4350-9848-091e1855c2a3/allocations" status: 200 len: 457 microversion: 1.0
Oct 18 20:21:55.925166 n-d-812147-2 devstack@placement-api.service[101184]: [pid: 101184|app: 0|req: 103/200] 10.222.0.57 () {58 vars in 1390 bytes} [Mon Oct 18 20:21:55 2021] GET /placement/resource_providers/8bfdeb6d-a2d3-4350-9848-091e1855c2a3/allocations => generated 457 bytes in 52 msecs (HTTP/1.1 200) 6 headers in 224 bytes (1 switches on core 0)
Oct 18 20:21:56.355978 n-d-812147-2 devstack@placement-api.service[101183]: DEBUG placement.requestlog [req-697c6e71-0c14-476c-b249-2668637f118a req-880b4076-38b3-43e1-8dc9-d1de397adb6e None None] Starting request: 10.222.0.57 "GET /placement/allocations/6ea45f8e-e40d-4fd7-931b-0980383cef3b" {{(pid=101183) __call__ /opt/stack/placement/placement/requestlog.py:55}}
Oct 18 20:21:56.391952 n-d-812147-2 devstack@placement-api.service[101183]: INFO placement.requestlog [req-697c6e71-0c14-476c-b249-2668637f118a req-880b4076-38b3-43e1-8dc9-d1de397adb6e service placement] 10.222.0.57 "GET /placement/allocations/6ea45f8e-e40d-4fd7-931b-0980383cef3b" status: 200 len: 259 microversion: 1.28
Oct 18 20:21:56.392823 n-d-812147-2 devstack@placement-api.service[101183]: [pid: 101183|app: 0|req: 98/201] 10.222.0.57 () {60 vars in 1377 bytes} [Mon Oct 18 20:21:56 2021] GET /placement/allocations/6ea45f8e-e40d-4fd7-931b-0980383cef3b => generated 259 bytes in 37 msecs (HTTP/1.1 200) 8 headers in 296 bytes (1 switches on core 0)
Oct 18 20:21:56.404201 n-d-812147-2 devstack@placement-api.service[101184]: DEBUG placement.requestlog [req-697c6e71-0c14-476c-b249-2668637f118a req-55f4276f-cd74-4d04-ae4b-8a1180c20bcf None None] Starting request: 10.222.0.57 "PUT /placement/allocations/6ea45f8e-e40d-4fd7-931b-0980383cef3b" {{(pid=101184) __call__ /opt/stack/placement/placement/requestlog.py:55}}
Oct 18 20:21:56.489464 n-d-812147-2 devstack@placement-api.service[101184]: DEBUG placement.handlers.allocation [req-697c6e71-0c14-476c-b249-2668637f118a req-55f4276f-cd74-4d04-ae4b-8a1180c20bcf service placement] Successfully wrote allocations [, , ] {{(pid=101184) _update_consumers_and_create_allocations /opt/stack/placement/placement/handlers/allocation.py:462}}
Oct 18 20:21:56.497774 n-d-812147-2 devstack@placement-api.service[101184]: INFO placement.requestlog [req-697c6e71-0c14-476c-b249-2668637f118a req-55f4276f-cd74-4d04-ae4b-8a1180c20bcf service placement] 10.222.0.57 "PUT /placement/allocations/6ea45f8e-e40d-4fd7-931b-0980383cef3b" status: 204 len: 0 microversion: 1.28
Oct 18 20:21:56.499202 n-d-812147-2 devstack@placement-api.service[101184]: [pid: 101184|app: 0|req: 104/202] 10.222.0.57 () {64 vars in 1430 bytes} [Mon Oct 18 20:21:56 2021] PUT /placement/allocations/6ea45f8e-e40d-4fd7-931b-0980383cef3b => generated 0 bytes in 95 msecs (HTTP/1.1 204) 5 headers in 199 bytes (2 switches on core 0)
Oct 18 20:21:59.446537 n-d-812147-2 devstack@placement-api.service[101183]: DEBUG placement.requestlog [req-2eea04db-bca2-4e0b-985b-3ec0efae0a50 req-b92a241d-7505-406e-8048-50b85b803496 None None] Starting request: 10.222.0.61 "DELETE /placement/allocations/c71717b7-6ed6-44cc-90f1-dd9160747681" {{(pid=101183) __call__ /opt/stack/placement/placement/requestlog.py:55}}
Oct 18 20:21:59.529171 n-d-812147-2 devstack@placement-api.service[101183]: DEBUG placement.handlers.allocation [req-2eea04db-bca2-4e0b-985b-3ec0efae0a50 req-b92a241d-7505-406e-8048-50b85b803496 service placement] Successfully deleted allocations [, , ] {{(pid=101183) delete_allocations /opt/stack/placement/placement/handlers/allocation.py:627}}
Oct 18 20:21:59.531033 n-d-812147-2 devstack@placement-api.service[101183]: INFO placement.requestlog [req-2eea04db-bca2-4e0b-985b-3ec0efae0a50 req-b92a241d-7505-406e-8048-50b85b803496 service placement] 10.222.0.61 "DELETE /placement/allocations/c71717b7-6ed6-44cc-90f1-dd9160747681" status: 204 len: 0 microversion: 1.0
Oct 18 20:21:59.531832 n-d-812147-2 devstack@placement-api.service[101183]: [pid: 101183|app: 0|req: 99/203] 10.222.0.61 () {60 vars in 1355 bytes} [Mon Oct 18 20:21:59 2021] DELETE /placement/allocations/c71717b7-6ed6-44cc-90f1-dd9160747681 => generated 0 bytes in 86 msecs (HTTP/1.1 204) 5 headers in 198 bytes (1 switches on core 0)
Oct 18 20:22:00.355191 n-d-812147-2 devstack@placement-api.service[101184]: DEBUG placement.requestlog [req-1095d920-d046-45ba-b06b-0bfd347634fe req-da902f6c-0706-42ef-983b-a445d2e040ee None None] Starting request: 10.222.0.62 "GET /placement/allocation_candidates?limit=1000&resources=DISK_GB%3A1%2CMEMORY_MB%3A1024%2CVCPU%3A1&root_required=%21COMPUTE_STATUS_DISABLED" {{(pid=101184) __call__ /opt/stack/placement/placement/requestlog.py:55}}
Oct 18 20:22:00.405676 n-d-812147-2 devstack@placement-api.service[101184]: DEBUG placement.objects.research_context [req-1095d920-d046-45ba-b06b-0bfd347634fe req-da902f6c-0706-42ef-983b-a445d2e040ee service placement] getting providers with 1 DISK_GB {{(pid=101184) __init__ /opt/stack/placement/placement/objects/research_context.py:126}}
Oct 18 20:22:00.413562 n-d-812147-2 devstack@placement-api.service[101184]: DEBUG placement.objects.research_context [req-1095d920-d046-45ba-b06b-0bfd347634fe req-da902f6c-0706-42ef-983b-a445d2e040ee service placement] getting providers with 1024 MEMORY_MB {{(pid=101184) __init__ /opt/stack/placement/placement/objects/research_context.py:126}}
Oct 18 20:22:00.427836 n-d-812147-2 devstack@placement-api.service[101184]: DEBUG placement.objects.research_context [req-1095d920-d046-45ba-b06b-0bfd347634fe req-da902f6c-0706-42ef-983b-a445d2e040ee service placement] getting providers with 1 VCPU {{(pid=101184) __init__ /opt/stack/placement/placement/objects/research_context.py:126}}
Oct 18 20:22:00.438585 n-d-812147-2 devstack@placement-api.service[101184]: DEBUG placement.objects.research_context [req-1095d920-d046-45ba-b06b-0bfd347634fe req-da902f6c-0706-42ef-983b-a445d2e040ee service placement] found 2 providers with available 1 DISK_GB {{(pid=101184) get_provider_ids_matching /opt/stack/placement/placement/objects/research_context.py:549}}
Oct 18 20:22:00.439738 n-d-812147-2 devstack@placement-api.service[101184]: DEBUG placement.objects.research_context [req-1095d920-d046-45ba-b06b-0bfd347634fe req-da902f6c-0706-42ef-983b-a445d2e040ee service placement] found 2 providers with available 1024 MEMORY_MB {{(pid=101184) get_provider_ids_matching /opt/stack/placement/placement/objects/research_context.py:549}}
Oct 18 20:22:00.440713 n-d-812147-2 devstack@placement-api.service[101184]: DEBUG placement.objects.research_context [req-1095d920-d046-45ba-b06b-0bfd347634fe req-da902f6c-0706-42ef-983b-a445d2e040ee service placement] found 2 providers after filtering by previous result {{(pid=101184) get_provider_ids_matching /opt/stack/placement/placement/objects/research_context.py:580}}
Oct 18 20:22:00.441423 n-d-812147-2 devstack@placement-api.service[101184]: DEBUG placement.objects.research_context [req-1095d920-d046-45ba-b06b-0bfd347634fe req-da902f6c-0706-42ef-983b-a445d2e040ee service placement] found 2 providers with available 1 VCPU {{(pid=101184) get_provider_ids_matching /opt/stack/placement/placement/objects/research_context.py:549}}
Oct 18 20:22:00.441848 n-d-812147-2 devstack@placement-api.service[101184]: DEBUG placement.objects.research_context [req-1095d920-d046-45ba-b06b-0bfd347634fe req-da902f6c-0706-42ef-983b-a445d2e040ee service placement] found 2 providers after filtering by previous result {{(pid=101184) get_provider_ids_matching /opt/stack/placement/placement/objects/research_context.py:580}}
Oct 18 20:22:00.465872 n-d-812147-2 devstack@placement-api.service[101184]: DEBUG placement.objects.allocation_candidate [req-1095d920-d046-45ba-b06b-0bfd347634fe req-da902f6c-0706-42ef-983b-a445d2e040ee service placement] RequestGroup(use_same_provider=False, resources={DISK_GB:1, MEMORY_MB:1024, VCPU:1}, traits=[], aggregates=[]) (suffix '') returned 2 matches {{(pid=101184) _get_by_requests /opt/stack/placement/placement/objects/allocation_candidate.py:145}}
Oct 18 20:22:00.466864 n-d-812147-2 devstack@placement-api.service[101184]: DEBUG placement.objects.allocation_candidate [req-1095d920-d046-45ba-b06b-0bfd347634fe req-da902f6c-0706-42ef-983b-a445d2e040ee service placement] Merging candidates yields 2 allocation requests and 2 provider summaries {{(pid=101184) _merge_candidates /opt/stack/placement/placement/objects/allocation_candidate.py:783}}
Oct 18 20:22:00.470866 n-d-812147-2 devstack@placement-api.service[101184]: INFO placement.requestlog [req-1095d920-d046-45ba-b06b-0bfd347634fe req-da902f6c-0706-42ef-983b-a445d2e040ee service placement] 10.222.0.62 "GET /placement/allocation_candidates?limit=1000&resources=DISK_GB%3A1%2CMEMORY_MB%3A1024%2CVCPU%3A1&root_required=%21COMPUTE_STATUS_DISABLED" status: 200 len: 1309 microversion: 1.36
Oct 18 20:22:00.471266 n-d-812147-2 devstack@placement-api.service[101184]: [pid: 101184|app: 0|req: 105/204] 10.222.0.62 () {60 vars in 1506 bytes} [Mon Oct 18 20:22:00 2021] GET /placement/allocation_candidates?limit=1000&resources=DISK_GB%3A1%2CMEMORY_MB%3A1024%2CVCPU%3A1&root_required=%21COMPUTE_STATUS_DISABLED => generated 1309 bytes in 117 msecs (HTTP/1.1 200) 8 headers in 297 bytes (1 switches on core 0)
Oct 18 20:22:00.599974 n-d-812147-2 devstack@placement-api.service[101183]: DEBUG placement.requestlog [req-1095d920-d046-45ba-b06b-0bfd347634fe req-fe831066-fcc8-4ae3-af83-0bf04b269cd8 None None] Starting request: 10.222.0.62 "GET /placement/allocations/e1dcba64-3c10-4e07-8341-10ca7fe5f172" {{(pid=101183) __call__ /opt/stack/placement/placement/requestlog.py:55}}
Oct 18 20:22:00.637677 n-d-812147-2 devstack@placement-api.service[101183]: INFO placement.requestlog [req-1095d920-d046-45ba-b06b-0bfd347634fe req-fe831066-fcc8-4ae3-af83-0bf04b269cd8 service placement] 10.222.0.62 "GET /placement/allocations/e1dcba64-3c10-4e07-8341-10ca7fe5f172" status: 200 len: 19 microversion: 1.28
Oct 18 20:22:00.638681 n-d-812147-2 devstack@placement-api.service[101183]: [pid: 101183|app: 0|req: 100/205] 10.222.0.62 () {60 vars in 1380 bytes} [Mon Oct 18 20:22:00 2021] GET /placement/allocations/e1dcba64-3c10-4e07-8341-10ca7fe5f172 => generated 19 bytes in 41 msecs (HTTP/1.1 200) 8 headers in 295 bytes (2 switches on core 0)
Oct 18 20:22:00.650307 n-d-812147-2 devstack@placement-api.service[101184]: DEBUG placement.requestlog [req-1095d920-d046-45ba-b06b-0bfd347634fe req-c4a07b63-0fc0-444a-b6dc-affd7abcb121 None None] Starting request: 10.222.0.62 "PUT /placement/allocations/e1dcba64-3c10-4e07-8341-10ca7fe5f172" {{(pid=101184) __call__ /opt/stack/placement/placement/requestlog.py:55}}
Oct 18 20:22:00.778984 n-d-812147-2 devstack@placement-api.service[101184]: DEBUG placement.handlers.allocation [req-1095d920-d046-45ba-b06b-0bfd347634fe req-c4a07b63-0fc0-444a-b6dc-affd7abcb121 service placement] Successfully wrote allocations [, , ] {{(pid=101184) _update_consumers_and_create_allocations /opt/stack/placement/placement/handlers/allocation.py:462}}
Oct 18 20:22:00.786845 n-d-812147-2 devstack@placement-api.service[101184]: INFO placement.requestlog [req-1095d920-d046-45ba-b06b-0bfd347634fe req-c4a07b63-0fc0-444a-b6dc-affd7abcb121 service placement] 10.222.0.62 "PUT /placement/allocations/e1dcba64-3c10-4e07-8341-10ca7fe5f172" status: 204 len: 0 microversion: 1.36
Oct 18 20:22:00.787458 n-d-812147-2 devstack@placement-api.service[101184]: [pid: 101184|app: 0|req: 106/206] 10.222.0.62 () {64 vars in 1433 bytes} [Mon Oct 18 20:22:00 2021] PUT /placement/allocations/e1dcba64-3c10-4e07-8341-10ca7fe5f172 => generated 0 bytes in 139 msecs (HTTP/1.1 204) 5 headers in 199 bytes (1 switches on core 0)
Oct 18 20:22:01.574672 n-d-812147-2 devstack@placement-api.service[101183]: DEBUG placement.requestlog [req-1095d920-d046-45ba-b06b-0bfd347634fe req-276320e0-cb2d-432a-b572-927058c7f7fe None None] Starting request: 10.222.0.57 "GET /placement/allocations/e1dcba64-3c10-4e07-8341-10ca7fe5f172" {{(pid=101183) __call__ /opt/stack/placement/placement/requestlog.py:55}}
Oct 18 20:22:01.596012 n-d-812147-2 devstack@placement-api.service[101183]: INFO placement.requestlog [req-1095d920-d046-45ba-b06b-0bfd347634fe req-276320e0-cb2d-432a-b572-927058c7f7fe service placement] 10.222.0.57 "GET /placement/allocations/e1dcba64-3c10-4e07-8341-10ca7fe5f172" status: 200 len: 259 microversion: 1.28
Oct 18 20:22:01.596609 n-d-812147-2 devstack@placement-api.service[101183]: [pid: 101183|app: 0|req: 101/207] 10.222.0.57 () {60 vars in 1377 bytes} [Mon Oct 18 20:22:01 2021] GET /placement/allocations/e1dcba64-3c10-4e07-8341-10ca7fe5f172 => generated 259 bytes in 22 msecs (HTTP/1.1 200) 8 headers in 296 bytes (1 switches on core 0)
Oct 18 20:22:05.171175 n-d-812147-2 devstack@placement-api.service[101184]: DEBUG placement.requestlog [req-7b73d6df-06db-4572-affb-e7f7a63da502 req-4ac32059-87a7-44b2-82d9-8f4f5c0ec112 None None] Starting request: 10.222.0.62 "GET /placement/allocation_candidates?limit=1000&resources=DISK_GB%3A1%2CMEMORY_MB%3A1024%2CVCPU%3A1&root_required=%21COMPUTE_STATUS_DISABLED" {{(pid=101184) __call__ /opt/stack/placement/placement/requestlog.py:55}}
Oct 18 20:22:05.235119 n-d-812147-2 devstack@placement-api.service[101184]: DEBUG placement.objects.research_context [req-7b73d6df-06db-4572-affb-e7f7a63da502 req-4ac32059-87a7-44b2-82d9-8f4f5c0ec112 service placement] getting providers with 1 DISK_GB {{(pid=101184) __init__ /opt/stack/placement/placement/objects/research_context.py:126}}
Oct 18 20:22:05.261278 n-d-812147-2 devstack@placement-api.service[101184]: DEBUG placement.objects.research_context [req-7b73d6df-06db-4572-affb-e7f7a63da502 req-4ac32059-87a7-44b2-82d9-8f4f5c0ec112 service placement] getting providers with 1024 MEMORY_MB {{(pid=101184) __init__ /opt/stack/placement/placement/objects/research_context.py:126}}
Oct 18 20:22:05.291835 n-d-812147-2 devstack@placement-api.service[101184]: DEBUG placement.objects.research_context [req-7b73d6df-06db-4572-affb-e7f7a63da502 req-4ac32059-87a7-44b2-82d9-8f4f5c0ec112 service placement] getting providers with 1 VCPU {{(pid=101184) __init__ /opt/stack/placement/placement/objects/research_context.py:126}}
Oct 18 20:22:05.322663 n-d-812147-2 devstack@placement-api.service[101184]: DEBUG placement.objects.research_context [req-7b73d6df-06db-4572-affb-e7f7a63da502 req-4ac32059-87a7-44b2-82d9-8f4f5c0ec112 service placement] found 2 providers with available 1 DISK_GB {{(pid=101184) get_provider_ids_matching /opt/stack/placement/placement/objects/research_context.py:549}}
Oct 18 20:22:05.323156 n-d-812147-2 devstack@placement-api.service[101184]: DEBUG placement.objects.research_context [req-7b73d6df-06db-4572-affb-e7f7a63da502 req-4ac32059-87a7-44b2-82d9-8f4f5c0ec112 service placement] found 2 providers with available 1024 MEMORY_MB {{(pid=101184) get_provider_ids_matching /opt/stack/placement/placement/objects/research_context.py:549}}
Oct 18 20:22:05.324144 n-d-812147-2 devstack@placement-api.service[101184]: DEBUG placement.objects.research_context [req-7b73d6df-06db-4572-affb-e7f7a63da502 req-4ac32059-87a7-44b2-82d9-8f4f5c0ec112 service placement] found 2 providers after filtering by previous result {{(pid=101184) get_provider_ids_matching /opt/stack/placement/placement/objects/research_context.py:580}}
Oct 18 20:22:05.324144 n-d-812147-2 devstack@placement-api.service[101184]: DEBUG placement.objects.research_context [req-7b73d6df-06db-4572-affb-e7f7a63da502 req-4ac32059-87a7-44b2-82d9-8f4f5c0ec112 service placement] found 2 providers with available 1 VCPU {{(pid=101184) get_provider_ids_matching /opt/stack/placement/placement/objects/research_context.py:549}}
Oct 18 20:22:05.324602 n-d-812147-2 devstack@placement-api.service[101184]: DEBUG placement.objects.research_context [req-7b73d6df-06db-4572-affb-e7f7a63da502 req-4ac32059-87a7-44b2-82d9-8f4f5c0ec112 service placement] found 2 providers after filtering by previous result {{(pid=101184) get_provider_ids_matching /opt/stack/placement/placement/objects/research_context.py:580}}
Oct 18 20:22:05.385821 n-d-812147-2 devstack@placement-api.service[101184]: DEBUG placement.objects.allocation_candidate [req-7b73d6df-06db-4572-affb-e7f7a63da502 req-4ac32059-87a7-44b2-82d9-8f4f5c0ec112 service placement] RequestGroup(use_same_provider=False, resources={DISK_GB:1, MEMORY_MB:1024, VCPU:1}, traits=[], aggregates=[]) (suffix '') returned 2 matches {{(pid=101184) _get_by_requests /opt/stack/placement/placement/objects/allocation_candidate.py:145}}
Oct 18 20:22:05.389838 n-d-812147-2 devstack@placement-api.service[101184]: DEBUG placement.objects.allocation_candidate [req-7b73d6df-06db-4572-affb-e7f7a63da502 req-4ac32059-87a7-44b2-82d9-8f4f5c0ec112 service placement] Merging candidates yields 2 allocation requests and 2 provider summaries {{(pid=101184) _merge_candidates /opt/stack/placement/placement/objects/allocation_candidate.py:783}}
Oct 18 20:22:05.394275 n-d-812147-2 devstack@placement-api.service[101184]: INFO placement.requestlog [req-7b73d6df-06db-4572-affb-e7f7a63da502 req-4ac32059-87a7-44b2-82d9-8f4f5c0ec112 service placement] 10.222.0.62 "GET /placement/allocation_candidates?limit=1000&resources=DISK_GB%3A1%2CMEMORY_MB%3A1024%2CVCPU%3A1&root_required=%21COMPUTE_STATUS_DISABLED" status: 200 len: 1309 microversion: 1.36
Oct 18 20:22:05.399529 n-d-812147-2 devstack@placement-api.service[101184]: [pid: 101184|app: 0|req: 107/208] 10.222.0.62 () {60 vars in 1506 bytes} [Mon Oct 18 20:22:05 2021] GET /placement/allocation_candidates?limit=1000&resources=DISK_GB%3A1%2CMEMORY_MB%3A1024%2CVCPU%3A1&root_required=%21COMPUTE_STATUS_DISABLED => generated 1309 bytes in 227 msecs (HTTP/1.1 200) 8 headers in 297 bytes (1 switches on core 0)
Oct 18 20:22:05.517143 n-d-812147-2 devstack@placement-api.service[101183]: DEBUG placement.requestlog [req-7b73d6df-06db-4572-affb-e7f7a63da502 req-268230d7-1964-4a5c-bba1-da148278b5d8 None None] Starting request: 10.222.0.62 "GET /placement/allocations/fbb486c0-3124-476b-9c9d-f46866550411" {{(pid=101183) __call__ /opt/stack/placement/placement/requestlog.py:55}}
Oct 18 20:22:05.564643 n-d-812147-2 devstack@placement-api.service[101183]: INFO placement.requestlog [req-7b73d6df-06db-4572-affb-e7f7a63da502 req-268230d7-1964-4a5c-bba1-da148278b5d8 service placement] 10.222.0.62 "GET /placement/allocations/fbb486c0-3124-476b-9c9d-f46866550411" status: 200 len: 19 microversion: 1.28
Oct 18 20:22:05.565678 n-d-812147-2 devstack@placement-api.service[101183]: [pid: 101183|app: 0|req: 102/209] 10.222.0.62 () {60 vars in 1380 bytes} [Mon Oct 18 20:22:05 2021] GET /placement/allocations/fbb486c0-3124-476b-9c9d-f46866550411 => generated 19 bytes in 49 msecs (HTTP/1.1 200) 8 headers in 295 bytes (1 switches on core 0)
Oct 18 20:22:05.576615 n-d-812147-2 devstack@placement-api.service[101184]: DEBUG placement.requestlog [req-7b73d6df-06db-4572-affb-e7f7a63da502 req-048f6eee-27ec-4105-87c9-de5900442050 None None] Starting request: 10.222.0.62 "PUT /placement/allocations/fbb486c0-3124-476b-9c9d-f46866550411" {{(pid=101184) __call__ /opt/stack/placement/placement/requestlog.py:55}}
Oct 18 20:22:05.578081 n-d-812147-2 devstack@placement-api.service[101183]: DEBUG placement.requestlog [req-412d06cb-df63-473e-a3af-96d6a7c19a4a req-d5d9e63e-d208-4242-baaa-dfc5d26aa2d3 None None] Starting request: 10.222.0.61 "DELETE /placement/allocations/ecf6eab6-e016-47f5-a3a9-ec24e8a176f2" {{(pid=101183) __call__ /opt/stack/placement/placement/requestlog.py:55}}
Oct 18 20:22:05.684067 n-d-812147-2 devstack@placement-api.service[101183]: DEBUG placement.handlers.allocation [req-412d06cb-df63-473e-a3af-96d6a7c19a4a req-d5d9e63e-d208-4242-baaa-dfc5d26aa2d3 service placement] Successfully deleted allocations [, , ] {{(pid=101183) delete_allocations /opt/stack/placement/placement/handlers/allocation.py:627}}
Oct 18 20:22:05.686149 n-d-812147-2 devstack@placement-api.service[101183]: INFO placement.requestlog [req-412d06cb-df63-473e-a3af-96d6a7c19a4a req-d5d9e63e-d208-4242-baaa-dfc5d26aa2d3 service placement] 10.222.0.61 "DELETE /placement/allocations/ecf6eab6-e016-47f5-a3a9-ec24e8a176f2" status: 204 len: 0 microversion: 1.0
Oct 18 20:22:05.687157 n-d-812147-2 devstack@placement-api.service[101183]: [pid: 101183|app: 0|req: 103/210] 10.222.0.61 () {60 vars in 1355 bytes} [Mon Oct 18 20:22:05 2021] DELETE /placement/allocations/ecf6eab6-e016-47f5-a3a9-ec24e8a176f2 => generated 0 bytes in 109 msecs (HTTP/1.1 204) 5 headers in 198 bytes (1 switches on core 0)
Oct 18 20:22:05.752479 n-d-812147-2 devstack@placement-api.service[101184]: DEBUG placement.handlers.allocation [req-7b73d6df-06db-4572-affb-e7f7a63da502 req-048f6eee-27ec-4105-87c9-de5900442050 service placement] Successfully wrote allocations [, , ] {{(pid=101184) _update_consumers_and_create_allocations /opt/stack/placement/placement/handlers/allocation.py:462}}
Oct 18 20:22:05.761147 n-d-812147-2 devstack@placement-api.service[101184]: INFO placement.requestlog [req-7b73d6df-06db-4572-affb-e7f7a63da502 req-048f6eee-27ec-4105-87c9-de5900442050 service placement] 10.222.0.62 "PUT /placement/allocations/fbb486c0-3124-476b-9c9d-f46866550411" status: 204 len: 0 microversion: 1.36
Oct 18 20:22:05.762042 n-d-812147-2 devstack@placement-api.service[101184]: [pid: 101184|app: 0|req: 108/211] 10.222.0.62 () {64 vars in 1433 bytes} [Mon Oct 18 20:22:05 2021] PUT /placement/allocations/fbb486c0-3124-476b-9c9d-f46866550411 => generated 0 bytes in 186 msecs (HTTP/1.1 204) 5 headers in 199 bytes (1 switches on core 0)
Oct 18 20:22:06.608665 n-d-812147-2 devstack@placement-api.service[101183]: DEBUG placement.requestlog [req-7b73d6df-06db-4572-affb-e7f7a63da502 req-6274be90-a8f4-4a2a-9769-2bddf4862cbb None None] Starting request: 10.222.0.61 "GET /placement/allocations/fbb486c0-3124-476b-9c9d-f46866550411" {{(pid=101183) __call__ /opt/stack/placement/placement/requestlog.py:55}}
Oct 18 20:22:06.657817 n-d-812147-2 devstack@placement-api.service[101183]: INFO placement.requestlog [req-7b73d6df-06db-4572-affb-e7f7a63da502 req-6274be90-a8f4-4a2a-9769-2bddf4862cbb service placement] 10.222.0.61 "GET /placement/allocations/fbb486c0-3124-476b-9c9d-f46866550411" status: 200 len: 259 microversion: 1.28
Oct 18 20:22:06.659664 n-d-812147-2 devstack@placement-api.service[101183]: [pid: 101183|app: 0|req: 104/212] 10.222.0.61 () {60 vars in 1377 bytes} [Mon Oct 18 20:22:06 2021] GET /placement/allocations/fbb486c0-3124-476b-9c9d-f46866550411 => generated 259 bytes in 53 msecs (HTTP/1.1 200) 8 headers in 296 bytes (2 switches on core 0)
Oct 18 20:22:07.588483 n-d-812147-2 devstack@placement-api.service[101184]: DEBUG placement.requestlog [None req-3b830fa6-5855-425a-ab73-c415e84479b2 None None] Starting request: 10.222.0.62 "GET /placement/" {{(pid=101184) __call__ /opt/stack/placement/placement/requestlog.py:55}}
Oct 18 20:22:07.589533 n-d-812147-2 devstack@placement-api.service[101184]: INFO placement.requestlog [None req-3b830fa6-5855-425a-ab73-c415e84479b2 None None] 10.222.0.62 "GET /placement/" status: 200 len: 136 microversion: 1.0
Oct 18 20:22:07.590189 n-d-812147-2 devstack@placement-api.service[101184]: [pid: 101184|app: 0|req: 109/213] 10.222.0.62 () {54 vars in 916 bytes} [Mon Oct 18 20:22:07 2021] GET /placement => generated 136 bytes in 2 msecs (HTTP/1.1 200) 6 headers in 224 bytes (1 switches on core 0)
Oct 18 20:22:07.631142 n-d-812147-2 devstack@placement-api.service[101183]: DEBUG placement.requestlog [req-0ca958c0-7596-4413-8cb8-5dcf1fc6b653 req-0ebf23fa-c127-49bb-9e62-4d7b074b8ac4 None None] Starting request: 10.222.0.62 "GET /placement/allocations/f50efea3-d1b9-4c04-b109-dcee86e7d6f0" {{(pid=101183) __call__ /opt/stack/placement/placement/requestlog.py:55}}
Oct 18 20:22:07.776565 n-d-812147-2 devstack@placement-api.service[101183]: INFO placement.requestlog [req-0ca958c0-7596-4413-8cb8-5dcf1fc6b653 req-0ebf23fa-c127-49bb-9e62-4d7b074b8ac4 service placement] 10.222.0.62 "GET /placement/allocations/f50efea3-d1b9-4c04-b109-dcee86e7d6f0" status: 200 len: 259 microversion: 1.28
Oct 18 20:22:07.776844 n-d-812147-2 devstack@placement-api.service[101183]: [pid: 101183|app: 0|req: 105/214] 10.222.0.62 () {60 vars in 1380 bytes} [Mon Oct 18 20:22:07 2021] GET /placement/allocations/f50efea3-d1b9-4c04-b109-dcee86e7d6f0 => generated 259 bytes in 146 msecs (HTTP/1.1 200) 8 headers in 296 bytes (1 switches on core 0)
Oct 18 20:22:07.787158 n-d-812147-2 devstack@placement-api.service[101184]: DEBUG placement.requestlog [req-0ca958c0-7596-4413-8cb8-5dcf1fc6b653 req-27fa11c2-1a77-4312-a67b-e0a065bf97be None None] Starting request: 10.222.0.62 "GET /placement/allocations/f50efea3-d1b9-4c04-b109-dcee86e7d6f0" {{(pid=101184) __call__ /opt/stack/placement/placement/requestlog.py:55}}
Oct 18 20:22:07.868990 n-d-812147-2 devstack@placement-api.service[101184]: INFO placement.requestlog [req-0ca958c0-7596-4413-8cb8-5dcf1fc6b653 req-27fa11c2-1a77-4312-a67b-e0a065bf97be service placement] 10.222.0.62 "GET /placement/allocations/f50efea3-d1b9-4c04-b109-dcee86e7d6f0" status: 200 len: 259 microversion: 1.28
Oct 18 20:22:07.872507 n-d-812147-2 devstack@placement-api.service[101184]: [pid: 101184|app: 0|req: 110/215] 10.222.0.62 () {60 vars in 1380 bytes} [Mon Oct 18 20:22:07 2021] GET /placement/allocations/f50efea3-d1b9-4c04-b109-dcee86e7d6f0 => generated 259 bytes in 86 msecs (HTTP/1.1 200) 8 headers in 296 bytes (1 switches on core 0)
Oct 18 20:22:07.896189 n-d-812147-2 devstack@placement-api.service[101183]: DEBUG placement.requestlog [req-0ca958c0-7596-4413-8cb8-5dcf1fc6b653 req-59ba5ccc-713c-4c02-ae0c-9bf231ed85c4 None None] Starting request: 10.222.0.62 "GET /placement/allocations/359523a3-5cdb-42ce-a51b-b6b5ec657a22" {{(pid=101183) __call__ /opt/stack/placement/placement/requestlog.py:55}}
Oct 18 20:22:07.918351 n-d-812147-2 devstack@placement-api.service[101183]: INFO placement.requestlog [req-0ca958c0-7596-4413-8cb8-5dcf1fc6b653 req-59ba5ccc-713c-4c02-ae0c-9bf231ed85c4 service placement] 10.222.0.62 "GET /placement/allocations/359523a3-5cdb-42ce-a51b-b6b5ec657a22" status: 200 len: 19 microversion: 1.28
Oct 18 20:22:07.919181 n-d-812147-2 devstack@placement-api.service[101183]: [pid: 101183|app: 0|req: 106/216] 10.222.0.62 () {60 vars in 1380 bytes} [Mon Oct 18 20:22:07 2021] GET /placement/allocations/359523a3-5cdb-42ce-a51b-b6b5ec657a22 => generated 19 bytes in 24 msecs (HTTP/1.1 200) 8 headers in 295 bytes (2 switches on core 0)
