Oct 18 20:25:22.880867 n-d-812147-2 devstack@placement-api.service[101183]: DEBUG placement.objects.research_context [req-1704a88d-78ea-4569-9043-2785b2b1832f req-ca57bd7b-3886-41c8-84cd-005ee9bb7fcf service placement] found 2 providers after filtering by previous result {{(pid=101183) get_provider_ids_matching /opt/stack/placement/placement/objects/research_context.py:580}}
Oct 18 20:25:22.918570 n-d-812147-2 devstack@placement-api.service[101183]: DEBUG placement.objects.allocation_candidate [req-1704a88d-78ea-4569-9043-2785b2b1832f req-ca57bd7b-3886-41c8-84cd-005ee9bb7fcf service placement] RequestGroup(use_same_provider=False, resources={MEMORY_MB:1024, VCPU:1}, traits=[], aggregates=[]) (suffix '') returned 2 matches {{(pid=101183) _get_by_requests /opt/stack/placement/placement/objects/allocation_candidate.py:145}}
Oct 18 20:25:22.919126 n-d-812147-2 devstack@placement-api.service[101183]: DEBUG placement.objects.allocation_candidate [req-1704a88d-78ea-4569-9043-2785b2b1832f req-ca57bd7b-3886-41c8-84cd-005ee9bb7fcf service placement] Merging candidates yields 2 allocation requests and 2 provider summaries {{(pid=101183) _merge_candidates /opt/stack/placement/placement/objects/allocation_candidate.py:783}}
Oct 18 20:25:22.929703 n-d-812147-2 devstack@placement-api.service[101183]: INFO placement.requestlog [req-1704a88d-78ea-4569-9043-2785b2b1832f req-ca57bd7b-3886-41c8-84cd-005ee9bb7fcf service placement] 10.222.0.62 "GET /placement/allocation_candidates?limit=1000&resources=MEMORY_MB%3A1024%2CVCPU%3A1&root_required=%21COMPUTE_STATUS_DISABLED" status: 200 len: 1281 microversion: 1.36
Oct 18 20:25:22.938144 n-d-812147-2 devstack@placement-api.service[101183]: [pid: 101183|app: 0|req: 167/338] 10.222.0.62 () {60 vars in 1478 bytes} [Mon Oct 18 20:25:22 2021] GET /placement/allocation_candidates?limit=1000&resources=MEMORY_MB%3A1024%2CVCPU%3A1&root_required=%21COMPUTE_STATUS_DISABLED => generated 1281 bytes in 114 msecs (HTTP/1.1 200) 8 headers in 297 bytes (1 switches on core 0)
Oct 18 20:25:23.043383 n-d-812147-2 devstack@placement-api.service[101184]: DEBUG placement.requestlog [req-1704a88d-78ea-4569-9043-2785b2b1832f req-ef7847f7-a132-4efc-9dbe-27c7db805ea7 None None] Starting request: 10.222.0.62 "GET /placement/allocations/78dbbc81-243e-4628-9676-6c3ff493129d" {{(pid=101184) __call__ /opt/stack/placement/placement/requestlog.py:55}}
Oct 18 20:25:23.082757 n-d-812147-2 devstack@placement-api.service[101184]: INFO placement.requestlog [req-1704a88d-78ea-4569-9043-2785b2b1832f req-ef7847f7-a132-4efc-9dbe-27c7db805ea7 service placement] 10.222.0.62 "GET /placement/allocations/78dbbc81-243e-4628-9676-6c3ff493129d" status: 200 len: 19 microversion: 1.28
Oct 18 20:25:23.083337 n-d-812147-2 devstack@placement-api.service[101184]: [pid: 101184|app: 0|req: 172/339] 10.222.0.62 () {60 vars in 1380 bytes} [Mon Oct 18 20:25:23 2021] GET /placement/allocations/78dbbc81-243e-4628-9676-6c3ff493129d => generated 19 bytes in 40 msecs (HTTP/1.1 200) 8 headers in 295 bytes (1 switches on core 0)
Oct 18 20:25:23.090783 n-d-812147-2 devstack@placement-api.service[101183]: DEBUG placement.requestlog [req-1704a88d-78ea-4569-9043-2785b2b1832f req-c5263c23-e79d-4225-b3f5-7f959ac59e10 None None] Starting request: 10.222.0.62 "PUT /placement/allocations/78dbbc81-243e-4628-9676-6c3ff493129d" {{(pid=101183) __call__ /opt/stack/placement/placement/requestlog.py:55}}
Oct 18 20:25:23.150873 n-d-812147-2 devstack@placement-api.service[101184]: DEBUG placement.requestlog [req-002276a4-a97d-4753-9aef-8299abdf06f1 req-83c0d127-f253-49b5-bf71-7f3336bb6222 None None] Starting request: 10.222.0.62 "GET /placement/allocation_candidates?limit=1000&resources=DISK_GB%3A1%2CMEMORY_MB%3A1024%2CVCPU%3A1&root_required=%21COMPUTE_STATUS_DISABLED" {{(pid=101184) __call__ /opt/stack/placement/placement/requestlog.py:55}}
Oct 18 20:25:23.313878 n-d-812147-2 devstack@placement-api.service[101184]: DEBUG placement.objects.research_context [req-002276a4-a97d-4753-9aef-8299abdf06f1 req-83c0d127-f253-49b5-bf71-7f3336bb6222 service placement] getting providers with 1 DISK_GB {{(pid=101184) __init__ /opt/stack/placement/placement/objects/research_context.py:126}}
Oct 18 20:25:23.323762 n-d-812147-2 devstack@placement-api.service[101184]: DEBUG placement.objects.research_context [req-002276a4-a97d-4753-9aef-8299abdf06f1 req-83c0d127-f253-49b5-bf71-7f3336bb6222 service placement] getting providers with 1024 MEMORY_MB {{(pid=101184) __init__ /opt/stack/placement/placement/objects/research_context.py:126}}
Oct 18 20:25:23.346679 n-d-812147-2 devstack@placement-api.service[101183]: DEBUG placement.handlers.allocation [req-1704a88d-78ea-4569-9043-2785b2b1832f req-c5263c23-e79d-4225-b3f5-7f959ac59e10 service placement] Successfully wrote allocations [, ] {{(pid=101183) _update_consumers_and_create_allocations /opt/stack/placement/placement/handlers/allocation.py:462}}
Oct 18 20:25:23.346679 n-d-812147-2 devstack@placement-api.service[101183]: INFO placement.requestlog [req-1704a88d-78ea-4569-9043-2785b2b1832f req-c5263c23-e79d-4225-b3f5-7f959ac59e10 service placement] 10.222.0.62 "PUT /placement/allocations/78dbbc81-243e-4628-9676-6c3ff493129d" status: 204 len: 0 microversion: 1.36
Oct 18 20:25:23.348212 n-d-812147-2 devstack@placement-api.service[101184]: DEBUG placement.objects.research_context [req-002276a4-a97d-4753-9aef-8299abdf06f1 req-83c0d127-f253-49b5-bf71-7f3336bb6222 service placement] getting providers with 1 VCPU {{(pid=101184) __init__ /opt/stack/placement/placement/objects/research_context.py:126}}
Oct 18 20:25:23.356580 n-d-812147-2 devstack@placement-api.service[101183]: [pid: 101183|app: 0|req: 168/340] 10.222.0.62 () {64 vars in 1433 bytes} [Mon Oct 18 20:25:23 2021] PUT /placement/allocations/78dbbc81-243e-4628-9676-6c3ff493129d => generated 0 bytes in 249 msecs (HTTP/1.1 204) 5 headers in 199 bytes (1 switches on core 0)
Oct 18 20:25:23.366576 n-d-812147-2 devstack@placement-api.service[101184]: DEBUG placement.objects.research_context [req-002276a4-a97d-4753-9aef-8299abdf06f1 req-83c0d127-f253-49b5-bf71-7f3336bb6222 service placement] found 2 providers with available 1 DISK_GB {{(pid=101184) get_provider_ids_matching /opt/stack/placement/placement/objects/research_context.py:549}}
Oct 18 20:25:23.369582 n-d-812147-2 devstack@placement-api.service[101184]: DEBUG placement.objects.research_context [req-002276a4-a97d-4753-9aef-8299abdf06f1 req-83c0d127-f253-49b5-bf71-7f3336bb6222 service placement] found 2 providers with available 1024 MEMORY_MB {{(pid=101184) get_provider_ids_matching /opt/stack/placement/placement/objects/research_context.py:549}}
Oct 18 20:25:23.369957 n-d-812147-2 devstack@placement-api.service[101184]: DEBUG placement.objects.research_context [req-002276a4-a97d-4753-9aef-8299abdf06f1 req-83c0d127-f253-49b5-bf71-7f3336bb6222 service placement] found 2 providers after filtering by previous result {{(pid=101184) get_provider_ids_matching /opt/stack/placement/placement/objects/research_context.py:580}}
Oct 18 20:25:23.370588 n-d-812147-2 devstack@placement-api.service[101184]: DEBUG placement.objects.research_context [req-002276a4-a97d-4753-9aef-8299abdf06f1 req-83c0d127-f253-49b5-bf71-7f3336bb6222 service placement] found 2 providers with available 1 VCPU {{(pid=101184) get_provider_ids_matching /opt/stack/placement/placement/objects/research_context.py:549}}
Oct 18 20:25:23.374561 n-d-812147-2 devstack@placement-api.service[101184]: DEBUG placement.objects.research_context [req-002276a4-a97d-4753-9aef-8299abdf06f1 req-83c0d127-f253-49b5-bf71-7f3336bb6222 service placement] found 2 providers after filtering by previous result {{(pid=101184) get_provider_ids_matching /opt/stack/placement/placement/objects/research_context.py:580}}
Oct 18 20:25:23.408814 n-d-812147-2 devstack@placement-api.service[101184]: DEBUG placement.objects.allocation_candidate [req-002276a4-a97d-4753-9aef-8299abdf06f1 req-83c0d127-f253-49b5-bf71-7f3336bb6222 service placement] RequestGroup(use_same_provider=False, resources={DISK_GB:1, MEMORY_MB:1024, VCPU:1}, traits=[], aggregates=[]) (suffix '') returned 2 matches {{(pid=101184) _get_by_requests /opt/stack/placement/placement/objects/allocation_candidate.py:145}}
Oct 18 20:25:23.411740 n-d-812147-2 devstack@placement-api.service[101184]: DEBUG placement.objects.allocation_candidate [req-002276a4-a97d-4753-9aef-8299abdf06f1 req-83c0d127-f253-49b5-bf71-7f3336bb6222 service placement] Merging candidates yields 2 allocation requests and 2 provider summaries {{(pid=101184) _merge_candidates /opt/stack/placement/placement/objects/allocation_candidate.py:783}}
Oct 18 20:25:23.419062 n-d-812147-2 devstack@placement-api.service[101184]: INFO placement.requestlog [req-002276a4-a97d-4753-9aef-8299abdf06f1 req-83c0d127-f253-49b5-bf71-7f3336bb6222 service placement] 10.222.0.62 "GET /placement/allocation_candidates?limit=1000&resources=DISK_GB%3A1%2CMEMORY_MB%3A1024%2CVCPU%3A1&root_required=%21COMPUTE_STATUS_DISABLED" status: 200 len: 1309 microversion: 1.36
Oct 18 20:25:23.419898 n-d-812147-2 devstack@placement-api.service[101184]: [pid: 101184|app: 0|req: 173/341] 10.222.0.62 () {60 vars in 1506 bytes} [Mon Oct 18 20:25:23 2021] GET /placement/allocation_candidates?limit=1000&resources=DISK_GB%3A1%2CMEMORY_MB%3A1024%2CVCPU%3A1&root_required=%21COMPUTE_STATUS_DISABLED => generated 1309 bytes in 270 msecs (HTTP/1.1 200) 8 headers in 297 bytes (1 switches on core 0)
Oct 18 20:25:23.571099 n-d-812147-2 devstack@placement-api.service[101183]: DEBUG placement.requestlog [req-002276a4-a97d-4753-9aef-8299abdf06f1 req-a70a9471-5290-4eac-8ff2-f7f6616c491a None None] Starting request: 10.222.0.62 "GET /placement/allocations/cbcd4041-e237-4a88-8ca1-8269010020fe" {{(pid=101183) __call__ /opt/stack/placement/placement/requestlog.py:55}}
Oct 18 20:25:23.599531 n-d-812147-2 devstack@placement-api.service[101183]: INFO placement.requestlog [req-002276a4-a97d-4753-9aef-8299abdf06f1 req-a70a9471-5290-4eac-8ff2-f7f6616c491a service placement] 10.222.0.62 "GET /placement/allocations/cbcd4041-e237-4a88-8ca1-8269010020fe" status: 200 len: 19 microversion: 1.28
Oct 18 20:25:23.599780 n-d-812147-2 devstack@placement-api.service[101183]: [pid: 101183|app: 0|req: 169/342] 10.222.0.62 () {60 vars in 1380 bytes} [Mon Oct 18 20:25:23 2021] GET /placement/allocations/cbcd4041-e237-4a88-8ca1-8269010020fe => generated 19 bytes in 30 msecs (HTTP/1.1 200) 8 headers in 295 bytes (2 switches on core 0)
Oct 18 20:25:23.610197 n-d-812147-2 devstack@placement-api.service[101184]: DEBUG placement.requestlog [req-002276a4-a97d-4753-9aef-8299abdf06f1 req-5d8a49a5-2670-4ecc-b46c-38352d103fe4 None None] Starting request: 10.222.0.62 "PUT /placement/allocations/cbcd4041-e237-4a88-8ca1-8269010020fe" {{(pid=101184) __call__ /opt/stack/placement/placement/requestlog.py:55}}
Oct 18 20:25:23.766470 n-d-812147-2 devstack@placement-api.service[101184]: DEBUG placement.handlers.allocation [req-002276a4-a97d-4753-9aef-8299abdf06f1 req-5d8a49a5-2670-4ecc-b46c-38352d103fe4 service placement] Successfully wrote allocations [, , ] {{(pid=101184) _update_consumers_and_create_allocations /opt/stack/placement/placement/handlers/allocation.py:462}}
Oct 18 20:25:23.776217 n-d-812147-2 devstack@placement-api.service[101184]: INFO placement.requestlog [req-002276a4-a97d-4753-9aef-8299abdf06f1 req-5d8a49a5-2670-4ecc-b46c-38352d103fe4 service placement] 10.222.0.62 "PUT /placement/allocations/cbcd4041-e237-4a88-8ca1-8269010020fe" status: 204 len: 0 microversion: 1.36
Oct 18 20:25:23.776781 n-d-812147-2 devstack@placement-api.service[101184]: [pid: 101184|app: 0|req: 174/343] 10.222.0.62 () {64 vars in 1433 bytes} [Mon Oct 18 20:25:23 2021] PUT /placement/allocations/cbcd4041-e237-4a88-8ca1-8269010020fe => generated 0 bytes in 167 msecs (HTTP/1.1 204) 5 headers in 199 bytes (2 switches on core 0)
Oct 18 20:25:24.015124 n-d-812147-2 devstack@placement-api.service[101183]: DEBUG placement.requestlog [req-1704a88d-78ea-4569-9043-2785b2b1832f req-277ad64f-5ff4-4ffa-adb3-f01f82be012c None None] Starting request: 10.222.0.61 "GET /placement/allocations/78dbbc81-243e-4628-9676-6c3ff493129d" {{(pid=101183) __call__ /opt/stack/placement/placement/requestlog.py:55}}
Oct 18 20:25:24.056346 n-d-812147-2 devstack@placement-api.service[101183]: INFO placement.requestlog [req-1704a88d-78ea-4569-9043-2785b2b1832f req-277ad64f-5ff4-4ffa-adb3-f01f82be012c service placement] 10.222.0.61 "GET /placement/allocations/78dbbc81-243e-4628-9676-6c3ff493129d" status: 200 len: 245 microversion: 1.28
Oct 18 20:25:24.057062 n-d-812147-2 devstack@placement-api.service[101183]: [pid: 101183|app: 0|req: 170/344] 10.222.0.61 () {60 vars in 1377 bytes} [Mon Oct 18 20:25:24 2021] GET /placement/allocations/78dbbc81-243e-4628-9676-6c3ff493129d => generated 245 bytes in 42 msecs (HTTP/1.1 200) 8 headers in 296 bytes (2 switches on core 0)
Oct 18 20:25:24.534082 n-d-812147-2 devstack@placement-api.service[101184]: DEBUG placement.requestlog [req-002276a4-a97d-4753-9aef-8299abdf06f1 req-7ee62209-a37e-4055-bdc2-81137b3a2247 None None] Starting request: 10.222.0.61 "GET /placement/allocations/cbcd4041-e237-4a88-8ca1-8269010020fe" {{(pid=101184) __call__ /opt/stack/placement/placement/requestlog.py:55}}
Oct 18 20:25:24.583225 n-d-812147-2 devstack@placement-api.service[101184]: INFO placement.requestlog [req-002276a4-a97d-4753-9aef-8299abdf06f1 req-7ee62209-a37e-4055-bdc2-81137b3a2247 service placement] 10.222.0.61 "GET /placement/allocations/cbcd4041-e237-4a88-8ca1-8269010020fe" status: 200 len: 259 microversion: 1.28
Oct 18 20:25:24.585575 n-d-812147-2 devstack@placement-api.service[101184]: [pid: 101184|app: 0|req: 175/345] 10.222.0.61 () {60 vars in 1377 bytes} [Mon Oct 18 20:25:24 2021] GET /placement/allocations/cbcd4041-e237-4a88-8ca1-8269010020fe => generated 259 bytes in 52 msecs (HTTP/1.1 200) 8 headers in 296 bytes (1 switches on core 0)
Oct 18 20:25:40.401072 n-d-812147-2 devstack@placement-api.service[101183]: DEBUG placement.requestlog [req-eed0b7bc-3652-4923-94c3-fe439e67bc60 req-206616cf-7112-47e8-9296-6eb262691cd2 None None] Starting request: 10.222.0.62 "GET /placement/allocation_candidates?limit=1000&resources=DISK_GB%3A1%2CMEMORY_MB%3A1024%2CVCPU%3A1&root_required=%21COMPUTE_STATUS_DISABLED" {{(pid=101183) __call__ /opt/stack/placement/placement/requestlog.py:55}}
Oct 18 20:25:40.467683 n-d-812147-2 devstack@placement-api.service[101183]: DEBUG placement.objects.research_context [req-eed0b7bc-3652-4923-94c3-fe439e67bc60 req-206616cf-7112-47e8-9296-6eb262691cd2 service placement] getting providers with 1 DISK_GB {{(pid=101183) __init__ /opt/stack/placement/placement/objects/research_context.py:126}}
Oct 18 20:25:40.481609 n-d-812147-2 devstack@placement-api.service[101183]: DEBUG placement.objects.research_context [req-eed0b7bc-3652-4923-94c3-fe439e67bc60 req-206616cf-7112-47e8-9296-6eb262691cd2 service placement] getting providers with 1024 MEMORY_MB {{(pid=101183) __init__ /opt/stack/placement/placement/objects/research_context.py:126}}
Oct 18 20:25:40.498494 n-d-812147-2 devstack@placement-api.service[101183]: DEBUG placement.objects.research_context [req-eed0b7bc-3652-4923-94c3-fe439e67bc60 req-206616cf-7112-47e8-9296-6eb262691cd2 service placement] getting providers with 1 VCPU {{(pid=101183) __init__ /opt/stack/placement/placement/objects/research_context.py:126}}
Oct 18 20:25:40.511006 n-d-812147-2 devstack@placement-api.service[101183]: DEBUG placement.objects.research_context [req-eed0b7bc-3652-4923-94c3-fe439e67bc60 req-206616cf-7112-47e8-9296-6eb262691cd2 service placement] found 2 providers with available 1 DISK_GB {{(pid=101183) get_provider_ids_matching /opt/stack/placement/placement/objects/research_context.py:549}}
Oct 18 20:25:40.511354 n-d-812147-2 devstack@placement-api.service[101183]: DEBUG placement.objects.research_context [req-eed0b7bc-3652-4923-94c3-fe439e67bc60 req-206616cf-7112-47e8-9296-6eb262691cd2 service placement] found 2 providers with available 1024 MEMORY_MB {{(pid=101183) get_provider_ids_matching /opt/stack/placement/placement/objects/research_context.py:549}}
Oct 18 20:25:40.511779 n-d-812147-2 devstack@placement-api.service[101183]: DEBUG placement.objects.research_context [req-eed0b7bc-3652-4923-94c3-fe439e67bc60 req-206616cf-7112-47e8-9296-6eb262691cd2 service placement] found 2 providers after filtering by previous result {{(pid=101183) get_provider_ids_matching /opt/stack/placement/placement/objects/research_context.py:580}}
Oct 18 20:25:40.512172 n-d-812147-2 devstack@placement-api.service[101183]: DEBUG placement.objects.research_context [req-eed0b7bc-3652-4923-94c3-fe439e67bc60 req-206616cf-7112-47e8-9296-6eb262691cd2 service placement] found 2 providers with available 1 VCPU {{(pid=101183) get_provider_ids_matching /opt/stack/placement/placement/objects/research_context.py:549}}
Oct 18 20:25:40.512649 n-d-812147-2 devstack@placement-api.service[101183]: DEBUG placement.objects.research_context [req-eed0b7bc-3652-4923-94c3-fe439e67bc60 req-206616cf-7112-47e8-9296-6eb262691cd2 service placement] found 2 providers after filtering by previous result {{(pid=101183) get_provider_ids_matching /opt/stack/placement/placement/objects/research_context.py:580}}
Oct 18 20:25:40.524652 n-d-812147-2 devstack@placement-api.service[101183]: DEBUG placement.objects.allocation_candidate [req-eed0b7bc-3652-4923-94c3-fe439e67bc60 req-206616cf-7112-47e8-9296-6eb262691cd2 service placement] RequestGroup(use_same_provider=False, resources={DISK_GB:1, MEMORY_MB:1024, VCPU:1}, traits=[], aggregates=[]) (suffix '') returned 2 matches {{(pid=101183) _get_by_requests /opt/stack/placement/placement/objects/allocation_candidate.py:145}}
Oct 18 20:25:40.525288 n-d-812147-2 devstack@placement-api.service[101183]: DEBUG placement.objects.allocation_candidate [req-eed0b7bc-3652-4923-94c3-fe439e67bc60 req-206616cf-7112-47e8-9296-6eb262691cd2 service placement] Merging candidates yields 2 allocation requests and 2 provider summaries {{(pid=101183) _merge_candidates /opt/stack/placement/placement/objects/allocation_candidate.py:783}}
Oct 18 20:25:40.527149 n-d-812147-2 devstack@placement-api.service[101183]: INFO placement.requestlog [req-eed0b7bc-3652-4923-94c3-fe439e67bc60 req-206616cf-7112-47e8-9296-6eb262691cd2 service placement] 10.222.0.62 "GET /placement/allocation_candidates?limit=1000&resources=DISK_GB%3A1%2CMEMORY_MB%3A1024%2CVCPU%3A1&root_required=%21COMPUTE_STATUS_DISABLED" status: 200 len: 1309 microversion: 1.36
Oct 18 20:25:40.531502 n-d-812147-2 devstack@placement-api.service[101183]: [pid: 101183|app: 0|req: 171/346] 10.222.0.62 () {60 vars in 1506 bytes} [Mon Oct 18 20:25:40 2021] GET /placement/allocation_candidates?limit=1000&resources=DISK_GB%3A1%2CMEMORY_MB%3A1024%2CVCPU%3A1&root_required=%21COMPUTE_STATUS_DISABLED => generated 1309 bytes in 130 msecs (HTTP/1.1 200) 8 headers in 297 bytes (1 switches on core 0)
Oct 18 20:25:40.606024 n-d-812147-2 devstack@placement-api.service[101184]: DEBUG placement.requestlog [req-eed0b7bc-3652-4923-94c3-fe439e67bc60 req-1a1a7720-b863-4fa1-9edf-641e365aec3a None None] Starting request: 10.222.0.62 "GET /placement/allocations/eab3f0b1-ea7b-4d5d-85c7-bbc2620f875b" {{(pid=101184) __call__ /opt/stack/placement/placement/requestlog.py:55}}
Oct 18 20:25:40.634599 n-d-812147-2 devstack@placement-api.service[101184]: INFO placement.requestlog [req-eed0b7bc-3652-4923-94c3-fe439e67bc60 req-1a1a7720-b863-4fa1-9edf-641e365aec3a service placement] 10.222.0.62 "GET /placement/allocations/eab3f0b1-ea7b-4d5d-85c7-bbc2620f875b" status: 200 len: 19 microversion: 1.28
Oct 18 20:25:40.640703 n-d-812147-2 devstack@placement-api.service[101183]: DEBUG placement.requestlog [req-eed0b7bc-3652-4923-94c3-fe439e67bc60 req-168de91f-aafa-4ff2-be24-1bea667369a9 None None] Starting request: 10.222.0.62 "PUT /placement/allocations/eab3f0b1-ea7b-4d5d-85c7-bbc2620f875b" {{(pid=101183) __call__ /opt/stack/placement/placement/requestlog.py:55}}
Oct 18 20:25:40.641229 n-d-812147-2 devstack@placement-api.service[101184]: [pid: 101184|app: 0|req: 176/347] 10.222.0.62 () {60 vars in 1380 bytes} [Mon Oct 18 20:25:40 2021] GET /placement/allocations/eab3f0b1-ea7b-4d5d-85c7-bbc2620f875b => generated 19 bytes in 35 msecs (HTTP/1.1 200) 8 headers in 295 bytes (1 switches on core 0)
Oct 18 20:25:40.884713 n-d-812147-2 devstack@placement-api.service[101183]: DEBUG placement.handlers.allocation [req-eed0b7bc-3652-4923-94c3-fe439e67bc60 req-168de91f-aafa-4ff2-be24-1bea667369a9 service placement] Successfully wrote allocations [, , ] {{(pid=101183) _update_consumers_and_create_allocations /opt/stack/placement/placement/handlers/allocation.py:462}}
Oct 18 20:25:40.901161 n-d-812147-2 devstack@placement-api.service[101183]: INFO placement.requestlog [req-eed0b7bc-3652-4923-94c3-fe439e67bc60 req-168de91f-aafa-4ff2-be24-1bea667369a9 service placement] 10.222.0.62 "PUT /placement/allocations/eab3f0b1-ea7b-4d5d-85c7-bbc2620f875b" status: 204 len: 0 microversion: 1.36
Oct 18 20:25:40.904716 n-d-812147-2 devstack@placement-api.service[101183]: [pid: 101183|app: 0|req: 172/348] 10.222.0.62 () {64 vars in 1433 bytes} [Mon Oct 18 20:25:40 2021] PUT /placement/allocations/eab3f0b1-ea7b-4d5d-85c7-bbc2620f875b => generated 0 bytes in 262 msecs (HTTP/1.1 204) 5 headers in 199 bytes (1 switches on core 0)
Oct 18 20:25:41.664411 n-d-812147-2 devstack@placement-api.service[101184]: DEBUG placement.requestlog [req-eed0b7bc-3652-4923-94c3-fe439e67bc60 req-11b07e95-ac33-4e28-a356-77a1b50f5db5 None None] Starting request: 10.222.0.57 "GET /placement/allocations/eab3f0b1-ea7b-4d5d-85c7-bbc2620f875b" {{(pid=101184) __call__ /opt/stack/placement/placement/requestlog.py:55}}
Oct 18 20:25:41.697187 n-d-812147-2 devstack@placement-api.service[101184]: INFO placement.requestlog [req-eed0b7bc-3652-4923-94c3-fe439e67bc60 req-11b07e95-ac33-4e28-a356-77a1b50f5db5 service placement] 10.222.0.57 "GET /placement/allocations/eab3f0b1-ea7b-4d5d-85c7-bbc2620f875b" status: 200 len: 259 microversion: 1.28
Oct 18 20:25:41.698793 n-d-812147-2 devstack@placement-api.service[101184]: [pid: 101184|app: 0|req: 177/349] 10.222.0.57 () {60 vars in 1377 bytes} [Mon Oct 18 20:25:41 2021] GET /placement/allocations/eab3f0b1-ea7b-4d5d-85c7-bbc2620f875b => generated 259 bytes in 35 msecs (HTTP/1.1 200) 8 headers in 296 bytes (1 switches on core 0)
Oct 18 20:25:41.955527 n-d-812147-2 devstack@placement-api.service[101183]: DEBUG placement.requestlog [req-48f3a977-09be-49ba-8da2-29079318f681 req-a0bb2bca-07b9-459b-8114-ef98e7f84f54 None None] Starting request: 10.222.0.62 "GET /placement/allocation_candidates?limit=1000&resources=DISK_GB%3A1%2CMEMORY_MB%3A1024%2CVCPU%3A1&root_required=%21COMPUTE_STATUS_DISABLED" {{(pid=101183) __call__ /opt/stack/placement/placement/requestlog.py:55}}
Oct 18 20:25:42.090834 n-d-812147-2 devstack@placement-api.service[101183]: DEBUG placement.objects.research_context [req-48f3a977-09be-49ba-8da2-29079318f681 req-a0bb2bca-07b9-459b-8114-ef98e7f84f54 service placement] getting providers with 1 DISK_GB {{(pid=101183) __init__ /opt/stack/placement/placement/objects/research_context.py:126}}
Oct 18 20:25:42.104036 n-d-812147-2 devstack@placement-api.service[101183]: DEBUG placement.objects.research_context [req-48f3a977-09be-49ba-8da2-29079318f681 req-a0bb2bca-07b9-459b-8114-ef98e7f84f54 service placement] getting providers with 1024 MEMORY_MB {{(pid=101183) __init__ /opt/stack/placement/placement/objects/research_context.py:126}}
Oct 18 20:25:42.120090 n-d-812147-2 devstack@placement-api.service[101183]: DEBUG placement.objects.research_context [req-48f3a977-09be-49ba-8da2-29079318f681 req-a0bb2bca-07b9-459b-8114-ef98e7f84f54 service placement] getting providers with 1 VCPU {{(pid=101183) __init__ /opt/stack/placement/placement/objects/research_context.py:126}}
Oct 18 20:25:42.132686 n-d-812147-2 devstack@placement-api.service[101183]: DEBUG placement.objects.research_context [req-48f3a977-09be-49ba-8da2-29079318f681 req-a0bb2bca-07b9-459b-8114-ef98e7f84f54 service placement] found 2 providers with available 1 DISK_GB {{(pid=101183) get_provider_ids_matching /opt/stack/placement/placement/objects/research_context.py:549}}
Oct 18 20:25:42.132995 n-d-812147-2 devstack@placement-api.service[101183]: DEBUG placement.objects.research_context [req-48f3a977-09be-49ba-8da2-29079318f681 req-a0bb2bca-07b9-459b-8114-ef98e7f84f54 service placement] found 2 providers with available 1024 MEMORY_MB {{(pid=101183) get_provider_ids_matching /opt/stack/placement/placement/objects/research_context.py:549}}
Oct 18 20:25:42.133231 n-d-812147-2 devstack@placement-api.service[101183]: DEBUG placement.objects.research_context [req-48f3a977-09be-49ba-8da2-29079318f681 req-a0bb2bca-07b9-459b-8114-ef98e7f84f54 service placement] found 2 providers after filtering by previous result {{(pid=101183) get_provider_ids_matching /opt/stack/placement/placement/objects/research_context.py:580}}
Oct 18 20:25:42.133625 n-d-812147-2 devstack@placement-api.service[101183]: DEBUG placement.objects.research_context [req-48f3a977-09be-49ba-8da2-29079318f681 req-a0bb2bca-07b9-459b-8114-ef98e7f84f54 service placement] found 2 providers with available 1 VCPU {{(pid=101183) get_provider_ids_matching /opt/stack/placement/placement/objects/research_context.py:549}}
Oct 18 20:25:42.133898 n-d-812147-2 devstack@placement-api.service[101183]: DEBUG placement.objects.research_context [req-48f3a977-09be-49ba-8da2-29079318f681 req-a0bb2bca-07b9-459b-8114-ef98e7f84f54 service placement] found 2 providers after filtering by previous result {{(pid=101183) get_provider_ids_matching /opt/stack/placement/placement/objects/research_context.py:580}}
Oct 18 20:25:42.163306 n-d-812147-2 devstack@placement-api.service[101183]: DEBUG placement.objects.allocation_candidate [req-48f3a977-09be-49ba-8da2-29079318f681 req-a0bb2bca-07b9-459b-8114-ef98e7f84f54 service placement] RequestGroup(use_same_provider=False, resources={DISK_GB:1, MEMORY_MB:1024, VCPU:1}, traits=[], aggregates=[]) (suffix '') returned 2 matches {{(pid=101183) _get_by_requests /opt/stack/placement/placement/objects/allocation_candidate.py:145}}
Oct 18 20:25:42.163690 n-d-812147-2 devstack@placement-api.service[101183]: DEBUG placement.objects.allocation_candidate [req-48f3a977-09be-49ba-8da2-29079318f681 req-a0bb2bca-07b9-459b-8114-ef98e7f84f54 service placement] Merging candidates yields 2 allocation requests and 2 provider summaries {{(pid=101183) _merge_candidates /opt/stack/placement/placement/objects/allocation_candidate.py:783}}
Oct 18 20:25:42.165484 n-d-812147-2 devstack@placement-api.service[101183]: INFO placement.requestlog [req-48f3a977-09be-49ba-8da2-29079318f681 req-a0bb2bca-07b9-459b-8114-ef98e7f84f54 service placement] 10.222.0.62 "GET /placement/allocation_candidates?limit=1000&resources=DISK_GB%3A1%2CMEMORY_MB%3A1024%2CVCPU%3A1&root_required=%21COMPUTE_STATUS_DISABLED" status: 200 len: 1309 microversion: 1.36
Oct 18 20:25:42.174052 n-d-812147-2 devstack@placement-api.service[101183]: [pid: 101183|app: 0|req: 173/350] 10.222.0.62 () {60 vars in 1506 bytes} [Mon Oct 18 20:25:41 2021] GET /placement/allocation_candidates?limit=1000&resources=DISK_GB%3A1%2CMEMORY_MB%3A1024%2CVCPU%3A1&root_required=%21COMPUTE_STATUS_DISABLED => generated 1309 bytes in 220 msecs (HTTP/1.1 200) 8 headers in 297 bytes (1 switches on core 0)
Oct 18 20:25:42.393550 n-d-812147-2 devstack@placement-api.service[101184]: DEBUG placement.requestlog [req-48f3a977-09be-49ba-8da2-29079318f681 req-e2bdc231-fec3-490f-926d-02f37370e9ce None None] Starting request: 10.222.0.62 "GET /placement/allocations/e7164295-f5cd-40cc-a96f-294dbdd5dbe4" {{(pid=101184) __call__ /opt/stack/placement/placement/requestlog.py:55}}
Oct 18 20:25:42.445744 n-d-812147-2 devstack@placement-api.service[101184]: INFO placement.requestlog [req-48f3a977-09be-49ba-8da2-29079318f681 req-e2bdc231-fec3-490f-926d-02f37370e9ce service placement] 10.222.0.62 "GET /placement/allocations/e7164295-f5cd-40cc-a96f-294dbdd5dbe4" status: 200 len: 19 microversion: 1.28
Oct 18 20:25:42.446110 n-d-812147-2 devstack@placement-api.service[101184]: [pid: 101184|app: 0|req: 178/351] 10.222.0.62 () {60 vars in 1380 bytes} [Mon Oct 18 20:25:42 2021] GET /placement/allocations/e7164295-f5cd-40cc-a96f-294dbdd5dbe4 => generated 19 bytes in 53 msecs (HTTP/1.1 200) 8 headers in 295 bytes (1 switches on core 0)
Oct 18 20:25:42.455979 n-d-812147-2 devstack@placement-api.service[101183]: DEBUG placement.requestlog [req-48f3a977-09be-49ba-8da2-29079318f681 req-260f6c5a-9005-4298-992b-bdbe6b5177e7 None None] Starting request: 10.222.0.62 "PUT /placement/allocations/e7164295-f5cd-40cc-a96f-294dbdd5dbe4" {{(pid=101183) __call__ /opt/stack/placement/placement/requestlog.py:55}}
Oct 18 20:25:42.583657 n-d-812147-2 devstack@placement-api.service[101184]: DEBUG placement.requestlog [req-cb6eabe1-07d7-4263-8cde-8c954ce1206e req-7c98aae3-5a91-4a41-9f0c-513ed136bcbf None None] Starting request: 10.222.0.57 "DELETE /placement/allocations/17e6ed87-4d5d-49b4-88f8-6e93dde3adba" {{(pid=101184) __call__ /opt/stack/placement/placement/requestlog.py:55}}
Oct 18 20:25:42.641028 n-d-812147-2 devstack@placement-api.service[101184]: DEBUG placement.handlers.allocation [req-cb6eabe1-07d7-4263-8cde-8c954ce1206e req-7c98aae3-5a91-4a41-9f0c-513ed136bcbf service placement] Successfully deleted allocations [, , ] {{(pid=101184) delete_allocations /opt/stack/placement/placement/handlers/allocation.py:627}}
Oct 18 20:25:42.643222 n-d-812147-2 devstack@placement-api.service[101184]: INFO placement.requestlog [req-cb6eabe1-07d7-4263-8cde-8c954ce1206e req-7c98aae3-5a91-4a41-9f0c-513ed136bcbf service placement] 10.222.0.57 "DELETE /placement/allocations/17e6ed87-4d5d-49b4-88f8-6e93dde3adba" status: 204 len: 0 microversion: 1.0
Oct 18 20:25:42.644273 n-d-812147-2 devstack@placement-api.service[101184]: [pid: 101184|app: 0|req: 179/352] 10.222.0.57 () {60 vars in 1355 bytes} [Mon Oct 18 20:25:42 2021] DELETE /placement/allocations/17e6ed87-4d5d-49b4-88f8-6e93dde3adba => generated 0 bytes in 61 msecs (HTTP/1.1 204) 5 headers in 198 bytes (2 switches on core 0)
Oct 18 20:25:42.650231 n-d-812147-2 devstack@placement-api.service[101183]: DEBUG placement.handlers.allocation [req-48f3a977-09be-49ba-8da2-29079318f681 req-260f6c5a-9005-4298-992b-bdbe6b5177e7 service placement] Successfully wrote allocations [, , ] {{(pid=101183) _update_consumers_and_create_allocations /opt/stack/placement/placement/handlers/allocation.py:462}}
Oct 18 20:25:42.661775 n-d-812147-2 devstack@placement-api.service[101183]: INFO placement.requestlog [req-48f3a977-09be-49ba-8da2-29079318f681 req-260f6c5a-9005-4298-992b-bdbe6b5177e7 service placement] 10.222.0.62 "PUT /placement/allocations/e7164295-f5cd-40cc-a96f-294dbdd5dbe4" status: 204 len: 0 microversion: 1.36
Oct 18 20:25:42.662069 n-d-812147-2 devstack@placement-api.service[101183]: [pid: 101183|app: 0|req: 174/353] 10.222.0.62 () {64 vars in 1433 bytes} [Mon Oct 18 20:25:42 2021] PUT /placement/allocations/e7164295-f5cd-40cc-a96f-294dbdd5dbe4 => generated 0 bytes in 206 msecs (HTTP/1.1 204) 5 headers in 199 bytes (1 switches on core 0)
Oct 18 20:25:43.482661 n-d-812147-2 devstack@placement-api.service[101184]: DEBUG placement.requestlog [req-48f3a977-09be-49ba-8da2-29079318f681 req-d29287af-8f85-495e-8c48-9bff8fd76461 None None] Starting request: 10.222.0.57 "GET /placement/allocations/e7164295-f5cd-40cc-a96f-294dbdd5dbe4" {{(pid=101184) __call__ /opt/stack/placement/placement/requestlog.py:55}}
Oct 18 20:25:43.577947 n-d-812147-2 devstack@placement-api.service[101184]: INFO placement.requestlog [req-48f3a977-09be-49ba-8da2-29079318f681 req-d29287af-8f85-495e-8c48-9bff8fd76461 service placement] 10.222.0.57 "GET /placement/allocations/e7164295-f5cd-40cc-a96f-294dbdd5dbe4" status: 200 len: 259 microversion: 1.28
Oct 18 20:25:43.584530 n-d-812147-2 devstack@placement-api.service[101184]: [pid: 101184|app: 0|req: 180/354] 10.222.0.57 () {60 vars in 1377 bytes} [Mon Oct 18 20:25:43 2021] GET /placement/allocations/e7164295-f5cd-40cc-a96f-294dbdd5dbe4 => generated 259 bytes in 102 msecs (HTTP/1.1 200) 8 headers in 296 bytes (1 switches on core 0)
Oct 18 20:25:44.823613 n-d-812147-2 devstack@placement-api.service[101183]: DEBUG placement.requestlog [req-38884422-b115-441a-ab30-02446cf573b8 req-41613b12-cd37-4bbe-8aad-c09ee3e7e134 None None] Starting request: 10.222.0.57 "GET /placement/resource_providers/8bfdeb6d-a2d3-4350-9848-091e1855c2a3/allocations" {{(pid=101183) __call__ /opt/stack/placement/placement/requestlog.py:55}}
Oct 18 20:25:44.950232 n-d-812147-2 devstack@placement-api.service[101183]: INFO placement.requestlog [req-38884422-b115-441a-ab30-02446cf573b8 req-41613b12-cd37-4bbe-8aad-c09ee3e7e134 service placement] 10.222.0.57 "GET /placement/resource_providers/8bfdeb6d-a2d3-4350-9848-091e1855c2a3/allocations" status: 200 len: 558 microversion: 1.0
Oct 18 20:25:44.951295 n-d-812147-2 devstack@placement-api.service[101183]: [pid: 101183|app: 0|req: 175/355] 10.222.0.57 () {58 vars in 1390 bytes} [Mon Oct 18 20:25:44 2021] GET /placement/resource_providers/8bfdeb6d-a2d3-4350-9848-091e1855c2a3/allocations => generated 558 bytes in 130 msecs (HTTP/1.1 200) 6 headers in 224 bytes (1 switches on core 0)
Oct 18 20:25:45.074142 n-d-812147-2 devstack@placement-api.service[101184]: DEBUG placement.requestlog [req-a947b677-bc36-4c52-99dc-90c17dabea22 req-6edc766b-2047-40bf-b33f-edc4ec9d23f9 None None] Starting request: 10.222.0.62 "GET /placement/allocation_candidates?limit=1000&resources=DISK_GB%3A1%2CMEMORY_MB%3A512%2CVCPU%3A1&root_required=%21COMPUTE_STATUS_DISABLED" {{(pid=101184) __call__ /opt/stack/placement/placement/requestlog.py:55}}
Oct 18 20:25:45.119278 n-d-812147-2 devstack@placement-api.service[101184]: DEBUG placement.objects.research_context [req-a947b677-bc36-4c52-99dc-90c17dabea22 req-6edc766b-2047-40bf-b33f-edc4ec9d23f9 service placement] getting providers with 1 DISK_GB {{(pid=101184) __init__ /opt/stack/placement/placement/objects/research_context.py:126}}
Oct 18 20:25:45.146806 n-d-812147-2 devstack@placement-api.service[101184]: DEBUG placement.objects.research_context [req-a947b677-bc36-4c52-99dc-90c17dabea22 req-6edc766b-2047-40bf-b33f-edc4ec9d23f9 service placement] getting providers with 512 MEMORY_MB {{(pid=101184) __init__ /opt/stack/placement/placement/objects/research_context.py:126}}
Oct 18 20:25:45.165775 n-d-812147-2 devstack@placement-api.service[101184]: DEBUG placement.objects.research_context [req-a947b677-bc36-4c52-99dc-90c17dabea22 req-6edc766b-2047-40bf-b33f-edc4ec9d23f9 service placement] getting providers with 1 VCPU {{(pid=101184) __init__ /opt/stack/placement/placement/objects/research_context.py:126}}
Oct 18 20:25:45.182935 n-d-812147-2 devstack@placement-api.service[101184]: DEBUG placement.objects.research_context [req-a947b677-bc36-4c52-99dc-90c17dabea22 req-6edc766b-2047-40bf-b33f-edc4ec9d23f9 service placement] found 2 providers with available 1 DISK_GB {{(pid=101184) get_provider_ids_matching /opt/stack/placement/placement/objects/research_context.py:549}}
Oct 18 20:25:45.183214 n-d-812147-2 devstack@placement-api.service[101184]: DEBUG placement.objects.research_context [req-a947b677-bc36-4c52-99dc-90c17dabea22 req-6edc766b-2047-40bf-b33f-edc4ec9d23f9 service placement] found 2 providers with available 512 MEMORY_MB {{(pid=101184) get_provider_ids_matching /opt/stack/placement/placement/objects/research_context.py:549}}
Oct 18 20:25:45.183680 n-d-812147-2 devstack@placement-api.service[101184]: DEBUG placement.objects.research_context [req-a947b677-bc36-4c52-99dc-90c17dabea22 req-6edc766b-2047-40bf-b33f-edc4ec9d23f9 service placement] found 2 providers after filtering by previous result {{(pid=101184) get_provider_ids_matching /opt/stack/placement/placement/objects/research_context.py:580}}
Oct 18 20:25:45.184261 n-d-812147-2 devstack@placement-api.service[101184]: DEBUG placement.objects.research_context [req-a947b677-bc36-4c52-99dc-90c17dabea22 req-6edc766b-2047-40bf-b33f-edc4ec9d23f9 service placement] found 2 providers with available 1 VCPU {{(pid=101184) get_provider_ids_matching /opt/stack/placement/placement/objects/research_context.py:549}}
Oct 18 20:25:45.184711 n-d-812147-2 devstack@placement-api.service[101184]: DEBUG placement.objects.research_context [req-a947b677-bc36-4c52-99dc-90c17dabea22 req-6edc766b-2047-40bf-b33f-edc4ec9d23f9 service placement] found 2 providers after filtering by previous result {{(pid=101184) get_provider_ids_matching /opt/stack/placement/placement/objects/research_context.py:580}}
Oct 18 20:25:45.209626 n-d-812147-2 devstack@placement-api.service[101184]: DEBUG placement.objects.allocation_candidate [req-a947b677-bc36-4c52-99dc-90c17dabea22 req-6edc766b-2047-40bf-b33f-edc4ec9d23f9 service placement] RequestGroup(use_same_provider=False, resources={DISK_GB:1, MEMORY_MB:512, VCPU:1}, traits=[], aggregates=[]) (suffix '') returned 2 matches {{(pid=101184) _get_by_requests /opt/stack/placement/placement/objects/allocation_candidate.py:145}}
Oct 18 20:25:45.210006 n-d-812147-2 devstack@placement-api.service[101184]: DEBUG placement.objects.allocation_candidate [req-a947b677-bc36-4c52-99dc-90c17dabea22 req-6edc766b-2047-40bf-b33f-edc4ec9d23f9 service placement] Merging candidates yields 2 allocation requests and 2 provider summaries {{(pid=101184) _merge_candidates /opt/stack/placement/placement/objects/allocation_candidate.py:783}}
Oct 18 20:25:45.216977 n-d-812147-2 devstack@placement-api.service[101184]: INFO placement.requestlog [req-a947b677-bc36-4c52-99dc-90c17dabea22 req-6edc766b-2047-40bf-b33f-edc4ec9d23f9 service placement] 10.222.0.62 "GET /placement/allocation_candidates?limit=1000&resources=DISK_GB%3A1%2CMEMORY_MB%3A512%2CVCPU%3A1&root_required=%21COMPUTE_STATUS_DISABLED" status: 200 len: 1307 microversion: 1.36
Oct 18 20:25:45.217678 n-d-812147-2 devstack@placement-api.service[101184]: [pid: 101184|app: 0|req: 181/356] 10.222.0.62 () {60 vars in 1504 bytes} [Mon Oct 18 20:25:45 2021] GET /placement/allocation_candidates?limit=1000&resources=DISK_GB%3A1%2CMEMORY_MB%3A512%2CVCPU%3A1&root_required=%21COMPUTE_STATUS_DISABLED => generated 1307 bytes in 144 msecs (HTTP/1.1 200) 8 headers in 297 bytes (1 switches on core 0)
Oct 18 20:25:45.389802 n-d-812147-2 devstack@placement-api.service[101183]: DEBUG placement.requestlog [req-a947b677-bc36-4c52-99dc-90c17dabea22 req-c3c78183-c3c6-4ff7-8459-54dc29259651 None None] Starting request: 10.222.0.62 "GET /placement/allocations/35040cf5-b1e1-4775-9f48-5c22a75653ea" {{(pid=101183) __call__ /opt/stack/placement/placement/requestlog.py:55}}
Oct 18 20:25:45.459875 n-d-812147-2 devstack@placement-api.service[101183]: INFO placement.requestlog [req-a947b677-bc36-4c52-99dc-90c17dabea22 req-c3c78183-c3c6-4ff7-8459-54dc29259651 service placement] 10.222.0.62 "GET /placement/allocations/35040cf5-b1e1-4775-9f48-5c22a75653ea" status: 200 len: 19 microversion: 1.28
Oct 18 20:25:45.460769 n-d-812147-2 devstack@placement-api.service[101183]: [pid: 101183|app: 0|req: 176/357] 10.222.0.62 () {60 vars in 1380 bytes} [Mon Oct 18 20:25:45 2021] GET /placement/allocations/35040cf5-b1e1-4775-9f48-5c22a75653ea => generated 19 bytes in 72 msecs (HTTP/1.1 200) 8 headers in 295 bytes (1 switches on core 0)
Oct 18 20:25:45.467356 n-d-812147-2 devstack@placement-api.service[101184]: DEBUG placement.requestlog [req-a947b677-bc36-4c52-99dc-90c17dabea22 req-45c212de-e178-478e-9f32-6da7062f38dd None None] Starting request: 10.222.0.62 "PUT /placement/allocations/35040cf5-b1e1-4775-9f48-5c22a75653ea" {{(pid=101184) __call__ /opt/stack/placement/placement/requestlog.py:55}}
Oct 18 20:25:45.567730 n-d-812147-2 devstack@placement-api.service[101184]: DEBUG placement.handlers.allocation [req-a947b677-bc36-4c52-99dc-90c17dabea22 req-45c212de-e178-478e-9f32-6da7062f38dd service placement] Successfully wrote allocations [, , ] {{(pid=101184) _update_consumers_and_create_allocations /opt/stack/placement/placement/handlers/allocation.py:462}}
Oct 18 20:25:45.576532 n-d-812147-2 devstack@placement-api.service[101184]: INFO placement.requestlog [req-a947b677-bc36-4c52-99dc-90c17dabea22 req-45c212de-e178-478e-9f32-6da7062f38dd service placement] 10.222.0.62 "PUT /placement/allocations/35040cf5-b1e1-4775-9f48-5c22a75653ea" status: 204 len: 0 microversion: 1.36
Oct 18 20:25:45.577507 n-d-812147-2 devstack@placement-api.service[101184]: [pid: 101184|app: 0|req: 182/358] 10.222.0.62 () {64 vars in 1433 bytes} [Mon Oct 18 20:25:45 2021] PUT /placement/allocations/35040cf5-b1e1-4775-9f48-5c22a75653ea => generated 0 bytes in 110 msecs (HTTP/1.1 204) 5 headers in 199 bytes (1 switches on core 0)
Oct 18 20:25:46.154797 n-d-812147-2 devstack@placement-api.service[101183]: DEBUG placement.requestlog [req-a947b677-bc36-4c52-99dc-90c17dabea22 req-d474792a-eacb-447c-880b-17a5a235a7d2 None None] Starting request: 10.222.0.57 "GET /placement/allocations/35040cf5-b1e1-4775-9f48-5c22a75653ea" {{(pid=101183) __call__ /opt/stack/placement/placement/requestlog.py:55}}
Oct 18 20:25:46.182479 n-d-812147-2 devstack@placement-api.service[101183]: INFO placement.requestlog [req-a947b677-bc36-4c52-99dc-90c17dabea22 req-d474792a-eacb-447c-880b-17a5a235a7d2 service placement] 10.222.0.57 "GET /placement/allocations/35040cf5-b1e1-4775-9f48-5c22a75653ea" status: 200 len: 258 microversion: 1.28
Oct 18 20:25:46.183282 n-d-812147-2 devstack@placement-api.service[101183]: [pid: 101183|app: 0|req: 177/359] 10.222.0.57 () {60 vars in 1377 bytes} [Mon Oct 18 20:25:46 2021] GET /placement/allocations/35040cf5-b1e1-4775-9f48-5c22a75653ea => generated 258 bytes in 29 msecs (HTTP/1.1 200) 8 headers in 296 bytes (1 switches on core 0)
Oct 18 20:25:48.048267 n-d-812147-2 devstack@placement-api.service[101184]: DEBUG placement.requestlog [req-b9dd7efa-f7da-493d-ab13-a38a8142e8a1 req-d70da5a6-95e7-4467-be2c-4c2008992809 None None] Starting request: 10.222.0.61 "GET /placement/resource_providers/9b06016d-da68-4622-bdf6-2f71dc112998/allocations" {{(pid=101184) __call__ /opt/stack/placement/placement/requestlog.py:55}}
Oct 18 20:25:48.091471 n-d-812147-2 devstack@placement-api.service[101184]: INFO placement.requestlog [req-b9dd7efa-f7da-493d-ab13-a38a8142e8a1 req-d70da5a6-95e7-4467-be2c-4c2008992809 service placement] 10.222.0.61 "GET /placement/resource_providers/9b06016d-da68-4622-bdf6-2f71dc112998/allocations" status: 200 len: 645 microversion: 1.0
Oct 18 20:25:48.095118 n-d-812147-2 devstack@placement-api.service[101184]: [pid: 101184|app: 0|req: 183/360] 10.222.0.61 () {58 vars in 1390 bytes} [Mon Oct 18 20:25:48 2021] GET /placement/resource_providers/9b06016d-da68-4622-bdf6-2f71dc112998/allocations => generated 645 bytes in 47 msecs (HTTP/1.1 200) 6 headers in 224 bytes (1 switches on core 0)
Oct 18 20:25:50.185826 n-d-812147-2 devstack@placement-api.service[101183]: DEBUG placement.requestlog [req-c56ac86f-69f1-466d-9e8a-91bc5c99a511 req-00f65712-9d78-4955-9a05-bf22ecccafd3 None None] Starting request: 10.222.0.62 "GET /placement/allocation_candidates?limit=1000&resources=DISK_GB%3A1%2CMEMORY_MB%3A1024%2CVCPU%3A1&root_required=%21COMPUTE_STATUS_DISABLED" {{(pid=101183) __call__ /opt/stack/placement/placement/requestlog.py:55}}
Oct 18 20:25:50.257485 n-d-812147-2 devstack@placement-api.service[101183]: DEBUG placement.objects.research_context [req-c56ac86f-69f1-466d-9e8a-91bc5c99a511 req-00f65712-9d78-4955-9a05-bf22ecccafd3 service placement] getting providers with 1 DISK_GB {{(pid=101183) __init__ /opt/stack/placement/placement/objects/research_context.py:126}}
Oct 18 20:25:50.275543 n-d-812147-2 devstack@placement-api.service[101183]: DEBUG placement.objects.research_context [req-c56ac86f-69f1-466d-9e8a-91bc5c99a511 req-00f65712-9d78-4955-9a05-bf22ecccafd3 service placement] getting providers with 1024 MEMORY_MB {{(pid=101183) __init__ /opt/stack/placement/placement/objects/research_context.py:126}}
Oct 18 20:25:50.332021 n-d-812147-2 devstack@placement-api.service[101183]: DEBUG placement.objects.research_context [req-c56ac86f-69f1-466d-9e8a-91bc5c99a511 req-00f65712-9d78-4955-9a05-bf22ecccafd3 service placement] getting providers with 1 VCPU {{(pid=101183) __init__ /opt/stack/placement/placement/objects/research_context.py:126}}
Oct 18 20:25:50.352417 n-d-812147-2 devstack@placement-api.service[101183]: DEBUG placement.objects.research_context [req-c56ac86f-69f1-466d-9e8a-91bc5c99a511 req-00f65712-9d78-4955-9a05-bf22ecccafd3 service placement] found 2 providers with available 1 DISK_GB {{(pid=101183) get_provider_ids_matching /opt/stack/placement/placement/objects/research_context.py:549}}
Oct 18 20:25:50.352921 n-d-812147-2 devstack@placement-api.service[101183]: DEBUG placement.objects.research_context [req-c56ac86f-69f1-466d-9e8a-91bc5c99a511 req-00f65712-9d78-4955-9a05-bf22ecccafd3 service placement] found 2 providers with available 1024 MEMORY_MB {{(pid=101183) get_provider_ids_matching /opt/stack/placement/placement/objects/research_context.py:549}}
Oct 18 20:25:50.355986 n-d-812147-2 devstack@placement-api.service[101183]: DEBUG placement.objects.research_context [req-c56ac86f-69f1-466d-9e8a-91bc5c99a511 req-00f65712-9d78-4955-9a05-bf22ecccafd3 service placement] found 2 providers after filtering by previous result {{(pid=101183) get_provider_ids_matching /opt/stack/placement/placement/objects/research_context.py:580}}
Oct 18 20:25:50.356421 n-d-812147-2 devstack@placement-api.service[101183]: DEBUG placement.objects.research_context [req-c56ac86f-69f1-466d-9e8a-91bc5c99a511 req-00f65712-9d78-4955-9a05-bf22ecccafd3 service placement] found 2 providers with available 1 VCPU {{(pid=101183) get_provider_ids_matching /opt/stack/placement/placement/objects/research_context.py:549}}
Oct 18 20:25:50.356798 n-d-812147-2 devstack@placement-api.service[101183]: DEBUG placement.objects.research_context [req-c56ac86f-69f1-466d-9e8a-91bc5c99a511 req-00f65712-9d78-4955-9a05-bf22ecccafd3 service placement] found 2 providers after filtering by previous result {{(pid=101183) get_provider_ids_matching /opt/stack/placement/placement/objects/research_context.py:580}}
Oct 18 20:25:50.398400 n-d-812147-2 devstack@placement-api.service[101183]: DEBUG placement.objects.allocation_candidate [req-c56ac86f-69f1-466d-9e8a-91bc5c99a511 req-00f65712-9d78-4955-9a05-bf22ecccafd3 service placement] RequestGroup(use_same_provider=False, resources={DISK_GB:1, MEMORY_MB:1024, VCPU:1}, traits=[], aggregates=[]) (suffix '') returned 2 matches {{(pid=101183) _get_by_requests /opt/stack/placement/placement/objects/allocation_candidate.py:145}}
Oct 18 20:25:50.399038 n-d-812147-2 devstack@placement-api.service[101183]: DEBUG placement.objects.allocation_candidate [req-c56ac86f-69f1-466d-9e8a-91bc5c99a511 req-00f65712-9d78-4955-9a05-bf22ecccafd3 service placement] Merging candidates yields 2 allocation requests and 2 provider summaries {{(pid=101183) _merge_candidates /opt/stack/placement/placement/objects/allocation_candidate.py:783}}
Oct 18 20:25:50.413804 n-d-812147-2 devstack@placement-api.service[101183]: INFO placement.requestlog [req-c56ac86f-69f1-466d-9e8a-91bc5c99a511 req-00f65712-9d78-4955-9a05-bf22ecccafd3 service placement] 10.222.0.62 "GET /placement/allocation_candidates?limit=1000&resources=DISK_GB%3A1%2CMEMORY_MB%3A1024%2CVCPU%3A1&root_required=%21COMPUTE_STATUS_DISABLED" status: 200 len: 1309 microversion: 1.36
Oct 18 20:25:50.421657 n-d-812147-2 devstack@placement-api.service[101183]: [pid: 101183|app: 0|req: 178/361] 10.222.0.62 () {60 vars in 1506 bytes} [Mon Oct 18 20:25:50 2021] GET /placement/allocation_candidates?limit=1000&resources=DISK_GB%3A1%2CMEMORY_MB%3A1024%2CVCPU%3A1&root_required=%21COMPUTE_STATUS_DISABLED => generated 1309 bytes in 236 msecs (HTTP/1.1 200) 8 headers in 297 bytes (1 switches on core 0)
Oct 18 20:25:50.559206 n-d-812147-2 devstack@placement-api.service[101184]: DEBUG placement.requestlog [req-c56ac86f-69f1-466d-9e8a-91bc5c99a511 req-78a92895-6ddb-41a9-9830-e9c65cb5779d None None] Starting request: 10.222.0.62 "GET /placement/allocations/2fb0fbe8-1e58-4ec5-b0c3-951532899797" {{(pid=101184) __call__ /opt/stack/placement/placement/requestlog.py:55}}
Oct 18 20:25:50.573588 n-d-812147-2 devstack@placement-api.service[101184]: INFO placement.requestlog [req-c56ac86f-69f1-466d-9e8a-91bc5c99a511 req-78a92895-6ddb-41a9-9830-e9c65cb5779d service placement] 10.222.0.62 "GET /placement/allocations/2fb0fbe8-1e58-4ec5-b0c3-951532899797" status: 200 len: 19 microversion: 1.28
Oct 18 20:25:50.578501 n-d-812147-2 devstack@placement-api.service[101184]: [pid: 101184|app: 0|req: 184/362] 10.222.0.62 () {60 vars in 1380 bytes} [Mon Oct 18 20:25:50 2021] GET /placement/allocations/2fb0fbe8-1e58-4ec5-b0c3-951532899797 => generated 19 bytes in 19 msecs (HTTP/1.1 200) 8 headers in 295 bytes (1 switches on core 0)
Oct 18 20:25:50.583483 n-d-812147-2 devstack@placement-api.service[101183]: DEBUG placement.requestlog [req-c56ac86f-69f1-466d-9e8a-91bc5c99a511 req-1c7276a0-e416-4be0-a1e2-82b048154497 None None] Starting request: 10.222.0.62 "PUT /placement/allocations/2fb0fbe8-1e58-4ec5-b0c3-951532899797" {{(pid=101183) __call__ /opt/stack/placement/placement/requestlog.py:55}}
Oct 18 20:25:50.672519 n-d-812147-2 devstack@placement-api.service[101183]: DEBUG placement.handlers.allocation [req-c56ac86f-69f1-466d-9e8a-91bc5c99a511 req-1c7276a0-e416-4be0-a1e2-82b048154497 service placement] Successfully wrote allocations [, , ] {{(pid=101183) _update_consumers_and_create_allocations /opt/stack/placement/placement/handlers/allocation.py:462}}
Oct 18 20:25:50.683280 n-d-812147-2 devstack@placement-api.service[101183]: INFO placement.requestlog [req-c56ac86f-69f1-466d-9e8a-91bc5c99a511 req-1c7276a0-e416-4be0-a1e2-82b048154497 service placement] 10.222.0.62 "PUT /placement/allocations/2fb0fbe8-1e58-4ec5-b0c3-951532899797" status: 204 len: 0 microversion: 1.36
