Nov 24 21:15:09.760305 n-d-812111-8 devstack@placement-api.service[110518]: INFO placement.requestlog [req-f56b04f3-9d4a-4b1a-811b-a843b1a839e4 req-38bc2b16-ad7b-4b30-b1bc-78b8b32943c2 service placement] 10.222.0.48 "GET /placement/resource_providers?in_tree=25e49fc2-b408-4799-a8ab-e21e88c673c1" status: 200 len: 864 microversion: 1.14
Nov 24 21:15:09.760850 n-d-812111-8 devstack@placement-api.service[110518]: [pid: 110518|app: 0|req: 458/919] 10.222.0.48 () {60 vars in 1376 bytes} [Wed Nov 24 21:15:09 2021] GET /placement/resource_providers?in_tree=25e49fc2-b408-4799-a8ab-e21e88c673c1 => generated 864 bytes in 18 msecs (HTTP/1.1 200) 6 headers in 225 bytes (1 switches on core 0)
Nov 24 21:15:09.770118 n-d-812111-8 devstack@placement-api.service[110517]: DEBUG placement.requestlog [req-f56b04f3-9d4a-4b1a-811b-a843b1a839e4 req-c8bbbbf1-845b-4a3a-94b8-5e414e8d2cc2 None None] Starting request: 10.222.0.48 "GET /placement/resource_providers/25e49fc2-b408-4799-a8ab-e21e88c673c1/inventories" {{(pid=110517) __call__ /opt/stack/placement/placement/requestlog.py:55}}
Nov 24 21:15:09.790209 n-d-812111-8 devstack@placement-api.service[110518]: DEBUG placement.requestlog [req-853fec8f-5143-41fe-964c-1fa4ff507b31 req-caa786c1-ee10-4de4-b455-8abff8397241 None None] Starting request: 10.222.0.11 "GET /placement/allocation_candidates?limit=1000&resources=MEMORY_MB%3A1024%2CVCPU%3A1&root_required=%21COMPUTE_STATUS_DISABLED" {{(pid=110518) __call__ /opt/stack/placement/placement/requestlog.py:55}}
Nov 24 21:15:09.795527 n-d-812111-8 devstack@placement-api.service[110517]: INFO placement.requestlog [req-f56b04f3-9d4a-4b1a-811b-a843b1a839e4 req-c8bbbbf1-845b-4a3a-94b8-5e414e8d2cc2 service placement] 10.222.0.48 "GET /placement/resource_providers/25e49fc2-b408-4799-a8ab-e21e88c673c1/inventories" status: 200 len: 399 microversion: 1.0
Nov 24 21:15:09.796221 n-d-812111-8 devstack@placement-api.service[110517]: [pid: 110517|app: 0|req: 462/920] 10.222.0.48 () {58 vars in 1390 bytes} [Wed Nov 24 21:15:09 2021] GET /placement/resource_providers/25e49fc2-b408-4799-a8ab-e21e88c673c1/inventories => generated 399 bytes in 27 msecs (HTTP/1.1 200) 6 headers in 224 bytes (1 switches on core 0)
Nov 24 21:15:09.806772 n-d-812111-8 devstack@placement-api.service[110517]: DEBUG placement.requestlog [req-f56b04f3-9d4a-4b1a-811b-a843b1a839e4 req-fd957572-f02f-4a6d-bada-e892f0227135 None None] Starting request: 10.222.0.48 "GET /placement/resource_providers/25e49fc2-b408-4799-a8ab-e21e88c673c1/aggregates" {{(pid=110517) __call__ /opt/stack/placement/placement/requestlog.py:55}}
Nov 24 21:15:09.830990 n-d-812111-8 devstack@placement-api.service[110517]: INFO placement.requestlog [req-f56b04f3-9d4a-4b1a-811b-a843b1a839e4 req-fd957572-f02f-4a6d-bada-e892f0227135 service placement] 10.222.0.48 "GET /placement/resource_providers/25e49fc2-b408-4799-a8ab-e21e88c673c1/aggregates" status: 200 len: 55 microversion: 1.19
Nov 24 21:15:09.832559 n-d-812111-8 devstack@placement-api.service[110517]: [pid: 110517|app: 0|req: 463/921] 10.222.0.48 () {60 vars in 1431 bytes} [Wed Nov 24 21:15:09 2021] GET /placement/resource_providers/25e49fc2-b408-4799-a8ab-e21e88c673c1/aggregates => generated 55 bytes in 25 msecs (HTTP/1.1 200) 8 headers in 295 bytes (1 switches on core 0)
Nov 24 21:15:09.840724 n-d-812111-8 devstack@placement-api.service[110517]: DEBUG placement.requestlog [req-f56b04f3-9d4a-4b1a-811b-a843b1a839e4 req-855fe7bd-22bf-4fe6-88bf-63e2088217de None None] Starting request: 10.222.0.48 "GET /placement/resource_providers/25e49fc2-b408-4799-a8ab-e21e88c673c1/traits" {{(pid=110517) __call__ /opt/stack/placement/placement/requestlog.py:55}}
Nov 24 21:15:09.851959 n-d-812111-8 devstack@placement-api.service[110518]: DEBUG placement.objects.research_context [req-853fec8f-5143-41fe-964c-1fa4ff507b31 req-caa786c1-ee10-4de4-b455-8abff8397241 service placement] getting providers with 1024 MEMORY_MB {{(pid=110518) __init__ /opt/stack/placement/placement/objects/research_context.py:126}}
Nov 24 21:15:09.868422 n-d-812111-8 devstack@placement-api.service[110518]: DEBUG placement.objects.research_context [req-853fec8f-5143-41fe-964c-1fa4ff507b31 req-caa786c1-ee10-4de4-b455-8abff8397241 service placement] getting providers with 1 VCPU {{(pid=110518) __init__ /opt/stack/placement/placement/objects/research_context.py:126}}
Nov 24 21:15:09.880868 n-d-812111-8 devstack@placement-api.service[110518]: DEBUG placement.objects.research_context [req-853fec8f-5143-41fe-964c-1fa4ff507b31 req-caa786c1-ee10-4de4-b455-8abff8397241 service placement] found 2 providers with available 1024 MEMORY_MB {{(pid=110518) get_provider_ids_matching /opt/stack/placement/placement/objects/research_context.py:549}}
Nov 24 21:15:09.881136 n-d-812111-8 devstack@placement-api.service[110518]: DEBUG placement.objects.research_context [req-853fec8f-5143-41fe-964c-1fa4ff507b31 req-caa786c1-ee10-4de4-b455-8abff8397241 service placement] found 2 providers with available 1 VCPU {{(pid=110518) get_provider_ids_matching /opt/stack/placement/placement/objects/research_context.py:549}}
Nov 24 21:15:09.882228 n-d-812111-8 devstack@placement-api.service[110518]: DEBUG placement.objects.research_context [req-853fec8f-5143-41fe-964c-1fa4ff507b31 req-caa786c1-ee10-4de4-b455-8abff8397241 service placement] found 2 providers after filtering by previous result {{(pid=110518) get_provider_ids_matching /opt/stack/placement/placement/objects/research_context.py:580}}
Nov 24 21:15:09.888639 n-d-812111-8 devstack@placement-api.service[110517]: INFO placement.requestlog [req-f56b04f3-9d4a-4b1a-811b-a843b1a839e4 req-855fe7bd-22bf-4fe6-88bf-63e2088217de service placement] 10.222.0.48 "GET /placement/resource_providers/25e49fc2-b408-4799-a8ab-e21e88c673c1/traits" status: 200 len: 213 microversion: 1.6
Nov 24 21:15:09.889191 n-d-812111-8 devstack@placement-api.service[110517]: [pid: 110517|app: 0|req: 464/922] 10.222.0.48 () {60 vars in 1418 bytes} [Wed Nov 24 21:15:09 2021] GET /placement/resource_providers/25e49fc2-b408-4799-a8ab-e21e88c673c1/traits => generated 213 bytes in 48 msecs (HTTP/1.1 200) 6 headers in 224 bytes (1 switches on core 0)
Nov 24 21:15:09.896407 n-d-812111-8 devstack@placement-api.service[110518]: DEBUG placement.objects.allocation_candidate [req-853fec8f-5143-41fe-964c-1fa4ff507b31 req-caa786c1-ee10-4de4-b455-8abff8397241 service placement] RequestGroup(use_same_provider=False, resources={MEMORY_MB:1024, VCPU:1}, traits=[], aggregates=[]) (suffix '') returned 2 matches {{(pid=110518) _get_by_requests /opt/stack/placement/placement/objects/allocation_candidate.py:145}}
Nov 24 21:15:09.897003 n-d-812111-8 devstack@placement-api.service[110518]: DEBUG placement.objects.allocation_candidate [req-853fec8f-5143-41fe-964c-1fa4ff507b31 req-caa786c1-ee10-4de4-b455-8abff8397241 service placement] Merging candidates yields 2 allocation requests and 2 provider summaries {{(pid=110518) _merge_candidates /opt/stack/placement/placement/objects/allocation_candidate.py:783}}
Nov 24 21:15:09.898800 n-d-812111-8 devstack@placement-api.service[110518]: INFO placement.requestlog [req-853fec8f-5143-41fe-964c-1fa4ff507b31 req-caa786c1-ee10-4de4-b455-8abff8397241 service placement] 10.222.0.11 "GET /placement/allocation_candidates?limit=1000&resources=MEMORY_MB%3A1024%2CVCPU%3A1&root_required=%21COMPUTE_STATUS_DISABLED" status: 200 len: 1281 microversion: 1.36
Nov 24 21:15:09.903709 n-d-812111-8 devstack@placement-api.service[110518]: [pid: 110518|app: 0|req: 459/923] 10.222.0.11 () {60 vars in 1478 bytes} [Wed Nov 24 21:15:09 2021] GET /placement/allocation_candidates?limit=1000&resources=MEMORY_MB%3A1024%2CVCPU%3A1&root_required=%21COMPUTE_STATUS_DISABLED => generated 1281 bytes in 113 msecs (HTTP/1.1 200) 8 headers in 297 bytes (1 switches on core 0)
Nov 24 21:15:09.978340 n-d-812111-8 devstack@placement-api.service[110517]: DEBUG placement.requestlog [req-853fec8f-5143-41fe-964c-1fa4ff507b31 req-1897dbd7-b31b-4275-b6c3-a810457cc0e9 None None] Starting request: 10.222.0.11 "GET /placement/allocations/acf27365-43a9-4357-903a-0328b9bf656a" {{(pid=110517) __call__ /opt/stack/placement/placement/requestlog.py:55}}
Nov 24 21:15:09.990364 n-d-812111-8 devstack@placement-api.service[110517]: INFO placement.requestlog [req-853fec8f-5143-41fe-964c-1fa4ff507b31 req-1897dbd7-b31b-4275-b6c3-a810457cc0e9 service placement] 10.222.0.11 "GET /placement/allocations/acf27365-43a9-4357-903a-0328b9bf656a" status: 200 len: 19 microversion: 1.28
Nov 24 21:15:09.991416 n-d-812111-8 devstack@placement-api.service[110517]: [pid: 110517|app: 0|req: 465/924] 10.222.0.11 () {60 vars in 1380 bytes} [Wed Nov 24 21:15:09 2021] GET /placement/allocations/acf27365-43a9-4357-903a-0328b9bf656a => generated 19 bytes in 13 msecs (HTTP/1.1 200) 8 headers in 295 bytes (1 switches on core 0)
Nov 24 21:15:09.999431 n-d-812111-8 devstack@placement-api.service[110518]: DEBUG placement.requestlog [req-853fec8f-5143-41fe-964c-1fa4ff507b31 req-b0000f91-143e-49cc-971f-9753dde9cf5b None None] Starting request: 10.222.0.11 "PUT /placement/allocations/acf27365-43a9-4357-903a-0328b9bf656a" {{(pid=110518) __call__ /opt/stack/placement/placement/requestlog.py:55}}
Nov 24 21:15:10.088368 n-d-812111-8 devstack@placement-api.service[110518]: DEBUG placement.handlers.allocation [req-853fec8f-5143-41fe-964c-1fa4ff507b31 req-b0000f91-143e-49cc-971f-9753dde9cf5b service placement] Successfully wrote allocations [, ] {{(pid=110518) _update_consumers_and_create_allocations /opt/stack/placement/placement/handlers/allocation.py:462}}
Nov 24 21:15:10.100223 n-d-812111-8 devstack@placement-api.service[110518]: INFO placement.requestlog [req-853fec8f-5143-41fe-964c-1fa4ff507b31 req-b0000f91-143e-49cc-971f-9753dde9cf5b service placement] 10.222.0.11 "PUT /placement/allocations/acf27365-43a9-4357-903a-0328b9bf656a" status: 204 len: 0 microversion: 1.36
Nov 24 21:15:10.100830 n-d-812111-8 devstack@placement-api.service[110518]: [pid: 110518|app: 0|req: 460/925] 10.222.0.11 () {64 vars in 1433 bytes} [Wed Nov 24 21:15:09 2021] PUT /placement/allocations/acf27365-43a9-4357-903a-0328b9bf656a => generated 0 bytes in 102 msecs (HTTP/1.1 204) 5 headers in 199 bytes (1 switches on core 0)
Nov 24 21:15:10.674800 n-d-812111-8 devstack@placement-api.service[110517]: DEBUG placement.requestlog [req-853fec8f-5143-41fe-964c-1fa4ff507b31 req-d8896107-cf58-4fdf-80e8-0e4c6b5a3c24 None None] Starting request: 10.222.0.15 "GET /placement/allocations/acf27365-43a9-4357-903a-0328b9bf656a" {{(pid=110517) __call__ /opt/stack/placement/placement/requestlog.py:55}}
Nov 24 21:15:10.735805 n-d-812111-8 devstack@placement-api.service[110517]: INFO placement.requestlog [req-853fec8f-5143-41fe-964c-1fa4ff507b31 req-d8896107-cf58-4fdf-80e8-0e4c6b5a3c24 service placement] 10.222.0.15 "GET /placement/allocations/acf27365-43a9-4357-903a-0328b9bf656a" status: 200 len: 245 microversion: 1.28
Nov 24 21:15:10.736859 n-d-812111-8 devstack@placement-api.service[110517]: [pid: 110517|app: 0|req: 466/926] 10.222.0.15 () {60 vars in 1377 bytes} [Wed Nov 24 21:15:10 2021] GET /placement/allocations/acf27365-43a9-4357-903a-0328b9bf656a => generated 245 bytes in 62 msecs (HTTP/1.1 200) 8 headers in 296 bytes (1 switches on core 0)
Nov 24 21:15:17.576083 n-d-812111-8 devstack@placement-api.service[110518]: DEBUG placement.requestlog [req-e1d8571d-1fd7-4b97-b409-1e03158abab4 req-2acd7f18-8f88-46e0-8710-6e3147eb9059 None None] Starting request: 10.222.0.11 "GET /placement/allocation_candidates?limit=1000&resources=DISK_GB%3A1%2CMEMORY_MB%3A1024%2CVCPU%3A1&root_required=%21COMPUTE_STATUS_DISABLED" {{(pid=110518) __call__ /opt/stack/placement/placement/requestlog.py:55}}
Nov 24 21:15:17.636768 n-d-812111-8 devstack@placement-api.service[110518]: DEBUG placement.objects.research_context [req-e1d8571d-1fd7-4b97-b409-1e03158abab4 req-2acd7f18-8f88-46e0-8710-6e3147eb9059 service placement] getting providers with 1 DISK_GB {{(pid=110518) __init__ /opt/stack/placement/placement/objects/research_context.py:126}}
Nov 24 21:15:17.649235 n-d-812111-8 devstack@placement-api.service[110518]: DEBUG placement.objects.research_context [req-e1d8571d-1fd7-4b97-b409-1e03158abab4 req-2acd7f18-8f88-46e0-8710-6e3147eb9059 service placement] getting providers with 1024 MEMORY_MB {{(pid=110518) __init__ /opt/stack/placement/placement/objects/research_context.py:126}}
Nov 24 21:15:17.665301 n-d-812111-8 devstack@placement-api.service[110518]: DEBUG placement.objects.research_context [req-e1d8571d-1fd7-4b97-b409-1e03158abab4 req-2acd7f18-8f88-46e0-8710-6e3147eb9059 service placement] getting providers with 1 VCPU {{(pid=110518) __init__ /opt/stack/placement/placement/objects/research_context.py:126}}
Nov 24 21:15:17.671544 n-d-812111-8 devstack@placement-api.service[110518]: DEBUG placement.objects.research_context [req-e1d8571d-1fd7-4b97-b409-1e03158abab4 req-2acd7f18-8f88-46e0-8710-6e3147eb9059 service placement] found 2 providers with available 1 DISK_GB {{(pid=110518) get_provider_ids_matching /opt/stack/placement/placement/objects/research_context.py:549}}
Nov 24 21:15:17.671806 n-d-812111-8 devstack@placement-api.service[110518]: DEBUG placement.objects.research_context [req-e1d8571d-1fd7-4b97-b409-1e03158abab4 req-2acd7f18-8f88-46e0-8710-6e3147eb9059 service placement] found 2 providers with available 1024 MEMORY_MB {{(pid=110518) get_provider_ids_matching /opt/stack/placement/placement/objects/research_context.py:549}}
Nov 24 21:15:17.672256 n-d-812111-8 devstack@placement-api.service[110518]: DEBUG placement.objects.research_context [req-e1d8571d-1fd7-4b97-b409-1e03158abab4 req-2acd7f18-8f88-46e0-8710-6e3147eb9059 service placement] found 2 providers after filtering by previous result {{(pid=110518) get_provider_ids_matching /opt/stack/placement/placement/objects/research_context.py:580}}
Nov 24 21:15:17.672651 n-d-812111-8 devstack@placement-api.service[110518]: DEBUG placement.objects.research_context [req-e1d8571d-1fd7-4b97-b409-1e03158abab4 req-2acd7f18-8f88-46e0-8710-6e3147eb9059 service placement] found 2 providers with available 1 VCPU {{(pid=110518) get_provider_ids_matching /opt/stack/placement/placement/objects/research_context.py:549}}
Nov 24 21:15:17.673070 n-d-812111-8 devstack@placement-api.service[110518]: DEBUG placement.objects.research_context [req-e1d8571d-1fd7-4b97-b409-1e03158abab4 req-2acd7f18-8f88-46e0-8710-6e3147eb9059 service placement] found 2 providers after filtering by previous result {{(pid=110518) get_provider_ids_matching /opt/stack/placement/placement/objects/research_context.py:580}}
Nov 24 21:15:17.696308 n-d-812111-8 devstack@placement-api.service[110518]: DEBUG placement.objects.allocation_candidate [req-e1d8571d-1fd7-4b97-b409-1e03158abab4 req-2acd7f18-8f88-46e0-8710-6e3147eb9059 service placement] RequestGroup(use_same_provider=False, resources={DISK_GB:1, MEMORY_MB:1024, VCPU:1}, traits=[], aggregates=[]) (suffix '') returned 2 matches {{(pid=110518) _get_by_requests /opt/stack/placement/placement/objects/allocation_candidate.py:145}}
Nov 24 21:15:17.697418 n-d-812111-8 devstack@placement-api.service[110518]: DEBUG placement.objects.allocation_candidate [req-e1d8571d-1fd7-4b97-b409-1e03158abab4 req-2acd7f18-8f88-46e0-8710-6e3147eb9059 service placement] Merging candidates yields 2 allocation requests and 2 provider summaries {{(pid=110518) _merge_candidates /opt/stack/placement/placement/objects/allocation_candidate.py:783}}
Nov 24 21:15:17.702816 n-d-812111-8 devstack@placement-api.service[110518]: INFO placement.requestlog [req-e1d8571d-1fd7-4b97-b409-1e03158abab4 req-2acd7f18-8f88-46e0-8710-6e3147eb9059 service placement] 10.222.0.11 "GET /placement/allocation_candidates?limit=1000&resources=DISK_GB%3A1%2CMEMORY_MB%3A1024%2CVCPU%3A1&root_required=%21COMPUTE_STATUS_DISABLED" status: 200 len: 1309 microversion: 1.36
Nov 24 21:15:17.703593 n-d-812111-8 devstack@placement-api.service[110518]: [pid: 110518|app: 0|req: 461/927] 10.222.0.11 () {60 vars in 1506 bytes} [Wed Nov 24 21:15:17 2021] GET /placement/allocation_candidates?limit=1000&resources=DISK_GB%3A1%2CMEMORY_MB%3A1024%2CVCPU%3A1&root_required=%21COMPUTE_STATUS_DISABLED => generated 1309 bytes in 128 msecs (HTTP/1.1 200) 8 headers in 297 bytes (1 switches on core 0)
Nov 24 21:15:17.811597 n-d-812111-8 devstack@placement-api.service[110517]: DEBUG placement.requestlog [req-e1d8571d-1fd7-4b97-b409-1e03158abab4 req-ea064e9b-c2b6-4e4b-9fea-fbcaf3b1a7e9 None None] Starting request: 10.222.0.11 "GET /placement/allocations/abdc9455-d948-4455-b322-5daf72e8d9d4" {{(pid=110517) __call__ /opt/stack/placement/placement/requestlog.py:55}}
Nov 24 21:15:17.825480 n-d-812111-8 devstack@placement-api.service[110517]: INFO placement.requestlog [req-e1d8571d-1fd7-4b97-b409-1e03158abab4 req-ea064e9b-c2b6-4e4b-9fea-fbcaf3b1a7e9 service placement] 10.222.0.11 "GET /placement/allocations/abdc9455-d948-4455-b322-5daf72e8d9d4" status: 200 len: 19 microversion: 1.28
Nov 24 21:15:17.825920 n-d-812111-8 devstack@placement-api.service[110517]: [pid: 110517|app: 0|req: 467/928] 10.222.0.11 () {60 vars in 1380 bytes} [Wed Nov 24 21:15:17 2021] GET /placement/allocations/abdc9455-d948-4455-b322-5daf72e8d9d4 => generated 19 bytes in 15 msecs (HTTP/1.1 200) 8 headers in 295 bytes (2 switches on core 0)
Nov 24 21:15:17.833378 n-d-812111-8 devstack@placement-api.service[110518]: DEBUG placement.requestlog [req-e1d8571d-1fd7-4b97-b409-1e03158abab4 req-2a31a89f-8134-4c79-8cc8-fe0645633862 None None] Starting request: 10.222.0.11 "PUT /placement/allocations/abdc9455-d948-4455-b322-5daf72e8d9d4" {{(pid=110518) __call__ /opt/stack/placement/placement/requestlog.py:55}}
Nov 24 21:15:17.912112 n-d-812111-8 devstack@placement-api.service[110518]: DEBUG placement.handlers.allocation [req-e1d8571d-1fd7-4b97-b409-1e03158abab4 req-2a31a89f-8134-4c79-8cc8-fe0645633862 service placement] Successfully wrote allocations [, , ] {{(pid=110518) _update_consumers_and_create_allocations /opt/stack/placement/placement/handlers/allocation.py:462}}
Nov 24 21:15:17.923226 n-d-812111-8 devstack@placement-api.service[110518]: INFO placement.requestlog [req-e1d8571d-1fd7-4b97-b409-1e03158abab4 req-2a31a89f-8134-4c79-8cc8-fe0645633862 service placement] 10.222.0.11 "PUT /placement/allocations/abdc9455-d948-4455-b322-5daf72e8d9d4" status: 204 len: 0 microversion: 1.36
Nov 24 21:15:17.923784 n-d-812111-8 devstack@placement-api.service[110518]: [pid: 110518|app: 0|req: 462/929] 10.222.0.11 () {64 vars in 1433 bytes} [Wed Nov 24 21:15:17 2021] PUT /placement/allocations/abdc9455-d948-4455-b322-5daf72e8d9d4 => generated 0 bytes in 92 msecs (HTTP/1.1 204) 5 headers in 199 bytes (2 switches on core 0)
Nov 24 21:15:18.478255 n-d-812111-8 devstack@placement-api.service[110517]: DEBUG placement.requestlog [req-e1d8571d-1fd7-4b97-b409-1e03158abab4 req-ffed09e1-4347-4df4-ac3b-e1363a1f17d6 None None] Starting request: 10.222.0.48 "GET /placement/allocations/abdc9455-d948-4455-b322-5daf72e8d9d4" {{(pid=110517) __call__ /opt/stack/placement/placement/requestlog.py:55}}
Nov 24 21:15:18.495245 n-d-812111-8 devstack@placement-api.service[110517]: INFO placement.requestlog [req-e1d8571d-1fd7-4b97-b409-1e03158abab4 req-ffed09e1-4347-4df4-ac3b-e1363a1f17d6 service placement] 10.222.0.48 "GET /placement/allocations/abdc9455-d948-4455-b322-5daf72e8d9d4" status: 200 len: 260 microversion: 1.28
Nov 24 21:15:18.496001 n-d-812111-8 devstack@placement-api.service[110517]: [pid: 110517|app: 0|req: 468/930] 10.222.0.48 () {60 vars in 1377 bytes} [Wed Nov 24 21:15:18 2021] GET /placement/allocations/abdc9455-d948-4455-b322-5daf72e8d9d4 => generated 260 bytes in 18 msecs (HTTP/1.1 200) 8 headers in 296 bytes (1 switches on core 0)
Nov 24 21:15:19.609051 n-d-812111-8 devstack@placement-api.service[110518]: DEBUG placement.requestlog [req-5920a77e-94ff-4e0e-a51d-b98e16f67309 req-383d90ed-2740-4f6e-97bb-d14f71f0848c None None] Starting request: 10.222.0.15 "DELETE /placement/allocations/2dd3e0ad-6544-4823-8651-63d2cb162fe4" {{(pid=110518) __call__ /opt/stack/placement/placement/requestlog.py:55}}
Nov 24 21:15:19.667537 n-d-812111-8 devstack@placement-api.service[110518]: DEBUG placement.handlers.allocation [req-5920a77e-94ff-4e0e-a51d-b98e16f67309 req-383d90ed-2740-4f6e-97bb-d14f71f0848c service placement] Successfully deleted allocations [, , ] {{(pid=110518) delete_allocations /opt/stack/placement/placement/handlers/allocation.py:627}}
Nov 24 21:15:19.667840 n-d-812111-8 devstack@placement-api.service[110518]: INFO placement.requestlog [req-5920a77e-94ff-4e0e-a51d-b98e16f67309 req-383d90ed-2740-4f6e-97bb-d14f71f0848c service placement] 10.222.0.15 "DELETE /placement/allocations/2dd3e0ad-6544-4823-8651-63d2cb162fe4" status: 204 len: 0 microversion: 1.0
Nov 24 21:15:19.668481 n-d-812111-8 devstack@placement-api.service[110518]: [pid: 110518|app: 0|req: 463/931] 10.222.0.15 () {60 vars in 1355 bytes} [Wed Nov 24 21:15:19 2021] DELETE /placement/allocations/2dd3e0ad-6544-4823-8651-63d2cb162fe4 => generated 0 bytes in 59 msecs (HTTP/1.1 204) 5 headers in 198 bytes (1 switches on core 0)
Nov 24 21:15:23.861170 n-d-812111-8 devstack@placement-api.service[110517]: DEBUG placement.requestlog [req-f9e8c1d3-8e32-41e6-af90-849ceaa9d3d7 req-7eea6f06-c443-4009-ba66-cfc33fe42705 None None] Starting request: 10.222.0.15 "DELETE /placement/allocations/64831e4e-6a80-4b0c-902a-c7f233758013" {{(pid=110517) __call__ /opt/stack/placement/placement/requestlog.py:55}}
Nov 24 21:15:23.943942 n-d-812111-8 devstack@placement-api.service[110517]: DEBUG placement.handlers.allocation [req-f9e8c1d3-8e32-41e6-af90-849ceaa9d3d7 req-7eea6f06-c443-4009-ba66-cfc33fe42705 service placement] Successfully deleted allocations [, , ] {{(pid=110517) delete_allocations /opt/stack/placement/placement/handlers/allocation.py:627}}
Nov 24 21:15:23.945111 n-d-812111-8 devstack@placement-api.service[110517]: INFO placement.requestlog [req-f9e8c1d3-8e32-41e6-af90-849ceaa9d3d7 req-7eea6f06-c443-4009-ba66-cfc33fe42705 service placement] 10.222.0.15 "DELETE /placement/allocations/64831e4e-6a80-4b0c-902a-c7f233758013" status: 204 len: 0 microversion: 1.0
Nov 24 21:15:23.945732 n-d-812111-8 devstack@placement-api.service[110517]: [pid: 110517|app: 0|req: 469/932] 10.222.0.15 () {60 vars in 1355 bytes} [Wed Nov 24 21:15:23 2021] DELETE /placement/allocations/64831e4e-6a80-4b0c-902a-c7f233758013 => generated 0 bytes in 86 msecs (HTTP/1.1 204) 5 headers in 198 bytes (1 switches on core 0)
Nov 24 21:15:31.778531 n-d-812111-8 devstack@placement-api.service[110518]: DEBUG placement.requestlog [req-4f874888-7d69-49e4-91d1-b7619410be31 req-72604150-03d0-4f4b-a138-fc92ed14964d None None] Starting request: 10.222.0.48 "DELETE /placement/allocations/314f3b13-e0e2-4006-9ece-28d18164b017" {{(pid=110518) __call__ /opt/stack/placement/placement/requestlog.py:55}}
Nov 24 21:15:31.848582 n-d-812111-8 devstack@placement-api.service[110518]: DEBUG placement.handlers.allocation [req-4f874888-7d69-49e4-91d1-b7619410be31 req-72604150-03d0-4f4b-a138-fc92ed14964d service placement] Successfully deleted allocations [, , ] {{(pid=110518) delete_allocations /opt/stack/placement/placement/handlers/allocation.py:627}}
Nov 24 21:15:31.849190 n-d-812111-8 devstack@placement-api.service[110518]: INFO placement.requestlog [req-4f874888-7d69-49e4-91d1-b7619410be31 req-72604150-03d0-4f4b-a138-fc92ed14964d service placement] 10.222.0.48 "DELETE /placement/allocations/314f3b13-e0e2-4006-9ece-28d18164b017" status: 204 len: 0 microversion: 1.0
Nov 24 21:15:31.850103 n-d-812111-8 devstack@placement-api.service[110518]: [pid: 110518|app: 0|req: 464/933] 10.222.0.48 () {60 vars in 1355 bytes} [Wed Nov 24 21:15:31 2021] DELETE /placement/allocations/314f3b13-e0e2-4006-9ece-28d18164b017 => generated 0 bytes in 72 msecs (HTTP/1.1 204) 5 headers in 198 bytes (1 switches on core 0)
Nov 24 21:15:32.692231 n-d-812111-8 devstack@placement-api.service[110517]: DEBUG placement.requestlog [req-a3fbba61-6b8f-4d9b-b7fb-f12a9e7e1466 req-0f9cf723-80a2-4563-bbf2-4608b8de27f1 None None] Starting request: 10.222.0.11 "GET /placement/allocation_candidates?limit=1000&resources=DISK_GB%3A1%2CMEMORY_MB%3A1024%2CVCPU%3A1&root_required=%21COMPUTE_STATUS_DISABLED" {{(pid=110517) __call__ /opt/stack/placement/placement/requestlog.py:55}}
Nov 24 21:15:32.734084 n-d-812111-8 devstack@placement-api.service[110517]: DEBUG placement.objects.research_context [req-a3fbba61-6b8f-4d9b-b7fb-f12a9e7e1466 req-0f9cf723-80a2-4563-bbf2-4608b8de27f1 service placement] getting providers with 1 DISK_GB {{(pid=110517) __init__ /opt/stack/placement/placement/objects/research_context.py:126}}
Nov 24 21:15:32.741224 n-d-812111-8 devstack@placement-api.service[110517]: DEBUG placement.objects.research_context [req-a3fbba61-6b8f-4d9b-b7fb-f12a9e7e1466 req-0f9cf723-80a2-4563-bbf2-4608b8de27f1 service placement] getting providers with 1024 MEMORY_MB {{(pid=110517) __init__ /opt/stack/placement/placement/objects/research_context.py:126}}
Nov 24 21:15:32.747857 n-d-812111-8 devstack@placement-api.service[110517]: DEBUG placement.objects.research_context [req-a3fbba61-6b8f-4d9b-b7fb-f12a9e7e1466 req-0f9cf723-80a2-4563-bbf2-4608b8de27f1 service placement] getting providers with 1 VCPU {{(pid=110517) __init__ /opt/stack/placement/placement/objects/research_context.py:126}}
Nov 24 21:15:32.755461 n-d-812111-8 devstack@placement-api.service[110517]: DEBUG placement.objects.research_context [req-a3fbba61-6b8f-4d9b-b7fb-f12a9e7e1466 req-0f9cf723-80a2-4563-bbf2-4608b8de27f1 service placement] found 2 providers with available 1 DISK_GB {{(pid=110517) get_provider_ids_matching /opt/stack/placement/placement/objects/research_context.py:549}}
Nov 24 21:15:32.755736 n-d-812111-8 devstack@placement-api.service[110517]: DEBUG placement.objects.research_context [req-a3fbba61-6b8f-4d9b-b7fb-f12a9e7e1466 req-0f9cf723-80a2-4563-bbf2-4608b8de27f1 service placement] found 2 providers with available 1024 MEMORY_MB {{(pid=110517) get_provider_ids_matching /opt/stack/placement/placement/objects/research_context.py:549}}
Nov 24 21:15:32.756006 n-d-812111-8 devstack@placement-api.service[110517]: DEBUG placement.objects.research_context [req-a3fbba61-6b8f-4d9b-b7fb-f12a9e7e1466 req-0f9cf723-80a2-4563-bbf2-4608b8de27f1 service placement] found 2 providers after filtering by previous result {{(pid=110517) get_provider_ids_matching /opt/stack/placement/placement/objects/research_context.py:580}}
Nov 24 21:15:32.756260 n-d-812111-8 devstack@placement-api.service[110517]: DEBUG placement.objects.research_context [req-a3fbba61-6b8f-4d9b-b7fb-f12a9e7e1466 req-0f9cf723-80a2-4563-bbf2-4608b8de27f1 service placement] found 2 providers with available 1 VCPU {{(pid=110517) get_provider_ids_matching /opt/stack/placement/placement/objects/research_context.py:549}}
Nov 24 21:15:32.756517 n-d-812111-8 devstack@placement-api.service[110517]: DEBUG placement.objects.research_context [req-a3fbba61-6b8f-4d9b-b7fb-f12a9e7e1466 req-0f9cf723-80a2-4563-bbf2-4608b8de27f1 service placement] found 2 providers after filtering by previous result {{(pid=110517) get_provider_ids_matching /opt/stack/placement/placement/objects/research_context.py:580}}
Nov 24 21:15:32.770911 n-d-812111-8 devstack@placement-api.service[110517]: DEBUG placement.objects.allocation_candidate [req-a3fbba61-6b8f-4d9b-b7fb-f12a9e7e1466 req-0f9cf723-80a2-4563-bbf2-4608b8de27f1 service placement] RequestGroup(use_same_provider=False, resources={DISK_GB:1, MEMORY_MB:1024, VCPU:1}, traits=[], aggregates=[]) (suffix '') returned 2 matches {{(pid=110517) _get_by_requests /opt/stack/placement/placement/objects/allocation_candidate.py:145}}
Nov 24 21:15:32.771442 n-d-812111-8 devstack@placement-api.service[110517]: DEBUG placement.objects.allocation_candidate [req-a3fbba61-6b8f-4d9b-b7fb-f12a9e7e1466 req-0f9cf723-80a2-4563-bbf2-4608b8de27f1 service placement] Merging candidates yields 2 allocation requests and 2 provider summaries {{(pid=110517) _merge_candidates /opt/stack/placement/placement/objects/allocation_candidate.py:783}}
Nov 24 21:15:32.773128 n-d-812111-8 devstack@placement-api.service[110517]: INFO placement.requestlog [req-a3fbba61-6b8f-4d9b-b7fb-f12a9e7e1466 req-0f9cf723-80a2-4563-bbf2-4608b8de27f1 service placement] 10.222.0.11 "GET /placement/allocation_candidates?limit=1000&resources=DISK_GB%3A1%2CMEMORY_MB%3A1024%2CVCPU%3A1&root_required=%21COMPUTE_STATUS_DISABLED" status: 200 len: 1309 microversion: 1.36
Nov 24 21:15:32.773777 n-d-812111-8 devstack@placement-api.service[110517]: [pid: 110517|app: 0|req: 470/934] 10.222.0.11 () {60 vars in 1506 bytes} [Wed Nov 24 21:15:32 2021] GET /placement/allocation_candidates?limit=1000&resources=DISK_GB%3A1%2CMEMORY_MB%3A1024%2CVCPU%3A1&root_required=%21COMPUTE_STATUS_DISABLED => generated 1309 bytes in 84 msecs (HTTP/1.1 200) 8 headers in 297 bytes (1 switches on core 0)
Nov 24 21:15:32.845894 n-d-812111-8 devstack@placement-api.service[110518]: DEBUG placement.requestlog [req-a3fbba61-6b8f-4d9b-b7fb-f12a9e7e1466 req-46d18985-aeed-423c-bf9c-e9b6a3c264da None None] Starting request: 10.222.0.11 "GET /placement/allocations/4d317d33-f356-4b4f-b30c-a09f8b785991" {{(pid=110518) __call__ /opt/stack/placement/placement/requestlog.py:55}}
Nov 24 21:15:32.873907 n-d-812111-8 devstack@placement-api.service[110518]: INFO placement.requestlog [req-a3fbba61-6b8f-4d9b-b7fb-f12a9e7e1466 req-46d18985-aeed-423c-bf9c-e9b6a3c264da service placement] 10.222.0.11 "GET /placement/allocations/4d317d33-f356-4b4f-b30c-a09f8b785991" status: 200 len: 19 microversion: 1.28
Nov 24 21:15:32.874564 n-d-812111-8 devstack@placement-api.service[110518]: [pid: 110518|app: 0|req: 465/935] 10.222.0.11 () {60 vars in 1380 bytes} [Wed Nov 24 21:15:32 2021] GET /placement/allocations/4d317d33-f356-4b4f-b30c-a09f8b785991 => generated 19 bytes in 29 msecs (HTTP/1.1 200) 8 headers in 295 bytes (1 switches on core 0)
Nov 24 21:15:32.884302 n-d-812111-8 devstack@placement-api.service[110517]: DEBUG placement.requestlog [req-a3fbba61-6b8f-4d9b-b7fb-f12a9e7e1466 req-b90c8346-f733-4c7f-a967-85108f45273b None None] Starting request: 10.222.0.11 "PUT /placement/allocations/4d317d33-f356-4b4f-b30c-a09f8b785991" {{(pid=110517) __call__ /opt/stack/placement/placement/requestlog.py:55}}
Nov 24 21:15:33.007575 n-d-812111-8 devstack@placement-api.service[110517]: DEBUG placement.handlers.allocation [req-a3fbba61-6b8f-4d9b-b7fb-f12a9e7e1466 req-b90c8346-f733-4c7f-a967-85108f45273b service placement] Successfully wrote allocations [, , ] {{(pid=110517) _update_consumers_and_create_allocations /opt/stack/placement/placement/handlers/allocation.py:462}}
Nov 24 21:15:33.012015 n-d-812111-8 devstack@placement-api.service[110517]: INFO placement.requestlog [req-a3fbba61-6b8f-4d9b-b7fb-f12a9e7e1466 req-b90c8346-f733-4c7f-a967-85108f45273b service placement] 10.222.0.11 "PUT /placement/allocations/4d317d33-f356-4b4f-b30c-a09f8b785991" status: 204 len: 0 microversion: 1.36
Nov 24 21:15:33.020554 n-d-812111-8 devstack@placement-api.service[110517]: [pid: 110517|app: 0|req: 471/936] 10.222.0.11 () {64 vars in 1433 bytes} [Wed Nov 24 21:15:32 2021] PUT /placement/allocations/4d317d33-f356-4b4f-b30c-a09f8b785991 => generated 0 bytes in 129 msecs (HTTP/1.1 204) 5 headers in 199 bytes (2 switches on core 0)
Nov 24 21:15:33.454179 n-d-812111-8 devstack@placement-api.service[110518]: DEBUG placement.requestlog [req-a3fbba61-6b8f-4d9b-b7fb-f12a9e7e1466 req-5a488b35-6edb-4161-bc1d-0afa135b216b None None] Starting request: 10.222.0.15 "GET /placement/allocations/4d317d33-f356-4b4f-b30c-a09f8b785991" {{(pid=110518) __call__ /opt/stack/placement/placement/requestlog.py:55}}
Nov 24 21:15:33.486770 n-d-812111-8 devstack@placement-api.service[110518]: INFO placement.requestlog [req-a3fbba61-6b8f-4d9b-b7fb-f12a9e7e1466 req-5a488b35-6edb-4161-bc1d-0afa135b216b service placement] 10.222.0.15 "GET /placement/allocations/4d317d33-f356-4b4f-b30c-a09f8b785991" status: 200 len: 259 microversion: 1.28
Nov 24 21:15:33.487354 n-d-812111-8 devstack@placement-api.service[110518]: [pid: 110518|app: 0|req: 466/937] 10.222.0.15 () {60 vars in 1377 bytes} [Wed Nov 24 21:15:33 2021] GET /placement/allocations/4d317d33-f356-4b4f-b30c-a09f8b785991 => generated 259 bytes in 33 msecs (HTTP/1.1 200) 8 headers in 296 bytes (1 switches on core 0)
Nov 24 21:15:36.771146 n-d-812111-8 devstack@placement-api.service[110517]: DEBUG placement.requestlog [req-ea5e2043-761b-42e4-b2c6-b639079c4736 req-0bedf210-14fc-4cdc-ad4b-265fd2552bc8 None None] Starting request: 10.222.0.48 "GET /placement/resource_providers/25e49fc2-b408-4799-a8ab-e21e88c673c1/allocations" {{(pid=110517) __call__ /opt/stack/placement/placement/requestlog.py:55}}
Nov 24 21:15:36.797660 n-d-812111-8 devstack@placement-api.service[110517]: INFO placement.requestlog [req-ea5e2043-761b-42e4-b2c6-b639079c4736 req-0bedf210-14fc-4cdc-ad4b-265fd2552bc8 service placement] 10.222.0.48 "GET /placement/resource_providers/25e49fc2-b408-4799-a8ab-e21e88c673c1/allocations" status: 200 len: 357 microversion: 1.0
Nov 24 21:15:36.798097 n-d-812111-8 devstack@placement-api.service[110517]: [pid: 110517|app: 0|req: 472/938] 10.222.0.48 () {58 vars in 1390 bytes} [Wed Nov 24 21:15:36 2021] GET /placement/resource_providers/25e49fc2-b408-4799-a8ab-e21e88c673c1/allocations => generated 357 bytes in 27 msecs (HTTP/1.1 200) 6 headers in 224 bytes (1 switches on core 0)
Nov 24 21:15:37.938277 n-d-812111-8 devstack@placement-api.service[110518]: DEBUG placement.requestlog [req-1e6a9948-c2bd-457b-9295-17eb5b04303e req-9d4aa472-63f4-451e-8799-37eeb5524db7 None None] Starting request: 10.222.0.11 "GET /placement/allocation_candidates?limit=1000&resources=MEMORY_MB%3A1024%2CVCPU%3A1&root_required=%21COMPUTE_STATUS_DISABLED" {{(pid=110518) __call__ /opt/stack/placement/placement/requestlog.py:55}}
Nov 24 21:15:37.979776 n-d-812111-8 devstack@placement-api.service[110518]: DEBUG placement.objects.research_context [req-1e6a9948-c2bd-457b-9295-17eb5b04303e req-9d4aa472-63f4-451e-8799-37eeb5524db7 service placement] getting providers with 1024 MEMORY_MB {{(pid=110518) __init__ /opt/stack/placement/placement/objects/research_context.py:126}}
Nov 24 21:15:37.988309 n-d-812111-8 devstack@placement-api.service[110518]: DEBUG placement.objects.research_context [req-1e6a9948-c2bd-457b-9295-17eb5b04303e req-9d4aa472-63f4-451e-8799-37eeb5524db7 service placement] getting providers with 1 VCPU {{(pid=110518) __init__ /opt/stack/placement/placement/objects/research_context.py:126}}
Nov 24 21:15:37.995763 n-d-812111-8 devstack@placement-api.service[110518]: DEBUG placement.objects.research_context [req-1e6a9948-c2bd-457b-9295-17eb5b04303e req-9d4aa472-63f4-451e-8799-37eeb5524db7 service placement] found 2 providers with available 1024 MEMORY_MB {{(pid=110518) get_provider_ids_matching /opt/stack/placement/placement/objects/research_context.py:549}}
Nov 24 21:15:37.996267 n-d-812111-8 devstack@placement-api.service[110518]: DEBUG placement.objects.research_context [req-1e6a9948-c2bd-457b-9295-17eb5b04303e req-9d4aa472-63f4-451e-8799-37eeb5524db7 service placement] found 2 providers with available 1 VCPU {{(pid=110518) get_provider_ids_matching /opt/stack/placement/placement/objects/research_context.py:549}}
Nov 24 21:15:37.996778 n-d-812111-8 devstack@placement-api.service[110518]: DEBUG placement.objects.research_context [req-1e6a9948-c2bd-457b-9295-17eb5b04303e req-9d4aa472-63f4-451e-8799-37eeb5524db7 service placement] found 2 providers after filtering by previous result {{(pid=110518) get_provider_ids_matching /opt/stack/placement/placement/objects/research_context.py:580}}
Nov 24 21:15:38.026813 n-d-812111-8 devstack@placement-api.service[110518]: DEBUG placement.objects.allocation_candidate [req-1e6a9948-c2bd-457b-9295-17eb5b04303e req-9d4aa472-63f4-451e-8799-37eeb5524db7 service placement] RequestGroup(use_same_provider=False, resources={MEMORY_MB:1024, VCPU:1}, traits=[], aggregates=[]) (suffix '') returned 2 matches {{(pid=110518) _get_by_requests /opt/stack/placement/placement/objects/allocation_candidate.py:145}}
Nov 24 21:15:38.027499 n-d-812111-8 devstack@placement-api.service[110518]: DEBUG placement.objects.allocation_candidate [req-1e6a9948-c2bd-457b-9295-17eb5b04303e req-9d4aa472-63f4-451e-8799-37eeb5524db7 service placement] Merging candidates yields 2 allocation requests and 2 provider summaries {{(pid=110518) _merge_candidates /opt/stack/placement/placement/objects/allocation_candidate.py:783}}
Nov 24 21:15:38.037660 n-d-812111-8 devstack@placement-api.service[110518]: INFO placement.requestlog [req-1e6a9948-c2bd-457b-9295-17eb5b04303e req-9d4aa472-63f4-451e-8799-37eeb5524db7 service placement] 10.222.0.11 "GET /placement/allocation_candidates?limit=1000&resources=MEMORY_MB%3A1024%2CVCPU%3A1&root_required=%21COMPUTE_STATUS_DISABLED" status: 200 len: 1281 microversion: 1.36
Nov 24 21:15:38.038068 n-d-812111-8 devstack@placement-api.service[110518]: [pid: 110518|app: 0|req: 467/939] 10.222.0.11 () {60 vars in 1478 bytes} [Wed Nov 24 21:15:37 2021] GET /placement/allocation_candidates?limit=1000&resources=MEMORY_MB%3A1024%2CVCPU%3A1&root_required=%21COMPUTE_STATUS_DISABLED => generated 1281 bytes in 100 msecs (HTTP/1.1 200) 8 headers in 297 bytes (1 switches on core 0)
Nov 24 21:15:38.123363 n-d-812111-8 devstack@placement-api.service[110517]: DEBUG placement.requestlog [req-1e6a9948-c2bd-457b-9295-17eb5b04303e req-b2befbde-1097-430d-8bdc-e2a958bd42a2 None None] Starting request: 10.222.0.11 "GET /placement/allocations/b76d8d75-0022-4795-8cf9-10177bef4d0a" {{(pid=110517) __call__ /opt/stack/placement/placement/requestlog.py:55}}
Nov 24 21:15:38.141095 n-d-812111-8 devstack@placement-api.service[110517]: INFO placement.requestlog [req-1e6a9948-c2bd-457b-9295-17eb5b04303e req-b2befbde-1097-430d-8bdc-e2a958bd42a2 service placement] 10.222.0.11 "GET /placement/allocations/b76d8d75-0022-4795-8cf9-10177bef4d0a" status: 200 len: 19 microversion: 1.28
Nov 24 21:15:38.141648 n-d-812111-8 devstack@placement-api.service[110517]: [pid: 110517|app: 0|req: 473/940] 10.222.0.11 () {60 vars in 1380 bytes} [Wed Nov 24 21:15:38 2021] GET /placement/allocations/b76d8d75-0022-4795-8cf9-10177bef4d0a => generated 19 bytes in 18 msecs (HTTP/1.1 200) 8 headers in 295 bytes (1 switches on core 0)
Nov 24 21:15:38.150542 n-d-812111-8 devstack@placement-api.service[110518]: DEBUG placement.requestlog [req-1e6a9948-c2bd-457b-9295-17eb5b04303e req-de0c8a39-ae20-4e93-9ff9-d5a8e1c0ad8e None None] Starting request: 10.222.0.11 "PUT /placement/allocations/b76d8d75-0022-4795-8cf9-10177bef4d0a" {{(pid=110518) __call__ /opt/stack/placement/placement/requestlog.py:55}}
Nov 24 21:15:38.224018 n-d-812111-8 devstack@placement-api.service[110518]: DEBUG placement.handlers.allocation [req-1e6a9948-c2bd-457b-9295-17eb5b04303e req-de0c8a39-ae20-4e93-9ff9-d5a8e1c0ad8e service placement] Successfully wrote allocations [, ] {{(pid=110518) _update_consumers_and_create_allocations /opt/stack/placement/placement/handlers/allocation.py:462}}
Nov 24 21:15:38.229796 n-d-812111-8 devstack@placement-api.service[110518]: INFO placement.requestlog [req-1e6a9948-c2bd-457b-9295-17eb5b04303e req-de0c8a39-ae20-4e93-9ff9-d5a8e1c0ad8e service placement] 10.222.0.11 "PUT /placement/allocations/b76d8d75-0022-4795-8cf9-10177bef4d0a" status: 204 len: 0 microversion: 1.36
Nov 24 21:15:38.230720 n-d-812111-8 devstack@placement-api.service[110518]: [pid: 110518|app: 0|req: 468/941] 10.222.0.11 () {64 vars in 1433 bytes} [Wed Nov 24 21:15:38 2021] PUT /placement/allocations/b76d8d75-0022-4795-8cf9-10177bef4d0a => generated 0 bytes in 80 msecs (HTTP/1.1 204) 5 headers in 199 bytes (1 switches on core 0)
Nov 24 21:15:38.565261 n-d-812111-8 devstack@placement-api.service[110517]: DEBUG placement.requestlog [req-1e6a9948-c2bd-457b-9295-17eb5b04303e req-7d13dfa1-01ef-417e-850d-818746efbea7 None None] Starting request: 10.222.0.48 "GET /placement/allocations/b76d8d75-0022-4795-8cf9-10177bef4d0a" {{(pid=110517) __call__ /opt/stack/placement/placement/requestlog.py:55}}
Nov 24 21:15:38.589764 n-d-812111-8 devstack@placement-api.service[110517]: INFO placement.requestlog [req-1e6a9948-c2bd-457b-9295-17eb5b04303e req-7d13dfa1-01ef-417e-850d-818746efbea7 service placement] 10.222.0.48 "GET /placement/allocations/b76d8d75-0022-4795-8cf9-10177bef4d0a" status: 200 len: 246 microversion: 1.28
Nov 24 21:15:38.594633 n-d-812111-8 devstack@placement-api.service[110517]: [pid: 110517|app: 0|req: 474/942] 10.222.0.48 () {60 vars in 1377 bytes} [Wed Nov 24 21:15:38 2021] GET /placement/allocations/b76d8d75-0022-4795-8cf9-10177bef4d0a => generated 246 bytes in 26 msecs (HTTP/1.1 200) 8 headers in 296 bytes (1 switches on core 0)
Nov 24 21:15:43.670316 n-d-812111-8 devstack@placement-api.service[110518]: DEBUG placement.requestlog [req-bb348796-86b5-417e-bacd-e34825aa27af req-fdbe938b-2e11-44a4-8f80-2d7c8510cb42 None None] Starting request: 10.222.0.11 "GET /placement/allocation_candidates?limit=1000&resources=DISK_GB%3A1%2CMEMORY_MB%3A1024%2CVCPU%3A1&root_required=%21COMPUTE_STATUS_DISABLED" {{(pid=110518) __call__ /opt/stack/placement/placement/requestlog.py:55}}
Nov 24 21:15:43.891873 n-d-812111-8 devstack@placement-api.service[110518]: DEBUG placement.objects.research_context [req-bb348796-86b5-417e-bacd-e34825aa27af req-fdbe938b-2e11-44a4-8f80-2d7c8510cb42 service placement] getting providers with 1 DISK_GB {{(pid=110518) __init__ /opt/stack/placement/placement/objects/research_context.py:126}}
Nov 24 21:15:43.923021 n-d-812111-8 devstack@placement-api.service[110518]: DEBUG placement.objects.research_context [req-bb348796-86b5-417e-bacd-e34825aa27af req-fdbe938b-2e11-44a4-8f80-2d7c8510cb42 service placement] getting providers with 1024 MEMORY_MB {{(pid=110518) __init__ /opt/stack/placement/placement/objects/research_context.py:126}}
Nov 24 21:15:43.941627 n-d-812111-8 devstack@placement-api.service[110518]: DEBUG placement.objects.research_context [req-bb348796-86b5-417e-bacd-e34825aa27af req-fdbe938b-2e11-44a4-8f80-2d7c8510cb42 service placement] getting providers with 1 VCPU {{(pid=110518) __init__ /opt/stack/placement/placement/objects/research_context.py:126}}
Nov 24 21:15:43.956205 n-d-812111-8 devstack@placement-api.service[110518]: DEBUG placement.objects.research_context [req-bb348796-86b5-417e-bacd-e34825aa27af req-fdbe938b-2e11-44a4-8f80-2d7c8510cb42 service placement] found 2 providers with available 1 DISK_GB {{(pid=110518) get_provider_ids_matching /opt/stack/placement/placement/objects/research_context.py:549}}
Nov 24 21:15:43.959302 n-d-812111-8 devstack@placement-api.service[110518]: DEBUG placement.objects.research_context [req-bb348796-86b5-417e-bacd-e34825aa27af req-fdbe938b-2e11-44a4-8f80-2d7c8510cb42 service placement] found 2 providers with available 1024 MEMORY_MB {{(pid=110518) get_provider_ids_matching /opt/stack/placement/placement/objects/research_context.py:549}}
Nov 24 21:15:43.959870 n-d-812111-8 devstack@placement-api.service[110518]: DEBUG placement.objects.research_context [req-bb348796-86b5-417e-bacd-e34825aa27af req-fdbe938b-2e11-44a4-8f80-2d7c8510cb42 service placement] found 2 providers after filtering by previous result {{(pid=110518) get_provider_ids_matching /opt/stack/placement/placement/objects/research_context.py:580}}
Nov 24 21:15:43.960436 n-d-812111-8 devstack@placement-api.service[110518]: DEBUG placement.objects.research_context [req-bb348796-86b5-417e-bacd-e34825aa27af req-fdbe938b-2e11-44a4-8f80-2d7c8510cb42 service placement] found 2 providers with available 1 VCPU {{(pid=110518) get_provider_ids_matching /opt/stack/placement/placement/objects/research_context.py:549}}
Nov 24 21:15:43.960895 n-d-812111-8 devstack@placement-api.service[110518]: DEBUG placement.objects.research_context [req-bb348796-86b5-417e-bacd-e34825aa27af req-fdbe938b-2e11-44a4-8f80-2d7c8510cb42 service placement] found 2 providers after filtering by previous result {{(pid=110518) get_provider_ids_matching /opt/stack/placement/placement/objects/research_context.py:580}}
Nov 24 21:15:43.993395 n-d-812111-8 devstack@placement-api.service[110518]: DEBUG placement.objects.allocation_candidate [req-bb348796-86b5-417e-bacd-e34825aa27af req-fdbe938b-2e11-44a4-8f80-2d7c8510cb42 service placement] RequestGroup(use_same_provider=False, resources={DISK_GB:1, MEMORY_MB:1024, VCPU:1}, traits=[], aggregates=[]) (suffix '') returned 2 matches {{(pid=110518) _get_by_requests /opt/stack/placement/placement/objects/allocation_candidate.py:145}}
Nov 24 21:15:43.994031 n-d-812111-8 devstack@placement-api.service[110518]: DEBUG placement.objects.allocation_candidate [req-bb348796-86b5-417e-bacd-e34825aa27af req-fdbe938b-2e11-44a4-8f80-2d7c8510cb42 service placement] Merging candidates yields 2 allocation requests and 2 provider summaries {{(pid=110518) _merge_candidates /opt/stack/placement/placement/objects/allocation_candidate.py:783}}
Nov 24 21:15:43.998510 n-d-812111-8 devstack@placement-api.service[110518]: INFO placement.requestlog [req-bb348796-86b5-417e-bacd-e34825aa27af req-fdbe938b-2e11-44a4-8f80-2d7c8510cb42 service placement] 10.222.0.11 "GET /placement/allocation_candidates?limit=1000&resources=DISK_GB%3A1%2CMEMORY_MB%3A1024%2CVCPU%3A1&root_required=%21COMPUTE_STATUS_DISABLED" status: 200 len: 1309 microversion: 1.36
Nov 24 21:15:43.999263 n-d-812111-8 devstack@placement-api.service[110518]: [pid: 110518|app: 0|req: 469/943] 10.222.0.11 () {60 vars in 1506 bytes} [Wed Nov 24 21:15:43 2021] GET /placement/allocation_candidates?limit=1000&resources=DISK_GB%3A1%2CMEMORY_MB%3A1024%2CVCPU%3A1&root_required=%21COMPUTE_STATUS_DISABLED => generated 1309 bytes in 329 msecs (HTTP/1.1 200) 8 headers in 297 bytes (1 switches on core 0)
Nov 24 21:15:44.099326 n-d-812111-8 devstack@placement-api.service[110517]: DEBUG placement.requestlog [req-bb348796-86b5-417e-bacd-e34825aa27af req-68d39422-5af0-4206-9ac8-60374a01b620 None None] Starting request: 10.222.0.11 "GET /placement/allocations/e8e413a3-0afa-4419-bf5f-15200a2a06fb" {{(pid=110517) __call__ /opt/stack/placement/placement/requestlog.py:55}}
Nov 24 21:15:44.124513 n-d-812111-8 devstack@placement-api.service[110517]: INFO placement.requestlog [req-bb348796-86b5-417e-bacd-e34825aa27af req-68d39422-5af0-4206-9ac8-60374a01b620 service placement] 10.222.0.11 "GET /placement/allocations/e8e413a3-0afa-4419-bf5f-15200a2a06fb" status: 200 len: 19 microversion: 1.28
Nov 24 21:15:44.126937 n-d-812111-8 devstack@placement-api.service[110517]: [pid: 110517|app: 0|req: 475/944] 10.222.0.11 () {60 vars in 1380 bytes} [Wed Nov 24 21:15:44 2021] GET /placement/allocations/e8e413a3-0afa-4419-bf5f-15200a2a06fb => generated 19 bytes in 28 msecs (HTTP/1.1 200) 8 headers in 295 bytes (1 switches on core 0)
Nov 24 21:15:44.138529 n-d-812111-8 devstack@placement-api.service[110518]: DEBUG placement.requestlog [req-bb348796-86b5-417e-bacd-e34825aa27af req-0f633074-d778-4c83-bdb6-c95ea8722280 None None] Starting request: 10.222.0.11 "PUT /placement/allocations/e8e413a3-0afa-4419-bf5f-15200a2a06fb" {{(pid=110518) __call__ /opt/stack/placement/placement/requestlog.py:55}}
Nov 24 21:15:44.254508 n-d-812111-8 devstack@placement-api.service[110518]: DEBUG placement.handlers.allocation [req-bb348796-86b5-417e-bacd-e34825aa27af req-0f633074-d778-4c83-bdb6-c95ea8722280 service placement] Successfully wrote allocations [, , ] {{(pid=110518) _update_consumers_and_create_allocations /opt/stack/placement/placement/handlers/allocation.py:462}}
Nov 24 21:15:44.263139 n-d-812111-8 devstack@placement-api.service[110518]: INFO placement.requestlog [req-bb348796-86b5-417e-bacd-e34825aa27af req-0f633074-d778-4c83-bdb6-c95ea8722280 service placement] 10.222.0.11 "PUT /placement/allocations/e8e413a3-0afa-4419-bf5f-15200a2a06fb" status: 204 len: 0 microversion: 1.36
Nov 24 21:15:44.263721 n-d-812111-8 devstack@placement-api.service[110518]: [pid: 110518|app: 0|req: 470/945] 10.222.0.11 () {64 vars in 1433 bytes} [Wed Nov 24 21:15:44 2021] PUT /placement/allocations/e8e413a3-0afa-4419-bf5f-15200a2a06fb => generated 0 bytes in 125 msecs (HTTP/1.1 204) 5 headers in 199 bytes (1 switches on core 0)
Nov 24 21:15:44.957422 n-d-812111-8 devstack@placement-api.service[110517]: DEBUG placement.requestlog [req-bb348796-86b5-417e-bacd-e34825aa27af req-c090f9f9-c54e-436d-b320-5ef68731e471 None None] Starting request: 10.222.0.15 "GET /placement/allocations/e8e413a3-0afa-4419-bf5f-15200a2a06fb" {{(pid=110517) __call__ /opt/stack/placement/placement/requestlog.py:55}}
Nov 24 21:15:44.999337 n-d-812111-8 devstack@placement-api.service[110517]: INFO placement.requestlog [req-bb348796-86b5-417e-bacd-e34825aa27af req-c090f9f9-c54e-436d-b320-5ef68731e471 service placement] 10.222.0.15 "GET /placement/allocations/e8e413a3-0afa-4419-bf5f-15200a2a06fb" status: 200 len: 259 microversion: 1.28
Nov 24 21:15:44.999337 n-d-812111-8 devstack@placement-api.service[110517]: [pid: 110517|app: 0|req: 476/946] 10.222.0.15 () {60 vars in 1377 bytes} [Wed Nov 24 21:15:44 2021] GET /placement/allocations/e8e413a3-0afa-4419-bf5f-15200a2a06fb => generated 259 bytes in 42 msecs (HTTP/1.1 200) 8 headers in 296 bytes (1 switches on core 0)
Nov 24 21:15:45.569371 n-d-812111-8 devstack@placement-api.service[110518]: DEBUG placement.requestlog [req-0d6b2848-df19-4546-872a-c62e3fc64f19 req-eb8f9cc9-5ea3-4504-823d-816015db59c5 None None] Starting request: 10.222.0.15 "GET /placement/resource_providers/9c34f2cc-a948-45ad-8c8d-65c83fcab928/allocations" {{(pid=110518) __call__ /opt/stack/placement/placement/requestlog.py:55}}
Nov 24 21:15:45.664967 n-d-812111-8 devstack@placement-api.service[110518]: INFO placement.requestlog [req-0d6b2848-df19-4546-872a-c62e3fc64f19 req-eb8f9cc9-5ea3-4504-823d-816015db59c5 service placement] 10.222.0.15 "GET /placement/resource_providers/9c34f2cc-a948-45ad-8c8d-65c83fcab928/allocations" status: 200 len: 342 microversion: 1.0
