Nov 19 20:59:55.669171 n-d-812111-6 neutron-server[103391]: DEBUG neutron.wsgi [-] (103391) accepted ('10.222.0.60', 38060) {{(pid=103391) server /usr/local/lib/python3.8/dist-packages/eventlet/wsgi.py:1004}}
Nov 19 20:59:55.683137 n-d-812111-6 neutron-server[103391]: DEBUG neutron_lib.callbacks.manager [None req-fabba70b-1c29-4be2-812d-a37195eb87f7 admin admin] Publish callbacks [] for security_group, before_create {{(pid=103391) _notify_loop /usr/local/lib/python3.8/dist-packages/neutron_lib/callbacks/manager.py:175}}
Nov 19 20:59:55.723153 n-d-812111-6 neutron-server[103390]: INFO neutron.wsgi [req-ba89cf70-0e1b-49ed-b04f-f24de4b0b025 req-41185def-e259-4a92-81a7-f706d3b86dd6 tempest-AggregatesAdminTestJSON-1352036749 tempest-AggregatesAdminTestJSON-1352036749-project] 10.222.0.60 "GET /v2.0/ports?device_id=fa67d139-35ab-4a87-9c79-0e9695f5153b HTTP/1.1" status: 200 len: 210 time: 0.0730610
Nov 19 20:59:55.744380 n-d-812111-6 neutron-server[103390]: INFO neutron.wsgi [req-293aa46d-58fc-454a-8416-edc7544044ee req-a7f9de2b-a74b-4bad-b26f-d387920752ce tempest-DeleteServersAdminTestJSON-2033928424 tempest-DeleteServersAdminTestJSON-2033928424-project] 10.222.0.60 "GET /v2.0/security-groups?id=4bf2b542-d9d8-4319-b455-28c2d11cd121&fields=id&fields=name HTTP/1.1" status: 200 len: 286 time: 0.1265640
Nov 19 20:59:55.744380 n-d-812111-6 neutron-server[103390]: DEBUG neutron_lib.callbacks.manager [None req-7de3cc7f-82a9-4e7b-9bf1-55004b9c5f04 admin admin] Publish callbacks ['neutron.plugins.ml2.ovo_rpc._ObjectChangeHandler.handle_event-550746'] for security_group, after_delete {{(pid=103390) _notify_loop /usr/local/lib/python3.8/dist-packages/neutron_lib/callbacks/manager.py:175}}
Nov 19 20:59:55.744380 n-d-812111-6 neutron-server[103390]: DEBUG neutron_lib.callbacks.manager [None req-7de3cc7f-82a9-4e7b-9bf1-55004b9c5f04 admin admin] Publish callbacks [] for security_group, before_response {{(pid=103390) _notify_loop /usr/local/lib/python3.8/dist-packages/neutron_lib/callbacks/manager.py:175}}
Nov 19 20:59:55.744380 n-d-812111-6 neutron-server[103390]: INFO neutron.wsgi [None req-7de3cc7f-82a9-4e7b-9bf1-55004b9c5f04 admin admin] 10.222.0.60 "DELETE /v2.0/security-groups/c46bf5e7-4ae9-4953-9ef5-00d8117001e4 HTTP/1.1" status: 204 len: 168 time: 0.6057134
Nov 19 20:59:55.749457 n-d-812111-6 neutron-server[103390]: DEBUG neutron.api.rpc.handlers.resources_rpc [None req-cfbad4c0-a279-4067-9c33-2eeb68fae757 admin admin] Pushing event updated for resources: {'SecurityGroup': ['ID=27bc52b5-0216-4411-a245-633f7fe7fed0,revision_number=1']} {{(pid=103390) push /opt/stack/neutron/neutron/api/rpc/handlers/resources_rpc.py:237}}
Nov 19 20:59:55.761558 n-d-812111-6 neutron-server[103390]: INFO neutron.wsgi [None req-cfbad4c0-a279-4067-9c33-2eeb68fae757 admin admin] 10.222.0.60 "GET /v2.0/security-groups?tenant_id=019b5562f10e483f8a844eb478334ca3&name=default HTTP/1.1" status: 200 len: 2996 time: 0.4318194
Nov 19 20:59:55.761998 n-d-812111-6 neutron-server[103390]: DEBUG neutron.wsgi [-] (103390) accepted ('10.222.0.60', 38066) {{(pid=103390) server /usr/local/lib/python3.8/dist-packages/eventlet/wsgi.py:1004}}
Nov 19 20:59:55.775616 n-d-812111-6 neutron-server[103390]: DEBUG neutron.api.rpc.handlers.resources_rpc [None req-7de3cc7f-82a9-4e7b-9bf1-55004b9c5f04 admin admin] Pushing event deleted for resources: {'SecurityGroup': ['ID=c46bf5e7-4ae9-4953-9ef5-00d8117001e4,revision_number=None']} {{(pid=103390) push /opt/stack/neutron/neutron/api/rpc/handlers/resources_rpc.py:237}}
Nov 19 20:59:55.813765 n-d-812111-6 neutron-server[103391]: DEBUG neutron_lib.callbacks.manager [None req-fabba70b-1c29-4be2-812d-a37195eb87f7 admin admin] Publish callbacks [] for security_group, precommit_create {{(pid=103391) _notify_loop /usr/local/lib/python3.8/dist-packages/neutron_lib/callbacks/manager.py:175}}
Nov 19 20:59:55.818556 n-d-812111-6 neutron-server[103391]: DEBUG neutron_lib.callbacks.manager [None req-fabba70b-1c29-4be2-812d-a37195eb87f7 admin admin] Publish callbacks ['neutron.plugins.ml2.ovo_rpc._ObjectChangeHandler.handle_event-550746'] for security_group, after_create {{(pid=103391) _notify_loop /usr/local/lib/python3.8/dist-packages/neutron_lib/callbacks/manager.py:175}}
Nov 19 20:59:55.870166 n-d-812111-6 neutron-server[103390]: DEBUG neutron_lib.callbacks.manager [None req-c9a559bc-8f43-4359-b4eb-0390be499471 admin admin] Publish callbacks [] for security_group, before_delete {{(pid=103390) _notify_loop /usr/local/lib/python3.8/dist-packages/neutron_lib/callbacks/manager.py:175}}
Nov 19 20:59:55.888836 n-d-812111-6 neutron-server[103391]: DEBUG neutron.api.rpc.handlers.resources_rpc [None req-fabba70b-1c29-4be2-812d-a37195eb87f7 admin admin] Pushing event updated for resources: {'SecurityGroup': ['ID=c35b21a2-7319-4695-819b-870fd937c858,revision_number=1']} {{(pid=103391) push /opt/stack/neutron/neutron/api/rpc/handlers/resources_rpc.py:237}}
Nov 19 20:59:55.909245 n-d-812111-6 neutron-server[103391]: INFO neutron.wsgi [None req-fabba70b-1c29-4be2-812d-a37195eb87f7 admin admin] 10.222.0.60 "GET /v2.0/security-groups?tenant_id=07831894f38d449fb8e4044642b96433&name=default HTTP/1.1" status: 200 len: 2996 time: 0.2366261
Nov 19 20:59:55.912904 n-d-812111-6 neutron-server[103390]: DEBUG neutron.pecan_wsgi.hooks.policy_enforcement [req-f49c85da-7eba-4cb6-b0f0-48d68cd08423 req-9fc0f929-ba3e-47b0-8f45-a335da4cba74 tempest-LiveMigrationNegativeTest-1445207010 tempest-LiveMigrationNegativeTest-1445207010-project] Attributes excluded by policy engine: ['standard_attr_id', 'binding:profile', 'binding:host_id', 'binding:vif_type', 'binding:vif_details'] {{(pid=103390) _exclude_attributes_by_policy /opt/stack/neutron/neutron/pecan_wsgi/hooks/policy_enforcement.py:255}}
Nov 19 20:59:55.921073 n-d-812111-6 neutron-server[103390]: INFO neutron.wsgi [req-f49c85da-7eba-4cb6-b0f0-48d68cd08423 req-9fc0f929-ba3e-47b0-8f45-a335da4cba74 tempest-LiveMigrationNegativeTest-1445207010 tempest-LiveMigrationNegativeTest-1445207010-project] 10.222.0.60 "GET /v2.0/ports?device_id=e995cafb-a92e-4d63-a6df-f4a2d2cc80ba HTTP/1.1" status: 200 len: 950 time: 0.1048973
Nov 19 20:59:55.922202 n-d-812111-6 neutron-server[103391]: DEBUG neutron.wsgi [-] (103391) accepted ('10.222.0.60', 38070) {{(pid=103391) server /usr/local/lib/python3.8/dist-packages/eventlet/wsgi.py:1004}}
Nov 19 20:59:55.928834 n-d-812111-6 neutron-server[103390]: DEBUG neutron_lib.callbacks.manager [None req-c9a559bc-8f43-4359-b4eb-0390be499471 admin admin] Publish callbacks [] for security_group, precommit_delete {{(pid=103390) _notify_loop /usr/local/lib/python3.8/dist-packages/neutron_lib/callbacks/manager.py:175}}
Nov 19 20:59:55.981424 n-d-812111-6 neutron-server[103391]: DEBUG neutron_lib.callbacks.manager [None req-215d647a-eed0-4bb8-9ce3-0d235a6a8445 admin admin] Publish callbacks [] for security_group, before_delete {{(pid=103391) _notify_loop /usr/local/lib/python3.8/dist-packages/neutron_lib/callbacks/manager.py:175}}
Nov 19 20:59:56.008562 n-d-812111-6 neutron-server[103391]: DEBUG neutron_lib.callbacks.manager [None req-215d647a-eed0-4bb8-9ce3-0d235a6a8445 admin admin] Publish callbacks [] for security_group, precommit_delete {{(pid=103391) _notify_loop /usr/local/lib/python3.8/dist-packages/neutron_lib/callbacks/manager.py:175}}
Nov 19 20:59:56.032849 n-d-812111-6 neutron-server[103390]: INFO neutron.wsgi [req-f49c85da-7eba-4cb6-b0f0-48d68cd08423 req-9f9d0d18-09c0-4409-8eba-adeeb7454880 tempest-LiveMigrationNegativeTest-1445207010 tempest-LiveMigrationNegativeTest-1445207010-project] 10.222.0.60 "GET /v2.0/security-groups?id=53454de5-a093-4b55-8206-269e39d97b8d&fields=id&fields=name HTTP/1.1" status: 200 len: 286 time: 0.1096637
Nov 19 20:59:56.038753 n-d-812111-6 neutron-server[103392]: DEBUG neutron.notifiers.nova [-] Sending events: [{'server_uuid': '044d1c75-773c-4802-9a2f-a8145ba0691e', 'name': 'network-vif-plugged', 'status': 'completed', 'tag': '7f56fda1-8900-4a24-bfe2-2f03a0405fd4'}] {{(pid=103392) send_events /opt/stack/neutron/neutron/notifiers/nova.py:262}}
Nov 19 20:59:56.041376 n-d-812111-6 neutron-server[103392]: DEBUG novaclient.v2.client [-] REQ: curl -g -i --cacert "/opt/stack/data/ca-bundle.pem" -X POST http://10.222.0.60/compute/v2.1/os-server-external-events -H "Accept: application/json" -H "Content-Type: application/json" -H "User-Agent: python-novaclient" -H "X-Auth-Token: {SHA256}b7e348359a716e8c0959eb4bc834d33f8407f54899b9f5349a3180acd72ee996" -H "X-OpenStack-Nova-API-Version: 2.1" -H "X-OpenStack-Request-ID: req-d7526081-128d-40d2-af29-65fc4ee82d46" -d '{"events": [{"server_uuid": "044d1c75-773c-4802-9a2f-a8145ba0691e", "name": "network-vif-plugged", "status": "completed", "tag": "7f56fda1-8900-4a24-bfe2-2f03a0405fd4"}]}' {{(pid=103392) _http_log_request /usr/local/lib/python3.8/dist-packages/keystoneauth1/session.py:519}}
Nov 19 20:59:56.067294 n-d-812111-6 neutron-server[103390]: DEBUG neutron.pecan_wsgi.hooks.policy_enforcement [req-06eb1873-547c-4ab8-9dd8-ebf72a9a3c9c req-483fa461-cf61-4e74-ae14-7b438ab1abbb tempest-ServersWithSpecificFlavorTestJSON-2037155952 tempest-ServersWithSpecificFlavorTestJSON-2037155952-project] Attributes excluded by policy engine: ['standard_attr_id', 'binding:profile', 'binding:host_id', 'binding:vif_type', 'binding:vif_details'] {{(pid=103390) _exclude_attributes_by_policy /opt/stack/neutron/neutron/pecan_wsgi/hooks/policy_enforcement.py:255}}
Nov 19 20:59:56.072099 n-d-812111-6 neutron-server[103392]: DEBUG neutron.plugins.ml2.rpc [None req-b05e2e22-310b-4af1-8d12-ae9ec2aabffb None None] Device eb4d5191-1b92-4599-8d66-72476c6d29c3 up at agent hyperv_n-h1-812111-6 {{(pid=103392) update_device_up /opt/stack/neutron/neutron/plugins/ml2/rpc.py:296}}
Nov 19 20:59:56.075659 n-d-812111-6 neutron-server[103390]: INFO neutron.wsgi [req-06eb1873-547c-4ab8-9dd8-ebf72a9a3c9c req-483fa461-cf61-4e74-ae14-7b438ab1abbb tempest-ServersWithSpecificFlavorTestJSON-2037155952 tempest-ServersWithSpecificFlavorTestJSON-2037155952-project] 10.222.0.60 "GET /v2.0/ports?device_id=a3e59425-5a6c-4b3a-9f3b-405c44f349c0 HTTP/1.1" status: 200 len: 946 time: 0.0944831
Nov 19 20:59:56.085435 n-d-812111-6 neutron-server[103391]: DEBUG neutron_lib.callbacks.manager [None req-215d647a-eed0-4bb8-9ce3-0d235a6a8445 admin admin] Publish callbacks ['neutron.plugins.ml2.ovo_rpc._ObjectChangeHandler.handle_event-550746'] for security_group, after_delete {{(pid=103391) _notify_loop /usr/local/lib/python3.8/dist-packages/neutron_lib/callbacks/manager.py:175}}
Nov 19 20:59:56.088339 n-d-812111-6 neutron-server[103391]: DEBUG neutron_lib.callbacks.manager [None req-215d647a-eed0-4bb8-9ce3-0d235a6a8445 admin admin] Publish callbacks [] for security_group, before_response {{(pid=103391) _notify_loop /usr/local/lib/python3.8/dist-packages/neutron_lib/callbacks/manager.py:175}}
Nov 19 20:59:56.092336 n-d-812111-6 neutron-server[103391]: INFO neutron.wsgi [None req-215d647a-eed0-4bb8-9ce3-0d235a6a8445 admin admin] 10.222.0.60 "DELETE /v2.0/security-groups/c35b21a2-7319-4695-819b-870fd937c858 HTTP/1.1" status: 204 len: 168 time: 0.1663253
Nov 19 20:59:56.099045 n-d-812111-6 neutron-server[103391]: DEBUG neutron.api.rpc.handlers.resources_rpc [None req-215d647a-eed0-4bb8-9ce3-0d235a6a8445 admin admin] Pushing event deleted for resources: {'SecurityGroup': ['ID=c35b21a2-7319-4695-819b-870fd937c858,revision_number=None']} {{(pid=103391) push /opt/stack/neutron/neutron/api/rpc/handlers/resources_rpc.py:237}}
Nov 19 20:59:56.112517 n-d-812111-6 neutron-server[103390]: DEBUG neutron_lib.callbacks.manager [None req-c9a559bc-8f43-4359-b4eb-0390be499471 admin admin] Publish callbacks ['neutron.plugins.ml2.ovo_rpc._ObjectChangeHandler.handle_event-550746'] for security_group, after_delete {{(pid=103390) _notify_loop /usr/local/lib/python3.8/dist-packages/neutron_lib/callbacks/manager.py:175}}
Nov 19 20:59:56.119567 n-d-812111-6 neutron-server[103390]: DEBUG neutron_lib.callbacks.manager [None req-c9a559bc-8f43-4359-b4eb-0390be499471 admin admin] Publish callbacks [] for security_group, before_response {{(pid=103390) _notify_loop /usr/local/lib/python3.8/dist-packages/neutron_lib/callbacks/manager.py:175}}
Nov 19 20:59:56.124707 n-d-812111-6 neutron-server[103390]: INFO neutron.wsgi [None req-c9a559bc-8f43-4359-b4eb-0390be499471 admin admin] 10.222.0.60 "DELETE /v2.0/security-groups/27bc52b5-0216-4411-a245-633f7fe7fed0 HTTP/1.1" status: 204 len: 168 time: 0.3619807
Nov 19 20:59:56.154264 n-d-812111-6 neutron-server[103392]: DEBUG neutron.db.provisioning_blocks [None req-b05e2e22-310b-4af1-8d12-ae9ec2aabffb None None] Provisioning for port eb4d5191-1b92-4599-8d66-72476c6d29c3 completed by entity L2. {{(pid=103392) provisioning_complete /opt/stack/neutron/neutron/db/provisioning_blocks.py:133}}
Nov 19 20:59:56.160442 n-d-812111-6 neutron-server[103392]: DEBUG neutron.db.provisioning_blocks [None req-b05e2e22-310b-4af1-8d12-ae9ec2aabffb None None] Provisioning complete for port eb4d5191-1b92-4599-8d66-72476c6d29c3 triggered by entity L2. {{(pid=103392) provisioning_complete /opt/stack/neutron/neutron/db/provisioning_blocks.py:139}}
Nov 19 20:59:56.160822 n-d-812111-6 neutron-server[103392]: DEBUG neutron_lib.callbacks.manager [None req-b05e2e22-310b-4af1-8d12-ae9ec2aabffb None None] Publish callbacks ['neutron.plugins.ml2.plugin.Ml2Plugin._port_provisioned-8025677'] for port, provisioning_complete {{(pid=103392) _notify_loop /usr/local/lib/python3.8/dist-packages/neutron_lib/callbacks/manager.py:175}}
Nov 19 20:59:56.167178 n-d-812111-6 neutron-server[103392]: DEBUG novaclient.v2.client [-] RESP: [200] Connection: close Content-Length: 183 Content-Type: application/json Date: Fri, 19 Nov 2021 20:59:56 GMT OpenStack-API-Version: compute 2.1 Server: Apache/2.4.41 (Ubuntu) Vary: OpenStack-API-Version,X-OpenStack-Nova-API-Version X-OpenStack-Nova-API-Version: 2.1 x-compute-request-id: req-b2f9c435-e518-4cca-b5c9-e7360cb9bfb6 x-openstack-request-id: req-b2f9c435-e518-4cca-b5c9-e7360cb9bfb6 {{(pid=103392) _http_log_response /usr/local/lib/python3.8/dist-packages/keystoneauth1/session.py:550}}
Nov 19 20:59:56.167568 n-d-812111-6 neutron-server[103392]: DEBUG novaclient.v2.client [-] RESP BODY: {"events": [{"server_uuid": "044d1c75-773c-4802-9a2f-a8145ba0691e", "name": "network-vif-plugged", "status": "completed", "tag": "7f56fda1-8900-4a24-bfe2-2f03a0405fd4", "code": 200}]} {{(pid=103392) _http_log_response /usr/local/lib/python3.8/dist-packages/keystoneauth1/session.py:582}}
Nov 19 20:59:56.167940 n-d-812111-6 neutron-server[103392]: DEBUG novaclient.v2.client [-] POST call to compute for http://10.222.0.60/compute/v2.1/os-server-external-events used request id req-b2f9c435-e518-4cca-b5c9-e7360cb9bfb6 {{(pid=103392) request /usr/local/lib/python3.8/dist-packages/keystoneauth1/session.py:954}}
Nov 19 20:59:56.168408 n-d-812111-6 neutron-server[103392]: INFO neutron.notifiers.nova [-] Nova event response: {'server_uuid': '044d1c75-773c-4802-9a2f-a8145ba0691e', 'name': 'network-vif-plugged', 'status': 'completed', 'tag': '7f56fda1-8900-4a24-bfe2-2f03a0405fd4', 'code': 200}
Nov 19 20:59:56.191416 n-d-812111-6 neutron-server[103390]: DEBUG neutron.api.rpc.handlers.resources_rpc [None req-c9a559bc-8f43-4359-b4eb-0390be499471 admin admin] Pushing event deleted for resources: {'SecurityGroup': ['ID=27bc52b5-0216-4411-a245-633f7fe7fed0,revision_number=None']} {{(pid=103390) push /opt/stack/neutron/neutron/api/rpc/handlers/resources_rpc.py:237}}
Nov 19 20:59:56.206554 n-d-812111-6 neutron-server[103390]: INFO neutron.wsgi [req-06eb1873-547c-4ab8-9dd8-ebf72a9a3c9c req-f37a1fe1-7bdc-430e-b8f1-a08c3497de33 tempest-ServersWithSpecificFlavorTestJSON-2037155952 tempest-ServersWithSpecificFlavorTestJSON-2037155952-project] 10.222.0.60 "GET /v2.0/security-groups?id=09adffd6-3906-4ad4-ba17-d36bef254dc3&fields=id&fields=name HTTP/1.1" status: 200 len: 312 time: 0.1178267
Nov 19 20:59:56.286808 n-d-812111-6 neutron-server[103392]: DEBUG neutron_lib.callbacks.manager [None req-b05e2e22-310b-4af1-8d12-ae9ec2aabffb None None] Publish callbacks ['neutron.plugins.ml2.plugin.SecurityGroupDbMixin._ensure_default_security_group_handler-7908326'] for port, before_update {{(pid=103392) _notify_loop /usr/local/lib/python3.8/dist-packages/neutron_lib/callbacks/manager.py:175}}
Nov 19 20:59:56.328604 n-d-812111-6 neutron-server[103392]: DEBUG neutron.plugins.ml2.db [None req-b05e2e22-310b-4af1-8d12-ae9ec2aabffb None None] For port eb4d5191-1b92-4599-8d66-72476c6d29c3, host n-h1-812111-6, got binding levels [PortBindingLevel(driver='hyperv',host='n-h1-812111-6',level=0,port_id=eb4d5191-1b92-4599-8d66-72476c6d29c3,segment=NetworkSegment(800798fe-1403-4947-95ee-99a45c992ed8),segment_id=800798fe-1403-4947-95ee-99a45c992ed8)] {{(pid=103392) get_binding_level_objs /opt/stack/neutron/neutron/plugins/ml2/db.py:74}}
Nov 19 20:59:56.331307 n-d-812111-6 neutron-server[103390]: DEBUG neutron.pecan_wsgi.hooks.policy_enforcement [req-01ae1041-3073-449f-a39f-5eb72369aa4a req-700f3639-2919-4504-8de0-0cb29c14994c service neutron] Attributes excluded by policy engine: ['standard_attr_id'] {{(pid=103390) _exclude_attributes_by_policy /opt/stack/neutron/neutron/pecan_wsgi/hooks/policy_enforcement.py:255}}
Nov 19 20:59:56.334433 n-d-812111-6 neutron-server[103390]: INFO neutron.wsgi [req-01ae1041-3073-449f-a39f-5eb72369aa4a req-700f3639-2919-4504-8de0-0cb29c14994c service neutron] 10.222.0.81 "GET /v2.0/ports?device_id=044d1c75-773c-4802-9a2f-a8145ba0691e HTTP/1.1" status: 200 len: 1097 time: 0.0521865
Nov 19 20:59:56.335429 n-d-812111-6 neutron-server[103392]: DEBUG neutron_lib.callbacks.manager [None req-b05e2e22-310b-4af1-8d12-ae9ec2aabffb None None] Publish callbacks ['neutron.plugins.ml2.plugin.SecurityGroupServerNotifierRpcMixin._notify_sg_on_port_change-7908263', 'neutron.plugins.ml2.ovo_rpc._ObjectChangeHandler.handle_event-175594', 'neutron.api.rpc.agentnotifiers.dhcp_rpc_agent_api.DhcpAgentNotifyAPI._native_event_send_dhcp_notification-563224', 'neutron.db.l3_db.L3RpcNotifierMixin._notify_gateway_port_ip_changed-8726731373918', 'neutron.db.l3_dvrscheduler_db._notify_l3_agent_port_update-8726730867384', 'neutron.db.l3_hascheduler_db._notify_l3_agent_ha_port_update-8726730867402'] for port, after_update {{(pid=103392) _notify_loop /usr/local/lib/python3.8/dist-packages/neutron_lib/callbacks/manager.py:175}}
Nov 19 20:59:56.336455 n-d-812111-6 neutron-server[103392]: DEBUG neutron.plugins.ml2.rpc [None req-b05e2e22-310b-4af1-8d12-ae9ec2aabffb None None] Device d5754829-f24f-43a7-a140-23660c878d11 no longer exists at agent hyperv_n-h1-812111-6 {{(pid=103392) update_device_down /opt/stack/neutron/neutron/plugins/ml2/rpc.py:259}}
Nov 19 20:59:56.363741 n-d-812111-6 neutron-server[103392]: DEBUG neutron.plugins.ml2.plugin [None req-b05e2e22-310b-4af1-8d12-ae9ec2aabffb None None] No Port match for: d5754829-f24f-43a7-a140-23660c878d11 {{(pid=103392) port_bound_to_host /opt/stack/neutron/neutron/plugins/ml2/plugin.py:2272}}
Nov 19 20:59:56.364649 n-d-812111-6 neutron-server[103392]: DEBUG neutron.plugins.ml2.rpc [None req-b05e2e22-310b-4af1-8d12-ae9ec2aabffb None None] Device d5754829-f24f-43a7-a140-23660c878d11 not bound to the agent host n-h1-812111-6 {{(pid=103392) update_device_down /opt/stack/neutron/neutron/plugins/ml2/rpc.py:269}}
Nov 19 20:59:56.390694 n-d-812111-6 neutron-server[103390]: INFO neutron.wsgi [req-01ae1041-3073-449f-a39f-5eb72369aa4a req-51ca2f2b-c69c-403a-abe1-c59243560191 service neutron] 10.222.0.81 "GET /v2.0/security-groups?id=e79ce091-a81a-413c-a72c-3d26c3b61f6a&fields=id&fields=name HTTP/1.1" status: 200 len: 286 time: 0.0469103
Nov 19 20:59:56.416191 n-d-812111-6 neutron-server[103392]: DEBUG neutron.api.rpc.handlers.resources_rpc [None req-b05e2e22-310b-4af1-8d12-ae9ec2aabffb None None] Pushing event updated for resources: {'Port': ['ID=eb4d5191-1b92-4599-8d66-72476c6d29c3,revision_number=5']} {{(pid=103392) push /opt/stack/neutron/neutron/api/rpc/handlers/resources_rpc.py:237}}
Nov 19 20:59:56.558826 n-d-812111-6 neutron-server[103390]: DEBUG neutron.pecan_wsgi.hooks.policy_enforcement [req-d012c0dc-0e13-4f76-8db0-42bd385fd1a8 req-836ab5eb-7293-4ec5-a33b-4d04e6b84904 tempest-LiveMigrationTest-850176590 tempest-LiveMigrationTest-850176590-project] Attributes excluded by policy engine: ['standard_attr_id', 'binding:profile', 'binding:host_id', 'binding:vif_type', 'binding:vif_details'] {{(pid=103390) _exclude_attributes_by_policy /opt/stack/neutron/neutron/pecan_wsgi/hooks/policy_enforcement.py:255}}
Nov 19 20:59:56.560488 n-d-812111-6 neutron-server[103390]: INFO neutron.wsgi [req-d012c0dc-0e13-4f76-8db0-42bd385fd1a8 req-836ab5eb-7293-4ec5-a33b-4d04e6b84904 tempest-LiveMigrationTest-850176590 tempest-LiveMigrationTest-850176590-project] 10.222.0.60 "GET /v2.0/ports?device_id=044d1c75-773c-4802-9a2f-a8145ba0691e HTTP/1.1" status: 200 len: 946 time: 0.0573785
Nov 19 20:59:56.628498 n-d-812111-6 neutron-server[103390]: INFO neutron.wsgi [req-d012c0dc-0e13-4f76-8db0-42bd385fd1a8 req-6294a21d-e0d3-49f6-bf51-8486f5019b67 tempest-LiveMigrationTest-850176590 tempest-LiveMigrationTest-850176590-project] 10.222.0.60 "GET /v2.0/security-groups?id=e79ce091-a81a-413c-a72c-3d26c3b61f6a&fields=id&fields=name HTTP/1.1" status: 200 len: 286 time: 0.0609951
Nov 19 20:59:56.884814 n-d-812111-6 neutron-server[103390]: DEBUG neutron.pecan_wsgi.hooks.policy_enforcement [req-211be802-a167-4e82-a4dd-2ca40ad6aba7 req-6379cfd6-3b18-4550-8355-cf1346e9ccee tempest-DeleteServersAdminTestJSON-2033928424 tempest-DeleteServersAdminTestJSON-2033928424-project] Attributes excluded by policy engine: ['standard_attr_id', 'binding:profile', 'binding:host_id', 'binding:vif_type', 'binding:vif_details'] {{(pid=103390) _exclude_attributes_by_policy /opt/stack/neutron/neutron/pecan_wsgi/hooks/policy_enforcement.py:255}}
Nov 19 20:59:56.886324 n-d-812111-6 neutron-server[103390]: INFO neutron.wsgi [req-211be802-a167-4e82-a4dd-2ca40ad6aba7 req-6379cfd6-3b18-4550-8355-cf1346e9ccee tempest-DeleteServersAdminTestJSON-2033928424 tempest-DeleteServersAdminTestJSON-2033928424-project] 10.222.0.60 "GET /v2.0/ports?device_id=975f8b1a-c902-4e81-883b-2a25dd10e465 HTTP/1.1" status: 200 len: 950 time: 0.0614083
Nov 19 20:59:56.938275 n-d-812111-6 neutron-server[103390]: INFO neutron.wsgi [req-211be802-a167-4e82-a4dd-2ca40ad6aba7 req-4e97fd53-602a-4bc7-8554-7955e418afdb tempest-DeleteServersAdminTestJSON-2033928424 tempest-DeleteServersAdminTestJSON-2033928424-project] 10.222.0.60 "GET /v2.0/security-groups?id=4bf2b542-d9d8-4319-b455-28c2d11cd121&fields=id&fields=name HTTP/1.1" status: 200 len: 286 time: 0.0456152
Nov 19 20:59:57.198492 n-d-812111-6 neutron-server[103390]: DEBUG neutron.wsgi [req-f6e62e45-0ecb-4426-8f3d-8f7ffc36625a req-90b496f5-2209-490b-8a20-bb405fdfe429 service neutron] http://10.222.0.60:9696/v2.0/extensions returned with HTTP 200 {{(pid=103390) __call__ /opt/stack/neutron/neutron/wsgi.py:729}}
Nov 19 20:59:57.199619 n-d-812111-6 neutron-server[103390]: INFO neutron.wsgi [req-f6e62e45-0ecb-4426-8f3d-8f7ffc36625a req-90b496f5-2209-490b-8a20-bb405fdfe429 service neutron] 10.222.0.60 "GET /v2.0/extensions HTTP/1.1" status: 200 len: 14082 time: 0.3387644
Nov 19 20:59:57.236194 n-d-812111-6 neutron-server[103391]: DEBUG neutron.wsgi [-] (103391) accepted ('10.222.0.60', 38138) {{(pid=103391) server /usr/local/lib/python3.8/dist-packages/eventlet/wsgi.py:1004}}
Nov 19 20:59:57.375460 n-d-812111-6 neutron-server[103391]: INFO neutron.wsgi [None req-0ff4fd3c-d3c3-4bb0-9e78-b618d79f08c7 admin admin] 10.222.0.60 "GET /v2.0/security-groups?tenant_id=05bd684c31dd4a938942e7bd69c8346c&name=default HTTP/1.1" status: 200 len: 2992 time: 0.1389539
Nov 19 20:59:57.377919 n-d-812111-6 neutron-server[103391]: DEBUG neutron.wsgi [-] (103391) accepted ('10.222.0.60', 38154) {{(pid=103391) server /usr/local/lib/python3.8/dist-packages/eventlet/wsgi.py:1004}}
Nov 19 20:59:57.403760 n-d-812111-6 neutron-server[103390]: DEBUG neutron.pecan_wsgi.hooks.policy_enforcement [req-f4748d6d-e124-4a85-95bc-86b6eb6618d3 req-d8b9ca9e-04b8-4175-83eb-ab7584c63935 tempest-ServersWithSpecificFlavorTestJSON-2037155952 tempest-ServersWithSpecificFlavorTestJSON-2037155952-project] Attributes excluded by policy engine: ['standard_attr_id', 'binding:profile', 'binding:host_id', 'binding:vif_type', 'binding:vif_details'] {{(pid=103390) _exclude_attributes_by_policy /opt/stack/neutron/neutron/pecan_wsgi/hooks/policy_enforcement.py:255}}
Nov 19 20:59:57.405347 n-d-812111-6 neutron-server[103390]: INFO neutron.wsgi [req-f4748d6d-e124-4a85-95bc-86b6eb6618d3 req-d8b9ca9e-04b8-4175-83eb-ab7584c63935 tempest-ServersWithSpecificFlavorTestJSON-2037155952 tempest-ServersWithSpecificFlavorTestJSON-2037155952-project] 10.222.0.60 "GET /v2.0/ports?device_id=a3e59425-5a6c-4b3a-9f3b-405c44f349c0 HTTP/1.1" status: 200 len: 946 time: 0.1099348
Nov 19 20:59:57.443073 n-d-812111-6 neutron-server[103390]: DEBUG neutron.pecan_wsgi.hooks.policy_enforcement [req-bcf8025c-a6ba-44e8-9522-3fce258a2200 req-16d52ee6-e3bb-43eb-b852-31b589ed66a5 tempest-LiveMigrationNegativeTest-1445207010 tempest-LiveMigrationNegativeTest-1445207010-project] Attributes excluded by policy engine: ['standard_attr_id', 'binding:profile', 'binding:host_id', 'binding:vif_type', 'binding:vif_details'] {{(pid=103390) _exclude_attributes_by_policy /opt/stack/neutron/neutron/pecan_wsgi/hooks/policy_enforcement.py:255}}
Nov 19 20:59:57.444833 n-d-812111-6 neutron-server[103390]: INFO neutron.wsgi [req-bcf8025c-a6ba-44e8-9522-3fce258a2200 req-16d52ee6-e3bb-43eb-b852-31b589ed66a5 tempest-LiveMigrationNegativeTest-1445207010 tempest-LiveMigrationNegativeTest-1445207010-project] 10.222.0.60 "GET /v2.0/ports?device_id=e995cafb-a92e-4d63-a6df-f4a2d2cc80ba HTTP/1.1" status: 200 len: 950 time: 0.1154888
Nov 19 20:59:57.461874 n-d-812111-6 neutron-server[103391]: DEBUG neutron_lib.callbacks.manager [None req-693484d0-b634-49b4-89a9-e47032dfad79 admin admin] Publish callbacks [] for security_group, before_delete {{(pid=103391) _notify_loop /usr/local/lib/python3.8/dist-packages/neutron_lib/callbacks/manager.py:175}}
Nov 19 20:59:57.478073 n-d-812111-6 neutron-server[103390]: INFO neutron.wsgi [req-f4748d6d-e124-4a85-95bc-86b6eb6618d3 req-efa67832-7296-499a-ad88-703830c1553e tempest-ServersWithSpecificFlavorTestJSON-2037155952 tempest-ServersWithSpecificFlavorTestJSON-2037155952-project] 10.222.0.60 "GET /v2.0/security-groups?id=09adffd6-3906-4ad4-ba17-d36bef254dc3&fields=id&fields=name HTTP/1.1" status: 200 len: 312 time: 0.0638299
Nov 19 20:59:57.487244 n-d-812111-6 neutron-server[103391]: DEBUG neutron_lib.callbacks.manager [None req-693484d0-b634-49b4-89a9-e47032dfad79 admin admin] Publish callbacks [] for security_group, precommit_delete {{(pid=103391) _notify_loop /usr/local/lib/python3.8/dist-packages/neutron_lib/callbacks/manager.py:175}}
Nov 19 20:59:57.535450 n-d-812111-6 neutron-server[103390]: INFO neutron.wsgi [req-bcf8025c-a6ba-44e8-9522-3fce258a2200 req-0524695f-ea75-4a90-ad85-633c920fb2a2 tempest-LiveMigrationNegativeTest-1445207010 tempest-LiveMigrationNegativeTest-1445207010-project] 10.222.0.60 "GET /v2.0/security-groups?id=53454de5-a093-4b55-8206-269e39d97b8d&fields=id&fields=name HTTP/1.1" status: 200 len: 286 time: 0.0581169
Nov 19 20:59:57.547280 n-d-812111-6 neutron-server[103391]: DEBUG neutron_lib.callbacks.manager [None req-693484d0-b634-49b4-89a9-e47032dfad79 admin admin] Publish callbacks ['neutron.plugins.ml2.ovo_rpc._ObjectChangeHandler.handle_event-550746'] for security_group, after_delete {{(pid=103391) _notify_loop /usr/local/lib/python3.8/dist-packages/neutron_lib/callbacks/manager.py:175}}
Nov 19 20:59:57.550167 n-d-812111-6 neutron-server[103391]: DEBUG neutron_lib.callbacks.manager [None req-693484d0-b634-49b4-89a9-e47032dfad79 admin admin] Publish callbacks [] for security_group, before_response {{(pid=103391) _notify_loop /usr/local/lib/python3.8/dist-packages/neutron_lib/callbacks/manager.py:175}}
Nov 19 20:59:57.553883 n-d-812111-6 neutron-server[103391]: INFO neutron.wsgi [None req-693484d0-b634-49b4-89a9-e47032dfad79 admin admin] 10.222.0.60 "DELETE /v2.0/security-groups/ca483bea-7c05-4d78-acf3-b7921b240c19 HTTP/1.1" status: 204 len: 168 time: 0.1722255
Nov 19 20:59:57.560545 n-d-812111-6 neutron-server[103391]: DEBUG neutron.api.rpc.handlers.resources_rpc [None req-693484d0-b634-49b4-89a9-e47032dfad79 admin admin] Pushing event deleted for resources: {'SecurityGroup': ['ID=ca483bea-7c05-4d78-acf3-b7921b240c19,revision_number=None']} {{(pid=103391) push /opt/stack/neutron/neutron/api/rpc/handlers/resources_rpc.py:237}}
Nov 19 20:59:57.643836 n-d-812111-6 neutron-server[103390]: DEBUG neutron.pecan_wsgi.hooks.policy_enforcement [req-7457fca7-e66b-4777-9156-01b9d2679cb2 req-ef423896-9260-4548-911e-60b98a170205 tempest-ServersWithSpecificFlavorTestJSON-2037155952 tempest-ServersWithSpecificFlavorTestJSON-2037155952-project] Attributes excluded by policy engine: ['standard_attr_id', 'binding:profile', 'binding:host_id', 'binding:vif_type', 'binding:vif_details'] {{(pid=103390) _exclude_attributes_by_policy /opt/stack/neutron/neutron/pecan_wsgi/hooks/policy_enforcement.py:255}}
Nov 19 20:59:57.646351 n-d-812111-6 neutron-server[103390]: INFO neutron.wsgi [req-7457fca7-e66b-4777-9156-01b9d2679cb2 req-ef423896-9260-4548-911e-60b98a170205 tempest-ServersWithSpecificFlavorTestJSON-2037155952 tempest-ServersWithSpecificFlavorTestJSON-2037155952-project] 10.222.0.60 "GET /v2.0/ports?device_id=a3e59425-5a6c-4b3a-9f3b-405c44f349c0 HTTP/1.1" status: 200 len: 946 time: 0.0532377
Nov 19 20:59:57.655402 n-d-812111-6 neutron-server[103390]: DEBUG neutron.wsgi [-] (103390) accepted ('10.222.0.60', 38168) {{(pid=103390) server /usr/local/lib/python3.8/dist-packages/eventlet/wsgi.py:1004}}
Nov 19 20:59:57.661026 n-d-812111-6 neutron-server[103390]: DEBUG neutron.api.v2.base [None req-ff0e71f5-1fd4-4bbd-a5b8-1642d9750b3e tempest-ServersWithSpecificFlavorTestJSON-2037155952 tempest-ServersWithSpecificFlavorTestJSON-2037155952-project] Request body: {'floatingip': {'port_id': 'f80dc3b9-105a-4d2f-81f7-d6df4b065ace'}} {{(pid=103390) prepare_request_body /opt/stack/neutron/neutron/api/v2/base.py:729}}
Nov 19 20:59:57.751218 n-d-812111-6 neutron-server[103390]: DEBUG neutron_lib.callbacks.manager [None req-ff0e71f5-1fd4-4bbd-a5b8-1642d9750b3e tempest-ServersWithSpecificFlavorTestJSON-2037155952 tempest-ServersWithSpecificFlavorTestJSON-2037155952-project] Publish callbacks [] for floatingip, before_update {{(pid=103390) _notify_loop /usr/local/lib/python3.8/dist-packages/neutron_lib/callbacks/manager.py:175}}
Nov 19 20:59:57.921480 n-d-812111-6 neutron-server[103390]: DEBUG neutron.pecan_wsgi.hooks.policy_enforcement [req-912a411f-f0ff-42b3-b727-c0c672391690 req-49a14d56-e3c2-4fe8-a4b0-92feb5c9c715 tempest-LiveMigrationTest-850176590 tempest-LiveMigrationTest-850176590-project] Attributes excluded by policy engine: ['standard_attr_id', 'binding:profile', 'binding:host_id', 'binding:vif_type', 'binding:vif_details'] {{(pid=103390) _exclude_attributes_by_policy /opt/stack/neutron/neutron/pecan_wsgi/hooks/policy_enforcement.py:255}}
Nov 19 20:59:57.922988 n-d-812111-6 neutron-server[103390]: INFO neutron.wsgi [req-912a411f-f0ff-42b3-b727-c0c672391690 req-49a14d56-e3c2-4fe8-a4b0-92feb5c9c715 tempest-LiveMigrationTest-850176590 tempest-LiveMigrationTest-850176590-project] 10.222.0.60 "GET /v2.0/ports?device_id=044d1c75-773c-4802-9a2f-a8145ba0691e HTTP/1.1" status: 200 len: 946 time: 0.1930108
Nov 19 20:59:57.942868 n-d-812111-6 neutron-server[103390]: INFO neutron.wsgi [req-2262073f-5cf3-42fa-b486-b1df6782f626 req-ac1b47c9-b4c3-411d-b380-c6a34d64364e tempest-LiveMigrationNegativeTest-1445207010 tempest-LiveMigrationNegativeTest-1445207010-project] 10.222.0.60 "GET /v2.0/networks?tenant_id=fc5bf4d8f67249c0983710fba3a1dc50&shared=False HTTP/1.1" status: 200 len: 213 time: 0.0483572
Nov 19 20:59:58.101082 n-d-812111-6 neutron-server[103390]: INFO neutron.wsgi [req-912a411f-f0ff-42b3-b727-c0c672391690 req-d92f10d2-7c5d-4fe1-b424-f05e92db5d4e tempest-LiveMigrationTest-850176590 tempest-LiveMigrationTest-850176590-project] 10.222.0.60 "GET /v2.0/security-groups?id=e79ce091-a81a-413c-a72c-3d26c3b61f6a&fields=id&fields=name HTTP/1.1" status: 200 len: 286 time: 0.1632316
Nov 19 20:59:58.169331 n-d-812111-6 neutron-server[103392]: DEBUG neutron.notifiers.nova [-] Sending events: [{'server_uuid': '975f8b1a-c902-4e81-883b-2a25dd10e465', 'name': 'network-vif-plugged', 'status': 'completed', 'tag': 'eb4d5191-1b92-4599-8d66-72476c6d29c3'}] {{(pid=103392) send_events /opt/stack/neutron/neutron/notifiers/nova.py:262}}
Nov 19 20:59:58.172670 n-d-812111-6 neutron-server[103392]: DEBUG novaclient.v2.client [-] REQ: curl -g -i --cacert "/opt/stack/data/ca-bundle.pem" -X POST http://10.222.0.60/compute/v2.1/os-server-external-events -H "Accept: application/json" -H "Content-Type: application/json" -H "User-Agent: python-novaclient" -H "X-Auth-Token: {SHA256}b7e348359a716e8c0959eb4bc834d33f8407f54899b9f5349a3180acd72ee996" -H "X-OpenStack-Nova-API-Version: 2.1" -H "X-OpenStack-Request-ID: req-36f936fc-cf93-4db1-95ef-0d4399ddc046" -d '{"events": [{"server_uuid": "975f8b1a-c902-4e81-883b-2a25dd10e465", "name": "network-vif-plugged", "status": "completed", "tag": "eb4d5191-1b92-4599-8d66-72476c6d29c3"}]}' {{(pid=103392) _http_log_request /usr/local/lib/python3.8/dist-packages/keystoneauth1/session.py:519}}
Nov 19 20:59:58.173657 n-d-812111-6 neutron-server[103391]: DEBUG neutron.wsgi [-] (103391) accepted ('10.222.0.60', 38196) {{(pid=103391) server /usr/local/lib/python3.8/dist-packages/eventlet/wsgi.py:1004}}
Nov 19 20:59:58.234258 n-d-812111-6 neutron-server[103391]: INFO neutron.wsgi [None req-9116c917-7fde-4bd8-8567-57e52e38cb5b admin admin] 10.222.0.60 "GET /v2.0/security-groups?tenant_id=c1a66aaca3b64b27b43de5f50a7eab3d&name=default HTTP/1.1" status: 200 len: 2996 time: 0.0571218
Nov 19 20:59:58.234972 n-d-812111-6 neutron-server[103391]: DEBUG neutron.wsgi [-] (103391) accepted ('10.222.0.60', 38200) {{(pid=103391) server /usr/local/lib/python3.8/dist-packages/eventlet/wsgi.py:1004}}
Nov 19 20:59:58.295970 n-d-812111-6 neutron-server[103391]: DEBUG neutron_lib.callbacks.manager [None req-ee4c1295-9b5f-406e-aa5f-11733af4b784 admin admin] Publish callbacks [] for security_group, before_delete {{(pid=103391) _notify_loop /usr/local/lib/python3.8/dist-packages/neutron_lib/callbacks/manager.py:175}}
Nov 19 20:59:58.324670 n-d-812111-6 neutron-server[103391]: DEBUG neutron_lib.callbacks.manager [None req-ee4c1295-9b5f-406e-aa5f-11733af4b784 admin admin] Publish callbacks [] for security_group, precommit_delete {{(pid=103391) _notify_loop /usr/local/lib/python3.8/dist-packages/neutron_lib/callbacks/manager.py:175}}
Nov 19 20:59:58.382396 n-d-812111-6 neutron-server[103391]: DEBUG neutron_lib.callbacks.manager [None req-ee4c1295-9b5f-406e-aa5f-11733af4b784 admin admin] Publish callbacks ['neutron.plugins.ml2.ovo_rpc._ObjectChangeHandler.handle_event-550746'] for security_group, after_delete {{(pid=103391) _notify_loop /usr/local/lib/python3.8/dist-packages/neutron_lib/callbacks/manager.py:175}}
Nov 19 20:59:58.385489 n-d-812111-6 neutron-server[103391]: DEBUG neutron_lib.callbacks.manager [None req-ee4c1295-9b5f-406e-aa5f-11733af4b784 admin admin] Publish callbacks [] for security_group, before_response {{(pid=103391) _notify_loop /usr/local/lib/python3.8/dist-packages/neutron_lib/callbacks/manager.py:175}}
Nov 19 20:59:58.386842 n-d-812111-6 neutron-server[103391]: INFO neutron.wsgi [None req-ee4c1295-9b5f-406e-aa5f-11733af4b784 admin admin] 10.222.0.60 "DELETE /v2.0/security-groups/c63454ef-0d0c-4e82-badd-d325234f712e HTTP/1.1" status: 204 len: 168 time: 0.1508870
Nov 19 20:59:58.396203 n-d-812111-6 neutron-server[103391]: DEBUG neutron.api.rpc.handlers.resources_rpc [None req-ee4c1295-9b5f-406e-aa5f-11733af4b784 admin admin] Pushing event deleted for resources: {'SecurityGroup': ['ID=c63454ef-0d0c-4e82-badd-d325234f712e,revision_number=None']} {{(pid=103391) push /opt/stack/neutron/neutron/api/rpc/handlers/resources_rpc.py:237}}
Nov 19 20:59:58.513670 n-d-812111-6 neutron-server[103390]: DEBUG neutron.pecan_wsgi.hooks.policy_enforcement [req-2262073f-5cf3-42fa-b486-b1df6782f626 req-80b4fff9-acb3-4220-96a3-4ba697ab3a1e tempest-LiveMigrationNegativeTest-1445207010 tempest-LiveMigrationNegativeTest-1445207010-project] Attributes excluded by policy engine: ['standard_attr_id', 'vlan_transparent', 'provider:network_type', 'provider:physical_network', 'provider:segmentation_id'] {{(pid=103390) _exclude_attributes_by_policy /opt/stack/neutron/neutron/pecan_wsgi/hooks/policy_enforcement.py:255}}
Nov 19 20:59:58.522879 n-d-812111-6 neutron-server[103390]: INFO neutron.wsgi [req-2262073f-5cf3-42fa-b486-b1df6782f626 req-80b4fff9-acb3-4220-96a3-4ba697ab3a1e tempest-LiveMigrationNegativeTest-1445207010 tempest-LiveMigrationNegativeTest-1445207010-project] 10.222.0.60 "GET /v2.0/networks?shared=True HTTP/1.1" status: 200 len: 769 time: 0.5717139
Nov 19 20:59:58.610790 n-d-812111-6 neutron-server[103390]: INFO neutron.wsgi [req-2262073f-5cf3-42fa-b486-b1df6782f626 req-c226a4aa-6f37-417d-a481-8324eb15e73d tempest-LiveMigrationNegativeTest-1445207010 tempest-LiveMigrationNegativeTest-1445207010-project] 10.222.0.60 "GET /v2.0/quotas/fc5bf4d8f67249c0983710fba3a1dc50 HTTP/1.1" status: 200 len: 375 time: 0.0866950
Nov 19 20:59:58.626187 n-d-812111-6 neutron-server[103390]: DEBUG neutron.pecan_wsgi.hooks.policy_enforcement [req-922c418b-9fc0-49f7-aecc-cdb8826fed6e req-9680e102-04e4-40b5-85ca-c40f853cadc5 tempest-DeleteServersAdminTestJSON-2033928424 tempest-DeleteServersAdminTestJSON-2033928424-project] Attributes excluded by policy engine: ['standard_attr_id', 'binding:profile', 'binding:host_id', 'binding:vif_type', 'binding:vif_details'] {{(pid=103390) _exclude_attributes_by_policy /opt/stack/neutron/neutron/pecan_wsgi/hooks/policy_enforcement.py:255}}
Nov 19 20:59:58.627638 n-d-812111-6 neutron-server[103390]: INFO neutron.wsgi [req-922c418b-9fc0-49f7-aecc-cdb8826fed6e req-9680e102-04e4-40b5-85ca-c40f853cadc5 tempest-DeleteServersAdminTestJSON-2033928424 tempest-DeleteServersAdminTestJSON-2033928424-project] 10.222.0.60 "GET /v2.0/ports?device_id=975f8b1a-c902-4e81-883b-2a25dd10e465 HTTP/1.1" status: 200 len: 950 time: 0.4545810
Nov 19 20:59:58.844692 n-d-812111-6 neutron-server[103390]: INFO neutron.wsgi [req-922c418b-9fc0-49f7-aecc-cdb8826fed6e req-0e50fb09-1ee6-4bfe-b806-9d185d86e2ce tempest-DeleteServersAdminTestJSON-2033928424 tempest-DeleteServersAdminTestJSON-2033928424-project] 10.222.0.60 "GET /v2.0/security-groups?id=4bf2b542-d9d8-4319-b455-28c2d11cd121&fields=id&fields=name HTTP/1.1" status: 200 len: 286 time: 0.1937754
Nov 19 20:59:58.865015 n-d-812111-6 neutron-server[103390]: INFO neutron.wsgi [req-2262073f-5cf3-42fa-b486-b1df6782f626 req-ab1ba119-1a8f-4a9e-87e1-fcfc352f565b tempest-LiveMigrationNegativeTest-1445207010 tempest-LiveMigrationNegativeTest-1445207010-project] 10.222.0.60 "GET /v2.0/ports?tenant_id=fc5bf4d8f67249c0983710fba3a1dc50&fields=id HTTP/1.1" status: 200 len: 255 time: 0.2466135
Nov 19 20:59:58.923777 n-d-812111-6 neutron-server[103392]: DEBUG novaclient.v2.client [-] RESP: [200] Connection: close Content-Length: 183 Content-Type: application/json Date: Fri, 19 Nov 2021 20:59:58 GMT OpenStack-API-Version: compute 2.1 Server: Apache/2.4.41 (Ubuntu) Vary: OpenStack-API-Version,X-OpenStack-Nova-API-Version X-OpenStack-Nova-API-Version: 2.1 x-compute-request-id: req-4443e09d-f3a1-4c05-a386-8f60ee130ffb x-openstack-request-id: req-4443e09d-f3a1-4c05-a386-8f60ee130ffb {{(pid=103392) _http_log_response /usr/local/lib/python3.8/dist-packages/keystoneauth1/session.py:550}}
Nov 19 20:59:58.924462 n-d-812111-6 neutron-server[103392]: DEBUG novaclient.v2.client [-] RESP BODY: {"events": [{"server_uuid": "975f8b1a-c902-4e81-883b-2a25dd10e465", "name": "network-vif-plugged", "status": "completed", "tag": "eb4d5191-1b92-4599-8d66-72476c6d29c3", "code": 200}]} {{(pid=103392) _http_log_response /usr/local/lib/python3.8/dist-packages/keystoneauth1/session.py:582}}
Nov 19 20:59:58.924811 n-d-812111-6 neutron-server[103392]: DEBUG novaclient.v2.client [-] POST call to compute for http://10.222.0.60/compute/v2.1/os-server-external-events used request id req-4443e09d-f3a1-4c05-a386-8f60ee130ffb {{(pid=103392) request /usr/local/lib/python3.8/dist-packages/keystoneauth1/session.py:954}}
Nov 19 20:59:58.925436 n-d-812111-6 neutron-server[103392]: INFO neutron.notifiers.nova [-] Nova event response: {'server_uuid': '975f8b1a-c902-4e81-883b-2a25dd10e465', 'name': 'network-vif-plugged', 'status': 'completed', 'tag': 'eb4d5191-1b92-4599-8d66-72476c6d29c3', 'code': 200}
Nov 19 20:59:59.050316 n-d-812111-6 neutron-server[103391]: DEBUG neutron.pecan_wsgi.hooks.policy_enforcement [req-ca4cd4e4-2891-4887-aeda-b0071ebc11a6 req-4f70113d-9f1a-4707-9115-90edff9459c7 service neutron] Attributes excluded by policy engine: ['standard_attr_id'] {{(pid=103391) _exclude_attributes_by_policy /opt/stack/neutron/neutron/pecan_wsgi/hooks/policy_enforcement.py:255}}
Nov 19 20:59:59.052886 n-d-812111-6 neutron-server[103391]: INFO neutron.wsgi [req-ca4cd4e4-2891-4887-aeda-b0071ebc11a6 req-4f70113d-9f1a-4707-9115-90edff9459c7 service neutron] 10.222.0.76 "GET /v2.0/ports?device_id=975f8b1a-c902-4e81-883b-2a25dd10e465 HTTP/1.1" status: 200 len: 1101 time: 0.0541337
Nov 19 20:59:59.059408 n-d-812111-6 neutron-server[103390]: DEBUG neutron_lib.callbacks.manager [None req-ff0e71f5-1fd4-4bbd-a5b8-1642d9750b3e tempest-ServersWithSpecificFlavorTestJSON-2037155952 tempest-ServersWithSpecificFlavorTestJSON-2037155952-project] Publish callbacks [] for floatingip, precommit_update {{(pid=103390) _notify_loop /usr/local/lib/python3.8/dist-packages/neutron_lib/callbacks/manager.py:175}}
Nov 19 20:59:59.068057 n-d-812111-6 neutron-server[103390]: DEBUG neutron_lib.callbacks.manager [None req-ff0e71f5-1fd4-4bbd-a5b8-1642d9750b3e tempest-ServersWithSpecificFlavorTestJSON-2037155952 tempest-ServersWithSpecificFlavorTestJSON-2037155952-project] Publish callbacks ['neutron.services.l3_router.l3_router_plugin.DVRResourceOperationHandler._create_dvr_floating_gw_port-731836'] for floatingip, after_update {{(pid=103390) _notify_loop /usr/local/lib/python3.8/dist-packages/neutron_lib/callbacks/manager.py:175}}
Nov 19 20:59:59.143807 n-d-812111-6 neutron-server[103391]: INFO neutron.wsgi [req-ca4cd4e4-2891-4887-aeda-b0071ebc11a6 req-0443979e-efef-491f-95f1-8692c8c29744 service neutron] 10.222.0.76 "GET /v2.0/security-groups?id=4bf2b542-d9d8-4319-b455-28c2d11cd121&fields=id&fields=name HTTP/1.1" status: 200 len: 286 time: 0.0826705
Nov 19 20:59:59.212958 n-d-812111-6 neutron-server[103390]: INFO neutron.wsgi [req-9d1be8f6-ff16-467d-821b-06bb2317c6d1 req-9be8ca0b-a71b-414d-93e0-7e352d05a5ee tempest-LiveMigrationNegativeTest-1445207010 tempest-LiveMigrationNegativeTest-1445207010-project] 10.222.0.60 "GET /v2.0/ports?device_id=83a0a4a3-96df-4b34-9c78-26dbf2c509bf HTTP/1.1" status: 200 len: 210 time: 0.0714910
Nov 19 20:59:59.266190 n-d-812111-6 neutron-server[103390]: INFO neutron.db.l3_db [None req-ff0e71f5-1fd4-4bbd-a5b8-1642d9750b3e tempest-ServersWithSpecificFlavorTestJSON-2037155952 tempest-ServersWithSpecificFlavorTestJSON-2037155952-project] Floating IP 65a99a42-2d31-494b-8500-cce6634ae4da associated. External IP: 172.25.5.225, port: f80dc3b9-105a-4d2f-81f7-d6df4b065ace.
Nov 19 20:59:59.355971 n-d-812111-6 neutron-server[103390]: DEBUG neutron.pecan_wsgi.hooks.policy_enforcement [req-371b17d8-e050-4306-bf89-a610cf0e9cac req-4e0fe894-385d-4784-96c6-ba12c8adde6e tempest-LiveMigrationTest-850176590 tempest-LiveMigrationTest-850176590-project] Attributes excluded by policy engine: ['standard_attr_id', 'binding:profile', 'binding:host_id', 'binding:vif_type', 'binding:vif_details'] {{(pid=103390) _exclude_attributes_by_policy /opt/stack/neutron/neutron/pecan_wsgi/hooks/policy_enforcement.py:255}}
Nov 19 20:59:59.357728 n-d-812111-6 neutron-server[103390]: INFO neutron.wsgi [req-371b17d8-e050-4306-bf89-a610cf0e9cac req-4e0fe894-385d-4784-96c6-ba12c8adde6e tempest-LiveMigrationTest-850176590 tempest-LiveMigrationTest-850176590-project] 10.222.0.60 "GET /v2.0/ports?device_id=044d1c75-773c-4802-9a2f-a8145ba0691e HTTP/1.1" status: 200 len: 946 time: 0.1238317
Nov 19 20:59:59.456588 n-d-812111-6 neutron-server[103390]: INFO neutron.wsgi [req-371b17d8-e050-4306-bf89-a610cf0e9cac req-1522a5af-a6b4-4827-8e08-e52e626b1313 tempest-LiveMigrationTest-850176590 tempest-LiveMigrationTest-850176590-project] 10.222.0.60 "GET /v2.0/security-groups?id=e79ce091-a81a-413c-a72c-3d26c3b61f6a&fields=id&fields=name HTTP/1.1" status: 200 len: 286 time: 0.0706792
Nov 19 20:59:59.591402 n-d-812111-6 neutron-server[103390]: DEBUG neutron.scheduler.l3_agent_scheduler [None req-ff0e71f5-1fd4-4bbd-a5b8-1642d9750b3e tempest-ServersWithSpecificFlavorTestJSON-2037155952 tempest-ServersWithSpecificFlavorTestJSON-2037155952-project] Router c14a7d8f-29c8-4235-8f00-02e01a27a583 has already been hosted by L3 agent 577b43f5-489a-4a11-b827-df2c9824c1ac {{(pid=103390) _get_candidates /opt/stack/neutron/neutron/scheduler/l3_agent_scheduler.py:126}}
Nov 19 20:59:59.714978 n-d-812111-6 neutron-server[103390]: DEBUG neutron.api.rpc.agentnotifiers.l3_rpc_agent_api [None req-ff0e71f5-1fd4-4bbd-a5b8-1642d9750b3e tempest-ServersWithSpecificFlavorTestJSON-2037155952 tempest-ServersWithSpecificFlavorTestJSON-2037155952-project] Notify agent at l3_agent.n-d-812111-6 the message routers_updated {{(pid=103390) _agent_notification /opt/stack/neutron/neutron/api/rpc/agentnotifiers/l3_rpc_agent_api.py:65}}
Nov 19 20:59:59.719804 n-d-812111-6 neutron-server[103390]: DEBUG neutron_lib.callbacks.manager [None req-ff0e71f5-1fd4-4bbd-a5b8-1642d9750b3e tempest-ServersWithSpecificFlavorTestJSON-2037155952 tempest-ServersWithSpecificFlavorTestJSON-2037155952-project] Publish callbacks ['neutron.notifiers.nova.Notifier._send_nova_notification-972677'] for floatingip, before_response {{(pid=103390) _notify_loop /usr/local/lib/python3.8/dist-packages/neutron_lib/callbacks/manager.py:175}}
Nov 19 20:59:59.728605 n-d-812111-6 neutron-server[103393]: DEBUG neutron.api.rpc.handlers.l3_rpc [None req-0bfbf68f-89b3-4eed-9f6f-d8ac1bffad55 None None] Sync routers for ids ['c14a7d8f-29c8-4235-8f00-02e01a27a583'] in n-d-812111-6 {{(pid=103393) sync_routers /opt/stack/neutron/neutron/api/rpc/handlers/l3_rpc.py:125}}
Nov 19 20:59:59.752190 n-d-812111-6 neutron-server[103390]: INFO neutron.wsgi [None req-ff0e71f5-1fd4-4bbd-a5b8-1642d9750b3e tempest-ServersWithSpecificFlavorTestJSON-2037155952 tempest-ServersWithSpecificFlavorTestJSON-2037155952-project] 10.222.0.60 "PUT /v2.0/floatingips/65a99a42-2d31-494b-8500-cce6634ae4da HTTP/1.1" status: 200 len: 992 time: 2.0956140
Nov 19 20:59:59.752919 n-d-812111-6 neutron-server[103390]: DEBUG neutron.notifiers.nova [-] Sending events: [{'name': 'network-changed', 'server_uuid': 'a3e59425-5a6c-4b3a-9f3b-405c44f349c0', 'tag': 'f80dc3b9-105a-4d2f-81f7-d6df4b065ace'}] {{(pid=103390) send_events /opt/stack/neutron/neutron/notifiers/nova.py:262}}
Nov 19 20:59:59.756223 n-d-812111-6 neutron-server[103390]: DEBUG novaclient.v2.client [-] REQ: curl -g -i --cacert "/opt/stack/data/ca-bundle.pem" -X POST http://10.222.0.60/compute/v2.1/os-server-external-events -H "Accept: application/json" -H "Content-Type: application/json" -H "User-Agent: python-novaclient" -H "X-Auth-Token: {SHA256}0ee1f85189848ab81165b76e98b6f3125d25fe930f21ec982c5329432339707b" -H "X-OpenStack-Nova-API-Version: 2.1" -H "X-OpenStack-Request-ID: req-59cfbdbb-b31a-4f74-8e2c-cdf537edfd1a" -d '{"events": [{"name": "network-changed", "server_uuid": "a3e59425-5a6c-4b3a-9f3b-405c44f349c0", "tag": "f80dc3b9-105a-4d2f-81f7-d6df4b065ace"}]}' {{(pid=103390) _http_log_request /usr/local/lib/python3.8/dist-packages/keystoneauth1/session.py:519}}
Nov 19 20:59:59.762422 n-d-812111-6 neutron-server[103393]: DEBUG neutron.db.l3_dvrscheduler_db [None req-0bfbf68f-89b3-4eed-9f6f-d8ac1bffad55 None None] Routers {'c14a7d8f-29c8-4235-8f00-02e01a27a583'} bound to L3 agent in host n-d-812111-6 {{(pid=103393) _get_router_ids_for_agent /opt/stack/neutron/neutron/db/l3_dvrscheduler_db.py:420}}
Nov 19 20:59:59.763053 n-d-812111-6 neutron-server[103393]: DEBUG neutron.db.l3_hamode_db [None req-0bfbf68f-89b3-4eed-9f6f-d8ac1bffad55 None None] neutron.services.l3_router.l3_router_plugin.L3RouterPlugin method get_ha_sync_data_for_host called with arguments (, 'n-d-812111-6', Agent(admin_state_up=True,agent_type='L3 agent',availability_zone='nova',binary='neutron-l3-agent',configurations={"agent_mode": "legacy", "ex_gw_ports": 3, "extensions": [], "floating_ips": 0, "handle_internal_only_routers": true, "interface_driver": "openvswitch", "interfaces": 3, "log_agent_heartbeats": false, "routers": 3},created_at=2021-11-19T20:48:43Z,description=,heartbeat_timestamp=2021-11-19T20:59:43Z,host='n-d-812111-6',id=577b43f5-489a-4a11-b827-df2c9824c1ac,load=0,resource_versions=,resources_synced=,started_at=2021-11-19T20:48:43Z,topic='l3_agent')) {'router_ids': ['c14a7d8f-29c8-4235-8f00-02e01a27a583'], 'active': True} {{(pid=103393) wrapper /usr/local/lib/python3.8/dist-packages/oslo_log/helpers.py:65}}
Nov 19 20:59:59.910454 n-d-812111-6 neutron-server[103393]: DEBUG neutron.db.l3_dvr_db [None req-0bfbf68f-89b3-4eed-9f6f-d8ac1bffad55 None None] Set router c14a7d8f-29c8-4235-8f00-02e01a27a583 gateway port host: n-d-812111-6 {{(pid=103393) _build_routers_list /opt/stack/neutron/neutron/db/l3_dvr_db.py:906}}
Nov 19 21:00:00.036768 n-d-812111-6 neutron-server[103390]: DEBUG neutron.pecan_wsgi.hooks.policy_enforcement [req-91fb43ab-6b55-4e38-9b2d-33e4addfa06a req-bb76a46d-7482-4320-ad99-ef34af4fbd4f tempest-LiveMigrationTest-759852875 tempest-LiveMigrationTest-759852875-project-admin] Attributes excluded by policy engine: ['standard_attr_id'] {{(pid=103390) _exclude_attributes_by_policy /opt/stack/neutron/neutron/pecan_wsgi/hooks/policy_enforcement.py:255}}
