Nov 19 21:00:05.456752 n-d-812111-6 neutron-server[103390]: INFO neutron.wsgi [req-45510fbb-6baf-4543-9569-2d2e3261b7d1 req-45155b74-044b-47ec-be6a-dbef052adcc0 tempest-ServerDiagnosticsNegativeTest-1301691719 tempest-ServerDiagnosticsNegativeTest-1301691719-project] 10.222.0.60 "GET /v2.0/ports?device_id=118e1715-4683-4da2-93bc-857f148defbd HTTP/1.1" status: 200 len: 948 time: 0.1339190
Nov 19 21:00:05.479263 n-d-812111-6 neutron-server[103391]: DEBUG neutron_lib.callbacks.manager [None req-71c487f8-2ad6-4356-9a2c-e8f8a7fb73df admin admin] Publish callbacks [] for security_group, precommit_delete {{(pid=103391) _notify_loop /usr/local/lib/python3.8/dist-packages/neutron_lib/callbacks/manager.py:175}}
Nov 19 21:00:05.480992 n-d-812111-6 neutron-server[103391]: DEBUG neutron.wsgi [-] (103391) accepted ('10.222.0.76', 52917) {{(pid=103391) server /usr/local/lib/python3.8/dist-packages/eventlet/wsgi.py:1004}}
Nov 19 21:00:05.520200 n-d-812111-6 neutron-server[103390]: DEBUG neutron.pecan_wsgi.hooks.policy_enforcement [req-ee996606-af52-43b9-a0e2-c5506943219d req-c13b281b-1c88-4274-9a64-9747b0989aef tempest-LiveMigrationTest-850176590 tempest-LiveMigrationTest-850176590-project] Attributes excluded by policy engine: ['standard_attr_id', 'binding:profile', 'binding:host_id', 'binding:vif_type', 'binding:vif_details'] {{(pid=103390) _exclude_attributes_by_policy /opt/stack/neutron/neutron/pecan_wsgi/hooks/policy_enforcement.py:255}}
Nov 19 21:00:05.521608 n-d-812111-6 neutron-server[103390]: INFO neutron.wsgi [req-ee996606-af52-43b9-a0e2-c5506943219d req-c13b281b-1c88-4274-9a64-9747b0989aef tempest-LiveMigrationTest-850176590 tempest-LiveMigrationTest-850176590-project] 10.222.0.60 "GET /v2.0/ports?device_id=044d1c75-773c-4802-9a2f-a8145ba0691e HTTP/1.1" status: 200 len: 946 time: 0.1599922
Nov 19 21:00:05.539308 n-d-812111-6 neutron-server[103390]: DEBUG neutron.pecan_wsgi.hooks.policy_enforcement [req-5fc4679d-7ee6-4a50-a597-3a20617e14ee req-fab46860-fdc3-4633-85f8-bbe881fc23be service neutron] Attributes excluded by policy engine: ['standard_attr_id', 'vlan_transparent'] {{(pid=103390) _exclude_attributes_by_policy /opt/stack/neutron/neutron/pecan_wsgi/hooks/policy_enforcement.py:255}}
Nov 19 21:00:05.541104 n-d-812111-6 neutron-server[103390]: INFO neutron.wsgi [req-5fc4679d-7ee6-4a50-a597-3a20617e14ee req-fab46860-fdc3-4633-85f8-bbe881fc23be service neutron] 10.222.0.81 "GET /v2.0/networks?id=65695b13-ccc1-441b-8e20-9f2979414d11 HTTP/1.1" status: 200 len: 870 time: 0.3494768
Nov 19 21:00:05.566029 n-d-812111-6 neutron-server[103391]: DEBUG neutron.pecan_wsgi.hooks.policy_enforcement [req-247e397f-76e8-4387-86b9-55535f01c509 req-b57cd9a6-f586-4bff-8153-6d020f6f1f25 service neutron] Attributes excluded by policy engine: ['standard_attr_id', 'vlan_transparent'] {{(pid=103391) _exclude_attributes_by_policy /opt/stack/neutron/neutron/pecan_wsgi/hooks/policy_enforcement.py:255}}
Nov 19 21:00:05.569895 n-d-812111-6 neutron-server[103391]: INFO neutron.wsgi [req-247e397f-76e8-4387-86b9-55535f01c509 req-b57cd9a6-f586-4bff-8153-6d020f6f1f25 service neutron] 10.222.0.76 "GET /v2.0/networks?id=92617b49-7ad7-40dc-b16e-031d3507a315 HTTP/1.1" status: 200 len: 908 time: 0.1672890
Nov 19 21:00:05.570945 n-d-812111-6 neutron-server[103390]: DEBUG neutron.plugins.ml2.db [req-1ff87ba1-ef0b-4777-9ad9-d8279c90deb3 req-42f6aa59-b7aa-462a-b39d-f8e53c0480fb service neutron] For port 5bdaf4d5-cf4c-44f1-92ab-6415b9efaedb, host n-h1-812111-6, cleared binding levels {{(pid=103390) clear_binding_levels /opt/stack/neutron/neutron/plugins/ml2/db.py:87}}
Nov 19 21:00:05.596105 n-d-812111-6 neutron-server[103391]: DEBUG neutron.pecan_wsgi.hooks.policy_enforcement [req-0a309736-1aa2-4041-873b-fd1fb241fa8d req-d196a608-6fe3-49d9-84d1-74701103bd04 tempest-DeleteServersAdminTestJSON-2033928424 tempest-DeleteServersAdminTestJSON-2033928424-project] Attributes excluded by policy engine: ['standard_attr_id', 'binding:profile', 'binding:host_id', 'binding:vif_type', 'binding:vif_details'] {{(pid=103391) _exclude_attributes_by_policy /opt/stack/neutron/neutron/pecan_wsgi/hooks/policy_enforcement.py:255}}
Nov 19 21:00:05.597544 n-d-812111-6 neutron-server[103391]: INFO neutron.wsgi [req-0a309736-1aa2-4041-873b-fd1fb241fa8d req-d196a608-6fe3-49d9-84d1-74701103bd04 tempest-DeleteServersAdminTestJSON-2033928424 tempest-DeleteServersAdminTestJSON-2033928424-project] 10.222.0.76 "GET /v2.0/ports?device_id=975f8b1a-c902-4e81-883b-2a25dd10e465 HTTP/1.1" status: 200 len: 950 time: 0.1141789
Nov 19 21:00:05.624616 n-d-812111-6 neutron-server[103390]: INFO neutron.wsgi [req-5fc4679d-7ee6-4a50-a597-3a20617e14ee req-762c5265-c14f-4fd9-a1d3-68cd2f31561d service neutron] 10.222.0.81 "GET /v2.0/floatingips?fixed_ip_address=192.168.233.105&port_id=6806d911-7866-4884-a7b2-40ee549a20f5 HTTP/1.1" status: 200 len: 217 time: 0.0638714
Nov 19 21:00:05.628451 n-d-812111-6 neutron-server[103390]: DEBUG neutron.plugins.ml2.db [req-1ff87ba1-ef0b-4777-9ad9-d8279c90deb3 req-42f6aa59-b7aa-462a-b39d-f8e53c0480fb service neutron] For port 5bdaf4d5-cf4c-44f1-92ab-6415b9efaedb, host n-h1-812111-6, set binding levels [PortBindingLevel(driver='hyperv',host='n-h1-812111-6',level=0,port_id=5bdaf4d5-cf4c-44f1-92ab-6415b9efaedb,segment=NetworkSegment(800798fe-1403-4947-95ee-99a45c992ed8),segment_id=800798fe-1403-4947-95ee-99a45c992ed8)] {{(pid=103390) set_binding_levels /opt/stack/neutron/neutron/plugins/ml2/db.py:59}}
Nov 19 21:00:05.633634 n-d-812111-6 neutron-server[103390]: INFO neutron.wsgi [req-45510fbb-6baf-4543-9569-2d2e3261b7d1 req-608c1e42-e070-48d7-8a72-e0d0346b2adf tempest-ServerDiagnosticsNegativeTest-1301691719 tempest-ServerDiagnosticsNegativeTest-1301691719-project] 10.222.0.60 "GET /v2.0/security-groups?id=1a593b87-27b5-4cea-a80a-48e9a4413dac&fields=id&fields=name HTTP/1.1" status: 200 len: 286 time: 0.1595657
Nov 19 21:00:05.637367 n-d-812111-6 neutron-server[103391]: INFO neutron.wsgi [req-247e397f-76e8-4387-86b9-55535f01c509 req-41aa8bcf-dd5e-434c-a50a-b28f10c0eead service neutron] 10.222.0.76 "GET /v2.0/floatingips?fixed_ip_address=172.20.0.10&port_id=7f56fda1-8900-4a24-bfe2-2f03a0405fd4 HTTP/1.1" status: 200 len: 217 time: 0.0599422
Nov 19 21:00:05.642308 n-d-812111-6 neutron-server[103390]: DEBUG neutron_lib.callbacks.manager [req-1ff87ba1-ef0b-4777-9ad9-d8279c90deb3 req-42f6aa59-b7aa-462a-b39d-f8e53c0480fb service neutron] Publish callbacks ['neutron.plugins.ml2.plugin.SecurityGroupServerNotifierRpcMixin._notify_sg_on_port_change-7908263', 'neutron.plugins.ml2.ovo_rpc._ObjectChangeHandler.handle_event-175594', 'neutron.api.rpc.agentnotifiers.dhcp_rpc_agent_api.DhcpAgentNotifyAPI._native_event_send_dhcp_notification-563224', 'neutron.db.l3_db.L3RpcNotifierMixin._notify_gateway_port_ip_changed-8726731373918', 'neutron.db.l3_dvrscheduler_db._notify_l3_agent_port_update-8726730867384', 'neutron.db.l3_hascheduler_db._notify_l3_agent_ha_port_update-8726730867402'] for port, after_update {{(pid=103390) _notify_loop /usr/local/lib/python3.8/dist-packages/neutron_lib/callbacks/manager.py:175}}
Nov 19 21:00:05.678927 n-d-812111-6 neutron-server[103391]: DEBUG neutron_lib.callbacks.manager [None req-71c487f8-2ad6-4356-9a2c-e8f8a7fb73df admin admin] Publish callbacks ['neutron.plugins.ml2.ovo_rpc._ObjectChangeHandler.handle_event-550746'] for security_group, after_delete {{(pid=103391) _notify_loop /usr/local/lib/python3.8/dist-packages/neutron_lib/callbacks/manager.py:175}}
Nov 19 21:00:05.682107 n-d-812111-6 neutron-server[103391]: DEBUG neutron_lib.callbacks.manager [None req-71c487f8-2ad6-4356-9a2c-e8f8a7fb73df admin admin] Publish callbacks [] for security_group, before_response {{(pid=103391) _notify_loop /usr/local/lib/python3.8/dist-packages/neutron_lib/callbacks/manager.py:175}}
Nov 19 21:00:05.683207 n-d-812111-6 neutron-server[103391]: INFO neutron.wsgi [None req-71c487f8-2ad6-4356-9a2c-e8f8a7fb73df admin admin] 10.222.0.60 "DELETE /v2.0/security-groups/752bc91d-36cc-4ef7-b30c-413ddd27fbd2 HTTP/1.1" status: 204 len: 168 time: 0.3741496
Nov 19 21:00:05.725952 n-d-812111-6 neutron-server[103391]: DEBUG neutron.api.rpc.handlers.resources_rpc [None req-71c487f8-2ad6-4356-9a2c-e8f8a7fb73df admin admin] Pushing event deleted for resources: {'SecurityGroup': ['ID=752bc91d-36cc-4ef7-b30c-413ddd27fbd2,revision_number=None']} {{(pid=103391) push /opt/stack/neutron/neutron/api/rpc/handlers/resources_rpc.py:237}}
Nov 19 21:00:05.765788 n-d-812111-6 neutron-server[103391]: DEBUG neutron.pecan_wsgi.hooks.policy_enforcement [req-247e397f-76e8-4387-86b9-55535f01c509 req-2ffd6f2a-fb64-4c9b-ab1c-4d970de533f0 service neutron] Attributes excluded by policy engine: ['standard_attr_id', 'shared'] {{(pid=103391) _exclude_attributes_by_policy /opt/stack/neutron/neutron/pecan_wsgi/hooks/policy_enforcement.py:255}}
Nov 19 21:00:05.767217 n-d-812111-6 neutron-server[103391]: INFO neutron.wsgi [req-247e397f-76e8-4387-86b9-55535f01c509 req-2ffd6f2a-fb64-4c9b-ab1c-4d970de533f0 service neutron] 10.222.0.76 "GET /v2.0/subnets?id=9b1ed3c3-4ec0-4560-9f9e-9a91549b2e64 HTTP/1.1" status: 200 len: 847 time: 0.0983870
Nov 19 21:00:05.796580 n-d-812111-6 neutron-server[103390]: INFO neutron.wsgi [req-ee996606-af52-43b9-a0e2-c5506943219d req-8577226d-88f9-456d-a923-5489b9ab9b88 tempest-LiveMigrationTest-850176590 tempest-LiveMigrationTest-850176590-project] 10.222.0.60 "GET /v2.0/security-groups?id=e79ce091-a81a-413c-a72c-3d26c3b61f6a&fields=id&fields=name HTTP/1.1" status: 200 len: 286 time: 0.2627687
Nov 19 21:00:05.802326 n-d-812111-6 neutron-server[103390]: DEBUG neutron.pecan_wsgi.hooks.policy_enforcement [req-1ff87ba1-ef0b-4777-9ad9-d8279c90deb3 req-42f6aa59-b7aa-462a-b39d-f8e53c0480fb service neutron] Attributes excluded by policy engine: ['standard_attr_id'] {{(pid=103390) _exclude_attributes_by_policy /opt/stack/neutron/neutron/pecan_wsgi/hooks/policy_enforcement.py:255}}
Nov 19 21:00:05.803016 n-d-812111-6 neutron-server[103390]: DEBUG neutron_lib.callbacks.manager [req-1ff87ba1-ef0b-4777-9ad9-d8279c90deb3 req-42f6aa59-b7aa-462a-b39d-f8e53c0480fb service neutron] Publish callbacks ['neutron.notifiers.nova.Notifier._send_nova_notification-972677', 'neutron.api.rpc.agentnotifiers.dhcp_rpc_agent_api.DhcpAgentNotifyAPI._send_dhcp_notification-563210'] for port, before_response {{(pid=103390) _notify_loop /usr/local/lib/python3.8/dist-packages/neutron_lib/callbacks/manager.py:175}}
Nov 19 21:00:05.804588 n-d-812111-6 neutron-server[103390]: INFO neutron.wsgi [req-1ff87ba1-ef0b-4777-9ad9-d8279c90deb3 req-42f6aa59-b7aa-462a-b39d-f8e53c0480fb service neutron] 10.222.0.76 "PUT /v2.0/ports/5bdaf4d5-cf4c-44f1-92ab-6415b9efaedb HTTP/1.1" status: 200 len: 1096 time: 1.4246011
Nov 19 21:00:05.813947 n-d-812111-6 neutron-server[103391]: INFO neutron.wsgi [req-247e397f-76e8-4387-86b9-55535f01c509 req-13b517c4-ecca-4429-96e6-e33b41a36703 service neutron] 10.222.0.76 "GET /v2.0/ports?network_id=92617b49-7ad7-40dc-b16e-031d3507a315&device_owner=network%3Adhcp HTTP/1.1" status: 200 len: 210 time: 0.0384033
Nov 19 21:00:05.821900 n-d-812111-6 neutron-server[103390]: DEBUG neutron.notifiers.nova [-] Sending events: [{'name': 'network-changed', 'server_uuid': '118e1715-4683-4da2-93bc-857f148defbd', 'tag': '5bdaf4d5-cf4c-44f1-92ab-6415b9efaedb'}] {{(pid=103390) send_events /opt/stack/neutron/neutron/notifiers/nova.py:262}}
Nov 19 21:00:05.828440 n-d-812111-6 neutron-server[103390]: DEBUG novaclient.v2.client [-] REQ: curl -g -i --cacert "/opt/stack/data/ca-bundle.pem" -X POST http://10.222.0.60/compute/v2.1/os-server-external-events -H "Accept: application/json" -H "Content-Type: application/json" -H "User-Agent: python-novaclient" -H "X-Auth-Token: {SHA256}0ee1f85189848ab81165b76e98b6f3125d25fe930f21ec982c5329432339707b" -H "X-OpenStack-Nova-API-Version: 2.1" -H "X-OpenStack-Request-ID: req-2f177d9a-aefc-4309-af48-fbfcaa942745" -d '{"events": [{"name": "network-changed", "server_uuid": "118e1715-4683-4da2-93bc-857f148defbd", "tag": "5bdaf4d5-cf4c-44f1-92ab-6415b9efaedb"}]}' {{(pid=103390) _http_log_request /usr/local/lib/python3.8/dist-packages/keystoneauth1/session.py:519}}
Nov 19 21:00:05.898265 n-d-812111-6 neutron-server[103390]: DEBUG neutron.api.rpc.handlers.resources_rpc [None req-42f6aa59-b7aa-462a-b39d-f8e53c0480fb service neutron] Pushing event updated for resources: {'Port': ['ID=5bdaf4d5-cf4c-44f1-92ab-6415b9efaedb,revision_number=3']} {{(pid=103390) push /opt/stack/neutron/neutron/api/rpc/handlers/resources_rpc.py:237}}
Nov 19 21:00:05.909760 n-d-812111-6 neutron-server[103391]: DEBUG neutron.plugins.ml2.plugin [req-0a309736-1aa2-4041-873b-fd1fb241fa8d req-f8db2edf-4a40-4ee4-a788-bee7cd3cb65b tempest-DeleteServersAdminTestJSON-2033928424 tempest-DeleteServersAdminTestJSON-2033928424-project] Deleting port eb4d5191-1b92-4599-8d66-72476c6d29c3 {{(pid=103391) _pre_delete_port /opt/stack/neutron/neutron/plugins/ml2/plugin.py:1936}}
Nov 19 21:00:05.910354 n-d-812111-6 neutron-server[103391]: DEBUG neutron_lib.callbacks.manager [req-0a309736-1aa2-4041-873b-fd1fb241fa8d req-f8db2edf-4a40-4ee4-a788-bee7cd3cb65b tempest-DeleteServersAdminTestJSON-2033928424 tempest-DeleteServersAdminTestJSON-2033928424-project] Publish callbacks ['neutron.db.l3_db.L3_NAT_dbonly_mixin._prevent_l3_port_delete_callback-8726731415188'] for port, before_delete {{(pid=103391) _notify_loop /usr/local/lib/python3.8/dist-packages/neutron_lib/callbacks/manager.py:175}}
Nov 19 21:00:05.945524 n-d-812111-6 neutron-server[103390]: DEBUG neutron.pecan_wsgi.hooks.policy_enforcement [req-5fc4679d-7ee6-4a50-a597-3a20617e14ee req-7ac95e34-8fe4-4cf2-840e-58796f6d7dd3 service neutron] Attributes excluded by policy engine: ['standard_attr_id', 'shared'] {{(pid=103390) _exclude_attributes_by_policy /opt/stack/neutron/neutron/pecan_wsgi/hooks/policy_enforcement.py:255}}
Nov 19 21:00:05.947125 n-d-812111-6 neutron-server[103390]: INFO neutron.wsgi [req-5fc4679d-7ee6-4a50-a597-3a20617e14ee req-7ac95e34-8fe4-4cf2-840e-58796f6d7dd3 service neutron] 10.222.0.81 "GET /v2.0/subnets?id=206fb40f-4c10-4cdc-be76-aa6725b89846 HTTP/1.1" status: 200 len: 843 time: 0.2973347
Nov 19 21:00:05.959300 n-d-812111-6 neutron-server[103390]: DEBUG novaclient.v2.client [-] RESP: [200] Connection: close Content-Length: 179 Content-Type: application/json Date: Fri, 19 Nov 2021 21:00:05 GMT OpenStack-API-Version: compute 2.1 Server: Apache/2.4.41 (Ubuntu) Vary: OpenStack-API-Version,X-OpenStack-Nova-API-Version X-OpenStack-Nova-API-Version: 2.1 x-compute-request-id: req-d8b1282e-f1dc-4a11-9ee7-c6f6857ac9a6 x-openstack-request-id: req-d8b1282e-f1dc-4a11-9ee7-c6f6857ac9a6 {{(pid=103390) _http_log_response /usr/local/lib/python3.8/dist-packages/keystoneauth1/session.py:550}}
Nov 19 21:00:05.959586 n-d-812111-6 neutron-server[103390]: DEBUG novaclient.v2.client [-] RESP BODY: {"events": [{"name": "network-changed", "server_uuid": "118e1715-4683-4da2-93bc-857f148defbd", "tag": "5bdaf4d5-cf4c-44f1-92ab-6415b9efaedb", "status": "completed", "code": 200}]} {{(pid=103390) _http_log_response /usr/local/lib/python3.8/dist-packages/keystoneauth1/session.py:582}}
Nov 19 21:00:05.960203 n-d-812111-6 neutron-server[103390]: DEBUG novaclient.v2.client [-] POST call to compute for http://10.222.0.60/compute/v2.1/os-server-external-events used request id req-d8b1282e-f1dc-4a11-9ee7-c6f6857ac9a6 {{(pid=103390) request /usr/local/lib/python3.8/dist-packages/keystoneauth1/session.py:954}}
Nov 19 21:00:05.960606 n-d-812111-6 neutron-server[103390]: INFO neutron.notifiers.nova [-] Nova event response: {'name': 'network-changed', 'server_uuid': '118e1715-4683-4da2-93bc-857f148defbd', 'tag': '5bdaf4d5-cf4c-44f1-92ab-6415b9efaedb', 'status': 'completed', 'code': 200}
Nov 19 21:00:06.028999 n-d-812111-6 neutron-server[103390]: DEBUG neutron.pecan_wsgi.hooks.policy_enforcement [req-1ff87ba1-ef0b-4777-9ad9-d8279c90deb3 req-a6f9d8c6-46bc-4e9e-b520-8eaa8991417e service neutron] Attributes excluded by policy engine: ['standard_attr_id'] {{(pid=103390) _exclude_attributes_by_policy /opt/stack/neutron/neutron/pecan_wsgi/hooks/policy_enforcement.py:255}}
Nov 19 21:00:06.031443 n-d-812111-6 neutron-server[103390]: INFO neutron.wsgi [req-1ff87ba1-ef0b-4777-9ad9-d8279c90deb3 req-a6f9d8c6-46bc-4e9e-b520-8eaa8991417e service neutron] 10.222.0.76 "GET /v2.0/ports?tenant_id=228dae850d514b4d8116f238f4a8d6a2&device_id=118e1715-4683-4da2-93bc-857f148defbd HTTP/1.1" status: 200 len: 1099 time: 0.1658623
Nov 19 21:00:06.049387 n-d-812111-6 neutron-server[103390]: DEBUG neutron.pecan_wsgi.hooks.policy_enforcement [req-3608337e-44ab-42d5-8d25-64e7ca1609ec req-d6de3537-338d-4eed-bb6c-5c8fb03edb0c tempest-DeleteServersAdminTestJSON-2033928424 tempest-DeleteServersAdminTestJSON-2033928424-project] Attributes excluded by policy engine: ['standard_attr_id', 'binding:profile', 'binding:host_id', 'binding:vif_type', 'binding:vif_details'] {{(pid=103390) _exclude_attributes_by_policy /opt/stack/neutron/neutron/pecan_wsgi/hooks/policy_enforcement.py:255}}
Nov 19 21:00:06.055841 n-d-812111-6 neutron-server[103391]: INFO neutron.wsgi [req-247e397f-76e8-4387-86b9-55535f01c509 req-a24dad7e-1025-4cca-96f6-c19a558b87c9 service neutron] 10.222.0.76 "GET /v2.0/networks/92617b49-7ad7-40dc-b16e-031d3507a315?fields=segments HTTP/1.1" status: 200 len: 212 time: 0.2338436
Nov 19 21:00:06.069063 n-d-812111-6 neutron-server[103390]: INFO neutron.wsgi [req-3608337e-44ab-42d5-8d25-64e7ca1609ec req-d6de3537-338d-4eed-bb6c-5c8fb03edb0c tempest-DeleteServersAdminTestJSON-2033928424 tempest-DeleteServersAdminTestJSON-2033928424-project] 10.222.0.60 "GET /v2.0/ports?device_id=975f8b1a-c902-4e81-883b-2a25dd10e465 HTTP/1.1" status: 200 len: 950 time: 0.2776053
Nov 19 21:00:06.138024 n-d-812111-6 neutron-server[103392]: DEBUG neutron.plugins.ml2.rpc [None req-b05e2e22-310b-4af1-8d12-ae9ec2aabffb None None] Device 9b59ece5-02ec-4146-b2bf-90f1621ac957 details requested by agent hyperv_n-h1-812111-6 with host n-h1-812111-6 {{(pid=103392) get_device_details /opt/stack/neutron/neutron/plugins/ml2/rpc.py:102}}
Nov 19 21:00:06.143894 n-d-812111-6 neutron-server[103391]: DEBUG neutron.plugins.ml2.db [req-0a309736-1aa2-4041-873b-fd1fb241fa8d req-f8db2edf-4a40-4ee4-a788-bee7cd3cb65b tempest-DeleteServersAdminTestJSON-2033928424 tempest-DeleteServersAdminTestJSON-2033928424-project] For port eb4d5191-1b92-4599-8d66-72476c6d29c3, host n-h1-812111-6, got binding levels [PortBindingLevel(driver='hyperv',host='n-h1-812111-6',level=0,port_id=eb4d5191-1b92-4599-8d66-72476c6d29c3,segment=NetworkSegment(800798fe-1403-4947-95ee-99a45c992ed8),segment_id=800798fe-1403-4947-95ee-99a45c992ed8)] {{(pid=103391) get_binding_level_objs /opt/stack/neutron/neutron/plugins/ml2/db.py:74}}
Nov 19 21:00:06.144111 n-d-812111-6 neutron-server[103391]: DEBUG neutron_lib.callbacks.manager [req-0a309736-1aa2-4041-873b-fd1fb241fa8d req-f8db2edf-4a40-4ee4-a788-bee7cd3cb65b tempest-DeleteServersAdminTestJSON-2033928424 tempest-DeleteServersAdminTestJSON-2033928424-project] Publish callbacks ['neutron.services.l3_router.l3_router_plugin.L3_NAT_dbonly_mixin._precommit_delete_port_callback-778923'] for port, precommit_delete {{(pid=103391) _notify_loop /usr/local/lib/python3.8/dist-packages/neutron_lib/callbacks/manager.py:175}}
Nov 19 21:00:06.144215 n-d-812111-6 neutron-server[103390]: INFO neutron.wsgi [req-1ff87ba1-ef0b-4777-9ad9-d8279c90deb3 req-72a3133a-1971-477a-ab38-137a85640b77 service neutron] 10.222.0.76 "GET /v2.0/floatingips?fixed_ip_address=192.168.233.172&port_id=5bdaf4d5-cf4c-44f1-92ab-6415b9efaedb HTTP/1.1" status: 200 len: 217 time: 0.0697715
Nov 19 21:00:06.148328 n-d-812111-6 neutron-server[103390]: DEBUG neutron.pecan_wsgi.hooks.policy_enforcement [req-5fc4679d-7ee6-4a50-a597-3a20617e14ee req-9effa293-4978-480c-9f80-3cd63044ea0f service neutron] Attributes excluded by policy engine: ['standard_attr_id'] {{(pid=103390) _exclude_attributes_by_policy /opt/stack/neutron/neutron/pecan_wsgi/hooks/policy_enforcement.py:255}}
Nov 19 21:00:06.149950 n-d-812111-6 neutron-server[103390]: INFO neutron.wsgi [req-5fc4679d-7ee6-4a50-a597-3a20617e14ee req-9effa293-4978-480c-9f80-3cd63044ea0f service neutron] 10.222.0.81 "GET /v2.0/ports?network_id=65695b13-ccc1-441b-8e20-9f2979414d11&device_owner=network%3Adhcp HTTP/1.1" status: 200 len: 1166 time: 0.1864135
Nov 19 21:00:06.163059 n-d-812111-6 neutron-server[103390]: DEBUG neutron.wsgi [-] (103390) accepted ('10.222.0.60', 38500) {{(pid=103390) server /usr/local/lib/python3.8/dist-packages/eventlet/wsgi.py:1004}}
Nov 19 21:00:06.165947 n-d-812111-6 neutron-server[103391]: DEBUG neutron.plugins.ml2.plugin [req-0a309736-1aa2-4041-873b-fd1fb241fa8d req-f8db2edf-4a40-4ee4-a788-bee7cd3cb65b tempest-DeleteServersAdminTestJSON-2033928424 tempest-DeleteServersAdminTestJSON-2033928424-project] Calling delete_port for eb4d5191-1b92-4599-8d66-72476c6d29c3 owned by compute:nova {{(pid=103391) delete_port /opt/stack/neutron/neutron/plugins/ml2/plugin.py:2014}}
Nov 19 21:00:06.237314 n-d-812111-6 neutron-server[103391]: INFO neutron.wsgi [req-247e397f-76e8-4387-86b9-55535f01c509 req-4af27027-7784-4b69-a91e-a357a3bdbee2 service neutron] 10.222.0.76 "GET /v2.0/networks/92617b49-7ad7-40dc-b16e-031d3507a315?fields=provider%3Aphysical_network&fields=provider%3Anetwork_type HTTP/1.1" status: 200 len: 281 time: 0.1741607
Nov 19 21:00:06.271806 n-d-812111-6 neutron-server[103390]: DEBUG neutron_lib.callbacks.manager [None req-fb7f66f6-6d71-4a3a-b36a-93a7db420e22 admin admin] Publish callbacks [] for security_group, before_create {{(pid=103390) _notify_loop /usr/local/lib/python3.8/dist-packages/neutron_lib/callbacks/manager.py:175}}
Nov 19 21:00:06.284107 n-d-812111-6 neutron-server[103390]: INFO neutron.wsgi [req-3608337e-44ab-42d5-8d25-64e7ca1609ec req-03d4aec5-43ba-412c-9c2d-c7bd5bb58389 tempest-DeleteServersAdminTestJSON-2033928424 tempest-DeleteServersAdminTestJSON-2033928424-project] 10.222.0.60 "GET /v2.0/security-groups?id=4bf2b542-d9d8-4319-b455-28c2d11cd121&fields=id&fields=name HTTP/1.1" status: 200 len: 286 time: 0.2140846
Nov 19 21:00:06.290457 n-d-812111-6 neutron-server[103392]: DEBUG neutron.plugins.ml2.db [None req-b05e2e22-310b-4af1-8d12-ae9ec2aabffb None None] For port 9b59ece5-02ec-4146-b2bf-90f1621ac957, host n-h1-812111-6, got binding levels [PortBindingLevel(driver='hyperv',host='n-h1-812111-6',level=0,port_id=9b59ece5-02ec-4146-b2bf-90f1621ac957,segment=NetworkSegment(800798fe-1403-4947-95ee-99a45c992ed8),segment_id=800798fe-1403-4947-95ee-99a45c992ed8)] {{(pid=103392) get_binding_level_objs /opt/stack/neutron/neutron/plugins/ml2/db.py:74}}
Nov 19 21:00:06.302993 n-d-812111-6 neutron-server[103392]: DEBUG neutron.plugins.ml2.rpc [None req-b05e2e22-310b-4af1-8d12-ae9ec2aabffb None None] Returning: {'device': '9b59ece5-02ec-4146-b2bf-90f1621ac957', 'network_id': '65695b13-ccc1-441b-8e20-9f2979414d11', 'port_id': '9b59ece5-02ec-4146-b2bf-90f1621ac957', 'mac_address': 'fa:16:3e:cb:44:d2', 'admin_state_up': True, 'network_type': 'vlan', 'segmentation_id': 923, 'physical_network': 'physnet1', 'mtu': 1500, 'fixed_ips': [{'subnet_id': '206fb40f-4c10-4cdc-be76-aa6725b89846', 'ip_address': '192.168.233.182'}], 'device_owner': 'compute:nova', 'allowed_address_pairs': [], 'port_security_enabled': True, 'qos_policy_id': None, 'network_qos_policy_id': None, 'profile': {}, 'propagate_uplink_status': False} {{(pid=103392) _get_device_details /opt/stack/neutron/neutron/plugins/ml2/rpc.py:184}}
Nov 19 21:00:06.309464 n-d-812111-6 neutron-server[103390]: DEBUG neutron.pecan_wsgi.hooks.policy_enforcement [req-1ff87ba1-ef0b-4777-9ad9-d8279c90deb3 req-9f487162-6470-46cf-bee0-2d012aca9897 service neutron] Attributes excluded by policy engine: ['standard_attr_id', 'shared'] {{(pid=103390) _exclude_attributes_by_policy /opt/stack/neutron/neutron/pecan_wsgi/hooks/policy_enforcement.py:255}}
Nov 19 21:00:06.310028 n-d-812111-6 neutron-server[103390]: INFO neutron.wsgi [req-1ff87ba1-ef0b-4777-9ad9-d8279c90deb3 req-9f487162-6470-46cf-bee0-2d012aca9897 service neutron] 10.222.0.76 "GET /v2.0/subnets?id=206fb40f-4c10-4cdc-be76-aa6725b89846 HTTP/1.1" status: 200 len: 843 time: 0.1565020
Nov 19 21:00:06.346450 n-d-812111-6 neutron-server[103392]: DEBUG neutron_lib.callbacks.manager [None req-b05e2e22-310b-4af1-8d12-ae9ec2aabffb None None] Publish callbacks ['neutron.plugins.ml2.plugin.SecurityGroupDbMixin._ensure_default_security_group_handler-7908326'] for port, before_update {{(pid=103392) _notify_loop /usr/local/lib/python3.8/dist-packages/neutron_lib/callbacks/manager.py:175}}
Nov 19 21:00:06.352401 n-d-812111-6 neutron-server[103391]: DEBUG neutron_lib.callbacks.manager [req-0a309736-1aa2-4041-873b-fd1fb241fa8d req-f8db2edf-4a40-4ee4-a788-bee7cd3cb65b tempest-DeleteServersAdminTestJSON-2033928424 tempest-DeleteServersAdminTestJSON-2033928424-project] Publish callbacks ['neutron.plugins.ml2.plugin.SecurityGroupServerNotifierRpcMixin._notify_sg_on_port_change-7908263', 'neutron.plugins.ml2.ovo_rpc._ObjectChangeHandler.handle_event-175594', 'neutron.api.rpc.agentnotifiers.dhcp_rpc_agent_api.DhcpAgentNotifyAPI._native_event_send_dhcp_notification-563224', 'neutron.db.l3_db.L3RpcNotifierMixin._notify_routers_callback-8726731373900', 'neutron.db.l3_dvrscheduler_db._notify_port_delete-8726730867375'] for port, after_delete {{(pid=103391) _notify_loop /usr/local/lib/python3.8/dist-packages/neutron_lib/callbacks/manager.py:175}}
Nov 19 21:00:06.387344 n-d-812111-6 neutron-server[103392]: DEBUG neutron.plugins.ml2.db [None req-b05e2e22-310b-4af1-8d12-ae9ec2aabffb None None] get_ports_and_sgs() called for port_ids ['eb4d5191-1b92-4599-8d66-72476c6d29c3'] {{(pid=103392) get_ports_and_sgs /opt/stack/neutron/neutron/plugins/ml2/db.py:156}}
Nov 19 21:00:06.398768 n-d-812111-6 neutron-server[103391]: DEBUG neutron.api.rpc.handlers.resources_rpc [None req-f8db2edf-4a40-4ee4-a788-bee7cd3cb65b tempest-DeleteServersAdminTestJSON-2033928424 tempest-DeleteServersAdminTestJSON-2033928424-project] Pushing event deleted for resources: {'Port': ['ID=eb4d5191-1b92-4599-8d66-72476c6d29c3,revision_number=None']} {{(pid=103391) push /opt/stack/neutron/neutron/api/rpc/handlers/resources_rpc.py:237}}
Nov 19 21:00:06.414875 n-d-812111-6 neutron-server[103390]: INFO neutron.wsgi [req-5fc4679d-7ee6-4a50-a597-3a20617e14ee req-7f1e3dd7-2a8e-4c9a-a935-2c34e7cdd642 service neutron] 10.222.0.81 "GET /v2.0/networks/65695b13-ccc1-441b-8e20-9f2979414d11?fields=segments HTTP/1.1" status: 200 len: 212 time: 0.2434058
Nov 19 21:00:06.428044 n-d-812111-6 neutron-server[103392]: DEBUG neutron.notifiers.nova [None req-b05e2e22-310b-4af1-8d12-ae9ec2aabffb None None] Ignoring state change previous_port_status: DOWN current_port_status: BUILD port_id 9b59ece5-02ec-4146-b2bf-90f1621ac957 {{(pid=103392) record_port_status_changed /opt/stack/neutron/neutron/notifiers/nova.py:224}}
Nov 19 21:00:06.457081 n-d-812111-6 neutron-server[103392]: DEBUG neutron.plugins.ml2.db [None req-b05e2e22-310b-4af1-8d12-ae9ec2aabffb None None] For port 9b59ece5-02ec-4146-b2bf-90f1621ac957, host n-h1-812111-6, got binding levels [PortBindingLevel(driver='hyperv',host='n-h1-812111-6',level=0,port_id=9b59ece5-02ec-4146-b2bf-90f1621ac957,segment=NetworkSegment(800798fe-1403-4947-95ee-99a45c992ed8),segment_id=800798fe-1403-4947-95ee-99a45c992ed8)] {{(pid=103392) get_binding_level_objs /opt/stack/neutron/neutron/plugins/ml2/db.py:74}}
Nov 19 21:00:06.465033 n-d-812111-6 neutron-server[103392]: DEBUG neutron_lib.callbacks.manager [None req-b05e2e22-310b-4af1-8d12-ae9ec2aabffb None None] Publish callbacks ['neutron.plugins.ml2.plugin.SecurityGroupServerNotifierRpcMixin._notify_sg_on_port_change-7908263', 'neutron.plugins.ml2.ovo_rpc._ObjectChangeHandler.handle_event-175594', 'neutron.api.rpc.agentnotifiers.dhcp_rpc_agent_api.DhcpAgentNotifyAPI._native_event_send_dhcp_notification-563224', 'neutron.db.l3_db.L3RpcNotifierMixin._notify_gateway_port_ip_changed-8726731373918', 'neutron.db.l3_dvrscheduler_db._notify_l3_agent_port_update-8726730867384', 'neutron.db.l3_hascheduler_db._notify_l3_agent_ha_port_update-8726730867402'] for port, after_update {{(pid=103392) _notify_loop /usr/local/lib/python3.8/dist-packages/neutron_lib/callbacks/manager.py:175}}
Nov 19 21:00:06.546075 n-d-812111-6 neutron-server[103391]: DEBUG neutron.db.l3_dvrscheduler_db [req-0a309736-1aa2-4041-873b-fd1fb241fa8d req-f8db2edf-4a40-4ee4-a788-bee7cd3cb65b tempest-DeleteServersAdminTestJSON-2033928424 tempest-DeleteServersAdminTestJSON-2033928424-project] No DVR routers for this DVR port eb4d5191-1b92-4599-8d66-72476c6d29c3 on host n-h1-812111-6 {{(pid=103391) get_dvr_routers_to_remove /opt/stack/neutron/neutron/db/l3_dvrscheduler_db.py:214}}
Nov 19 21:00:06.553348 n-d-812111-6 neutron-server[103391]: DEBUG neutron_lib.callbacks.manager [req-0a309736-1aa2-4041-873b-fd1fb241fa8d req-f8db2edf-4a40-4ee4-a788-bee7cd3cb65b tempest-DeleteServersAdminTestJSON-2033928424 tempest-DeleteServersAdminTestJSON-2033928424-project] Publish callbacks ['neutron.notifiers.nova.Notifier._send_nova_notification-972677'] for port, before_response {{(pid=103391) _notify_loop /usr/local/lib/python3.8/dist-packages/neutron_lib/callbacks/manager.py:175}}
Nov 19 21:00:06.556918 n-d-812111-6 neutron-server[103391]: INFO neutron.wsgi [req-0a309736-1aa2-4041-873b-fd1fb241fa8d req-f8db2edf-4a40-4ee4-a788-bee7cd3cb65b tempest-DeleteServersAdminTestJSON-2033928424 tempest-DeleteServersAdminTestJSON-2033928424-project] 10.222.0.76 "DELETE /v2.0/ports/eb4d5191-1b92-4599-8d66-72476c6d29c3 HTTP/1.1" status: 204 len: 173 time: 0.9281838
Nov 19 21:00:06.564170 n-d-812111-6 neutron-server[103391]: DEBUG neutron.notifiers.nova [-] Sending events: [{'server_uuid': '975f8b1a-c902-4e81-883b-2a25dd10e465', 'name': 'network-vif-deleted', 'tag': 'eb4d5191-1b92-4599-8d66-72476c6d29c3'}] {{(pid=103391) send_events /opt/stack/neutron/neutron/notifiers/nova.py:262}}
Nov 19 21:00:06.567953 n-d-812111-6 neutron-server[103391]: DEBUG novaclient.v2.client [-] REQ: curl -g -i --cacert "/opt/stack/data/ca-bundle.pem" -X POST http://10.222.0.60/compute/v2.1/os-server-external-events -H "Accept: application/json" -H "Content-Type: application/json" -H "User-Agent: python-novaclient" -H "X-Auth-Token: {SHA256}cdba5979d259c4657e8a372cace924a61850bd586869c6cd0c0fa09e4881711e" -H "X-OpenStack-Nova-API-Version: 2.1" -H "X-OpenStack-Request-ID: req-2ebbe553-dbcc-49cc-b3dd-b6cd43df5ee2" -d '{"events": [{"server_uuid": "975f8b1a-c902-4e81-883b-2a25dd10e465", "name": "network-vif-deleted", "tag": "eb4d5191-1b92-4599-8d66-72476c6d29c3"}]}' {{(pid=103391) _http_log_request /usr/local/lib/python3.8/dist-packages/keystoneauth1/session.py:519}}
Nov 19 21:00:06.583544 n-d-812111-6 neutron-server[103390]: DEBUG neutron.pecan_wsgi.hooks.policy_enforcement [req-bf6bd030-608e-489f-8263-39ca61ea1a65 req-fab5ba77-5dba-47d1-bd64-2cf69e70ceeb tempest-LiveMigrationNegativeTest-1445207010 tempest-LiveMigrationNegativeTest-1445207010-project] Attributes excluded by policy engine: ['standard_attr_id', 'binding:profile', 'binding:host_id', 'binding:vif_type', 'binding:vif_details'] {{(pid=103390) _exclude_attributes_by_policy /opt/stack/neutron/neutron/pecan_wsgi/hooks/policy_enforcement.py:255}}
Nov 19 21:00:06.608090 n-d-812111-6 neutron-server[103390]: INFO neutron.wsgi [req-bf6bd030-608e-489f-8263-39ca61ea1a65 req-fab5ba77-5dba-47d1-bd64-2cf69e70ceeb tempest-LiveMigrationNegativeTest-1445207010 tempest-LiveMigrationNegativeTest-1445207010-project] 10.222.0.60 "GET /v2.0/ports?device_id=83a0a4a3-96df-4b34-9c78-26dbf2c509bf HTTP/1.1" status: 200 len: 948 time: 0.3395746
Nov 19 21:00:06.611421 n-d-812111-6 neutron-server[103391]: DEBUG neutron.pecan_wsgi.hooks.policy_enforcement [req-247e397f-76e8-4387-86b9-55535f01c509 req-e0153815-d91d-4120-b814-1a69a5a9e7a1 tempest-LiveMigrationTest-759852875 tempest-LiveMigrationTest-759852875-project-admin] Attributes excluded by policy engine: ['standard_attr_id'] {{(pid=103391) _exclude_attributes_by_policy /opt/stack/neutron/neutron/pecan_wsgi/hooks/policy_enforcement.py:255}}
Nov 19 21:00:06.617613 n-d-812111-6 neutron-server[103391]: INFO neutron.wsgi [req-247e397f-76e8-4387-86b9-55535f01c509 req-e0153815-d91d-4120-b814-1a69a5a9e7a1 tempest-LiveMigrationTest-759852875 tempest-LiveMigrationTest-759852875-project-admin] 10.222.0.76 "GET /v2.0/ports?device_id=044d1c75-773c-4802-9a2f-a8145ba0691e&tenant_id=322661384a1746c997e19dd853de8965&binding%3Ahost_id=n-h2-812111-6 HTTP/1.1" status: 200 len: 1097 time: 0.1477709
Nov 19 21:00:06.640818 n-d-812111-6 neutron-server[103392]: DEBUG neutron.api.rpc.handlers.resources_rpc [None req-b05e2e22-310b-4af1-8d12-ae9ec2aabffb None None] Pushing event updated for resources: {'Port': ['ID=9b59ece5-02ec-4146-b2bf-90f1621ac957,revision_number=4']} {{(pid=103392) push /opt/stack/neutron/neutron/api/rpc/handlers/resources_rpc.py:237}}
Nov 19 21:00:06.644877 n-d-812111-6 neutron-server[103391]: DEBUG neutron.api.v2.base [req-247e397f-76e8-4387-86b9-55535f01c509 req-89ef2736-15a8-48fe-a49f-64199f0c750b service neutron] Request body: {'port': {'binding:profile': {'migrating_to': 'n-h1-812111-6'}}} {{(pid=103391) prepare_request_body /opt/stack/neutron/neutron/api/v2/base.py:729}}
Nov 19 21:00:06.691355 n-d-812111-6 neutron-server[103392]: DEBUG neutron.plugins.ml2.db [None req-b05e2e22-310b-4af1-8d12-ae9ec2aabffb None None] get_ports_and_sgs() called for port_ids ['9b59ece5-02ec-4146-b2bf-90f1621ac957'] {{(pid=103392) get_ports_and_sgs /opt/stack/neutron/neutron/plugins/ml2/db.py:156}}
Nov 19 21:00:06.703774 n-d-812111-6 neutron-server[103390]: INFO neutron.wsgi [req-5fc4679d-7ee6-4a50-a597-3a20617e14ee req-bee01339-8466-43c4-b1c9-d10935d90db0 service neutron] 10.222.0.81 "GET /v2.0/networks/65695b13-ccc1-441b-8e20-9f2979414d11?fields=provider%3Aphysical_network&fields=provider%3Anetwork_type HTTP/1.1" status: 200 len: 281 time: 0.2669642
Nov 19 21:00:06.706188 n-d-812111-6 neutron-server[103391]: DEBUG novaclient.v2.client [-] RESP: [200] Connection: close Content-Length: 183 Content-Type: application/json Date: Fri, 19 Nov 2021 21:00:06 GMT OpenStack-API-Version: compute 2.1 Server: Apache/2.4.41 (Ubuntu) Vary: OpenStack-API-Version,X-OpenStack-Nova-API-Version X-OpenStack-Nova-API-Version: 2.1 x-compute-request-id: req-88e2ff14-bd31-4788-af54-b49407ad6990 x-openstack-request-id: req-88e2ff14-bd31-4788-af54-b49407ad6990 {{(pid=103391) _http_log_response /usr/local/lib/python3.8/dist-packages/keystoneauth1/session.py:550}}
Nov 19 21:00:06.708143 n-d-812111-6 neutron-server[103391]: DEBUG novaclient.v2.client [-] RESP BODY: {"events": [{"server_uuid": "975f8b1a-c902-4e81-883b-2a25dd10e465", "name": "network-vif-deleted", "tag": "eb4d5191-1b92-4599-8d66-72476c6d29c3", "status": "completed", "code": 200}]} {{(pid=103391) _http_log_response /usr/local/lib/python3.8/dist-packages/keystoneauth1/session.py:582}}
Nov 19 21:00:06.708583 n-d-812111-6 neutron-server[103391]: DEBUG novaclient.v2.client [-] POST call to compute for http://10.222.0.60/compute/v2.1/os-server-external-events used request id req-88e2ff14-bd31-4788-af54-b49407ad6990 {{(pid=103391) request /usr/local/lib/python3.8/dist-packages/keystoneauth1/session.py:954}}
Nov 19 21:00:06.709029 n-d-812111-6 neutron-server[103390]: DEBUG neutron.pecan_wsgi.hooks.policy_enforcement [req-1ff87ba1-ef0b-4777-9ad9-d8279c90deb3 req-9391c735-9bd1-4471-8905-5725ad63d323 service neutron] Attributes excluded by policy engine: ['standard_attr_id'] {{(pid=103390) _exclude_attributes_by_policy /opt/stack/neutron/neutron/pecan_wsgi/hooks/policy_enforcement.py:255}}
Nov 19 21:00:06.709161 n-d-812111-6 neutron-server[103391]: INFO neutron.notifiers.nova [-] Nova event response: {'server_uuid': '975f8b1a-c902-4e81-883b-2a25dd10e465', 'name': 'network-vif-deleted', 'tag': 'eb4d5191-1b92-4599-8d66-72476c6d29c3', 'status': 'completed', 'code': 200}
Nov 19 21:00:06.718888 n-d-812111-6 neutron-server[103390]: INFO neutron.wsgi [req-1ff87ba1-ef0b-4777-9ad9-d8279c90deb3 req-9391c735-9bd1-4471-8905-5725ad63d323 service neutron] 10.222.0.76 "GET /v2.0/ports?network_id=65695b13-ccc1-441b-8e20-9f2979414d11&device_owner=network%3Adhcp HTTP/1.1" status: 200 len: 1166 time: 0.2993994
Nov 19 21:00:06.778005 n-d-812111-6 neutron-server[103391]: DEBUG neutron_lib.callbacks.manager [req-247e397f-76e8-4387-86b9-55535f01c509 req-89ef2736-15a8-48fe-a49f-64199f0c750b service neutron] Publish callbacks ['neutron.plugins.ml2.plugin.SecurityGroupDbMixin._ensure_default_security_group_handler-7908326'] for port, before_update {{(pid=103391) _notify_loop /usr/local/lib/python3.8/dist-packages/neutron_lib/callbacks/manager.py:175}}
Nov 19 21:00:06.819695 n-d-812111-6 neutron-server[103390]: INFO neutron.wsgi [req-bf6bd030-608e-489f-8263-39ca61ea1a65 req-927ffddf-c821-4d2e-a103-deea458729fe tempest-LiveMigrationNegativeTest-1445207010 tempest-LiveMigrationNegativeTest-1445207010-project] 10.222.0.60 "GET /v2.0/security-groups?id=53454de5-a093-4b55-8206-269e39d97b8d&fields=id&fields=name HTTP/1.1" status: 200 len: 286 time: 0.2106359
Nov 19 21:00:06.946032 n-d-812111-6 neutron-server[103391]: DEBUG neutron.plugins.ml2.db [req-247e397f-76e8-4387-86b9-55535f01c509 req-89ef2736-15a8-48fe-a49f-64199f0c750b service neutron] For port 7f56fda1-8900-4a24-bfe2-2f03a0405fd4, host n-h2-812111-6, got binding levels [PortBindingLevel(driver='hyperv',host='n-h2-812111-6',level=0,port_id=7f56fda1-8900-4a24-bfe2-2f03a0405fd4,segment=NetworkSegment(40c035bc-a87a-4b83-a871-63d80856baba),segment_id=40c035bc-a87a-4b83-a871-63d80856baba)] {{(pid=103391) get_binding_level_objs /opt/stack/neutron/neutron/plugins/ml2/db.py:74}}
Nov 19 21:00:06.993967 n-d-812111-6 neutron-server[103391]: DEBUG neutron.plugins.ml2.db [req-247e397f-76e8-4387-86b9-55535f01c509 req-89ef2736-15a8-48fe-a49f-64199f0c750b service neutron] For port 7f56fda1-8900-4a24-bfe2-2f03a0405fd4, host n-h2-812111-6, cleared binding levels {{(pid=103391) clear_binding_levels /opt/stack/neutron/neutron/plugins/ml2/db.py:87}}
Nov 19 21:00:07.019572 n-d-812111-6 neutron-server[103391]: DEBUG neutron.wsgi [-] (103391) accepted ('10.222.0.60', 38524) {{(pid=103391) server /usr/local/lib/python3.8/dist-packages/eventlet/wsgi.py:1004}}
Nov 19 21:00:07.076683 n-d-812111-6 neutron-server[103391]: DEBUG neutron_lib.callbacks.manager [req-247e397f-76e8-4387-86b9-55535f01c509 req-89ef2736-15a8-48fe-a49f-64199f0c750b service neutron] Publish callbacks [] for port, precommit_update {{(pid=103391) _notify_loop /usr/local/lib/python3.8/dist-packages/neutron_lib/callbacks/manager.py:175}}
Nov 19 21:00:07.086297 n-d-812111-6 neutron-server[103391]: DEBUG neutron_lib.callbacks.manager [req-247e397f-76e8-4387-86b9-55535f01c509 req-89ef2736-15a8-48fe-a49f-64199f0c750b service neutron] Publish callbacks ['neutron.plugins.ml2.plugin.SecurityGroupServerNotifierRpcMixin._notify_sg_on_port_change-7908263', 'neutron.plugins.ml2.ovo_rpc._ObjectChangeHandler.handle_event-175594', 'neutron.api.rpc.agentnotifiers.dhcp_rpc_agent_api.DhcpAgentNotifyAPI._native_event_send_dhcp_notification-563224', 'neutron.db.l3_db.L3RpcNotifierMixin._notify_gateway_port_ip_changed-8726731373918', 'neutron.db.l3_dvrscheduler_db._notify_l3_agent_port_update-8726730867384', 'neutron.db.l3_hascheduler_db._notify_l3_agent_ha_port_update-8726730867402'] for port, after_update {{(pid=103391) _notify_loop /usr/local/lib/python3.8/dist-packages/neutron_lib/callbacks/manager.py:175}}
Nov 19 21:00:07.154906 n-d-812111-6 neutron-server[103391]: DEBUG neutron.api.rpc.handlers.resources_rpc [None req-89ef2736-15a8-48fe-a49f-64199f0c750b service neutron] Pushing event updated for resources: {'Port': ['ID=7f56fda1-8900-4a24-bfe2-2f03a0405fd4,revision_number=7']} {{(pid=103391) push /opt/stack/neutron/neutron/api/rpc/handlers/resources_rpc.py:237}}
Nov 19 21:00:07.173058 n-d-812111-6 neutron-server[103391]: DEBUG neutron_lib.callbacks.manager [None req-7c77c459-bc44-49af-8694-3b06020fc84d admin admin] Publish callbacks [] for security_group, before_create {{(pid=103391) _notify_loop /usr/local/lib/python3.8/dist-packages/neutron_lib/callbacks/manager.py:175}}
Nov 19 21:00:07.175669 n-d-812111-6 neutron-server[103391]: DEBUG neutron.api.rpc.callbacks.version_manager [None req-89ef2736-15a8-48fe-a49f-64199f0c750b service neutron] Version for resource type AddressGroup changed None to 1.2 on consumer Open vSwitch agent@n-d-812111-6 {{(pid=103391) _set_version /opt/stack/neutron/neutron/api/rpc/callbacks/version_manager.py:113}}
Nov 19 21:00:07.176148 n-d-812111-6 neutron-server[103391]: DEBUG neutron.api.rpc.callbacks.version_manager [None req-89ef2736-15a8-48fe-a49f-64199f0c750b service neutron] Version for resource type ConntrackHelper changed None to 1.0 on consumer Open vSwitch agent@n-d-812111-6 {{(pid=103391) _set_version /opt/stack/neutron/neutron/api/rpc/callbacks/version_manager.py:113}}
Nov 19 21:00:07.176670 n-d-812111-6 neutron-server[103391]: DEBUG neutron.api.rpc.callbacks.version_manager [None req-89ef2736-15a8-48fe-a49f-64199f0c750b service neutron] Version for resource type Log changed None to 1.0 on consumer Open vSwitch agent@n-d-812111-6 {{(pid=103391) _set_version /opt/stack/neutron/neutron/api/rpc/callbacks/version_manager.py:113}}
Nov 19 21:00:07.177220 n-d-812111-6 neutron-server[103391]: DEBUG neutron.api.rpc.callbacks.version_manager [None req-89ef2736-15a8-48fe-a49f-64199f0c750b service neutron] Version for resource type Network changed None to 1.1 on consumer Open vSwitch agent@n-d-812111-6 {{(pid=103391) _set_version /opt/stack/neutron/neutron/api/rpc/callbacks/version_manager.py:113}}
Nov 19 21:00:07.177680 n-d-812111-6 neutron-server[103391]: DEBUG neutron.api.rpc.callbacks.version_manager [None req-89ef2736-15a8-48fe-a49f-64199f0c750b service neutron] Version for resource type Port changed None to 1.7 on consumer Open vSwitch agent@n-d-812111-6 {{(pid=103391) _set_version /opt/stack/neutron/neutron/api/rpc/callbacks/version_manager.py:113}}
Nov 19 21:00:07.178018 n-d-812111-6 neutron-server[103391]: DEBUG neutron.api.rpc.callbacks.version_manager [None req-89ef2736-15a8-48fe-a49f-64199f0c750b service neutron] Version for resource type PortForwarding changed None to 1.2 on consumer Open vSwitch agent@n-d-812111-6 {{(pid=103391) _set_version /opt/stack/neutron/neutron/api/rpc/callbacks/version_manager.py:113}}
Nov 19 21:00:07.178347 n-d-812111-6 neutron-server[103391]: DEBUG neutron.api.rpc.callbacks.version_manager [None req-89ef2736-15a8-48fe-a49f-64199f0c750b service neutron] Version for resource type QosPolicy changed None to 1.10 on consumer Open vSwitch agent@n-d-812111-6 {{(pid=103391) _set_version /opt/stack/neutron/neutron/api/rpc/callbacks/version_manager.py:113}}
Nov 19 21:00:07.178733 n-d-812111-6 neutron-server[103391]: DEBUG neutron.api.rpc.callbacks.version_manager [None req-89ef2736-15a8-48fe-a49f-64199f0c750b service neutron] Version for resource type SecurityGroup changed None to 1.5 on consumer Open vSwitch agent@n-d-812111-6 {{(pid=103391) _set_version /opt/stack/neutron/neutron/api/rpc/callbacks/version_manager.py:113}}
Nov 19 21:00:07.179185 n-d-812111-6 neutron-server[103391]: DEBUG neutron.api.rpc.callbacks.version_manager [None req-89ef2736-15a8-48fe-a49f-64199f0c750b service neutron] Version for resource type SecurityGroupRule changed None to 1.2 on consumer Open vSwitch agent@n-d-812111-6 {{(pid=103391) _set_version /opt/stack/neutron/neutron/api/rpc/callbacks/version_manager.py:113}}
Nov 19 21:00:07.179558 n-d-812111-6 neutron-server[103391]: DEBUG neutron.api.rpc.callbacks.version_manager [None req-89ef2736-15a8-48fe-a49f-64199f0c750b service neutron] Version for resource type SubPort changed None to 1.0 on consumer Open vSwitch agent@n-d-812111-6 {{(pid=103391) _set_version /opt/stack/neutron/neutron/api/rpc/callbacks/version_manager.py:113}}
Nov 19 21:00:07.179846 n-d-812111-6 neutron-server[103391]: DEBUG neutron.api.rpc.callbacks.version_manager [None req-89ef2736-15a8-48fe-a49f-64199f0c750b service neutron] Version for resource type Subnet changed None to 1.1 on consumer Open vSwitch agent@n-d-812111-6 {{(pid=103391) _set_version /opt/stack/neutron/neutron/api/rpc/callbacks/version_manager.py:113}}
Nov 19 21:00:07.180325 n-d-812111-6 neutron-server[103391]: DEBUG neutron.api.rpc.callbacks.version_manager [None req-89ef2736-15a8-48fe-a49f-64199f0c750b service neutron] Version for resource type Trunk changed None to 1.1 on consumer Open vSwitch agent@n-d-812111-6 {{(pid=103391) _set_version /opt/stack/neutron/neutron/api/rpc/callbacks/version_manager.py:113}}
Nov 19 21:00:07.192285 n-d-812111-6 neutron-server[103390]: DEBUG neutron_lib.callbacks.manager [None req-fb7f66f6-6d71-4a3a-b36a-93a7db420e22 admin admin] Publish callbacks [] for security_group, precommit_create {{(pid=103390) _notify_loop /usr/local/lib/python3.8/dist-packages/neutron_lib/callbacks/manager.py:175}}
Nov 19 21:00:07.210317 n-d-812111-6 neutron-server[103390]: DEBUG neutron_lib.callbacks.manager [None req-fb7f66f6-6d71-4a3a-b36a-93a7db420e22 admin admin] Publish callbacks ['neutron.plugins.ml2.ovo_rpc._ObjectChangeHandler.handle_event-550746'] for security_group, after_create {{(pid=103390) _notify_loop /usr/local/lib/python3.8/dist-packages/neutron_lib/callbacks/manager.py:175}}
Nov 19 21:00:07.250995 n-d-812111-6 neutron-server[103391]: DEBUG neutron.plugins.ml2.managers [req-247e397f-76e8-4387-86b9-55535f01c509 req-89ef2736-15a8-48fe-a49f-64199f0c750b service neutron] Attempting to bind port 7f56fda1-8900-4a24-bfe2-2f03a0405fd4 on host n-h2-812111-6 for vnic_type normal with profile {"migrating_to": "n-h1-812111-6"} {{(pid=103391) bind_port /opt/stack/neutron/neutron/plugins/ml2/managers.py:795}}
Nov 19 21:00:07.251453 n-d-812111-6 neutron-server[103391]: DEBUG neutron.plugins.ml2.managers [req-247e397f-76e8-4387-86b9-55535f01c509 req-89ef2736-15a8-48fe-a49f-64199f0c750b service neutron] Attempting to bind port 7f56fda1-8900-4a24-bfe2-2f03a0405fd4 by drivers openvswitch,hyperv on host n-h2-812111-6 at level 0 using segments [{'id': '40c035bc-a87a-4b83-a871-63d80856baba', 'network_type': 'vlan', 'physical_network': 'physnet1', 'segmentation_id': 913, 'network_id': '92617b49-7ad7-40dc-b16e-031d3507a315'}] {{(pid=103391) _bind_port_level /opt/stack/neutron/neutron/plugins/ml2/managers.py:820}}
Nov 19 21:00:07.251789 n-d-812111-6 neutron-server[103391]: DEBUG neutron.plugins.ml2.drivers.mech_agent [req-247e397f-76e8-4387-86b9-55535f01c509 req-89ef2736-15a8-48fe-a49f-64199f0c750b service neutron] Attempting to bind port 7f56fda1-8900-4a24-bfe2-2f03a0405fd4 on network 92617b49-7ad7-40dc-b16e-031d3507a315 {{(pid=103391) bind_port /opt/stack/neutron/neutron/plugins/ml2/drivers/mech_agent.py:91}}
Nov 19 21:00:07.261012 n-d-812111-6 neutron-server[103391]: DEBUG neutron.plugins.ml2.drivers.mech_agent [req-247e397f-76e8-4387-86b9-55535f01c509 req-89ef2736-15a8-48fe-a49f-64199f0c750b service neutron] Port 7f56fda1-8900-4a24-bfe2-2f03a0405fd4 on network 92617b49-7ad7-40dc-b16e-031d3507a315 not bound, no agent of type Open vSwitch agent registered on host n-h2-812111-6 {{(pid=103391) bind_port /opt/stack/neutron/neutron/plugins/ml2/drivers/mech_agent.py:103}}
Nov 19 21:00:07.261339 n-d-812111-6 neutron-server[103391]: DEBUG neutron.plugins.ml2.drivers.mech_agent [req-247e397f-76e8-4387-86b9-55535f01c509 req-89ef2736-15a8-48fe-a49f-64199f0c750b service neutron] Attempting to bind port 7f56fda1-8900-4a24-bfe2-2f03a0405fd4 on network 92617b49-7ad7-40dc-b16e-031d3507a315 {{(pid=103391) bind_port /opt/stack/neutron/neutron/plugins/ml2/drivers/mech_agent.py:91}}
Nov 19 21:00:07.272100 n-d-812111-6 neutron-server[103391]: DEBUG neutron.plugins.ml2.drivers.mech_agent [req-247e397f-76e8-4387-86b9-55535f01c509 req-89ef2736-15a8-48fe-a49f-64199f0c750b service neutron] Checking agent: {'id': '6558cf6c-907c-4a91-8bb6-1f9218014aaa', 'agent_type': 'HyperV agent', 'binary': 'neutron-hyperv-agent', 'topic': 'N/A', 'host': 'n-h2-812111-6', 'admin_state_up': True, 'created_at': datetime.datetime(2021, 11, 19, 20, 57, 2), 'started_at': datetime.datetime(2021, 11, 19, 20, 57, 2), 'heartbeat_timestamp': datetime.datetime(2021, 11, 19, 21, 0, 2), 'description': None, 'resources_synced': None, 'availability_zone': None, 'alive': True, 'configurations': {'vswitch_mappings': {'physnet1$': 'br-data'}}, 'resource_versions': {}} {{(pid=103391) bind_port /opt/stack/neutron/neutron/plugins/ml2/drivers/mech_agent.py:110}}
Nov 19 21:00:07.272556 n-d-812111-6 neutron-server[103391]: DEBUG neutron.plugins.ml2.drivers.mech_agent [req-247e397f-76e8-4387-86b9-55535f01c509 req-89ef2736-15a8-48fe-a49f-64199f0c750b service neutron] Checking segment: {'id': '40c035bc-a87a-4b83-a871-63d80856baba', 'network_type': 'vlan', 'physical_network': 'physnet1', 'segmentation_id': 913, 'network_id': '92617b49-7ad7-40dc-b16e-031d3507a315'} for mappings: {'physnet1$': 'br-data'} with network types: ['local', 'flat', 'vlan'] {{(pid=103391) check_segment_for_agent /opt/stack/neutron/neutron/plugins/ml2/drivers/mech_agent.py:371}}
Nov 19 21:00:07.272944 n-d-812111-6 neutron-server[103391]: DEBUG neutron.plugins.ml2.drivers.mech_agent [req-247e397f-76e8-4387-86b9-55535f01c509 req-89ef2736-15a8-48fe-a49f-64199f0c750b service neutron] Bound using segment: {'id': '40c035bc-a87a-4b83-a871-63d80856baba', 'network_type': 'vlan', 'physical_network': 'physnet1', 'segmentation_id': 913, 'network_id': '92617b49-7ad7-40dc-b16e-031d3507a315'} {{(pid=103391) bind_port /opt/stack/neutron/neutron/plugins/ml2/drivers/mech_agent.py:120}}
