Nov 19 21:00:09.249089 n-d-812111-6 neutron-server[103391]: DEBUG neutron.api.rpc.handlers.resources_rpc [None req-ffa9915a-86dc-4722-b041-6f6dc07fcc77 admin admin] Pushing event deleted for resources: {'SecurityGroup': ['ID=4bf2b542-d9d8-4319-b455-28c2d11cd121,revision_number=None']} {{(pid=103391) push /opt/stack/neutron/neutron/api/rpc/handlers/resources_rpc.py:237}}
Nov 19 21:00:09.335326 n-d-812111-6 neutron-server[103390]: DEBUG neutron.pecan_wsgi.hooks.policy_enforcement [req-87bc0b20-b018-453a-9aa8-c644bc11873c req-d2ab9c9a-2f5a-4473-b455-6cd7573d948a service neutron] Attributes excluded by policy engine: ['standard_attr_id', 'vlan_transparent'] {{(pid=103390) _exclude_attributes_by_policy /opt/stack/neutron/neutron/pecan_wsgi/hooks/policy_enforcement.py:255}}
Nov 19 21:00:09.337075 n-d-812111-6 neutron-server[103390]: INFO neutron.wsgi [req-87bc0b20-b018-453a-9aa8-c644bc11873c req-d2ab9c9a-2f5a-4473-b455-6cd7573d948a service neutron] 10.222.0.81 "GET /v2.0/networks?id=92617b49-7ad7-40dc-b16e-031d3507a315 HTTP/1.1" status: 200 len: 908 time: 0.2353902
Nov 19 21:00:09.388486 n-d-812111-6 neutron-server[103390]: DEBUG neutron.pecan_wsgi.hooks.policy_enforcement [req-a48bd10a-1659-4009-b531-ef1941f75bbd req-ccf2f4a6-b2ef-4906-a804-92c733c5d68f tempest-LiveMigrationNegativeTest-1445207010 tempest-LiveMigrationNegativeTest-1445207010-project] Attributes excluded by policy engine: ['standard_attr_id', 'binding:profile', 'binding:host_id', 'binding:vif_type', 'binding:vif_details'] {{(pid=103390) _exclude_attributes_by_policy /opt/stack/neutron/neutron/pecan_wsgi/hooks/policy_enforcement.py:255}}
Nov 19 21:00:09.390088 n-d-812111-6 neutron-server[103390]: INFO neutron.wsgi [req-a48bd10a-1659-4009-b531-ef1941f75bbd req-ccf2f4a6-b2ef-4906-a804-92c733c5d68f tempest-LiveMigrationNegativeTest-1445207010 tempest-LiveMigrationNegativeTest-1445207010-project] 10.222.0.60 "GET /v2.0/ports?device_id=83a0a4a3-96df-4b34-9c78-26dbf2c509bf HTTP/1.1" status: 200 len: 950 time: 0.1743157
Nov 19 21:00:09.428346 n-d-812111-6 neutron-server[103390]: INFO neutron.wsgi [req-87bc0b20-b018-453a-9aa8-c644bc11873c req-5e0eea3b-c36b-4c2f-8510-f927d932c595 service neutron] 10.222.0.81 "GET /v2.0/floatingips?fixed_ip_address=172.20.0.10&port_id=7f56fda1-8900-4a24-bfe2-2f03a0405fd4 HTTP/1.1" status: 200 len: 217 time: 0.0729375
Nov 19 21:00:09.516624 n-d-812111-6 neutron-server[103390]: INFO neutron.wsgi [req-a48bd10a-1659-4009-b531-ef1941f75bbd req-9b563a58-ed5b-4577-9ec1-b1b129714eb0 tempest-LiveMigrationNegativeTest-1445207010 tempest-LiveMigrationNegativeTest-1445207010-project] 10.222.0.60 "GET /v2.0/security-groups?id=53454de5-a093-4b55-8206-269e39d97b8d&fields=id&fields=name HTTP/1.1" status: 200 len: 286 time: 0.0867145
Nov 19 21:00:09.531176 n-d-812111-6 neutron-server[103390]: DEBUG neutron.pecan_wsgi.hooks.policy_enforcement [req-87bc0b20-b018-453a-9aa8-c644bc11873c req-010e9994-f207-4418-8c85-747676eca77a service neutron] Attributes excluded by policy engine: ['standard_attr_id', 'shared'] {{(pid=103390) _exclude_attributes_by_policy /opt/stack/neutron/neutron/pecan_wsgi/hooks/policy_enforcement.py:255}}
Nov 19 21:00:09.533057 n-d-812111-6 neutron-server[103390]: INFO neutron.wsgi [req-87bc0b20-b018-453a-9aa8-c644bc11873c req-010e9994-f207-4418-8c85-747676eca77a service neutron] 10.222.0.81 "GET /v2.0/subnets?id=9b1ed3c3-4ec0-4560-9f9e-9a91549b2e64 HTTP/1.1" status: 200 len: 847 time: 0.0870061
Nov 19 21:00:09.577361 n-d-812111-6 neutron-server[103390]: INFO neutron.wsgi [req-87bc0b20-b018-453a-9aa8-c644bc11873c req-18966982-f6c2-4307-8569-86887c386ee4 service neutron] 10.222.0.81 "GET /v2.0/ports?network_id=92617b49-7ad7-40dc-b16e-031d3507a315&device_owner=network%3Adhcp HTTP/1.1" status: 200 len: 210 time: 0.0335939
Nov 19 21:00:09.714229 n-d-812111-6 neutron-server[103390]: INFO neutron.wsgi [req-87bc0b20-b018-453a-9aa8-c644bc11873c req-81c528ad-3d40-4eb9-aa17-0764bcb2ce75 service neutron] 10.222.0.81 "GET /v2.0/networks/92617b49-7ad7-40dc-b16e-031d3507a315?fields=segments HTTP/1.1" status: 200 len: 212 time: 0.1262753
Nov 19 21:00:09.832754 n-d-812111-6 neutron-server[103390]: INFO neutron.wsgi [req-87bc0b20-b018-453a-9aa8-c644bc11873c req-ba7e9b9e-78b4-4d8c-af20-f1b8a878a24e service neutron] 10.222.0.81 "GET /v2.0/networks/92617b49-7ad7-40dc-b16e-031d3507a315?fields=provider%3Aphysical_network&fields=provider%3Anetwork_type HTTP/1.1" status: 200 len: 281 time: 0.1055539
Nov 19 21:00:09.837321 n-d-812111-6 neutron-server[103391]: DEBUG neutron.wsgi [-] (103391) accepted ('10.222.0.60', 38676) {{(pid=103391) server /usr/local/lib/python3.8/dist-packages/eventlet/wsgi.py:1004}}
Nov 19 21:00:09.854295 n-d-812111-6 neutron-server[103391]: DEBUG neutron_lib.callbacks.manager [None req-f602d5d5-dcfc-493d-a3bb-494d3e06baf3 admin admin] Publish callbacks [] for security_group, before_create {{(pid=103391) _notify_loop /usr/local/lib/python3.8/dist-packages/neutron_lib/callbacks/manager.py:175}}
Nov 19 21:00:09.943835 n-d-812111-6 neutron-server[103391]: DEBUG neutron_lib.callbacks.manager [None req-f602d5d5-dcfc-493d-a3bb-494d3e06baf3 admin admin] Publish callbacks [] for security_group, precommit_create {{(pid=103391) _notify_loop /usr/local/lib/python3.8/dist-packages/neutron_lib/callbacks/manager.py:175}}
Nov 19 21:00:09.950312 n-d-812111-6 neutron-server[103391]: DEBUG neutron_lib.callbacks.manager [None req-f602d5d5-dcfc-493d-a3bb-494d3e06baf3 admin admin] Publish callbacks ['neutron.plugins.ml2.ovo_rpc._ObjectChangeHandler.handle_event-550746'] for security_group, after_create {{(pid=103391) _notify_loop /usr/local/lib/python3.8/dist-packages/neutron_lib/callbacks/manager.py:175}}
Nov 19 21:00:10.015068 n-d-812111-6 neutron-server[103391]: INFO neutron.wsgi [None req-f602d5d5-dcfc-493d-a3bb-494d3e06baf3 admin admin] 10.222.0.60 "GET /v2.0/security-groups?tenant_id=d7a8c127235a4607a6d92ba37a28b972&name=default HTTP/1.1" status: 200 len: 2996 time: 0.1766493
Nov 19 21:00:10.020688 n-d-812111-6 neutron-server[103391]: DEBUG neutron.wsgi [-] (103391) accepted ('10.222.0.60', 38688) {{(pid=103391) server /usr/local/lib/python3.8/dist-packages/eventlet/wsgi.py:1004}}
Nov 19 21:00:10.046628 n-d-812111-6 neutron-server[103391]: DEBUG neutron.api.rpc.handlers.resources_rpc [None req-f602d5d5-dcfc-493d-a3bb-494d3e06baf3 admin admin] Pushing event updated for resources: {'SecurityGroup': ['ID=62ec1cd1-e73e-4bb3-adc4-6af2ccc9194a,revision_number=1']} {{(pid=103391) push /opt/stack/neutron/neutron/api/rpc/handlers/resources_rpc.py:237}}
Nov 19 21:00:10.112881 n-d-812111-6 neutron-server[103391]: DEBUG neutron_lib.callbacks.manager [None req-84ccef96-df53-43cd-a37c-474871e7d871 admin admin] Publish callbacks [] for security_group, before_delete {{(pid=103391) _notify_loop /usr/local/lib/python3.8/dist-packages/neutron_lib/callbacks/manager.py:175}}
Nov 19 21:00:10.117556 n-d-812111-6 neutron-server[103390]: DEBUG neutron.pecan_wsgi.hooks.policy_enforcement [req-2df28550-1157-4907-aa12-d11ece30037b req-2b5799f8-2965-41af-8261-7016af22eab5 tempest-ServerDiagnosticsNegativeTest-1301691719 tempest-ServerDiagnosticsNegativeTest-1301691719-project] Attributes excluded by policy engine: ['standard_attr_id', 'binding:profile', 'binding:host_id', 'binding:vif_type', 'binding:vif_details'] {{(pid=103390) _exclude_attributes_by_policy /opt/stack/neutron/neutron/pecan_wsgi/hooks/policy_enforcement.py:255}}
Nov 19 21:00:10.119185 n-d-812111-6 neutron-server[103390]: INFO neutron.wsgi [req-2df28550-1157-4907-aa12-d11ece30037b req-2b5799f8-2965-41af-8261-7016af22eab5 tempest-ServerDiagnosticsNegativeTest-1301691719 tempest-ServerDiagnosticsNegativeTest-1301691719-project] 10.222.0.60 "GET /v2.0/ports?device_id=118e1715-4683-4da2-93bc-857f148defbd HTTP/1.1" status: 200 len: 948 time: 0.0861456
Nov 19 21:00:10.128461 n-d-812111-6 neutron-server[103390]: DEBUG neutron.pecan_wsgi.hooks.policy_enforcement [req-9ced4d65-d821-4704-93c2-f65e47558f6f req-8efbc88e-e99c-48a4-a91a-4bf9ff506921 tempest-LiveMigrationTest-850176590 tempest-LiveMigrationTest-850176590-project] Attributes excluded by policy engine: ['standard_attr_id', 'binding:profile', 'binding:host_id', 'binding:vif_type', 'binding:vif_details'] {{(pid=103390) _exclude_attributes_by_policy /opt/stack/neutron/neutron/pecan_wsgi/hooks/policy_enforcement.py:255}}
Nov 19 21:00:10.130417 n-d-812111-6 neutron-server[103390]: INFO neutron.wsgi [req-9ced4d65-d821-4704-93c2-f65e47558f6f req-8efbc88e-e99c-48a4-a91a-4bf9ff506921 tempest-LiveMigrationTest-850176590 tempest-LiveMigrationTest-850176590-project] 10.222.0.60 "GET /v2.0/ports?device_id=044d1c75-773c-4802-9a2f-a8145ba0691e HTTP/1.1" status: 200 len: 944 time: 0.1323888
Nov 19 21:00:10.144835 n-d-812111-6 neutron-server[103391]: DEBUG neutron_lib.callbacks.manager [None req-84ccef96-df53-43cd-a37c-474871e7d871 admin admin] Publish callbacks [] for security_group, precommit_delete {{(pid=103391) _notify_loop /usr/local/lib/python3.8/dist-packages/neutron_lib/callbacks/manager.py:175}}
Nov 19 21:00:10.173949 n-d-812111-6 neutron-server[103392]: DEBUG neutron.plugins.ml2.rpc [None req-b05e2e22-310b-4af1-8d12-ae9ec2aabffb None None] Device 7f56fda1-8900-4a24-bfe2-2f03a0405fd4 details requested by agent hyperv_n-h1-812111-6 with host n-h1-812111-6 {{(pid=103392) get_device_details /opt/stack/neutron/neutron/plugins/ml2/rpc.py:102}}
Nov 19 21:00:10.222186 n-d-812111-6 neutron-server[103391]: DEBUG neutron_lib.callbacks.manager [None req-84ccef96-df53-43cd-a37c-474871e7d871 admin admin] Publish callbacks ['neutron.plugins.ml2.ovo_rpc._ObjectChangeHandler.handle_event-550746'] for security_group, after_delete {{(pid=103391) _notify_loop /usr/local/lib/python3.8/dist-packages/neutron_lib/callbacks/manager.py:175}}
Nov 19 21:00:10.225462 n-d-812111-6 neutron-server[103391]: DEBUG neutron_lib.callbacks.manager [None req-84ccef96-df53-43cd-a37c-474871e7d871 admin admin] Publish callbacks [] for security_group, before_response {{(pid=103391) _notify_loop /usr/local/lib/python3.8/dist-packages/neutron_lib/callbacks/manager.py:175}}
Nov 19 21:00:10.226911 n-d-812111-6 neutron-server[103391]: INFO neutron.wsgi [None req-84ccef96-df53-43cd-a37c-474871e7d871 admin admin] 10.222.0.60 "DELETE /v2.0/security-groups/62ec1cd1-e73e-4bb3-adc4-6af2ccc9194a HTTP/1.1" status: 204 len: 168 time: 0.2033389
Nov 19 21:00:10.236519 n-d-812111-6 neutron-server[103391]: DEBUG neutron.api.rpc.handlers.resources_rpc [None req-84ccef96-df53-43cd-a37c-474871e7d871 admin admin] Pushing event deleted for resources: {'SecurityGroup': ['ID=62ec1cd1-e73e-4bb3-adc4-6af2ccc9194a,revision_number=None']} {{(pid=103391) push /opt/stack/neutron/neutron/api/rpc/handlers/resources_rpc.py:237}}
Nov 19 21:00:10.249646 n-d-812111-6 neutron-server[103390]: INFO neutron.wsgi [req-2df28550-1157-4907-aa12-d11ece30037b req-05cff078-7157-4a33-8d86-b10e4648de7a tempest-ServerDiagnosticsNegativeTest-1301691719 tempest-ServerDiagnosticsNegativeTest-1301691719-project] 10.222.0.60 "GET /v2.0/security-groups?id=1a593b87-27b5-4cea-a80a-48e9a4413dac&fields=id&fields=name HTTP/1.1" status: 200 len: 286 time: 0.1179881
Nov 19 21:00:10.255582 n-d-812111-6 neutron-server[103390]: INFO neutron.wsgi [req-9ced4d65-d821-4704-93c2-f65e47558f6f req-406479df-29c4-4dbc-923a-7adcd27815b1 tempest-LiveMigrationTest-850176590 tempest-LiveMigrationTest-850176590-project] 10.222.0.60 "GET /v2.0/security-groups?id=e79ce091-a81a-413c-a72c-3d26c3b61f6a&fields=id&fields=name HTTP/1.1" status: 200 len: 286 time: 0.1173208
Nov 19 21:00:10.330537 n-d-812111-6 neutron-server[103392]: DEBUG neutron.plugins.ml2.db [None req-b05e2e22-310b-4af1-8d12-ae9ec2aabffb None None] For port 7f56fda1-8900-4a24-bfe2-2f03a0405fd4, host n-h2-812111-6, got binding levels [PortBindingLevel(driver='hyperv',host='n-h2-812111-6',level=0,port_id=7f56fda1-8900-4a24-bfe2-2f03a0405fd4,segment=NetworkSegment(40c035bc-a87a-4b83-a871-63d80856baba),segment_id=40c035bc-a87a-4b83-a871-63d80856baba)] {{(pid=103392) get_binding_level_objs /opt/stack/neutron/neutron/plugins/ml2/db.py:74}}
Nov 19 21:00:10.339334 n-d-812111-6 neutron-server[103391]: DEBUG neutron.wsgi [-] (103391) accepted ('10.222.0.60', 38700) {{(pid=103391) server /usr/local/lib/python3.8/dist-packages/eventlet/wsgi.py:1004}}
Nov 19 21:00:10.349180 n-d-812111-6 neutron-server[103392]: DEBUG neutron.plugins.ml2.rpc [None req-b05e2e22-310b-4af1-8d12-ae9ec2aabffb None None] Device 7f56fda1-8900-4a24-bfe2-2f03a0405fd4 has no active binding in host n-h1-812111-6 {{(pid=103392) _get_device_details /opt/stack/neutron/neutron/plugins/ml2/rpc.py:158}}
Nov 19 21:00:10.349732 n-d-812111-6 neutron-server[103392]: DEBUG neutron.plugins.ml2.rpc [None req-b05e2e22-310b-4af1-8d12-ae9ec2aabffb None None] Device 5bdaf4d5-cf4c-44f1-92ab-6415b9efaedb details requested by agent hyperv_n-h1-812111-6 with host n-h1-812111-6 {{(pid=103392) get_device_details /opt/stack/neutron/neutron/plugins/ml2/rpc.py:102}}
Nov 19 21:00:10.455354 n-d-812111-6 neutron-server[103392]: DEBUG neutron.plugins.ml2.db [None req-b05e2e22-310b-4af1-8d12-ae9ec2aabffb None None] For port 5bdaf4d5-cf4c-44f1-92ab-6415b9efaedb, host n-h1-812111-6, got binding levels [PortBindingLevel(driver='hyperv',host='n-h1-812111-6',level=0,port_id=5bdaf4d5-cf4c-44f1-92ab-6415b9efaedb,segment=NetworkSegment(800798fe-1403-4947-95ee-99a45c992ed8),segment_id=800798fe-1403-4947-95ee-99a45c992ed8)] {{(pid=103392) get_binding_level_objs /opt/stack/neutron/neutron/plugins/ml2/db.py:74}}
Nov 19 21:00:10.473110 n-d-812111-6 neutron-server[103392]: DEBUG neutron.plugins.ml2.rpc [None req-b05e2e22-310b-4af1-8d12-ae9ec2aabffb None None] Returning: {'device': '5bdaf4d5-cf4c-44f1-92ab-6415b9efaedb', 'network_id': '65695b13-ccc1-441b-8e20-9f2979414d11', 'port_id': '5bdaf4d5-cf4c-44f1-92ab-6415b9efaedb', 'mac_address': 'fa:16:3e:04:f6:10', 'admin_state_up': True, 'network_type': 'vlan', 'segmentation_id': 923, 'physical_network': 'physnet1', 'mtu': 1500, 'fixed_ips': [{'subnet_id': '206fb40f-4c10-4cdc-be76-aa6725b89846', 'ip_address': '192.168.233.172'}], 'device_owner': 'compute:nova', 'allowed_address_pairs': [], 'port_security_enabled': True, 'qos_policy_id': None, 'network_qos_policy_id': None, 'profile': {}, 'propagate_uplink_status': False} {{(pid=103392) _get_device_details /opt/stack/neutron/neutron/plugins/ml2/rpc.py:184}}
Nov 19 21:00:10.512997 n-d-812111-6 neutron-server[103392]: DEBUG neutron_lib.callbacks.manager [None req-b05e2e22-310b-4af1-8d12-ae9ec2aabffb None None] Publish callbacks ['neutron.plugins.ml2.plugin.SecurityGroupDbMixin._ensure_default_security_group_handler-7908326'] for port, before_update {{(pid=103392) _notify_loop /usr/local/lib/python3.8/dist-packages/neutron_lib/callbacks/manager.py:175}}
Nov 19 21:00:10.529591 n-d-812111-6 neutron-server[103392]: DEBUG neutron.notifiers.nova [None req-b05e2e22-310b-4af1-8d12-ae9ec2aabffb None None] Ignoring state change previous_port_status: DOWN current_port_status: BUILD port_id 5bdaf4d5-cf4c-44f1-92ab-6415b9efaedb {{(pid=103392) record_port_status_changed /opt/stack/neutron/neutron/notifiers/nova.py:224}}
Nov 19 21:00:10.553833 n-d-812111-6 neutron-server[103392]: DEBUG neutron.plugins.ml2.db [None req-b05e2e22-310b-4af1-8d12-ae9ec2aabffb None None] For port 5bdaf4d5-cf4c-44f1-92ab-6415b9efaedb, host n-h1-812111-6, got binding levels [PortBindingLevel(driver='hyperv',host='n-h1-812111-6',level=0,port_id=5bdaf4d5-cf4c-44f1-92ab-6415b9efaedb,segment=NetworkSegment(800798fe-1403-4947-95ee-99a45c992ed8),segment_id=800798fe-1403-4947-95ee-99a45c992ed8)] {{(pid=103392) get_binding_level_objs /opt/stack/neutron/neutron/plugins/ml2/db.py:74}}
Nov 19 21:00:10.559324 n-d-812111-6 neutron-server[103392]: DEBUG neutron_lib.callbacks.manager [None req-b05e2e22-310b-4af1-8d12-ae9ec2aabffb None None] Publish callbacks ['neutron.plugins.ml2.plugin.SecurityGroupServerNotifierRpcMixin._notify_sg_on_port_change-7908263', 'neutron.plugins.ml2.ovo_rpc._ObjectChangeHandler.handle_event-175594', 'neutron.api.rpc.agentnotifiers.dhcp_rpc_agent_api.DhcpAgentNotifyAPI._native_event_send_dhcp_notification-563224', 'neutron.db.l3_db.L3RpcNotifierMixin._notify_gateway_port_ip_changed-8726731373918', 'neutron.db.l3_dvrscheduler_db._notify_l3_agent_port_update-8726730867384', 'neutron.db.l3_hascheduler_db._notify_l3_agent_ha_port_update-8726730867402'] for port, after_update {{(pid=103392) _notify_loop /usr/local/lib/python3.8/dist-packages/neutron_lib/callbacks/manager.py:175}}
Nov 19 21:00:10.583666 n-d-812111-6 neutron-server[103391]: DEBUG neutron_lib.callbacks.manager [None req-bcfe6876-96a2-4b6a-be2d-49836d9982a6 admin admin] Publish callbacks [] for security_group, before_create {{(pid=103391) _notify_loop /usr/local/lib/python3.8/dist-packages/neutron_lib/callbacks/manager.py:175}}
Nov 19 21:00:10.617010 n-d-812111-6 neutron-server[103392]: DEBUG neutron.api.rpc.handlers.resources_rpc [None req-b05e2e22-310b-4af1-8d12-ae9ec2aabffb None None] Pushing event updated for resources: {'Port': ['ID=5bdaf4d5-cf4c-44f1-92ab-6415b9efaedb,revision_number=4']} {{(pid=103392) push /opt/stack/neutron/neutron/api/rpc/handlers/resources_rpc.py:237}}
Nov 19 21:00:10.709921 n-d-812111-6 neutron-server[103390]: DEBUG neutron.pecan_wsgi.hooks.policy_enforcement [req-a875ff91-467e-492e-aade-ae9ff19ef453 req-a71517c3-aa6d-44ba-80ca-2bf14a61468a tempest-LiveMigrationNegativeTest-1445207010 tempest-LiveMigrationNegativeTest-1445207010-project] Attributes excluded by policy engine: ['standard_attr_id', 'binding:profile', 'binding:host_id', 'binding:vif_type', 'binding:vif_details'] {{(pid=103390) _exclude_attributes_by_policy /opt/stack/neutron/neutron/pecan_wsgi/hooks/policy_enforcement.py:255}}
Nov 19 21:00:10.716806 n-d-812111-6 neutron-server[103391]: DEBUG neutron_lib.callbacks.manager [None req-bcfe6876-96a2-4b6a-be2d-49836d9982a6 admin admin] Publish callbacks [] for security_group, precommit_create {{(pid=103391) _notify_loop /usr/local/lib/python3.8/dist-packages/neutron_lib/callbacks/manager.py:175}}
Nov 19 21:00:10.717201 n-d-812111-6 neutron-server[103390]: INFO neutron.wsgi [req-a875ff91-467e-492e-aade-ae9ff19ef453 req-a71517c3-aa6d-44ba-80ca-2bf14a61468a tempest-LiveMigrationNegativeTest-1445207010 tempest-LiveMigrationNegativeTest-1445207010-project] 10.222.0.60 "GET /v2.0/ports?device_id=83a0a4a3-96df-4b34-9c78-26dbf2c509bf HTTP/1.1" status: 200 len: 950 time: 0.0820742
Nov 19 21:00:10.722913 n-d-812111-6 neutron-server[103391]: DEBUG neutron_lib.callbacks.manager [None req-bcfe6876-96a2-4b6a-be2d-49836d9982a6 admin admin] Publish callbacks ['neutron.plugins.ml2.ovo_rpc._ObjectChangeHandler.handle_event-550746'] for security_group, after_create {{(pid=103391) _notify_loop /usr/local/lib/python3.8/dist-packages/neutron_lib/callbacks/manager.py:175}}
Nov 19 21:00:10.767182 n-d-812111-6 neutron-server[103390]: INFO neutron.wsgi [req-a875ff91-467e-492e-aade-ae9ff19ef453 req-d8934cad-6859-4d91-aafa-ba5410265393 tempest-LiveMigrationNegativeTest-1445207010 tempest-LiveMigrationNegativeTest-1445207010-project] 10.222.0.60 "GET /v2.0/security-groups?id=53454de5-a093-4b55-8206-269e39d97b8d&fields=id&fields=name HTTP/1.1" status: 200 len: 286 time: 0.0491192
Nov 19 21:00:10.767862 n-d-812111-6 neutron-server[103391]: INFO neutron.wsgi [None req-bcfe6876-96a2-4b6a-be2d-49836d9982a6 admin admin] 10.222.0.60 "GET /v2.0/security-groups?tenant_id=18c9b96b1b474d3cb45052888517cb48&name=default HTTP/1.1" status: 200 len: 2996 time: 0.4286349
Nov 19 21:00:10.768864 n-d-812111-6 neutron-server[103391]: DEBUG neutron.api.rpc.handlers.resources_rpc [None req-bcfe6876-96a2-4b6a-be2d-49836d9982a6 admin admin] Pushing event updated for resources: {'SecurityGroup': ['ID=c8b35102-2442-4527-90d5-e0631205107c,revision_number=1']} {{(pid=103391) push /opt/stack/neutron/neutron/api/rpc/handlers/resources_rpc.py:237}}
Nov 19 21:00:10.771000 n-d-812111-6 neutron-server[103390]: DEBUG neutron.wsgi [-] (103390) accepted ('10.222.0.60', 38722) {{(pid=103390) server /usr/local/lib/python3.8/dist-packages/eventlet/wsgi.py:1004}}
Nov 19 21:00:10.842261 n-d-812111-6 neutron-server[103390]: DEBUG neutron_lib.callbacks.manager [None req-702ac92b-ab38-46f3-b225-4db28ec5257b admin admin] Publish callbacks [] for security_group, before_delete {{(pid=103390) _notify_loop /usr/local/lib/python3.8/dist-packages/neutron_lib/callbacks/manager.py:175}}
Nov 19 21:00:10.854337 n-d-812111-6 neutron-server[103392]: DEBUG neutron.plugins.ml2.db [None req-b05e2e22-310b-4af1-8d12-ae9ec2aabffb None None] get_ports_and_sgs() called for port_ids ['5bdaf4d5-cf4c-44f1-92ab-6415b9efaedb'] {{(pid=103392) get_ports_and_sgs /opt/stack/neutron/neutron/plugins/ml2/db.py:156}}
Nov 19 21:00:10.911166 n-d-812111-6 neutron-server[103390]: DEBUG neutron_lib.callbacks.manager [None req-702ac92b-ab38-46f3-b225-4db28ec5257b admin admin] Publish callbacks [] for security_group, precommit_delete {{(pid=103390) _notify_loop /usr/local/lib/python3.8/dist-packages/neutron_lib/callbacks/manager.py:175}}
Nov 19 21:00:11.017111 n-d-812111-6 neutron-server[103390]: DEBUG neutron_lib.callbacks.manager [None req-702ac92b-ab38-46f3-b225-4db28ec5257b admin admin] Publish callbacks ['neutron.plugins.ml2.ovo_rpc._ObjectChangeHandler.handle_event-550746'] for security_group, after_delete {{(pid=103390) _notify_loop /usr/local/lib/python3.8/dist-packages/neutron_lib/callbacks/manager.py:175}}
Nov 19 21:00:11.022129 n-d-812111-6 neutron-server[103390]: DEBUG neutron_lib.callbacks.manager [None req-702ac92b-ab38-46f3-b225-4db28ec5257b admin admin] Publish callbacks [] for security_group, before_response {{(pid=103390) _notify_loop /usr/local/lib/python3.8/dist-packages/neutron_lib/callbacks/manager.py:175}}
Nov 19 21:00:11.025933 n-d-812111-6 neutron-server[103390]: INFO neutron.wsgi [None req-702ac92b-ab38-46f3-b225-4db28ec5257b admin admin] 10.222.0.60 "DELETE /v2.0/security-groups/c8b35102-2442-4527-90d5-e0631205107c HTTP/1.1" status: 204 len: 168 time: 0.2511897
Nov 19 21:00:11.038786 n-d-812111-6 neutron-server[103390]: DEBUG neutron.api.rpc.handlers.resources_rpc [None req-702ac92b-ab38-46f3-b225-4db28ec5257b admin admin] Pushing event deleted for resources: {'SecurityGroup': ['ID=c8b35102-2442-4527-90d5-e0631205107c,revision_number=None']} {{(pid=103390) push /opt/stack/neutron/neutron/api/rpc/handlers/resources_rpc.py:237}}
Nov 19 21:00:11.119770 n-d-812111-6 neutron-server[103390]: DEBUG neutron.pecan_wsgi.hooks.policy_enforcement [req-6dfea56a-b21a-4ec1-9aa5-afb033c0d4bd req-0a5a2f9d-db5f-4681-a2ab-e2afb813cb1c tempest-LiveMigrationNegativeTest-1445207010 tempest-LiveMigrationNegativeTest-1445207010-project] Attributes excluded by policy engine: ['standard_attr_id', 'binding:profile', 'binding:host_id', 'binding:vif_type', 'binding:vif_details'] {{(pid=103390) _exclude_attributes_by_policy /opt/stack/neutron/neutron/pecan_wsgi/hooks/policy_enforcement.py:255}}
Nov 19 21:00:11.126920 n-d-812111-6 neutron-server[103390]: INFO neutron.wsgi [req-6dfea56a-b21a-4ec1-9aa5-afb033c0d4bd req-0a5a2f9d-db5f-4681-a2ab-e2afb813cb1c tempest-LiveMigrationNegativeTest-1445207010 tempest-LiveMigrationNegativeTest-1445207010-project] 10.222.0.60 "GET /v2.0/ports?device_id=83a0a4a3-96df-4b34-9c78-26dbf2c509bf HTTP/1.1" status: 200 len: 950 time: 0.0610588
Nov 19 21:00:11.171294 n-d-812111-6 neutron-server[103390]: INFO neutron.wsgi [req-6dfea56a-b21a-4ec1-9aa5-afb033c0d4bd req-e8a89cd2-b1fb-4f36-bc06-e201b8880d0c tempest-LiveMigrationNegativeTest-1445207010 tempest-LiveMigrationNegativeTest-1445207010-project] 10.222.0.60 "GET /v2.0/security-groups?id=53454de5-a093-4b55-8206-269e39d97b8d&fields=id&fields=name HTTP/1.1" status: 200 len: 286 time: 0.0434899
Nov 19 21:00:11.304432 n-d-812111-6 neutron-server[103392]: DEBUG neutron_lib.callbacks.manager [None req-b5228e79-5257-4a2f-8608-306503d9051f None None] Publish callbacks ['neutron.services.segments.db._update_segment_host_mapping_for_agent-8726731395220', 'neutron.plugins.ml2.plugin.Ml2Plugin._retry_binding_revived_agents-8025628'] for agent, after_update {{(pid=103392) _notify_loop /usr/local/lib/python3.8/dist-packages/neutron_lib/callbacks/manager.py:175}}
Nov 19 21:00:11.422511 n-d-812111-6 neutron-server[103390]: DEBUG neutron.pecan_wsgi.hooks.policy_enforcement [req-c4294fa5-ad40-436d-867a-a1e18cb21df3 req-32c6e226-5481-4d7e-8b09-cbeca69e757d tempest-LiveMigrationTest-850176590 tempest-LiveMigrationTest-850176590-project] Attributes excluded by policy engine: ['standard_attr_id', 'binding:profile', 'binding:host_id', 'binding:vif_type', 'binding:vif_details'] {{(pid=103390) _exclude_attributes_by_policy /opt/stack/neutron/neutron/pecan_wsgi/hooks/policy_enforcement.py:255}}
Nov 19 21:00:11.432430 n-d-812111-6 neutron-server[103390]: INFO neutron.wsgi [req-c4294fa5-ad40-436d-867a-a1e18cb21df3 req-32c6e226-5481-4d7e-8b09-cbeca69e757d tempest-LiveMigrationTest-850176590 tempest-LiveMigrationTest-850176590-project] 10.222.0.60 "GET /v2.0/ports?device_id=044d1c75-773c-4802-9a2f-a8145ba0691e HTTP/1.1" status: 200 len: 944 time: 0.1013813
Nov 19 21:00:11.464353 n-d-812111-6 neutron-server[103390]: DEBUG neutron.pecan_wsgi.hooks.policy_enforcement [req-a521ee74-b50f-42bc-ae7e-5c53b746daba req-75d139d2-fd4d-41ca-98f8-388d25b9def8 tempest-ServerDiagnosticsNegativeTest-1301691719 tempest-ServerDiagnosticsNegativeTest-1301691719-project] Attributes excluded by policy engine: ['standard_attr_id', 'binding:profile', 'binding:host_id', 'binding:vif_type', 'binding:vif_details'] {{(pid=103390) _exclude_attributes_by_policy /opt/stack/neutron/neutron/pecan_wsgi/hooks/policy_enforcement.py:255}}
Nov 19 21:00:11.465856 n-d-812111-6 neutron-server[103390]: INFO neutron.wsgi [req-a521ee74-b50f-42bc-ae7e-5c53b746daba req-75d139d2-fd4d-41ca-98f8-388d25b9def8 tempest-ServerDiagnosticsNegativeTest-1301691719 tempest-ServerDiagnosticsNegativeTest-1301691719-project] 10.222.0.60 "GET /v2.0/ports?device_id=118e1715-4683-4da2-93bc-857f148defbd HTTP/1.1" status: 200 len: 949 time: 0.1028812
Nov 19 21:00:11.513232 n-d-812111-6 neutron-server[103390]: INFO neutron.wsgi [req-c4294fa5-ad40-436d-867a-a1e18cb21df3 req-45000012-d3cd-4f25-a0ac-bc05b731b4fb tempest-LiveMigrationTest-850176590 tempest-LiveMigrationTest-850176590-project] 10.222.0.60 "GET /v2.0/security-groups?id=e79ce091-a81a-413c-a72c-3d26c3b61f6a&fields=id&fields=name HTTP/1.1" status: 200 len: 286 time: 0.0791314
Nov 19 21:00:11.539214 n-d-812111-6 neutron-server[103390]: INFO neutron.wsgi [req-a521ee74-b50f-42bc-ae7e-5c53b746daba req-0208ae82-adc9-4c4d-8897-2660717b9581 tempest-ServerDiagnosticsNegativeTest-1301691719 tempest-ServerDiagnosticsNegativeTest-1301691719-project] 10.222.0.60 "GET /v2.0/security-groups?id=1a593b87-27b5-4cea-a80a-48e9a4413dac&fields=id&fields=name HTTP/1.1" status: 200 len: 286 time: 0.0606170
Nov 19 21:00:11.647709 n-d-812111-6 neutron-server[103390]: DEBUG neutron.wsgi [-] (103390) accepted ('10.222.0.60', 38764) {{(pid=103390) server /usr/local/lib/python3.8/dist-packages/eventlet/wsgi.py:1004}}
Nov 19 21:00:11.674206 n-d-812111-6 neutron-server[103390]: DEBUG neutron_lib.callbacks.manager [None req-e0062172-57a9-4bb5-b5c7-b6fc9a6a818a admin admin] Publish callbacks [] for security_group, before_create {{(pid=103390) _notify_loop /usr/local/lib/python3.8/dist-packages/neutron_lib/callbacks/manager.py:175}}
Nov 19 21:00:11.789932 n-d-812111-6 neutron-server[103390]: DEBUG neutron_lib.callbacks.manager [None req-e0062172-57a9-4bb5-b5c7-b6fc9a6a818a admin admin] Publish callbacks [] for security_group, precommit_create {{(pid=103390) _notify_loop /usr/local/lib/python3.8/dist-packages/neutron_lib/callbacks/manager.py:175}}
Nov 19 21:00:11.795166 n-d-812111-6 neutron-server[103390]: DEBUG neutron_lib.callbacks.manager [None req-e0062172-57a9-4bb5-b5c7-b6fc9a6a818a admin admin] Publish callbacks ['neutron.plugins.ml2.ovo_rpc._ObjectChangeHandler.handle_event-550746'] for security_group, after_create {{(pid=103390) _notify_loop /usr/local/lib/python3.8/dist-packages/neutron_lib/callbacks/manager.py:175}}
Nov 19 21:00:11.837093 n-d-812111-6 neutron-server[103390]: DEBUG neutron.api.rpc.handlers.resources_rpc [None req-e0062172-57a9-4bb5-b5c7-b6fc9a6a818a admin admin] Pushing event updated for resources: {'SecurityGroup': ['ID=889f8b75-3b50-438e-ab8b-cc9ee90d22cb,revision_number=1']} {{(pid=103390) push /opt/stack/neutron/neutron/api/rpc/handlers/resources_rpc.py:237}}
Nov 19 21:00:11.841395 n-d-812111-6 neutron-server[103390]: INFO neutron.wsgi [None req-e0062172-57a9-4bb5-b5c7-b6fc9a6a818a admin admin] 10.222.0.60 "GET /v2.0/security-groups?tenant_id=9083a1ffafbd4d168886fd63271bf54c&name=default HTTP/1.1" status: 200 len: 2996 time: 0.1926227
Nov 19 21:00:11.844092 n-d-812111-6 neutron-server[103390]: DEBUG neutron.wsgi [-] (103390) accepted ('10.222.0.60', 38776) {{(pid=103390) server /usr/local/lib/python3.8/dist-packages/eventlet/wsgi.py:1004}}
Nov 19 21:00:11.895823 n-d-812111-6 neutron-server[103390]: DEBUG neutron_lib.callbacks.manager [None req-ef6e0816-61e4-402e-b43b-1177ff46eef8 admin admin] Publish callbacks [] for security_group, before_delete {{(pid=103390) _notify_loop /usr/local/lib/python3.8/dist-packages/neutron_lib/callbacks/manager.py:175}}
Nov 19 21:00:11.920534 n-d-812111-6 neutron-server[103390]: DEBUG neutron_lib.callbacks.manager [None req-ef6e0816-61e4-402e-b43b-1177ff46eef8 admin admin] Publish callbacks [] for security_group, precommit_delete {{(pid=103390) _notify_loop /usr/local/lib/python3.8/dist-packages/neutron_lib/callbacks/manager.py:175}}
Nov 19 21:00:11.969360 n-d-812111-6 neutron-server[103390]: DEBUG neutron_lib.callbacks.manager [None req-ef6e0816-61e4-402e-b43b-1177ff46eef8 admin admin] Publish callbacks ['neutron.plugins.ml2.ovo_rpc._ObjectChangeHandler.handle_event-550746'] for security_group, after_delete {{(pid=103390) _notify_loop /usr/local/lib/python3.8/dist-packages/neutron_lib/callbacks/manager.py:175}}
Nov 19 21:00:11.972047 n-d-812111-6 neutron-server[103390]: DEBUG neutron_lib.callbacks.manager [None req-ef6e0816-61e4-402e-b43b-1177ff46eef8 admin admin] Publish callbacks [] for security_group, before_response {{(pid=103390) _notify_loop /usr/local/lib/python3.8/dist-packages/neutron_lib/callbacks/manager.py:175}}
Nov 19 21:00:11.973971 n-d-812111-6 neutron-server[103390]: INFO neutron.wsgi [None req-ef6e0816-61e4-402e-b43b-1177ff46eef8 admin admin] 10.222.0.60 "DELETE /v2.0/security-groups/889f8b75-3b50-438e-ab8b-cc9ee90d22cb HTTP/1.1" status: 204 len: 168 time: 0.1289649
Nov 19 21:00:11.981884 n-d-812111-6 neutron-server[103390]: DEBUG neutron.api.rpc.handlers.resources_rpc [None req-ef6e0816-61e4-402e-b43b-1177ff46eef8 admin admin] Pushing event deleted for resources: {'SecurityGroup': ['ID=889f8b75-3b50-438e-ab8b-cc9ee90d22cb,revision_number=None']} {{(pid=103390) push /opt/stack/neutron/neutron/api/rpc/handlers/resources_rpc.py:237}}
Nov 19 21:00:12.186143 n-d-812111-6 neutron-server[103392]: DEBUG neutron.plugins.ml2.rpc [None req-b05e2e22-310b-4af1-8d12-ae9ec2aabffb None None] Device 5bdaf4d5-cf4c-44f1-92ab-6415b9efaedb up at agent hyperv_n-h1-812111-6 {{(pid=103392) update_device_up /opt/stack/neutron/neutron/plugins/ml2/rpc.py:296}}
Nov 19 21:00:12.240666 n-d-812111-6 neutron-server[103392]: DEBUG neutron.db.provisioning_blocks [None req-b05e2e22-310b-4af1-8d12-ae9ec2aabffb None None] Provisioning for port 5bdaf4d5-cf4c-44f1-92ab-6415b9efaedb completed by entity L2. {{(pid=103392) provisioning_complete /opt/stack/neutron/neutron/db/provisioning_blocks.py:133}}
Nov 19 21:00:12.244733 n-d-812111-6 neutron-server[103392]: DEBUG neutron.db.provisioning_blocks [None req-b05e2e22-310b-4af1-8d12-ae9ec2aabffb None None] Provisioning complete for port 5bdaf4d5-cf4c-44f1-92ab-6415b9efaedb triggered by entity L2. {{(pid=103392) provisioning_complete /opt/stack/neutron/neutron/db/provisioning_blocks.py:139}}
Nov 19 21:00:12.245343 n-d-812111-6 neutron-server[103392]: DEBUG neutron_lib.callbacks.manager [None req-b05e2e22-310b-4af1-8d12-ae9ec2aabffb None None] Publish callbacks ['neutron.plugins.ml2.plugin.Ml2Plugin._port_provisioned-8025677'] for port, provisioning_complete {{(pid=103392) _notify_loop /usr/local/lib/python3.8/dist-packages/neutron_lib/callbacks/manager.py:175}}
Nov 19 21:00:12.340770 n-d-812111-6 neutron-server[103390]: DEBUG neutron.pecan_wsgi.hooks.policy_enforcement [req-087b40ca-39c8-455f-9ced-35144965eb8a req-d1ead0d2-eaaa-4e4d-a10a-8286072197d9 tempest-LiveMigrationNegativeTest-1445207010 tempest-LiveMigrationNegativeTest-1445207010-project] Attributes excluded by policy engine: ['standard_attr_id', 'binding:profile', 'binding:host_id', 'binding:vif_type', 'binding:vif_details'] {{(pid=103390) _exclude_attributes_by_policy /opt/stack/neutron/neutron/pecan_wsgi/hooks/policy_enforcement.py:255}}
Nov 19 21:00:12.344200 n-d-812111-6 neutron-server[103390]: INFO neutron.wsgi [req-087b40ca-39c8-455f-9ced-35144965eb8a req-d1ead0d2-eaaa-4e4d-a10a-8286072197d9 tempest-LiveMigrationNegativeTest-1445207010 tempest-LiveMigrationNegativeTest-1445207010-project] 10.222.0.60 "GET /v2.0/ports?device_id=83a0a4a3-96df-4b34-9c78-26dbf2c509bf HTTP/1.1" status: 200 len: 950 time: 0.0722895
Nov 19 21:00:12.348284 n-d-812111-6 neutron-server[103392]: DEBUG neutron_lib.callbacks.manager [None req-b05e2e22-310b-4af1-8d12-ae9ec2aabffb None None] Publish callbacks ['neutron.plugins.ml2.plugin.SecurityGroupDbMixin._ensure_default_security_group_handler-7908326'] for port, before_update {{(pid=103392) _notify_loop /usr/local/lib/python3.8/dist-packages/neutron_lib/callbacks/manager.py:175}}
Nov 19 21:00:12.388888 n-d-812111-6 neutron-server[103392]: DEBUG neutron.notifiers.nova [-] Sending events: [{'server_uuid': '118e1715-4683-4da2-93bc-857f148defbd', 'name': 'network-vif-plugged', 'status': 'completed', 'tag': '5bdaf4d5-cf4c-44f1-92ab-6415b9efaedb'}] {{(pid=103392) send_events /opt/stack/neutron/neutron/notifiers/nova.py:262}}
Nov 19 21:00:12.388888 n-d-812111-6 neutron-server[103392]: DEBUG novaclient.v2.client [-] REQ: curl -g -i --cacert "/opt/stack/data/ca-bundle.pem" -X POST http://10.222.0.60/compute/v2.1/os-server-external-events -H "Accept: application/json" -H "Content-Type: application/json" -H "User-Agent: python-novaclient" -H "X-Auth-Token: {SHA256}b7e348359a716e8c0959eb4bc834d33f8407f54899b9f5349a3180acd72ee996" -H "X-OpenStack-Nova-API-Version: 2.1" -H "X-OpenStack-Request-ID: req-c983a9e2-0514-441c-89ea-9e40936f2e27" -d '{"events": [{"server_uuid": "118e1715-4683-4da2-93bc-857f148defbd", "name": "network-vif-plugged", "status": "completed", "tag": "5bdaf4d5-cf4c-44f1-92ab-6415b9efaedb"}]}' {{(pid=103392) _http_log_request /usr/local/lib/python3.8/dist-packages/keystoneauth1/session.py:519}}
Nov 19 21:00:12.389806 n-d-812111-6 neutron-server[103392]: DEBUG neutron.plugins.ml2.db [None req-b05e2e22-310b-4af1-8d12-ae9ec2aabffb None None] For port 5bdaf4d5-cf4c-44f1-92ab-6415b9efaedb, host n-h1-812111-6, got binding levels [PortBindingLevel(driver='hyperv',host='n-h1-812111-6',level=0,port_id=5bdaf4d5-cf4c-44f1-92ab-6415b9efaedb,segment=NetworkSegment(800798fe-1403-4947-95ee-99a45c992ed8),segment_id=800798fe-1403-4947-95ee-99a45c992ed8)] {{(pid=103392) get_binding_level_objs /opt/stack/neutron/neutron/plugins/ml2/db.py:74}}
Nov 19 21:00:12.397199 n-d-812111-6 neutron-server[103392]: DEBUG neutron_lib.callbacks.manager [None req-b05e2e22-310b-4af1-8d12-ae9ec2aabffb None None] Publish callbacks ['neutron.plugins.ml2.plugin.SecurityGroupServerNotifierRpcMixin._notify_sg_on_port_change-7908263', 'neutron.plugins.ml2.ovo_rpc._ObjectChangeHandler.handle_event-175594', 'neutron.api.rpc.agentnotifiers.dhcp_rpc_agent_api.DhcpAgentNotifyAPI._native_event_send_dhcp_notification-563224', 'neutron.db.l3_db.L3RpcNotifierMixin._notify_gateway_port_ip_changed-8726731373918', 'neutron.db.l3_dvrscheduler_db._notify_l3_agent_port_update-8726730867384', 'neutron.db.l3_hascheduler_db._notify_l3_agent_ha_port_update-8726730867402'] for port, after_update {{(pid=103392) _notify_loop /usr/local/lib/python3.8/dist-packages/neutron_lib/callbacks/manager.py:175}}
Nov 19 21:00:12.426507 n-d-812111-6 neutron-server[103390]: INFO neutron.wsgi [req-087b40ca-39c8-455f-9ced-35144965eb8a req-1116e376-0c02-4408-9071-4c5d047d3f76 tempest-LiveMigrationNegativeTest-1445207010 tempest-LiveMigrationNegativeTest-1445207010-project] 10.222.0.60 "GET /v2.0/security-groups?id=53454de5-a093-4b55-8206-269e39d97b8d&fields=id&fields=name HTTP/1.1" status: 200 len: 286 time: 0.0709240
Nov 19 21:00:12.454232 n-d-812111-6 neutron-server[103392]: DEBUG neutron.api.rpc.handlers.resources_rpc [None req-b05e2e22-310b-4af1-8d12-ae9ec2aabffb None None] Pushing event updated for resources: {'Port': ['ID=5bdaf4d5-cf4c-44f1-92ab-6415b9efaedb,revision_number=5']} {{(pid=103392) push /opt/stack/neutron/neutron/api/rpc/handlers/resources_rpc.py:237}}
Nov 19 21:00:12.483450 n-d-812111-6 neutron-server[103392]: DEBUG novaclient.v2.client [-] RESP: [200] Connection: close Content-Length: 183 Content-Type: application/json Date: Fri, 19 Nov 2021 21:00:12 GMT OpenStack-API-Version: compute 2.1 Server: Apache/2.4.41 (Ubuntu) Vary: OpenStack-API-Version,X-OpenStack-Nova-API-Version X-OpenStack-Nova-API-Version: 2.1 x-compute-request-id: req-095ca014-3c88-418b-af46-bc0acb542310 x-openstack-request-id: req-095ca014-3c88-418b-af46-bc0acb542310 {{(pid=103392) _http_log_response /usr/local/lib/python3.8/dist-packages/keystoneauth1/session.py:550}}
Nov 19 21:00:12.483767 n-d-812111-6 neutron-server[103392]: DEBUG novaclient.v2.client [-] RESP BODY: {"events": [{"server_uuid": "118e1715-4683-4da2-93bc-857f148defbd", "name": "network-vif-plugged", "status": "completed", "tag": "5bdaf4d5-cf4c-44f1-92ab-6415b9efaedb", "code": 200}]} {{(pid=103392) _http_log_response /usr/local/lib/python3.8/dist-packages/keystoneauth1/session.py:582}}
Nov 19 21:00:12.484088 n-d-812111-6 neutron-server[103392]: DEBUG novaclient.v2.client [-] POST call to compute for http://10.222.0.60/compute/v2.1/os-server-external-events used request id req-095ca014-3c88-418b-af46-bc0acb542310 {{(pid=103392) request /usr/local/lib/python3.8/dist-packages/keystoneauth1/session.py:954}}
Nov 19 21:00:12.484487 n-d-812111-6 neutron-server[103392]: INFO neutron.notifiers.nova [-] Nova event response: {'server_uuid': '118e1715-4683-4da2-93bc-857f148defbd', 'name': 'network-vif-plugged', 'status': 'completed', 'tag': '5bdaf4d5-cf4c-44f1-92ab-6415b9efaedb', 'code': 200}
Nov 19 21:00:12.588818 n-d-812111-6 neutron-server[103390]: DEBUG neutron.pecan_wsgi.hooks.policy_enforcement [req-c0debfb6-3eba-4067-a53a-d0f710c1cc61 req-79d9deea-8cf8-418a-8913-acb0b429b9c5 tempest-LiveMigrationNegativeTest-106996015 tempest-LiveMigrationNegativeTest-106996015-project-admin] Attributes excluded by policy engine: ['standard_attr_id'] {{(pid=103390) _exclude_attributes_by_policy /opt/stack/neutron/neutron/pecan_wsgi/hooks/policy_enforcement.py:255}}
Nov 19 21:00:12.596619 n-d-812111-6 neutron-server[103390]: INFO neutron.wsgi [req-c0debfb6-3eba-4067-a53a-d0f710c1cc61 req-79d9deea-8cf8-418a-8913-acb0b429b9c5 tempest-LiveMigrationNegativeTest-106996015 tempest-LiveMigrationNegativeTest-106996015-project-admin] 10.222.0.60 "GET /v2.0/ports?device_id=83a0a4a3-96df-4b34-9c78-26dbf2c509bf HTTP/1.1" status: 200 len: 1101 time: 0.0639350
Nov 19 21:00:12.610550 n-d-812111-6 neutron-server[103390]: DEBUG neutron_lib.callbacks.manager [req-c0debfb6-3eba-4067-a53a-d0f710c1cc61 req-afd48453-1127-4443-9417-7ff871904edb tempest-LiveMigrationNegativeTest-106996015 tempest-LiveMigrationNegativeTest-106996015-project-admin] Publish callbacks [] for security_group, before_create {{(pid=103390) _notify_loop /usr/local/lib/python3.8/dist-packages/neutron_lib/callbacks/manager.py:175}}
Nov 19 21:00:12.622950 n-d-812111-6 neutron-server[103391]: DEBUG neutron.pecan_wsgi.hooks.policy_enforcement [req-13f6c842-bc05-47fe-a580-dfbf48e55eb7 req-ceabbe14-3104-4c14-ad9c-01daf0793bb5 service neutron] Attributes excluded by policy engine: ['standard_attr_id'] {{(pid=103391) _exclude_attributes_by_policy /opt/stack/neutron/neutron/pecan_wsgi/hooks/policy_enforcement.py:255}}
Nov 19 21:00:12.624985 n-d-812111-6 neutron-server[103391]: INFO neutron.wsgi [req-13f6c842-bc05-47fe-a580-dfbf48e55eb7 req-ceabbe14-3104-4c14-ad9c-01daf0793bb5 service neutron] 10.222.0.76 "GET /v2.0/ports?device_id=118e1715-4683-4da2-93bc-857f148defbd HTTP/1.1" status: 200 len: 1101 time: 0.0635347
Nov 19 21:00:12.694423 n-d-812111-6 neutron-server[103391]: INFO neutron.wsgi [req-13f6c842-bc05-47fe-a580-dfbf48e55eb7 req-49643ae1-f499-401f-b29d-2220fc40c514 service neutron] 10.222.0.76 "GET /v2.0/security-groups?id=1a593b87-27b5-4cea-a80a-48e9a4413dac&fields=id&fields=name HTTP/1.1" status: 200 len: 286 time: 0.0620656
Nov 19 21:00:12.727199 n-d-812111-6 neutron-server[103390]: DEBUG neutron_lib.callbacks.manager [req-c0debfb6-3eba-4067-a53a-d0f710c1cc61 req-afd48453-1127-4443-9417-7ff871904edb tempest-LiveMigrationNegativeTest-106996015 tempest-LiveMigrationNegativeTest-106996015-project-admin] Publish callbacks [] for security_group, precommit_create {{(pid=103390) _notify_loop /usr/local/lib/python3.8/dist-packages/neutron_lib/callbacks/manager.py:175}}
Nov 19 21:00:12.733710 n-d-812111-6 neutron-server[103390]: DEBUG neutron_lib.callbacks.manager [req-c0debfb6-3eba-4067-a53a-d0f710c1cc61 req-afd48453-1127-4443-9417-7ff871904edb tempest-LiveMigrationNegativeTest-106996015 tempest-LiveMigrationNegativeTest-106996015-project-admin] Publish callbacks ['neutron.plugins.ml2.ovo_rpc._ObjectChangeHandler.handle_event-550746'] for security_group, after_create {{(pid=103390) _notify_loop /usr/local/lib/python3.8/dist-packages/neutron_lib/callbacks/manager.py:175}}
Nov 19 21:00:12.771255 n-d-812111-6 neutron-server[103390]: INFO neutron.wsgi [req-c0debfb6-3eba-4067-a53a-d0f710c1cc61 req-afd48453-1127-4443-9417-7ff871904edb tempest-LiveMigrationNegativeTest-106996015 tempest-LiveMigrationNegativeTest-106996015-project-admin] 10.222.0.60 "GET /v2.0/security-groups?id=53454de5-a093-4b55-8206-269e39d97b8d&fields=id&fields=name HTTP/1.1" status: 200 len: 286 time: 0.1737695
Nov 19 21:00:12.773503 n-d-812111-6 neutron-server[103390]: DEBUG neutron.api.rpc.handlers.resources_rpc [None req-afd48453-1127-4443-9417-7ff871904edb tempest-LiveMigrationNegativeTest-106996015 tempest-LiveMigrationNegativeTest-106996015-project-admin] Pushing event updated for resources: {'SecurityGroup': ['ID=d45694f0-d2c7-4160-ba0d-062c4ab30c17,revision_number=1']} {{(pid=103390) push /opt/stack/neutron/neutron/api/rpc/handlers/resources_rpc.py:237}}
Nov 19 21:00:12.887689 n-d-812111-6 neutron-server[103390]: DEBUG neutron.pecan_wsgi.hooks.policy_enforcement [req-ed8f4706-580b-4401-ba78-3d19f0d82519 req-83b635d6-7e46-426e-b2be-b1173b4aad7e tempest-LiveMigrationTest-850176590 tempest-LiveMigrationTest-850176590-project] Attributes excluded by policy engine: ['standard_attr_id', 'binding:profile', 'binding:host_id', 'binding:vif_type', 'binding:vif_details'] {{(pid=103390) _exclude_attributes_by_policy /opt/stack/neutron/neutron/pecan_wsgi/hooks/policy_enforcement.py:255}}
Nov 19 21:00:12.889238 n-d-812111-6 neutron-server[103390]: INFO neutron.wsgi [req-ed8f4706-580b-4401-ba78-3d19f0d82519 req-83b635d6-7e46-426e-b2be-b1173b4aad7e tempest-LiveMigrationTest-850176590 tempest-LiveMigrationTest-850176590-project] 10.222.0.60 "GET /v2.0/ports?device_id=044d1c75-773c-4802-9a2f-a8145ba0691e HTTP/1.1" status: 200 len: 944 time: 0.0524724
Nov 19 21:00:12.939387 n-d-812111-6 neutron-server[103390]: INFO neutron.wsgi [req-ed8f4706-580b-4401-ba78-3d19f0d82519 req-85bc6131-397c-4321-8dc4-45de4edae69b tempest-LiveMigrationTest-850176590 tempest-LiveMigrationTest-850176590-project] 10.222.0.60 "GET /v2.0/security-groups?id=e79ce091-a81a-413c-a72c-3d26c3b61f6a&fields=id&fields=name HTTP/1.1" status: 200 len: 286 time: 0.0439267
Nov 19 21:00:13.057019 n-d-812111-6 neutron-server[103390]: DEBUG neutron.pecan_wsgi.hooks.policy_enforcement [req-22770cc8-ddb1-4247-9caa-8681b16e552f req-1f194b06-9000-4215-aac7-132025b7bb59 tempest-ServerDiagnosticsNegativeTest-1301691719 tempest-ServerDiagnosticsNegativeTest-1301691719-project] Attributes excluded by policy engine: ['standard_attr_id', 'binding:profile', 'binding:host_id', 'binding:vif_type', 'binding:vif_details'] {{(pid=103390) _exclude_attributes_by_policy /opt/stack/neutron/neutron/pecan_wsgi/hooks/policy_enforcement.py:255}}
Nov 19 21:00:13.058549 n-d-812111-6 neutron-server[103390]: INFO neutron.wsgi [req-22770cc8-ddb1-4247-9caa-8681b16e552f req-1f194b06-9000-4215-aac7-132025b7bb59 tempest-ServerDiagnosticsNegativeTest-1301691719 tempest-ServerDiagnosticsNegativeTest-1301691719-project] 10.222.0.60 "GET /v2.0/ports?device_id=118e1715-4683-4da2-93bc-857f148defbd HTTP/1.1" status: 200 len: 950 time: 0.0546834
Nov 19 21:00:13.130822 n-d-812111-6 neutron-server[103390]: INFO neutron.wsgi [req-22770cc8-ddb1-4247-9caa-8681b16e552f req-1720c107-aea4-4146-a007-20e66ef7fc80 tempest-ServerDiagnosticsNegativeTest-1301691719 tempest-ServerDiagnosticsNegativeTest-1301691719-project] 10.222.0.60 "GET /v2.0/security-groups?id=1a593b87-27b5-4cea-a80a-48e9a4413dac&fields=id&fields=name HTTP/1.1" status: 200 len: 286 time: 0.0618176
Nov 19 21:00:13.179945 n-d-812111-6 neutron-server[103390]: INFO neutron.wsgi [req-95c65bda-1c79-46e3-a0f9-867d490a856a req-9522b73a-ea32-41ee-b78c-856718878d90 tempest-MigrationsAdminTest-2030334827 tempest-MigrationsAdminTest-2030334827-project] 10.222.0.60 "GET /v2.0/networks?tenant_id=7c580c7a0a274824b364bce0e150332b&shared=False HTTP/1.1" status: 200 len: 213 time: 0.0276744
Nov 19 21:00:13.295753 n-d-812111-6 neutron-server[103390]: DEBUG neutron.pecan_wsgi.hooks.policy_enforcement [req-95c65bda-1c79-46e3-a0f9-867d490a856a req-97ab868a-77af-4873-b93e-eaaae797c9c0 tempest-MigrationsAdminTest-2030334827 tempest-MigrationsAdminTest-2030334827-project] Attributes excluded by policy engine: ['standard_attr_id', 'vlan_transparent', 'provider:network_type', 'provider:physical_network', 'provider:segmentation_id'] {{(pid=103390) _exclude_attributes_by_policy /opt/stack/neutron/neutron/pecan_wsgi/hooks/policy_enforcement.py:255}}
Nov 19 21:00:13.297282 n-d-812111-6 neutron-server[103390]: INFO neutron.wsgi [req-95c65bda-1c79-46e3-a0f9-867d490a856a req-97ab868a-77af-4873-b93e-eaaae797c9c0 tempest-MigrationsAdminTest-2030334827 tempest-MigrationsAdminTest-2030334827-project] 10.222.0.60 "GET /v2.0/networks?shared=True HTTP/1.1" status: 200 len: 769 time: 0.1118603
Nov 19 21:00:13.313049 n-d-812111-6 neutron-server[103390]: INFO neutron.wsgi [req-95c65bda-1c79-46e3-a0f9-867d490a856a req-b1940c3d-c83b-43b3-822b-bce9ac144a91 tempest-MigrationsAdminTest-2030334827 tempest-MigrationsAdminTest-2030334827-project] 10.222.0.60 "GET /v2.0/quotas/7c580c7a0a274824b364bce0e150332b HTTP/1.1" status: 200 len: 375 time: 0.0100965
Nov 19 21:00:13.352446 n-d-812111-6 neutron-server[103390]: INFO neutron.wsgi [req-95c65bda-1c79-46e3-a0f9-867d490a856a req-82b8d1c6-a95c-4d0a-b3cb-a5cab7e2542b tempest-MigrationsAdminTest-2030334827 tempest-MigrationsAdminTest-2030334827-project] 10.222.0.60 "GET /v2.0/ports?tenant_id=7c580c7a0a274824b364bce0e150332b&fields=id HTTP/1.1" status: 200 len: 210 time: 0.0314593
Nov 19 21:00:13.474626 n-d-812111-6 neutron-server[103392]: DEBUG neutron_lib.callbacks.manager [None req-5ace02b9-bf38-4a1c-929c-a641986f76bb None None] Publish callbacks ['neutron.services.segments.db._update_segment_host_mapping_for_agent-8726731395220', 'neutron.plugins.ml2.plugin.Ml2Plugin._retry_binding_revived_agents-8025628'] for agent, after_update {{(pid=103392) _notify_loop /usr/local/lib/python3.8/dist-packages/neutron_lib/callbacks/manager.py:175}}
Nov 19 21:00:13.616134 n-d-812111-6 neutron-server[103390]: INFO neutron.wsgi [req-247e397f-76e8-4387-86b9-55535f01c509 req-fd28afa9-8146-4585-83c4-8880ff17fbeb service neutron] 10.222.0.81 "GET /v2.0/ports/7f56fda1-8900-4a24-bfe2-2f03a0405fd4/bindings/n-h1-812111-6 HTTP/1.1" status: 200 len: 384 time: 0.1165729
Nov 19 21:00:13.742212 n-d-812111-6 neutron-server[103390]: INFO neutron.wsgi [req-caa9b8de-b692-4718-8269-3855da04e315 req-b1610ad0-6bac-4f55-983f-75b1807546ad tempest-MigrationsAdminTest-2030334827 tempest-MigrationsAdminTest-2030334827-project] 10.222.0.60 "GET /v2.0/ports?device_id=908cb1a8-cc0a-45c3-b214-1dca7b0e5753 HTTP/1.1" status: 200 len: 210 time: 0.0394921
Nov 19 21:00:13.954702 n-d-812111-6 neutron-server[103390]: DEBUG neutron.wsgi [req-54a7577b-0a7d-4dea-827f-1c41ad3ff447 req-e8051242-d90d-4b4a-9467-38c7968446a2 service neutron] http://10.222.0.60:9696/v2.0/extensions returned with HTTP 200 {{(pid=103390) __call__ /opt/stack/neutron/neutron/wsgi.py:729}}
Nov 19 21:00:13.955683 n-d-812111-6 neutron-server[103390]: INFO neutron.wsgi [req-54a7577b-0a7d-4dea-827f-1c41ad3ff447 req-e8051242-d90d-4b4a-9467-38c7968446a2 service neutron] 10.222.0.60 "GET /v2.0/extensions HTTP/1.1" status: 200 len: 14082 time: 0.0051589
Nov 19 21:00:14.008672 n-d-812111-6 neutron-server[103390]: DEBUG neutron.plugins.ml2.db [req-247e397f-76e8-4387-86b9-55535f01c509 req-63b6a28d-4dc2-46ca-971a-5411dc71d09c service neutron] For port 7f56fda1-8900-4a24-bfe2-2f03a0405fd4, host n-h2-812111-6, got binding levels [PortBindingLevel(driver='hyperv',host='n-h2-812111-6',level=0,port_id=7f56fda1-8900-4a24-bfe2-2f03a0405fd4,segment=NetworkSegment(40c035bc-a87a-4b83-a871-63d80856baba),segment_id=40c035bc-a87a-4b83-a871-63d80856baba)] {{(pid=103390) get_binding_level_objs /opt/stack/neutron/neutron/plugins/ml2/db.py:74}}
Nov 19 21:00:14.060974 n-d-812111-6 neutron-server[103390]: DEBUG neutron.plugins.ml2.db [req-247e397f-76e8-4387-86b9-55535f01c509 req-63b6a28d-4dc2-46ca-971a-5411dc71d09c service neutron] For port 7f56fda1-8900-4a24-bfe2-2f03a0405fd4, host n-h2-812111-6, cleared binding levels {{(pid=103390) clear_binding_levels /opt/stack/neutron/neutron/plugins/ml2/db.py:87}}
