Feb 04 17:53:04.337102 n-d-812111-22 devstack@placement-api.service[110315]: DEBUG placement.objects.research_context [req-3fb5c43c-70f1-4319-a5a9-5f47e51c1b2a req-c96ec8dd-fcab-4e10-9476-831f7f9e7131 service placement] found 2 providers with available 1024 MEMORY_MB {{(pid=110315) get_provider_ids_matching /opt/stack/placement/placement/objects/research_context.py:549}}
Feb 04 17:53:04.337556 n-d-812111-22 devstack@placement-api.service[110315]: DEBUG placement.objects.research_context [req-3fb5c43c-70f1-4319-a5a9-5f47e51c1b2a req-c96ec8dd-fcab-4e10-9476-831f7f9e7131 service placement] found 2 providers after filtering by previous result {{(pid=110315) get_provider_ids_matching /opt/stack/placement/placement/objects/research_context.py:580}}
Feb 04 17:53:04.338119 n-d-812111-22 devstack@placement-api.service[110315]: DEBUG placement.objects.research_context [req-3fb5c43c-70f1-4319-a5a9-5f47e51c1b2a req-c96ec8dd-fcab-4e10-9476-831f7f9e7131 service placement] found 2 providers with available 1 VCPU {{(pid=110315) get_provider_ids_matching /opt/stack/placement/placement/objects/research_context.py:549}}
Feb 04 17:53:04.338615 n-d-812111-22 devstack@placement-api.service[110315]: DEBUG placement.objects.research_context [req-3fb5c43c-70f1-4319-a5a9-5f47e51c1b2a req-c96ec8dd-fcab-4e10-9476-831f7f9e7131 service placement] found 2 providers after filtering by previous result {{(pid=110315) get_provider_ids_matching /opt/stack/placement/placement/objects/research_context.py:580}}
Feb 04 17:53:04.369214 n-d-812111-22 devstack@placement-api.service[110315]: DEBUG placement.objects.allocation_candidate [req-3fb5c43c-70f1-4319-a5a9-5f47e51c1b2a req-c96ec8dd-fcab-4e10-9476-831f7f9e7131 service placement] RequestGroup(use_same_provider=False, resources={DISK_GB:1, MEMORY_MB:1024, VCPU:1}, traits=[], aggregates=[]) (suffix '') returned 2 matches {{(pid=110315) _get_by_requests /opt/stack/placement/placement/objects/allocation_candidate.py:145}}
Feb 04 17:53:04.371493 n-d-812111-22 devstack@placement-api.service[110315]: DEBUG placement.objects.allocation_candidate [req-3fb5c43c-70f1-4319-a5a9-5f47e51c1b2a req-c96ec8dd-fcab-4e10-9476-831f7f9e7131 service placement] Merging candidates yields 2 allocation requests and 2 provider summaries {{(pid=110315) _merge_candidates /opt/stack/placement/placement/objects/allocation_candidate.py:783}}
Feb 04 17:53:04.374390 n-d-812111-22 devstack@placement-api.service[110315]: INFO placement.requestlog [req-3fb5c43c-70f1-4319-a5a9-5f47e51c1b2a req-c96ec8dd-fcab-4e10-9476-831f7f9e7131 service placement] 10.222.0.57 "GET /placement/allocation_candidates?limit=1000&resources=DISK_GB%3A1%2CMEMORY_MB%3A1024%2CVCPU%3A1&root_required=%21COMPUTE_STATUS_DISABLED" status: 200 len: 1309 microversion: 1.36
Feb 04 17:53:04.375732 n-d-812111-22 devstack@placement-api.service[110315]: [pid: 110315|app: 0|req: 200/399] 10.222.0.57 () {60 vars in 1506 bytes} [Fri Feb 4 17:53:04 2022] GET /placement/allocation_candidates?limit=1000&resources=DISK_GB%3A1%2CMEMORY_MB%3A1024%2CVCPU%3A1&root_required=%21COMPUTE_STATUS_DISABLED => generated 1309 bytes in 190 msecs (HTTP/1.1 200) 8 headers in 297 bytes (1 switches on core 0)
Feb 04 17:53:04.617970 n-d-812111-22 devstack@placement-api.service[110316]: DEBUG placement.requestlog [req-3fb5c43c-70f1-4319-a5a9-5f47e51c1b2a req-a2b966b6-b5a2-4a9e-9ad3-c0aee307213c None None] Starting request: 10.222.0.57 "GET /placement/allocations/0db2c0f4-751d-4957-9f98-b449eb271435" {{(pid=110316) __call__ /opt/stack/placement/placement/requestlog.py:55}}
Feb 04 17:53:04.652150 n-d-812111-22 devstack@placement-api.service[110316]: INFO placement.requestlog [req-3fb5c43c-70f1-4319-a5a9-5f47e51c1b2a req-a2b966b6-b5a2-4a9e-9ad3-c0aee307213c service placement] 10.222.0.57 "GET /placement/allocations/0db2c0f4-751d-4957-9f98-b449eb271435" status: 200 len: 19 microversion: 1.28
Feb 04 17:53:04.665252 n-d-812111-22 devstack@placement-api.service[110316]: [pid: 110316|app: 0|req: 200/400] 10.222.0.57 () {60 vars in 1380 bytes} [Fri Feb 4 17:53:04 2022] GET /placement/allocations/0db2c0f4-751d-4957-9f98-b449eb271435 => generated 19 bytes in 47 msecs (HTTP/1.1 200) 8 headers in 295 bytes (1 switches on core 0)
Feb 04 17:53:04.669305 n-d-812111-22 devstack@placement-api.service[110315]: DEBUG placement.requestlog [req-3fb5c43c-70f1-4319-a5a9-5f47e51c1b2a req-bc299a1f-bf26-4f6d-89a6-65205a1e9a1e None None] Starting request: 10.222.0.57 "PUT /placement/allocations/0db2c0f4-751d-4957-9f98-b449eb271435" {{(pid=110315) __call__ /opt/stack/placement/placement/requestlog.py:55}}
Feb 04 17:53:04.852765 n-d-812111-22 devstack@placement-api.service[110315]: DEBUG placement.handlers.allocation [req-3fb5c43c-70f1-4319-a5a9-5f47e51c1b2a req-bc299a1f-bf26-4f6d-89a6-65205a1e9a1e service placement] Successfully wrote allocations [, , ] {{(pid=110315) _update_consumers_and_create_allocations /opt/stack/placement/placement/handlers/allocation.py:462}}
Feb 04 17:53:04.862881 n-d-812111-22 devstack@placement-api.service[110315]: INFO placement.requestlog [req-3fb5c43c-70f1-4319-a5a9-5f47e51c1b2a req-bc299a1f-bf26-4f6d-89a6-65205a1e9a1e service placement] 10.222.0.57 "PUT /placement/allocations/0db2c0f4-751d-4957-9f98-b449eb271435" status: 204 len: 0 microversion: 1.36
Feb 04 17:53:04.863932 n-d-812111-22 devstack@placement-api.service[110315]: [pid: 110315|app: 0|req: 201/401] 10.222.0.57 () {64 vars in 1433 bytes} [Fri Feb 4 17:53:04 2022] PUT /placement/allocations/0db2c0f4-751d-4957-9f98-b449eb271435 => generated 0 bytes in 195 msecs (HTTP/1.1 204) 5 headers in 199 bytes (2 switches on core 0)
Feb 04 17:53:05.555382 n-d-812111-22 devstack@placement-api.service[110316]: DEBUG placement.requestlog [req-3fb5c43c-70f1-4319-a5a9-5f47e51c1b2a req-ddb8d052-2bbe-4de1-b72b-4a9b96f6d468 None None] Starting request: 10.222.0.91 "GET /placement/allocations/0db2c0f4-751d-4957-9f98-b449eb271435" {{(pid=110316) __call__ /opt/stack/placement/placement/requestlog.py:55}}
Feb 04 17:53:05.599865 n-d-812111-22 devstack@placement-api.service[110316]: INFO placement.requestlog [req-3fb5c43c-70f1-4319-a5a9-5f47e51c1b2a req-ddb8d052-2bbe-4de1-b72b-4a9b96f6d468 service placement] 10.222.0.91 "GET /placement/allocations/0db2c0f4-751d-4957-9f98-b449eb271435" status: 200 len: 259 microversion: 1.28
Feb 04 17:53:05.605117 n-d-812111-22 devstack@placement-api.service[110316]: [pid: 110316|app: 0|req: 201/402] 10.222.0.91 () {60 vars in 1377 bytes} [Fri Feb 4 17:53:05 2022] GET /placement/allocations/0db2c0f4-751d-4957-9f98-b449eb271435 => generated 259 bytes in 50 msecs (HTTP/1.1 200) 8 headers in 296 bytes (1 switches on core 0)
Feb 04 17:53:06.798168 n-d-812111-22 devstack@placement-api.service[110315]: DEBUG placement.requestlog [req-a265a6d4-312d-4983-9092-c9a0417a6fa9 req-e0c3abb0-fb4a-4c68-9ce3-d11dcff9c27d None None] Starting request: 10.222.0.94 "DELETE /placement/allocations/6a29ae3d-f03c-4eb1-9aa3-bfddfa3e791d" {{(pid=110315) __call__ /opt/stack/placement/placement/requestlog.py:55}}
Feb 04 17:53:06.881440 n-d-812111-22 devstack@placement-api.service[110315]: DEBUG placement.handlers.allocation [req-a265a6d4-312d-4983-9092-c9a0417a6fa9 req-e0c3abb0-fb4a-4c68-9ce3-d11dcff9c27d service placement] Successfully deleted allocations [, , ] {{(pid=110315) delete_allocations /opt/stack/placement/placement/handlers/allocation.py:627}}
Feb 04 17:53:06.887613 n-d-812111-22 devstack@placement-api.service[110315]: INFO placement.requestlog [req-a265a6d4-312d-4983-9092-c9a0417a6fa9 req-e0c3abb0-fb4a-4c68-9ce3-d11dcff9c27d service placement] 10.222.0.94 "DELETE /placement/allocations/6a29ae3d-f03c-4eb1-9aa3-bfddfa3e791d" status: 204 len: 0 microversion: 1.0
Feb 04 17:53:06.893182 n-d-812111-22 devstack@placement-api.service[110315]: [pid: 110315|app: 0|req: 202/403] 10.222.0.94 () {60 vars in 1355 bytes} [Fri Feb 4 17:53:06 2022] DELETE /placement/allocations/6a29ae3d-f03c-4eb1-9aa3-bfddfa3e791d => generated 0 bytes in 94 msecs (HTTP/1.1 204) 5 headers in 198 bytes (1 switches on core 0)
Feb 04 17:53:07.963189 n-d-812111-22 devstack@placement-api.service[110316]: DEBUG placement.requestlog [None req-1784e447-1aa1-471f-a783-e651fe1df6d1 None None] Starting request: 10.222.0.57 "GET /placement/" {{(pid=110316) __call__ /opt/stack/placement/placement/requestlog.py:55}}
Feb 04 17:53:07.964320 n-d-812111-22 devstack@placement-api.service[110316]: INFO placement.requestlog [None req-1784e447-1aa1-471f-a783-e651fe1df6d1 None None] 10.222.0.57 "GET /placement/" status: 200 len: 136 microversion: 1.0
Feb 04 17:53:07.964747 n-d-812111-22 devstack@placement-api.service[110316]: [pid: 110316|app: 0|req: 202/404] 10.222.0.57 () {54 vars in 916 bytes} [Fri Feb 4 17:53:07 2022] GET /placement => generated 136 bytes in 2 msecs (HTTP/1.1 200) 6 headers in 224 bytes (1 switches on core 0)
Feb 04 17:53:07.973814 n-d-812111-22 devstack@placement-api.service[110315]: DEBUG placement.requestlog [req-37ff9e07-0475-4598-9027-204f220633f5 req-73954561-b51d-48dd-95e4-91d5386d0c8d None None] Starting request: 10.222.0.57 "GET /placement/allocations/49fd0c34-b7a7-40c7-a481-b0a0b9ad21f7" {{(pid=110315) __call__ /opt/stack/placement/placement/requestlog.py:55}}
Feb 04 17:53:08.088839 n-d-812111-22 devstack@placement-api.service[110316]: DEBUG placement.requestlog [None req-6c7cd442-3b1b-43bd-8d9e-38e78fc523d3 None None] Starting request: 10.222.0.57 "GET /placement/" {{(pid=110316) __call__ /opt/stack/placement/placement/requestlog.py:55}}
Feb 04 17:53:08.089450 n-d-812111-22 devstack@placement-api.service[110316]: INFO placement.requestlog [None req-6c7cd442-3b1b-43bd-8d9e-38e78fc523d3 None None] 10.222.0.57 "GET /placement/" status: 200 len: 136 microversion: 1.0
Feb 04 17:53:08.089754 n-d-812111-22 devstack@placement-api.service[110316]: [pid: 110316|app: 0|req: 203/405] 10.222.0.57 () {54 vars in 916 bytes} [Fri Feb 4 17:53:08 2022] GET /placement => generated 136 bytes in 2 msecs (HTTP/1.1 200) 6 headers in 224 bytes (1 switches on core 0)
Feb 04 17:53:08.121309 n-d-812111-22 devstack@placement-api.service[110316]: DEBUG placement.requestlog [req-d49e4fe5-8ccd-47ce-8a66-a70de010e39e req-b719cfee-4f26-411f-b0e9-328c1e579f88 None None] Starting request: 10.222.0.57 "GET /placement/allocations/1917d872-d719-4b55-a50d-dd18c722151f" {{(pid=110316) __call__ /opt/stack/placement/placement/requestlog.py:55}}
Feb 04 17:53:08.190581 n-d-812111-22 devstack@placement-api.service[110315]: INFO placement.requestlog [req-37ff9e07-0475-4598-9027-204f220633f5 req-73954561-b51d-48dd-95e4-91d5386d0c8d service placement] 10.222.0.57 "GET /placement/allocations/49fd0c34-b7a7-40c7-a481-b0a0b9ad21f7" status: 200 len: 259 microversion: 1.28
Feb 04 17:53:08.191466 n-d-812111-22 devstack@placement-api.service[110315]: [pid: 110315|app: 0|req: 203/406] 10.222.0.57 () {60 vars in 1380 bytes} [Fri Feb 4 17:53:07 2022] GET /placement/allocations/49fd0c34-b7a7-40c7-a481-b0a0b9ad21f7 => generated 259 bytes in 218 msecs (HTTP/1.1 200) 8 headers in 296 bytes (1 switches on core 0)
Feb 04 17:53:08.192277 n-d-812111-22 devstack@placement-api.service[110315]: DEBUG placement.requestlog [req-379bfd33-3421-44a1-ba15-233a17961fc6 req-13d734ef-a797-4cf3-af40-7f4a055c395b None None] Starting request: 10.222.0.91 "DELETE /placement/allocations/722917dc-d547-414e-8cfd-d67187fc016a" {{(pid=110315) __call__ /opt/stack/placement/placement/requestlog.py:55}}
Feb 04 17:53:08.285379 n-d-812111-22 devstack@placement-api.service[110315]: DEBUG placement.handlers.allocation [req-379bfd33-3421-44a1-ba15-233a17961fc6 req-13d734ef-a797-4cf3-af40-7f4a055c395b service placement] Successfully deleted allocations [, , ] {{(pid=110315) delete_allocations /opt/stack/placement/placement/handlers/allocation.py:627}}
Feb 04 17:53:08.285905 n-d-812111-22 devstack@placement-api.service[110315]: INFO placement.requestlog [req-379bfd33-3421-44a1-ba15-233a17961fc6 req-13d734ef-a797-4cf3-af40-7f4a055c395b service placement] 10.222.0.91 "DELETE /placement/allocations/722917dc-d547-414e-8cfd-d67187fc016a" status: 204 len: 0 microversion: 1.0
Feb 04 17:53:08.286285 n-d-812111-22 devstack@placement-api.service[110315]: [pid: 110315|app: 0|req: 204/407] 10.222.0.91 () {60 vars in 1355 bytes} [Fri Feb 4 17:53:08 2022] DELETE /placement/allocations/722917dc-d547-414e-8cfd-d67187fc016a => generated 0 bytes in 94 msecs (HTTP/1.1 204) 5 headers in 198 bytes (1 switches on core 0)
Feb 04 17:53:08.287383 n-d-812111-22 devstack@placement-api.service[110315]: DEBUG placement.requestlog [req-37ff9e07-0475-4598-9027-204f220633f5 req-4383dfc8-a435-4ad6-99ac-cffe2f767a79 None None] Starting request: 10.222.0.57 "GET /placement/allocations/49fd0c34-b7a7-40c7-a481-b0a0b9ad21f7" {{(pid=110315) __call__ /opt/stack/placement/placement/requestlog.py:55}}
Feb 04 17:53:08.319526 n-d-812111-22 devstack@placement-api.service[110315]: INFO placement.requestlog [req-37ff9e07-0475-4598-9027-204f220633f5 req-4383dfc8-a435-4ad6-99ac-cffe2f767a79 service placement] 10.222.0.57 "GET /placement/allocations/49fd0c34-b7a7-40c7-a481-b0a0b9ad21f7" status: 200 len: 259 microversion: 1.28
Feb 04 17:53:08.321171 n-d-812111-22 devstack@placement-api.service[110316]: INFO placement.requestlog [req-d49e4fe5-8ccd-47ce-8a66-a70de010e39e req-b719cfee-4f26-411f-b0e9-328c1e579f88 service placement] 10.222.0.57 "GET /placement/allocations/1917d872-d719-4b55-a50d-dd18c722151f" status: 200 len: 245 microversion: 1.28
Feb 04 17:53:08.322588 n-d-812111-22 devstack@placement-api.service[110315]: [pid: 110315|app: 0|req: 205/408] 10.222.0.57 () {60 vars in 1380 bytes} [Fri Feb 4 17:53:08 2022] GET /placement/allocations/49fd0c34-b7a7-40c7-a481-b0a0b9ad21f7 => generated 259 bytes in 35 msecs (HTTP/1.1 200) 8 headers in 296 bytes (1 switches on core 0)
Feb 04 17:53:08.328257 n-d-812111-22 devstack@placement-api.service[110316]: [pid: 110316|app: 0|req: 204/409] 10.222.0.57 () {60 vars in 1380 bytes} [Fri Feb 4 17:53:08 2022] GET /placement/allocations/1917d872-d719-4b55-a50d-dd18c722151f => generated 245 bytes in 208 msecs (HTTP/1.1 200) 8 headers in 296 bytes (2 switches on core 0)
Feb 04 17:53:08.328692 n-d-812111-22 devstack@placement-api.service[110315]: DEBUG placement.requestlog [req-37ff9e07-0475-4598-9027-204f220633f5 req-1c1f9d96-c539-4ba0-8fcc-f8ac53dd62d4 None None] Starting request: 10.222.0.57 "GET /placement/allocations/a907b333-12d0-48de-94e8-97c08bc1ed70" {{(pid=110315) __call__ /opt/stack/placement/placement/requestlog.py:55}}
Feb 04 17:53:08.336301 n-d-812111-22 devstack@placement-api.service[110316]: DEBUG placement.requestlog [req-d49e4fe5-8ccd-47ce-8a66-a70de010e39e req-bd9d5d13-0ca4-4e97-a948-ca1ba8c6d642 None None] Starting request: 10.222.0.57 "GET /placement/allocations/1917d872-d719-4b55-a50d-dd18c722151f" {{(pid=110316) __call__ /opt/stack/placement/placement/requestlog.py:55}}
Feb 04 17:53:08.390600 n-d-812111-22 devstack@placement-api.service[110315]: INFO placement.requestlog [req-37ff9e07-0475-4598-9027-204f220633f5 req-1c1f9d96-c539-4ba0-8fcc-f8ac53dd62d4 service placement] 10.222.0.57 "GET /placement/allocations/a907b333-12d0-48de-94e8-97c08bc1ed70" status: 200 len: 19 microversion: 1.28
Feb 04 17:53:08.391417 n-d-812111-22 devstack@placement-api.service[110315]: [pid: 110315|app: 0|req: 206/410] 10.222.0.57 () {60 vars in 1380 bytes} [Fri Feb 4 17:53:08 2022] GET /placement/allocations/a907b333-12d0-48de-94e8-97c08bc1ed70 => generated 19 bytes in 63 msecs (HTTP/1.1 200) 8 headers in 295 bytes (2 switches on core 0)
Feb 04 17:53:08.391660 n-d-812111-22 devstack@placement-api.service[110316]: INFO placement.requestlog [req-d49e4fe5-8ccd-47ce-8a66-a70de010e39e req-bd9d5d13-0ca4-4e97-a948-ca1ba8c6d642 service placement] 10.222.0.57 "GET /placement/allocations/1917d872-d719-4b55-a50d-dd18c722151f" status: 200 len: 245 microversion: 1.28
Feb 04 17:53:08.398088 n-d-812111-22 devstack@placement-api.service[110315]: DEBUG placement.requestlog [req-37ff9e07-0475-4598-9027-204f220633f5 req-4978d2c0-42f4-47c9-a7a0-8a4fc8eccf48 None None] Starting request: 10.222.0.57 "POST /placement/allocations" {{(pid=110315) __call__ /opt/stack/placement/placement/requestlog.py:55}}
Feb 04 17:53:08.398616 n-d-812111-22 devstack@placement-api.service[110316]: [pid: 110316|app: 0|req: 205/411] 10.222.0.57 () {60 vars in 1380 bytes} [Fri Feb 4 17:53:08 2022] GET /placement/allocations/1917d872-d719-4b55-a50d-dd18c722151f => generated 245 bytes in 62 msecs (HTTP/1.1 200) 8 headers in 296 bytes (2 switches on core 0)
Feb 04 17:53:08.403710 n-d-812111-22 devstack@placement-api.service[110316]: DEBUG placement.requestlog [req-d49e4fe5-8ccd-47ce-8a66-a70de010e39e req-08d47a21-ed6f-4ac4-a914-02d08d85843d None None] Starting request: 10.222.0.57 "GET /placement/allocations/48be0a62-7c5d-4322-9712-8fe783a09aed" {{(pid=110316) __call__ /opt/stack/placement/placement/requestlog.py:55}}
Feb 04 17:53:08.436829 n-d-812111-22 devstack@placement-api.service[110316]: INFO placement.requestlog [req-d49e4fe5-8ccd-47ce-8a66-a70de010e39e req-08d47a21-ed6f-4ac4-a914-02d08d85843d service placement] 10.222.0.57 "GET /placement/allocations/48be0a62-7c5d-4322-9712-8fe783a09aed" status: 200 len: 19 microversion: 1.28
Feb 04 17:53:08.445554 n-d-812111-22 devstack@placement-api.service[110316]: [pid: 110316|app: 0|req: 206/412] 10.222.0.57 () {60 vars in 1380 bytes} [Fri Feb 4 17:53:08 2022] GET /placement/allocations/48be0a62-7c5d-4322-9712-8fe783a09aed => generated 19 bytes in 42 msecs (HTTP/1.1 200) 8 headers in 295 bytes (1 switches on core 0)
Feb 04 17:53:08.446933 n-d-812111-22 devstack@placement-api.service[110316]: DEBUG placement.requestlog [req-d49e4fe5-8ccd-47ce-8a66-a70de010e39e req-f6a65678-b2a4-4259-b2d1-734a4d42b29b None None] Starting request: 10.222.0.57 "POST /placement/allocations" {{(pid=110316) __call__ /opt/stack/placement/placement/requestlog.py:55}}
Feb 04 17:53:08.665566 n-d-812111-22 devstack@placement-api.service[110315]: DEBUG placement.handlers.allocation [req-37ff9e07-0475-4598-9027-204f220633f5 req-4978d2c0-42f4-47c9-a7a0-8a4fc8eccf48 service placement] Successfully wrote allocations [, , , , , ] {{(pid=110315) _update_consumers_and_create_allocations /opt/stack/placement/placement/handlers/allocation.py:572}}
Feb 04 17:53:08.675855 n-d-812111-22 devstack@placement-api.service[110315]: INFO placement.requestlog [req-37ff9e07-0475-4598-9027-204f220633f5 req-4978d2c0-42f4-47c9-a7a0-8a4fc8eccf48 service placement] 10.222.0.57 "POST /placement/allocations" status: 204 len: 0 microversion: 1.28
Feb 04 17:53:08.681502 n-d-812111-22 devstack@placement-api.service[110315]: [pid: 110315|app: 0|req: 207/413] 10.222.0.57 () {64 vars in 1323 bytes} [Fri Feb 4 17:53:08 2022] POST /placement/allocations => generated 0 bytes in 279 msecs (HTTP/1.1 204) 5 headers in 199 bytes (1 switches on core 0)
Feb 04 17:53:08.698215 n-d-812111-22 devstack@placement-api.service[110316]: DEBUG placement.handlers.allocation [req-d49e4fe5-8ccd-47ce-8a66-a70de010e39e req-f6a65678-b2a4-4259-b2d1-734a4d42b29b service placement] Successfully wrote allocations [, , , ] {{(pid=110316) _update_consumers_and_create_allocations /opt/stack/placement/placement/handlers/allocation.py:572}}
Feb 04 17:53:08.705574 n-d-812111-22 devstack@placement-api.service[110316]: INFO placement.requestlog [req-d49e4fe5-8ccd-47ce-8a66-a70de010e39e req-f6a65678-b2a4-4259-b2d1-734a4d42b29b service placement] 10.222.0.57 "POST /placement/allocations" status: 204 len: 0 microversion: 1.28
Feb 04 17:53:08.706095 n-d-812111-22 devstack@placement-api.service[110316]: [pid: 110316|app: 0|req: 207/414] 10.222.0.57 () {64 vars in 1323 bytes} [Fri Feb 4 17:53:08 2022] POST /placement/allocations => generated 0 bytes in 259 msecs (HTTP/1.1 204) 5 headers in 199 bytes (1 switches on core 0)
Feb 04 17:53:08.746211 n-d-812111-22 devstack@placement-api.service[110315]: DEBUG placement.requestlog [req-37ff9e07-0475-4598-9027-204f220633f5 req-21588a9f-0280-4c07-ab7e-7816617cfe7d None None] Starting request: 10.222.0.57 "GET /placement/allocations/49fd0c34-b7a7-40c7-a481-b0a0b9ad21f7" {{(pid=110315) __call__ /opt/stack/placement/placement/requestlog.py:55}}
Feb 04 17:53:08.767162 n-d-812111-22 devstack@placement-api.service[110316]: DEBUG placement.requestlog [req-d49e4fe5-8ccd-47ce-8a66-a70de010e39e req-0a791cee-305c-4718-aee6-7b15d2a48234 None None] Starting request: 10.222.0.57 "GET /placement/allocations/1917d872-d719-4b55-a50d-dd18c722151f" {{(pid=110316) __call__ /opt/stack/placement/placement/requestlog.py:55}}
Feb 04 17:53:08.940775 n-d-812111-22 devstack@placement-api.service[110316]: INFO placement.requestlog [req-d49e4fe5-8ccd-47ce-8a66-a70de010e39e req-0a791cee-305c-4718-aee6-7b15d2a48234 service placement] 10.222.0.57 "GET /placement/allocations/1917d872-d719-4b55-a50d-dd18c722151f" status: 200 len: 19 microversion: 1.28
Feb 04 17:53:08.941283 n-d-812111-22 devstack@placement-api.service[110316]: [pid: 110316|app: 0|req: 208/415] 10.222.0.57 () {60 vars in 1380 bytes} [Fri Feb 4 17:53:08 2022] GET /placement/allocations/1917d872-d719-4b55-a50d-dd18c722151f => generated 19 bytes in 176 msecs (HTTP/1.1 200) 8 headers in 295 bytes (1 switches on core 0)
Feb 04 17:53:08.951983 n-d-812111-22 devstack@placement-api.service[110316]: DEBUG placement.requestlog [req-d49e4fe5-8ccd-47ce-8a66-a70de010e39e req-5fc4af78-5608-4a16-b4ca-67f0c72edddf None None] Starting request: 10.222.0.57 "PUT /placement/allocations/1917d872-d719-4b55-a50d-dd18c722151f" {{(pid=110316) __call__ /opt/stack/placement/placement/requestlog.py:55}}
Feb 04 17:53:08.978236 n-d-812111-22 devstack@placement-api.service[110315]: INFO placement.requestlog [req-37ff9e07-0475-4598-9027-204f220633f5 req-21588a9f-0280-4c07-ab7e-7816617cfe7d service placement] 10.222.0.57 "GET /placement/allocations/49fd0c34-b7a7-40c7-a481-b0a0b9ad21f7" status: 200 len: 19 microversion: 1.28
Feb 04 17:53:08.984998 n-d-812111-22 devstack@placement-api.service[110315]: [pid: 110315|app: 0|req: 208/416] 10.222.0.57 () {60 vars in 1380 bytes} [Fri Feb 4 17:53:08 2022] GET /placement/allocations/49fd0c34-b7a7-40c7-a481-b0a0b9ad21f7 => generated 19 bytes in 239 msecs (HTTP/1.1 200) 8 headers in 295 bytes (1 switches on core 0)
Feb 04 17:53:08.986022 n-d-812111-22 devstack@placement-api.service[110315]: DEBUG placement.requestlog [req-37ff9e07-0475-4598-9027-204f220633f5 req-51f66ca7-fcbd-460c-9949-d55e9fdaa80e None None] Starting request: 10.222.0.57 "PUT /placement/allocations/49fd0c34-b7a7-40c7-a481-b0a0b9ad21f7" {{(pid=110315) __call__ /opt/stack/placement/placement/requestlog.py:55}}
Feb 04 17:53:09.041168 n-d-812111-22 devstack@placement-api.service[110316]: DEBUG placement.handlers.allocation [req-d49e4fe5-8ccd-47ce-8a66-a70de010e39e req-5fc4af78-5608-4a16-b4ca-67f0c72edddf service placement] Successfully wrote allocations [, ] {{(pid=110316) _update_consumers_and_create_allocations /opt/stack/placement/placement/handlers/allocation.py:462}}
Feb 04 17:53:09.052504 n-d-812111-22 devstack@placement-api.service[110316]: INFO placement.requestlog [req-d49e4fe5-8ccd-47ce-8a66-a70de010e39e req-5fc4af78-5608-4a16-b4ca-67f0c72edddf service placement] 10.222.0.57 "PUT /placement/allocations/1917d872-d719-4b55-a50d-dd18c722151f" status: 204 len: 0 microversion: 1.28
Feb 04 17:53:09.053391 n-d-812111-22 devstack@placement-api.service[110316]: [pid: 110316|app: 0|req: 209/417] 10.222.0.57 () {64 vars in 1433 bytes} [Fri Feb 4 17:53:08 2022] PUT /placement/allocations/1917d872-d719-4b55-a50d-dd18c722151f => generated 0 bytes in 102 msecs (HTTP/1.1 204) 5 headers in 199 bytes (1 switches on core 0)
Feb 04 17:53:09.127663 n-d-812111-22 devstack@placement-api.service[110315]: DEBUG placement.handlers.allocation [req-37ff9e07-0475-4598-9027-204f220633f5 req-51f66ca7-fcbd-460c-9949-d55e9fdaa80e service placement] Successfully wrote allocations [, , ] {{(pid=110315) _update_consumers_and_create_allocations /opt/stack/placement/placement/handlers/allocation.py:462}}
Feb 04 17:53:09.132077 n-d-812111-22 devstack@placement-api.service[110315]: INFO placement.requestlog [req-37ff9e07-0475-4598-9027-204f220633f5 req-51f66ca7-fcbd-460c-9949-d55e9fdaa80e service placement] 10.222.0.57 "PUT /placement/allocations/49fd0c34-b7a7-40c7-a481-b0a0b9ad21f7" status: 204 len: 0 microversion: 1.28
Feb 04 17:53:09.133784 n-d-812111-22 devstack@placement-api.service[110315]: [pid: 110315|app: 0|req: 209/418] 10.222.0.57 () {64 vars in 1433 bytes} [Fri Feb 4 17:53:08 2022] PUT /placement/allocations/49fd0c34-b7a7-40c7-a481-b0a0b9ad21f7 => generated 0 bytes in 148 msecs (HTTP/1.1 204) 5 headers in 199 bytes (1 switches on core 0)
Feb 04 17:53:09.223369 n-d-812111-22 devstack@placement-api.service[110316]: DEBUG placement.requestlog [req-9ba14d06-b7dd-4f43-88fa-e9481ca5d3b9 req-b71f4226-9eb2-4a6b-8497-619f0c3fde45 None None] Starting request: 10.222.0.94 "GET /placement/resource_providers/cbada6de-1949-475a-8478-6fd35f4776ea/allocations" {{(pid=110316) __call__ /opt/stack/placement/placement/requestlog.py:55}}
Feb 04 17:53:09.264897 n-d-812111-22 devstack@placement-api.service[110316]: INFO placement.requestlog [req-9ba14d06-b7dd-4f43-88fa-e9481ca5d3b9 req-b71f4226-9eb2-4a6b-8497-619f0c3fde45 service placement] 10.222.0.94 "GET /placement/resource_providers/cbada6de-1949-475a-8478-6fd35f4776ea/allocations" status: 200 len: 645 microversion: 1.0
Feb 04 17:53:09.266422 n-d-812111-22 devstack@placement-api.service[110316]: [pid: 110316|app: 0|req: 210/419] 10.222.0.94 () {58 vars in 1390 bytes} [Fri Feb 4 17:53:09 2022] GET /placement/resource_providers/cbada6de-1949-475a-8478-6fd35f4776ea/allocations => generated 645 bytes in 43 msecs (HTTP/1.1 200) 6 headers in 224 bytes (1 switches on core 0)
Feb 04 17:53:09.288203 n-d-812111-22 devstack@placement-api.service[110315]: DEBUG placement.requestlog [req-d49e4fe5-8ccd-47ce-8a66-a70de010e39e req-256961b6-436a-4dda-b844-959a19ed0316 None None] Starting request: 10.222.0.91 "GET /placement/allocations/1917d872-d719-4b55-a50d-dd18c722151f" {{(pid=110315) __call__ /opt/stack/placement/placement/requestlog.py:55}}
Feb 04 17:53:09.324694 n-d-812111-22 devstack@placement-api.service[110315]: INFO placement.requestlog [req-d49e4fe5-8ccd-47ce-8a66-a70de010e39e req-256961b6-436a-4dda-b844-959a19ed0316 service placement] 10.222.0.91 "GET /placement/allocations/1917d872-d719-4b55-a50d-dd18c722151f" status: 200 len: 245 microversion: 1.28
Feb 04 17:53:09.325516 n-d-812111-22 devstack@placement-api.service[110315]: [pid: 110315|app: 0|req: 210/420] 10.222.0.91 () {60 vars in 1377 bytes} [Fri Feb 4 17:53:09 2022] GET /placement/allocations/1917d872-d719-4b55-a50d-dd18c722151f => generated 245 bytes in 38 msecs (HTTP/1.1 200) 8 headers in 296 bytes (1 switches on core 0)
Feb 04 17:53:09.328856 n-d-812111-22 devstack@placement-api.service[110316]: DEBUG placement.requestlog [req-37ff9e07-0475-4598-9027-204f220633f5 req-976c5142-dfd4-4cf3-b20d-2ae19fbea6c5 None None] Starting request: 10.222.0.94 "GET /placement/allocations/49fd0c34-b7a7-40c7-a481-b0a0b9ad21f7" {{(pid=110316) __call__ /opt/stack/placement/placement/requestlog.py:55}}
Feb 04 17:53:09.376537 n-d-812111-22 devstack@placement-api.service[110316]: INFO placement.requestlog [req-37ff9e07-0475-4598-9027-204f220633f5 req-976c5142-dfd4-4cf3-b20d-2ae19fbea6c5 service placement] 10.222.0.94 "GET /placement/allocations/49fd0c34-b7a7-40c7-a481-b0a0b9ad21f7" status: 200 len: 259 microversion: 1.28
Feb 04 17:53:09.381883 n-d-812111-22 devstack@placement-api.service[110316]: [pid: 110316|app: 0|req: 211/421] 10.222.0.94 () {60 vars in 1377 bytes} [Fri Feb 4 17:53:09 2022] GET /placement/allocations/49fd0c34-b7a7-40c7-a481-b0a0b9ad21f7 => generated 259 bytes in 53 msecs (HTTP/1.1 200) 8 headers in 296 bytes (1 switches on core 0)
Feb 04 17:53:10.472415 n-d-812111-22 devstack@placement-api.service[110315]: DEBUG placement.requestlog [req-752d652e-db68-4207-bf26-436733135e92 req-1e31f15d-fa46-4da9-9bf6-4282de2a987f None None] Starting request: 10.222.0.91 "GET /placement/resource_providers/0e4d2fce-db5f-4f82-953d-00475c468bd1/allocations" {{(pid=110315) __call__ /opt/stack/placement/placement/requestlog.py:55}}
Feb 04 17:53:10.523917 n-d-812111-22 devstack@placement-api.service[110315]: INFO placement.requestlog [req-752d652e-db68-4207-bf26-436733135e92 req-1e31f15d-fa46-4da9-9bf6-4282de2a987f service placement] 10.222.0.91 "GET /placement/resource_providers/0e4d2fce-db5f-4f82-953d-00475c468bd1/allocations" status: 200 len: 645 microversion: 1.0
Feb 04 17:53:10.529610 n-d-812111-22 devstack@placement-api.service[110315]: [pid: 110315|app: 0|req: 211/422] 10.222.0.91 () {58 vars in 1390 bytes} [Fri Feb 4 17:53:10 2022] GET /placement/resource_providers/0e4d2fce-db5f-4f82-953d-00475c468bd1/allocations => generated 645 bytes in 57 msecs (HTTP/1.1 200) 6 headers in 224 bytes (1 switches on core 0)
Feb 04 17:53:17.394864 n-d-812111-22 devstack@placement-api.service[110316]: DEBUG placement.requestlog [req-0b87268a-ca5b-4f89-b50d-4814320884b3 req-73583af5-1f15-4168-83e9-dbe772aa3594 None None] Starting request: 10.222.0.94 "DELETE /placement/allocations/0398bb6e-722b-403e-9bcb-ba0191ad41bd" {{(pid=110316) __call__ /opt/stack/placement/placement/requestlog.py:55}}
Feb 04 17:53:17.445586 n-d-812111-22 devstack@placement-api.service[110316]: DEBUG placement.handlers.allocation [req-0b87268a-ca5b-4f89-b50d-4814320884b3 req-73583af5-1f15-4168-83e9-dbe772aa3594 service placement] Successfully deleted allocations [, , ] {{(pid=110316) delete_allocations /opt/stack/placement/placement/handlers/allocation.py:627}}
Feb 04 17:53:17.446468 n-d-812111-22 devstack@placement-api.service[110316]: INFO placement.requestlog [req-0b87268a-ca5b-4f89-b50d-4814320884b3 req-73583af5-1f15-4168-83e9-dbe772aa3594 service placement] 10.222.0.94 "DELETE /placement/allocations/0398bb6e-722b-403e-9bcb-ba0191ad41bd" status: 204 len: 0 microversion: 1.0
Feb 04 17:53:17.447325 n-d-812111-22 devstack@placement-api.service[110316]: [pid: 110316|app: 0|req: 212/423] 10.222.0.94 () {60 vars in 1355 bytes} [Fri Feb 4 17:53:17 2022] DELETE /placement/allocations/0398bb6e-722b-403e-9bcb-ba0191ad41bd => generated 0 bytes in 53 msecs (HTTP/1.1 204) 5 headers in 198 bytes (2 switches on core 0)
Feb 04 17:53:22.574729 n-d-812111-22 devstack@placement-api.service[110315]: DEBUG placement.requestlog [req-0501ae19-cf40-433b-99e6-eb2f6e4c085c req-9084169e-6779-4697-8fd1-5fcdd078d519 None None] Starting request: 10.222.0.57 "GET /placement/allocation_candidates?limit=1000&resources=DISK_GB%3A1%2CMEMORY_MB%3A1024%2CVCPU%3A1&root_required=%21COMPUTE_STATUS_DISABLED" {{(pid=110315) __call__ /opt/stack/placement/placement/requestlog.py:55}}
Feb 04 17:53:22.645470 n-d-812111-22 devstack@placement-api.service[110315]: DEBUG placement.objects.research_context [req-0501ae19-cf40-433b-99e6-eb2f6e4c085c req-9084169e-6779-4697-8fd1-5fcdd078d519 service placement] getting providers with 1 DISK_GB {{(pid=110315) __init__ /opt/stack/placement/placement/objects/research_context.py:126}}
Feb 04 17:53:22.652638 n-d-812111-22 devstack@placement-api.service[110315]: DEBUG placement.objects.research_context [req-0501ae19-cf40-433b-99e6-eb2f6e4c085c req-9084169e-6779-4697-8fd1-5fcdd078d519 service placement] getting providers with 1024 MEMORY_MB {{(pid=110315) __init__ /opt/stack/placement/placement/objects/research_context.py:126}}
Feb 04 17:53:22.658922 n-d-812111-22 devstack@placement-api.service[110315]: DEBUG placement.objects.research_context [req-0501ae19-cf40-433b-99e6-eb2f6e4c085c req-9084169e-6779-4697-8fd1-5fcdd078d519 service placement] getting providers with 1 VCPU {{(pid=110315) __init__ /opt/stack/placement/placement/objects/research_context.py:126}}
Feb 04 17:53:22.667905 n-d-812111-22 devstack@placement-api.service[110315]: DEBUG placement.objects.research_context [req-0501ae19-cf40-433b-99e6-eb2f6e4c085c req-9084169e-6779-4697-8fd1-5fcdd078d519 service placement] found 2 providers with available 1 DISK_GB {{(pid=110315) get_provider_ids_matching /opt/stack/placement/placement/objects/research_context.py:549}}
Feb 04 17:53:22.668182 n-d-812111-22 devstack@placement-api.service[110315]: DEBUG placement.objects.research_context [req-0501ae19-cf40-433b-99e6-eb2f6e4c085c req-9084169e-6779-4697-8fd1-5fcdd078d519 service placement] found 2 providers with available 1024 MEMORY_MB {{(pid=110315) get_provider_ids_matching /opt/stack/placement/placement/objects/research_context.py:549}}
Feb 04 17:53:22.668462 n-d-812111-22 devstack@placement-api.service[110315]: DEBUG placement.objects.research_context [req-0501ae19-cf40-433b-99e6-eb2f6e4c085c req-9084169e-6779-4697-8fd1-5fcdd078d519 service placement] found 2 providers after filtering by previous result {{(pid=110315) get_provider_ids_matching /opt/stack/placement/placement/objects/research_context.py:580}}
Feb 04 17:53:22.668725 n-d-812111-22 devstack@placement-api.service[110315]: DEBUG placement.objects.research_context [req-0501ae19-cf40-433b-99e6-eb2f6e4c085c req-9084169e-6779-4697-8fd1-5fcdd078d519 service placement] found 2 providers with available 1 VCPU {{(pid=110315) get_provider_ids_matching /opt/stack/placement/placement/objects/research_context.py:549}}
Feb 04 17:53:22.668990 n-d-812111-22 devstack@placement-api.service[110315]: DEBUG placement.objects.research_context [req-0501ae19-cf40-433b-99e6-eb2f6e4c085c req-9084169e-6779-4697-8fd1-5fcdd078d519 service placement] found 2 providers after filtering by previous result {{(pid=110315) get_provider_ids_matching /opt/stack/placement/placement/objects/research_context.py:580}}
Feb 04 17:53:22.689212 n-d-812111-22 devstack@placement-api.service[110315]: DEBUG placement.objects.allocation_candidate [req-0501ae19-cf40-433b-99e6-eb2f6e4c085c req-9084169e-6779-4697-8fd1-5fcdd078d519 service placement] RequestGroup(use_same_provider=False, resources={DISK_GB:1, MEMORY_MB:1024, VCPU:1}, traits=[], aggregates=[]) (suffix '') returned 2 matches {{(pid=110315) _get_by_requests /opt/stack/placement/placement/objects/allocation_candidate.py:145}}
Feb 04 17:53:22.689908 n-d-812111-22 devstack@placement-api.service[110315]: DEBUG placement.objects.allocation_candidate [req-0501ae19-cf40-433b-99e6-eb2f6e4c085c req-9084169e-6779-4697-8fd1-5fcdd078d519 service placement] Merging candidates yields 2 allocation requests and 2 provider summaries {{(pid=110315) _merge_candidates /opt/stack/placement/placement/objects/allocation_candidate.py:783}}
Feb 04 17:53:22.692165 n-d-812111-22 devstack@placement-api.service[110315]: INFO placement.requestlog [req-0501ae19-cf40-433b-99e6-eb2f6e4c085c req-9084169e-6779-4697-8fd1-5fcdd078d519 service placement] 10.222.0.57 "GET /placement/allocation_candidates?limit=1000&resources=DISK_GB%3A1%2CMEMORY_MB%3A1024%2CVCPU%3A1&root_required=%21COMPUTE_STATUS_DISABLED" status: 200 len: 1309 microversion: 1.36
Feb 04 17:53:22.693153 n-d-812111-22 devstack@placement-api.service[110315]: [pid: 110315|app: 0|req: 212/424] 10.222.0.57 () {60 vars in 1506 bytes} [Fri Feb 4 17:53:22 2022] GET /placement/allocation_candidates?limit=1000&resources=DISK_GB%3A1%2CMEMORY_MB%3A1024%2CVCPU%3A1&root_required=%21COMPUTE_STATUS_DISABLED => generated 1309 bytes in 119 msecs (HTTP/1.1 200) 8 headers in 297 bytes (1 switches on core 0)
Feb 04 17:53:22.801093 n-d-812111-22 devstack@placement-api.service[110316]: DEBUG placement.requestlog [req-0501ae19-cf40-433b-99e6-eb2f6e4c085c req-b1b46f11-87c2-408f-bb29-c83ae1d26894 None None] Starting request: 10.222.0.57 "GET /placement/allocations/4303e2d1-1d88-4d0a-a06c-c67edfdb8681" {{(pid=110316) __call__ /opt/stack/placement/placement/requestlog.py:55}}
Feb 04 17:53:22.817809 n-d-812111-22 devstack@placement-api.service[110316]: INFO placement.requestlog [req-0501ae19-cf40-433b-99e6-eb2f6e4c085c req-b1b46f11-87c2-408f-bb29-c83ae1d26894 service placement] 10.222.0.57 "GET /placement/allocations/4303e2d1-1d88-4d0a-a06c-c67edfdb8681" status: 200 len: 19 microversion: 1.28
Feb 04 17:53:22.818529 n-d-812111-22 devstack@placement-api.service[110316]: [pid: 110316|app: 0|req: 213/425] 10.222.0.57 () {60 vars in 1380 bytes} [Fri Feb 4 17:53:22 2022] GET /placement/allocations/4303e2d1-1d88-4d0a-a06c-c67edfdb8681 => generated 19 bytes in 18 msecs (HTTP/1.1 200) 8 headers in 295 bytes (1 switches on core 0)
Feb 04 17:53:22.825393 n-d-812111-22 devstack@placement-api.service[110315]: DEBUG placement.requestlog [req-0501ae19-cf40-433b-99e6-eb2f6e4c085c req-41013687-377a-4110-b731-4c8a87b8b57d None None] Starting request: 10.222.0.57 "PUT /placement/allocations/4303e2d1-1d88-4d0a-a06c-c67edfdb8681" {{(pid=110315) __call__ /opt/stack/placement/placement/requestlog.py:55}}
Feb 04 17:53:22.959950 n-d-812111-22 devstack@placement-api.service[110316]: DEBUG placement.requestlog [req-bb8b6996-cbc9-4886-90b2-a2af75495891 req-60cf507a-1ed8-49f6-941d-8434705bfd85 None None] Starting request: 10.222.0.94 "DELETE /placement/allocations/be37b1dd-227b-4ef3-8815-dd9fc2e08bda" {{(pid=110316) __call__ /opt/stack/placement/placement/requestlog.py:55}}
Feb 04 17:53:22.989255 n-d-812111-22 devstack@placement-api.service[110315]: DEBUG placement.handlers.allocation [req-0501ae19-cf40-433b-99e6-eb2f6e4c085c req-41013687-377a-4110-b731-4c8a87b8b57d service placement] Successfully wrote allocations [, , ] {{(pid=110315) _update_consumers_and_create_allocations /opt/stack/placement/placement/handlers/allocation.py:462}}
Feb 04 17:53:23.003885 n-d-812111-22 devstack@placement-api.service[110315]: INFO placement.requestlog [req-0501ae19-cf40-433b-99e6-eb2f6e4c085c req-41013687-377a-4110-b731-4c8a87b8b57d service placement] 10.222.0.57 "PUT /placement/allocations/4303e2d1-1d88-4d0a-a06c-c67edfdb8681" status: 204 len: 0 microversion: 1.36
Feb 04 17:53:23.004695 n-d-812111-22 devstack@placement-api.service[110315]: [pid: 110315|app: 0|req: 213/426] 10.222.0.57 () {64 vars in 1433 bytes} [Fri Feb 4 17:53:22 2022] PUT /placement/allocations/4303e2d1-1d88-4d0a-a06c-c67edfdb8681 => generated 0 bytes in 180 msecs (HTTP/1.1 204) 5 headers in 199 bytes (1 switches on core 0)
Feb 04 17:53:23.025546 n-d-812111-22 devstack@placement-api.service[110316]: DEBUG placement.handlers.allocation [req-bb8b6996-cbc9-4886-90b2-a2af75495891 req-60cf507a-1ed8-49f6-941d-8434705bfd85 service placement] Successfully deleted allocations [, , ] {{(pid=110316) delete_allocations /opt/stack/placement/placement/handlers/allocation.py:627}}
Feb 04 17:53:23.027088 n-d-812111-22 devstack@placement-api.service[110316]: INFO placement.requestlog [req-bb8b6996-cbc9-4886-90b2-a2af75495891 req-60cf507a-1ed8-49f6-941d-8434705bfd85 service placement] 10.222.0.94 "DELETE /placement/allocations/be37b1dd-227b-4ef3-8815-dd9fc2e08bda" status: 204 len: 0 microversion: 1.0
Feb 04 17:53:23.027917 n-d-812111-22 devstack@placement-api.service[110316]: [pid: 110316|app: 0|req: 214/427] 10.222.0.94 () {60 vars in 1355 bytes} [Fri Feb 4 17:53:22 2022] DELETE /placement/allocations/be37b1dd-227b-4ef3-8815-dd9fc2e08bda => generated 0 bytes in 68 msecs (HTTP/1.1 204) 5 headers in 198 bytes (2 switches on core 0)
Feb 04 17:53:23.402848 n-d-812111-22 devstack@placement-api.service[110315]: DEBUG placement.requestlog [req-0501ae19-cf40-433b-99e6-eb2f6e4c085c req-d22535c1-5556-4560-9ceb-f93561b2b958 None None] Starting request: 10.222.0.94 "GET /placement/allocations/4303e2d1-1d88-4d0a-a06c-c67edfdb8681" {{(pid=110315) __call__ /opt/stack/placement/placement/requestlog.py:55}}
Feb 04 17:53:23.430559 n-d-812111-22 devstack@placement-api.service[110315]: INFO placement.requestlog [req-0501ae19-cf40-433b-99e6-eb2f6e4c085c req-d22535c1-5556-4560-9ceb-f93561b2b958 service placement] 10.222.0.94 "GET /placement/allocations/4303e2d1-1d88-4d0a-a06c-c67edfdb8681" status: 200 len: 259 microversion: 1.28
Feb 04 17:53:23.434182 n-d-812111-22 devstack@placement-api.service[110315]: [pid: 110315|app: 0|req: 214/428] 10.222.0.94 () {60 vars in 1377 bytes} [Fri Feb 4 17:53:23 2022] GET /placement/allocations/4303e2d1-1d88-4d0a-a06c-c67edfdb8681 => generated 259 bytes in 37 msecs (HTTP/1.1 200) 8 headers in 296 bytes (1 switches on core 0)
Feb 04 17:53:40.993413 n-d-812111-22 devstack@placement-api.service[110316]: DEBUG placement.requestlog [req-b7a5cd5d-eba3-4da3-a5e8-5aabbe1a2bd1 req-6d68e402-d1fc-4677-adb9-8bb0ba64c9e0 None None] Starting request: 10.222.0.94 "DELETE /placement/allocations/4303e2d1-1d88-4d0a-a06c-c67edfdb8681" {{(pid=110316) __call__ /opt/stack/placement/placement/requestlog.py:55}}
Feb 04 17:53:41.081417 n-d-812111-22 devstack@placement-api.service[110316]: DEBUG placement.handlers.allocation [req-b7a5cd5d-eba3-4da3-a5e8-5aabbe1a2bd1 req-6d68e402-d1fc-4677-adb9-8bb0ba64c9e0 service placement] Successfully deleted allocations [, , ] {{(pid=110316) delete_allocations /opt/stack/placement/placement/handlers/allocation.py:627}}
Feb 04 17:53:41.081996 n-d-812111-22 devstack@placement-api.service[110316]: INFO placement.requestlog [req-b7a5cd5d-eba3-4da3-a5e8-5aabbe1a2bd1 req-6d68e402-d1fc-4677-adb9-8bb0ba64c9e0 service placement] 10.222.0.94 "DELETE /placement/allocations/4303e2d1-1d88-4d0a-a06c-c67edfdb8681" status: 204 len: 0 microversion: 1.0
Feb 04 17:53:41.082804 n-d-812111-22 devstack@placement-api.service[110316]: [pid: 110316|app: 0|req: 215/429] 10.222.0.94 () {60 vars in 1355 bytes} [Fri Feb 4 17:53:40 2022] DELETE /placement/allocations/4303e2d1-1d88-4d0a-a06c-c67edfdb8681 => generated 0 bytes in 89 msecs (HTTP/1.1 204) 5 headers in 198 bytes (1 switches on core 0)
Feb 04 17:53:52.380525 n-d-812111-22 devstack@placement-api.service[110315]: DEBUG placement.requestlog [req-4736403c-aed7-4b8e-b150-a24f49b610f8 req-34cc57f9-2758-4cea-8f06-83587535168b None None] Starting request: 10.222.0.57 "GET /placement/allocation_candidates?limit=1000&resources=DISK_GB%3A1%2CMEMORY_MB%3A1024%2CVCPU%3A1&root_required=%21COMPUTE_STATUS_DISABLED" {{(pid=110315) __call__ /opt/stack/placement/placement/requestlog.py:55}}
Feb 04 17:53:52.540644 n-d-812111-22 devstack@placement-api.service[110315]: DEBUG placement.objects.research_context [req-4736403c-aed7-4b8e-b150-a24f49b610f8 req-34cc57f9-2758-4cea-8f06-83587535168b service placement] getting providers with 1 DISK_GB {{(pid=110315) __init__ /opt/stack/placement/placement/objects/research_context.py:126}}
Feb 04 17:53:52.578116 n-d-812111-22 devstack@placement-api.service[110315]: DEBUG placement.objects.research_context [req-4736403c-aed7-4b8e-b150-a24f49b610f8 req-34cc57f9-2758-4cea-8f06-83587535168b service placement] getting providers with 1024 MEMORY_MB {{(pid=110315) __init__ /opt/stack/placement/placement/objects/research_context.py:126}}
Feb 04 17:53:52.599729 n-d-812111-22 devstack@placement-api.service[110315]: DEBUG placement.objects.research_context [req-4736403c-aed7-4b8e-b150-a24f49b610f8 req-34cc57f9-2758-4cea-8f06-83587535168b service placement] getting providers with 1 VCPU {{(pid=110315) __init__ /opt/stack/placement/placement/objects/research_context.py:126}}
Feb 04 17:53:52.620177 n-d-812111-22 devstack@placement-api.service[110315]: DEBUG placement.objects.research_context [req-4736403c-aed7-4b8e-b150-a24f49b610f8 req-34cc57f9-2758-4cea-8f06-83587535168b service placement] found 2 providers with available 1 DISK_GB {{(pid=110315) get_provider_ids_matching /opt/stack/placement/placement/objects/research_context.py:549}}
Feb 04 17:53:52.620648 n-d-812111-22 devstack@placement-api.service[110315]: DEBUG placement.objects.research_context [req-4736403c-aed7-4b8e-b150-a24f49b610f8 req-34cc57f9-2758-4cea-8f06-83587535168b service placement] found 2 providers with available 1024 MEMORY_MB {{(pid=110315) get_provider_ids_matching /opt/stack/placement/placement/objects/research_context.py:549}}
Feb 04 17:53:52.621087 n-d-812111-22 devstack@placement-api.service[110315]: DEBUG placement.objects.research_context [req-4736403c-aed7-4b8e-b150-a24f49b610f8 req-34cc57f9-2758-4cea-8f06-83587535168b service placement] found 2 providers after filtering by previous result {{(pid=110315) get_provider_ids_matching /opt/stack/placement/placement/objects/research_context.py:580}}
Feb 04 17:53:52.621588 n-d-812111-22 devstack@placement-api.service[110315]: DEBUG placement.objects.research_context [req-4736403c-aed7-4b8e-b150-a24f49b610f8 req-34cc57f9-2758-4cea-8f06-83587535168b service placement] found 2 providers with available 1 VCPU {{(pid=110315) get_provider_ids_matching /opt/stack/placement/placement/objects/research_context.py:549}}
Feb 04 17:53:52.622080 n-d-812111-22 devstack@placement-api.service[110315]: DEBUG placement.objects.research_context [req-4736403c-aed7-4b8e-b150-a24f49b610f8 req-34cc57f9-2758-4cea-8f06-83587535168b service placement] found 2 providers after filtering by previous result {{(pid=110315) get_provider_ids_matching /opt/stack/placement/placement/objects/research_context.py:580}}
Feb 04 17:53:52.651125 n-d-812111-22 devstack@placement-api.service[110315]: DEBUG placement.objects.allocation_candidate [req-4736403c-aed7-4b8e-b150-a24f49b610f8 req-34cc57f9-2758-4cea-8f06-83587535168b service placement] RequestGroup(use_same_provider=False, resources={DISK_GB:1, MEMORY_MB:1024, VCPU:1}, traits=[], aggregates=[]) (suffix '') returned 2 matches {{(pid=110315) _get_by_requests /opt/stack/placement/placement/objects/allocation_candidate.py:145}}
Feb 04 17:53:52.654799 n-d-812111-22 devstack@placement-api.service[110315]: DEBUG placement.objects.allocation_candidate [req-4736403c-aed7-4b8e-b150-a24f49b610f8 req-34cc57f9-2758-4cea-8f06-83587535168b service placement] Merging candidates yields 2 allocation requests and 2 provider summaries {{(pid=110315) _merge_candidates /opt/stack/placement/placement/objects/allocation_candidate.py:783}}
Feb 04 17:53:52.669004 n-d-812111-22 devstack@placement-api.service[110315]: INFO placement.requestlog [req-4736403c-aed7-4b8e-b150-a24f49b610f8 req-34cc57f9-2758-4cea-8f06-83587535168b service placement] 10.222.0.57 "GET /placement/allocation_candidates?limit=1000&resources=DISK_GB%3A1%2CMEMORY_MB%3A1024%2CVCPU%3A1&root_required=%21COMPUTE_STATUS_DISABLED" status: 200 len: 1309 microversion: 1.36
Feb 04 17:53:52.669780 n-d-812111-22 devstack@placement-api.service[110315]: [pid: 110315|app: 0|req: 215/430] 10.222.0.57 () {60 vars in 1506 bytes} [Fri Feb 4 17:53:52 2022] GET /placement/allocation_candidates?limit=1000&resources=DISK_GB%3A1%2CMEMORY_MB%3A1024%2CVCPU%3A1&root_required=%21COMPUTE_STATUS_DISABLED => generated 1309 bytes in 289 msecs (HTTP/1.1 200) 8 headers in 297 bytes (1 switches on core 0)
Feb 04 17:53:52.813757 n-d-812111-22 devstack@placement-api.service[110316]: DEBUG placement.requestlog [req-4736403c-aed7-4b8e-b150-a24f49b610f8 req-09ee0298-85aa-40c7-8217-04531c6e3c64 None None] Starting request: 10.222.0.57 "GET /placement/allocations/8157db6b-b2ff-46d6-8664-6540914155b0" {{(pid=110316) __call__ /opt/stack/placement/placement/requestlog.py:55}}
Feb 04 17:53:52.829440 n-d-812111-22 devstack@placement-api.service[110316]: INFO placement.requestlog [req-4736403c-aed7-4b8e-b150-a24f49b610f8 req-09ee0298-85aa-40c7-8217-04531c6e3c64 service placement] 10.222.0.57 "GET /placement/allocations/8157db6b-b2ff-46d6-8664-6540914155b0" status: 200 len: 19 microversion: 1.28
Feb 04 17:53:52.832359 n-d-812111-22 devstack@placement-api.service[110316]: [pid: 110316|app: 0|req: 216/431] 10.222.0.57 () {60 vars in 1380 bytes} [Fri Feb 4 17:53:52 2022] GET /placement/allocations/8157db6b-b2ff-46d6-8664-6540914155b0 => generated 19 bytes in 19 msecs (HTTP/1.1 200) 8 headers in 295 bytes (1 switches on core 0)
Feb 04 17:53:52.840263 n-d-812111-22 devstack@placement-api.service[110315]: DEBUG placement.requestlog [req-4736403c-aed7-4b8e-b150-a24f49b610f8 req-a003596a-4956-42a5-9f3f-e57acd2d78a8 None None] Starting request: 10.222.0.57 "PUT /placement/allocations/8157db6b-b2ff-46d6-8664-6540914155b0" {{(pid=110315) __call__ /opt/stack/placement/placement/requestlog.py:55}}
Feb 04 17:53:53.006168 n-d-812111-22 devstack@placement-api.service[110315]: DEBUG placement.handlers.allocation [req-4736403c-aed7-4b8e-b150-a24f49b610f8 req-a003596a-4956-42a5-9f3f-e57acd2d78a8 service placement] Successfully wrote allocations [, , ] {{(pid=110315) _update_consumers_and_create_allocations /opt/stack/placement/placement/handlers/allocation.py:462}}
Feb 04 17:53:53.016806 n-d-812111-22 devstack@placement-api.service[110315]: INFO placement.requestlog [req-4736403c-aed7-4b8e-b150-a24f49b610f8 req-a003596a-4956-42a5-9f3f-e57acd2d78a8 service placement] 10.222.0.57 "PUT /placement/allocations/8157db6b-b2ff-46d6-8664-6540914155b0" status: 204 len: 0 microversion: 1.36
Feb 04 17:53:53.025430 n-d-812111-22 devstack@placement-api.service[110315]: [pid: 110315|app: 0|req: 216/432] 10.222.0.57 () {64 vars in 1433 bytes} [Fri Feb 4 17:53:52 2022] PUT /placement/allocations/8157db6b-b2ff-46d6-8664-6540914155b0 => generated 0 bytes in 178 msecs (HTTP/1.1 204) 5 headers in 199 bytes (1 switches on core 0)
Feb 04 17:53:53.671686 n-d-812111-22 devstack@placement-api.service[110316]: DEBUG placement.requestlog [req-4736403c-aed7-4b8e-b150-a24f49b610f8 req-9019b4dc-8951-40aa-a48a-3886f836d73d None None] Starting request: 10.222.0.94 "GET /placement/allocations/8157db6b-b2ff-46d6-8664-6540914155b0" {{(pid=110316) __call__ /opt/stack/placement/placement/requestlog.py:55}}
Feb 04 17:53:53.720664 n-d-812111-22 devstack@placement-api.service[110316]: INFO placement.requestlog [req-4736403c-aed7-4b8e-b150-a24f49b610f8 req-9019b4dc-8951-40aa-a48a-3886f836d73d service placement] 10.222.0.94 "GET /placement/allocations/8157db6b-b2ff-46d6-8664-6540914155b0" status: 200 len: 259 microversion: 1.28
Feb 04 17:53:53.726514 n-d-812111-22 devstack@placement-api.service[110316]: [pid: 110316|app: 0|req: 217/433] 10.222.0.94 () {60 vars in 1377 bytes} [Fri Feb 4 17:53:53 2022] GET /placement/allocations/8157db6b-b2ff-46d6-8664-6540914155b0 => generated 259 bytes in 55 msecs (HTTP/1.1 200) 8 headers in 296 bytes (1 switches on core 0)
