Feb 03 22:00:54.851833 n-d-812111-20 neutron-server[110108]: DEBUG neutron.pecan_wsgi.hooks.policy_enforcement [req-18ee5e42-afa5-4b45-8746-e4b8e931fe35 req-07131589-f597-435a-b32f-b877787dd07d tempest-LiveMigrationTest-1925321051 tempest-LiveMigrationTest-1925321051-project] Attributes excluded by policy engine: ['standard_attr_id', 'binding:profile', 'binding:host_id', 'binding:vif_type', 'binding:vif_details'] {{(pid=110108) _exclude_attributes_by_policy /opt/stack/neutron/neutron/pecan_wsgi/hooks/policy_enforcement.py:255}}
Feb 03 22:00:54.861707 n-d-812111-20 neutron-server[110109]: DEBUG neutron.plugins.ml2.plugin [None req-f5b39443-4a08-4e5d-9c31-23a441d35066 None None] Current status of the port 672c148e-95eb-4032-978a-e1e59447a50a is: DOWN; New status is: BUILD {{(pid=110109) _update_individual_port_db_status /opt/stack/neutron/neutron/plugins/ml2/plugin.py:2238}}
Feb 03 22:00:54.862372 n-d-812111-20 neutron-server[110109]: DEBUG neutron_lib.callbacks.manager [None req-f5b39443-4a08-4e5d-9c31-23a441d35066 None None] Publish callbacks ['neutron.plugins.ml2.plugin.SecurityGroupDbMixin._ensure_default_security_group_handler-3889756'] for port (672c148e-95eb-4032-978a-e1e59447a50a), before_update {{(pid=110109) _notify_loop /usr/local/lib/python3.8/dist-packages/neutron_lib/callbacks/manager.py:176}}
Feb 03 22:00:54.868568 n-d-812111-20 neutron-server[110108]: INFO neutron.wsgi [req-18ee5e42-afa5-4b45-8746-e4b8e931fe35 req-07131589-f597-435a-b32f-b877787dd07d tempest-LiveMigrationTest-1925321051 tempest-LiveMigrationTest-1925321051-project] 10.222.0.61 "GET /v2.0/ports?device_id=de022aab-698c-4361-bd49-8f90fbfc4b4d HTTP/1.1" status: 200 len: 932 time: 0.1318159
Feb 03 22:00:54.875823 n-d-812111-20 neutron-server[110107]: DEBUG neutron.api.rpc.handlers.resources_rpc [None req-b16f7587-ea57-4b9a-be2f-234d6be79b26 tempest-LiveMigrationTest-1925321051 tempest-LiveMigrationTest-1925321051-project] Pushing event updated for resources: {'Port': ['ID=96cc2246-70ed-4937-b350-080fe9ba4676,revision_number=1']} {{(pid=110107) push /opt/stack/neutron/neutron/api/rpc/handlers/resources_rpc.py:237}}
Feb 03 22:00:54.878161 n-d-812111-20 neutron-server[110109]: DEBUG neutron.notifiers.nova [None req-f5b39443-4a08-4e5d-9c31-23a441d35066 None None] Ignoring state change previous_port_status: DOWN current_port_status: BUILD port_id 672c148e-95eb-4032-978a-e1e59447a50a {{(pid=110109) record_port_status_changed /opt/stack/neutron/neutron/notifiers/nova.py:228}}
Feb 03 22:00:54.904709 n-d-812111-20 neutron-server[110109]: DEBUG neutron.plugins.ml2.db [None req-f5b39443-4a08-4e5d-9c31-23a441d35066 None None] For port 672c148e-95eb-4032-978a-e1e59447a50a, host n-h1-812111-20, got binding levels [PortBindingLevel(driver='hyperv',host='n-h1-812111-20',level=0,port_id=672c148e-95eb-4032-978a-e1e59447a50a,segment=NetworkSegment(b4ce2434-771c-4a97-8bd5-c0594293b7fa),segment_id=b4ce2434-771c-4a97-8bd5-c0594293b7fa)] {{(pid=110109) get_binding_level_objs /opt/stack/neutron/neutron/plugins/ml2/db.py:74}}
Feb 03 22:00:54.930144 n-d-812111-20 neutron-server[110107]: DEBUG neutron.pecan_wsgi.hooks.policy_enforcement [req-bc9f8a41-26ed-4cf6-9b30-f0756894d6f3 req-b16f7587-ea57-4b9a-be2f-234d6be79b26 tempest-LiveMigrationTest-1925321051 tempest-LiveMigrationTest-1925321051-project] Attributes excluded by policy engine: ['standard_attr_id', 'binding:profile', 'binding:host_id', 'binding:vif_type', 'binding:vif_details', 'network'] {{(pid=110107) _exclude_attributes_by_policy /opt/stack/neutron/neutron/pecan_wsgi/hooks/policy_enforcement.py:255}}
Feb 03 22:00:54.930951 n-d-812111-20 neutron-server[110107]: DEBUG neutron_lib.callbacks.manager [req-bc9f8a41-26ed-4cf6-9b30-f0756894d6f3 req-b16f7587-ea57-4b9a-be2f-234d6be79b26 tempest-LiveMigrationTest-1925321051 tempest-LiveMigrationTest-1925321051-project] Publish callbacks ['neutron.notifiers.nova.Notifier._send_nova_notification-120700'] for port (None), before_response {{(pid=110107) _notify_loop /usr/local/lib/python3.8/dist-packages/neutron_lib/callbacks/manager.py:176}}
Feb 03 22:00:54.948045 n-d-812111-20 neutron-server[110108]: INFO neutron.wsgi [req-18ee5e42-afa5-4b45-8746-e4b8e931fe35 req-52ad3ed8-0e66-4326-8ccf-be7f2fa6b912 tempest-LiveMigrationTest-1925321051 tempest-LiveMigrationTest-1925321051-project] 10.222.0.61 "GET /v2.0/security-groups?id=c953ea57-18b8-414c-aa2e-72de24bd6dad&fields=id&fields=name HTTP/1.1" status: 200 len: 286 time: 0.0781085
Feb 03 22:00:54.958146 n-d-812111-20 neutron-server[110109]: DEBUG neutron_lib.callbacks.manager [None req-f5b39443-4a08-4e5d-9c31-23a441d35066 None None] Publish callbacks ['neutron.plugins.ml2.plugin.SecurityGroupServerNotifierRpcMixin._notify_sg_on_port_change-3889819', 'neutron.plugins.ml2.ovo_rpc._ObjectChangeHandler.handle_event-123984', 'neutron.api.rpc.agentnotifiers.dhcp_rpc_agent_api.DhcpAgentNotifyAPI._native_event_send_dhcp_notification-595462', 'neutron.db.l3_db.L3RpcNotifierMixin._notify_gateway_port_ip_changed-8759193143287', 'neutron.db.l3_dvrscheduler_db._notify_l3_agent_port_update-8759192713337', 'neutron.db.l3_hascheduler_db._notify_l3_agent_ha_port_update-8759192713355'] for port (672c148e-95eb-4032-978a-e1e59447a50a), after_update {{(pid=110109) _notify_loop /usr/local/lib/python3.8/dist-packages/neutron_lib/callbacks/manager.py:176}}
Feb 03 22:00:55.005917 n-d-812111-20 neutron-server[110107]: INFO neutron.wsgi [req-bc9f8a41-26ed-4cf6-9b30-f0756894d6f3 req-b16f7587-ea57-4b9a-be2f-234d6be79b26 tempest-LiveMigrationTest-1925321051 tempest-LiveMigrationTest-1925321051-project] 10.222.0.69 "POST /v2.0/ports HTTP/1.1" status: 201 len: 934 time: 1.7589173
Feb 03 22:00:55.014642 n-d-812111-20 neutron-server[110107]: DEBUG neutron.api.v2.base [req-bc9f8a41-26ed-4cf6-9b30-f0756894d6f3 req-155f1e7e-6ada-41e0-b7c2-e0f70baf3c41 service neutron] Request body: {'port': {'device_id': 'de022aab-698c-4361-bd49-8f90fbfc4b4d', 'device_owner': 'compute:nova', 'binding:host_id': 'n-h2-812111-20'}} {{(pid=110107) prepare_request_body /opt/stack/neutron/neutron/api/v2/base.py:729}}
Feb 03 22:00:55.077993 n-d-812111-20 neutron-server[110109]: DEBUG neutron.api.rpc.handlers.resources_rpc [None req-f5b39443-4a08-4e5d-9c31-23a441d35066 None None] Pushing event updated for resources: {'Port': ['ID=672c148e-95eb-4032-978a-e1e59447a50a,revision_number=4']} {{(pid=110109) push /opt/stack/neutron/neutron/api/rpc/handlers/resources_rpc.py:237}}
Feb 03 22:00:55.120862 n-d-812111-20 neutron-server[110107]: DEBUG neutron_lib.callbacks.manager [req-bc9f8a41-26ed-4cf6-9b30-f0756894d6f3 req-155f1e7e-6ada-41e0-b7c2-e0f70baf3c41 service neutron] Publish callbacks ['neutron.plugins.ml2.plugin.SecurityGroupDbMixin._ensure_default_security_group_handler-3889756'] for port (96cc2246-70ed-4937-b350-080fe9ba4676), before_update {{(pid=110107) _notify_loop /usr/local/lib/python3.8/dist-packages/neutron_lib/callbacks/manager.py:176}}
Feb 03 22:00:55.257119 n-d-812111-20 neutron-server[110109]: DEBUG neutron.plugins.ml2.db [None req-f5b39443-4a08-4e5d-9c31-23a441d35066 None None] get_ports_and_sgs() called for port_ids ['672c148e-95eb-4032-978a-e1e59447a50a'] {{(pid=110109) get_ports_and_sgs /opt/stack/neutron/neutron/plugins/ml2/db.py:156}}
Feb 03 22:00:55.515674 n-d-812111-20 neutron-server[110108]: DEBUG neutron.wsgi [-] (110108) accepted ('10.222.0.61', 44646) {{(pid=110108) server /usr/local/lib/python3.8/dist-packages/eventlet/wsgi.py:1004}}
Feb 03 22:00:55.616248 n-d-812111-20 neutron-server[110108]: INFO neutron.wsgi [None req-a8aac372-06ce-4499-a346-b4903f47f85e admin admin] 10.222.0.61 "GET /v2.0/security-groups?tenant_id=63c255f0305d4dae8f5992555dc1e620&name=default HTTP/1.1" status: 200 len: 2996 time: 0.0990949
Feb 03 22:00:55.618441 n-d-812111-20 neutron-server[110107]: DEBUG neutron.wsgi [-] (110107) accepted ('10.222.0.61', 44648) {{(pid=110107) server /usr/local/lib/python3.8/dist-packages/eventlet/wsgi.py:1004}}
Feb 03 22:00:55.622614 n-d-812111-20 neutron-server[110107]: DEBUG neutron.notifiers.nova [req-bc9f8a41-26ed-4cf6-9b30-f0756894d6f3 req-155f1e7e-6ada-41e0-b7c2-e0f70baf3c41 service neutron] Ignoring state change previous_port_status: DOWN current_port_status: DOWN port_id 96cc2246-70ed-4937-b350-080fe9ba4676 {{(pid=110107) record_port_status_changed /opt/stack/neutron/neutron/notifiers/nova.py:228}}
Feb 03 22:00:55.654769 n-d-812111-20 neutron-server[110107]: DEBUG neutron_lib.callbacks.manager [req-bc9f8a41-26ed-4cf6-9b30-f0756894d6f3 req-155f1e7e-6ada-41e0-b7c2-e0f70baf3c41 service neutron] Publish callbacks [] for port (96cc2246-70ed-4937-b350-080fe9ba4676), precommit_update {{(pid=110107) _notify_loop /usr/local/lib/python3.8/dist-packages/neutron_lib/callbacks/manager.py:176}}
Feb 03 22:00:55.681209 n-d-812111-20 neutron-server[110107]: DEBUG neutron.db.provisioning_blocks [req-bc9f8a41-26ed-4cf6-9b30-f0756894d6f3 req-155f1e7e-6ada-41e0-b7c2-e0f70baf3c41 service neutron] Transition to ACTIVE for port object 96cc2246-70ed-4937-b350-080fe9ba4676 will not be triggered until provisioned by entity L2. {{(pid=110107) add_provisioning_component /opt/stack/neutron/neutron/db/provisioning_blocks.py:73}}
Feb 03 22:00:55.698700 n-d-812111-20 neutron-server[110107]: DEBUG neutron_lib.callbacks.manager [None req-9cf1c4c7-d631-4456-ad64-f7edb3abdfbd admin admin] Publish callbacks [] for security_group (415b3ca9-125e-424c-8344-135cef9c4611), before_delete {{(pid=110107) _notify_loop /usr/local/lib/python3.8/dist-packages/neutron_lib/callbacks/manager.py:176}}
Feb 03 22:00:55.725696 n-d-812111-20 neutron-server[110107]: DEBUG neutron_lib.callbacks.manager [None req-9cf1c4c7-d631-4456-ad64-f7edb3abdfbd admin admin] Publish callbacks [] for security_group (415b3ca9-125e-424c-8344-135cef9c4611), precommit_delete {{(pid=110107) _notify_loop /usr/local/lib/python3.8/dist-packages/neutron_lib/callbacks/manager.py:176}}
Feb 03 22:00:55.786974 n-d-812111-20 neutron-server[110107]: DEBUG neutron_lib.callbacks.manager [req-bc9f8a41-26ed-4cf6-9b30-f0756894d6f3 req-155f1e7e-6ada-41e0-b7c2-e0f70baf3c41 service neutron] Publish callbacks ['neutron.plugins.ml2.plugin.SecurityGroupServerNotifierRpcMixin._notify_sg_on_port_change-3889819', 'neutron.plugins.ml2.ovo_rpc._ObjectChangeHandler.handle_event-123984', 'neutron.api.rpc.agentnotifiers.dhcp_rpc_agent_api.DhcpAgentNotifyAPI._native_event_send_dhcp_notification-595462', 'neutron.db.l3_db.L3RpcNotifierMixin._notify_gateway_port_ip_changed-8759193143287', 'neutron.db.l3_dvrscheduler_db._notify_l3_agent_port_update-8759192713337', 'neutron.db.l3_hascheduler_db._notify_l3_agent_ha_port_update-8759192713355', 'neutron.services.segments.plugin.NovaSegmentNotifier._notify_port_updated-12379825'] for port (96cc2246-70ed-4937-b350-080fe9ba4676), after_update {{(pid=110107) _notify_loop /usr/local/lib/python3.8/dist-packages/neutron_lib/callbacks/manager.py:176}}
Feb 03 22:00:55.863649 n-d-812111-20 neutron-server[110107]: DEBUG neutron.api.rpc.handlers.resources_rpc [None req-155f1e7e-6ada-41e0-b7c2-e0f70baf3c41 service neutron] Pushing event updated for resources: {'Port': ['ID=96cc2246-70ed-4937-b350-080fe9ba4676,revision_number=2']} {{(pid=110107) push /opt/stack/neutron/neutron/api/rpc/handlers/resources_rpc.py:237}}
Feb 03 22:00:55.876906 n-d-812111-20 neutron-server[110108]: DEBUG neutron.wsgi [-] (110108) accepted ('10.222.0.61', 44654) {{(pid=110108) server /usr/local/lib/python3.8/dist-packages/eventlet/wsgi.py:1004}}
Feb 03 22:00:55.886606 n-d-812111-20 neutron-server[110108]: DEBUG neutron.api.v2.base [None req-f0befa51-428c-4611-909b-1a9e8a40f4f7 tempest-ServersWithSpecificFlavorTestJSON-1335564194 tempest-ServersWithSpecificFlavorTestJSON-1335564194-project] Request body: {'security_group': {'name': 'tempest-securitygroup--1430006228', 'description': 'tempest-description--1904955829'}} {{(pid=110108) prepare_request_body /opt/stack/neutron/neutron/api/v2/base.py:729}}
Feb 03 22:00:55.965036 n-d-812111-20 neutron-server[110107]: DEBUG neutron_lib.callbacks.manager [None req-9cf1c4c7-d631-4456-ad64-f7edb3abdfbd admin admin] Publish callbacks ['neutron.plugins.ml2.ovo_rpc._ObjectChangeHandler.handle_event-562890'] for security_group (415b3ca9-125e-424c-8344-135cef9c4611), after_delete {{(pid=110107) _notify_loop /usr/local/lib/python3.8/dist-packages/neutron_lib/callbacks/manager.py:176}}
Feb 03 22:00:55.967790 n-d-812111-20 neutron-server[110107]: DEBUG neutron_lib.callbacks.manager [None req-9cf1c4c7-d631-4456-ad64-f7edb3abdfbd admin admin] Publish callbacks [] for security_group (None), before_response {{(pid=110107) _notify_loop /usr/local/lib/python3.8/dist-packages/neutron_lib/callbacks/manager.py:176}}
Feb 03 22:00:55.969294 n-d-812111-20 neutron-server[110107]: INFO neutron.wsgi [None req-9cf1c4c7-d631-4456-ad64-f7edb3abdfbd admin admin] 10.222.0.61 "DELETE /v2.0/security-groups/415b3ca9-125e-424c-8344-135cef9c4611 HTTP/1.1" status: 204 len: 168 time: 0.3496418
Feb 03 22:00:55.981820 n-d-812111-20 neutron-server[110107]: DEBUG neutron.api.rpc.handlers.resources_rpc [None req-9cf1c4c7-d631-4456-ad64-f7edb3abdfbd admin admin] Pushing event deleted for resources: {'SecurityGroup': ['ID=415b3ca9-125e-424c-8344-135cef9c4611,revision_number=None']} {{(pid=110107) push /opt/stack/neutron/neutron/api/rpc/handlers/resources_rpc.py:237}}
Feb 03 22:00:56.012568 n-d-812111-20 neutron-server[110107]: DEBUG neutron.plugins.ml2.managers [req-bc9f8a41-26ed-4cf6-9b30-f0756894d6f3 req-155f1e7e-6ada-41e0-b7c2-e0f70baf3c41 service neutron] Attempting to bind port 96cc2246-70ed-4937-b350-080fe9ba4676 on host n-h2-812111-20 for vnic_type normal with profile {{(pid=110107) bind_port /opt/stack/neutron/neutron/plugins/ml2/managers.py:795}}
Feb 03 22:00:56.012966 n-d-812111-20 neutron-server[110107]: DEBUG neutron.plugins.ml2.managers [req-bc9f8a41-26ed-4cf6-9b30-f0756894d6f3 req-155f1e7e-6ada-41e0-b7c2-e0f70baf3c41 service neutron] Attempting to bind port 96cc2246-70ed-4937-b350-080fe9ba4676 by drivers openvswitch,hyperv on host n-h2-812111-20 at level 0 using segments [{'id': 'c2f74cc5-b016-4b85-a0a2-1fd74ce9930e', 'network_type': 'vlan', 'physical_network': 'physnet1', 'segmentation_id': 439, 'network_id': 'af05cae6-921c-42d4-9b6b-4d8892fea35d'}] {{(pid=110107) _bind_port_level /opt/stack/neutron/neutron/plugins/ml2/managers.py:820}}
Feb 03 22:00:56.013362 n-d-812111-20 neutron-server[110107]: DEBUG neutron.plugins.ml2.drivers.mech_agent [req-bc9f8a41-26ed-4cf6-9b30-f0756894d6f3 req-155f1e7e-6ada-41e0-b7c2-e0f70baf3c41 service neutron] Attempting to bind port 96cc2246-70ed-4937-b350-080fe9ba4676 on network af05cae6-921c-42d4-9b6b-4d8892fea35d {{(pid=110107) bind_port /opt/stack/neutron/neutron/plugins/ml2/drivers/mech_agent.py:91}}
Feb 03 22:00:56.014153 n-d-812111-20 neutron-server[110108]: DEBUG neutron.pecan_wsgi.hooks.policy_enforcement [req-6d0946b6-4a7c-405d-9817-e3d314bb64ce req-5b6ffe58-74f4-48d3-89a2-24392eec20c0 tempest-LiveAutoBlockMigrationV225Test-1686860663 tempest-LiveAutoBlockMigrationV225Test-1686860663-project] Attributes excluded by policy engine: ['standard_attr_id', 'binding:profile', 'binding:host_id', 'binding:vif_type', 'binding:vif_details'] {{(pid=110108) _exclude_attributes_by_policy /opt/stack/neutron/neutron/pecan_wsgi/hooks/policy_enforcement.py:255}}
Feb 03 22:00:56.017455 n-d-812111-20 neutron-server[110108]: INFO neutron.wsgi [req-6d0946b6-4a7c-405d-9817-e3d314bb64ce req-5b6ffe58-74f4-48d3-89a2-24392eec20c0 tempest-LiveAutoBlockMigrationV225Test-1686860663 tempest-LiveAutoBlockMigrationV225Test-1686860663-project] 10.222.0.61 "GET /v2.0/ports?device_id=2ef5b154-01d0-4362-9f5a-db264f14c66d HTTP/1.1" status: 200 len: 944 time: 0.0559597
Feb 03 22:00:56.019153 n-d-812111-20 neutron-server[110107]: DEBUG neutron.plugins.ml2.drivers.mech_agent [req-bc9f8a41-26ed-4cf6-9b30-f0756894d6f3 req-155f1e7e-6ada-41e0-b7c2-e0f70baf3c41 service neutron] Port 96cc2246-70ed-4937-b350-080fe9ba4676 on network af05cae6-921c-42d4-9b6b-4d8892fea35d not bound, no agent of type Open vSwitch agent registered on host n-h2-812111-20 {{(pid=110107) bind_port /opt/stack/neutron/neutron/plugins/ml2/drivers/mech_agent.py:103}}
Feb 03 22:00:56.019527 n-d-812111-20 neutron-server[110107]: DEBUG neutron.plugins.ml2.drivers.mech_agent [req-bc9f8a41-26ed-4cf6-9b30-f0756894d6f3 req-155f1e7e-6ada-41e0-b7c2-e0f70baf3c41 service neutron] Attempting to bind port 96cc2246-70ed-4937-b350-080fe9ba4676 on network af05cae6-921c-42d4-9b6b-4d8892fea35d {{(pid=110107) bind_port /opt/stack/neutron/neutron/plugins/ml2/drivers/mech_agent.py:91}}
Feb 03 22:00:56.025190 n-d-812111-20 neutron-server[110107]: DEBUG neutron.plugins.ml2.drivers.mech_agent [req-bc9f8a41-26ed-4cf6-9b30-f0756894d6f3 req-155f1e7e-6ada-41e0-b7c2-e0f70baf3c41 service neutron] Checking agent: {'id': '3049cfd7-834f-474a-a0eb-f80033fbc254', 'agent_type': 'HyperV agent', 'binary': 'neutron-hyperv-agent', 'topic': 'N/A', 'host': 'n-h2-812111-20', 'admin_state_up': True, 'created_at': datetime.datetime(2022, 2, 3, 21, 57, 18), 'started_at': datetime.datetime(2022, 2, 3, 21, 57, 18), 'heartbeat_timestamp': datetime.datetime(2022, 2, 3, 22, 0, 48), 'description': None, 'resources_synced': None, 'availability_zone': None, 'alive': True, 'configurations': {'vswitch_mappings': {'physnet1$': 'br-data'}}, 'resource_versions': {}} {{(pid=110107) bind_port /opt/stack/neutron/neutron/plugins/ml2/drivers/mech_agent.py:110}}
Feb 03 22:00:56.025535 n-d-812111-20 neutron-server[110107]: DEBUG neutron.plugins.ml2.drivers.mech_agent [req-bc9f8a41-26ed-4cf6-9b30-f0756894d6f3 req-155f1e7e-6ada-41e0-b7c2-e0f70baf3c41 service neutron] Checking segment: {'id': 'c2f74cc5-b016-4b85-a0a2-1fd74ce9930e', 'network_type': 'vlan', 'physical_network': 'physnet1', 'segmentation_id': 439, 'network_id': 'af05cae6-921c-42d4-9b6b-4d8892fea35d'} for mappings: {'physnet1$': 'br-data'} with network types: ['local', 'flat', 'vlan'] {{(pid=110107) check_segment_for_agent /opt/stack/neutron/neutron/plugins/ml2/drivers/mech_agent.py:373}}
Feb 03 22:00:56.025920 n-d-812111-20 neutron-server[110107]: DEBUG neutron.plugins.ml2.drivers.mech_agent [req-bc9f8a41-26ed-4cf6-9b30-f0756894d6f3 req-155f1e7e-6ada-41e0-b7c2-e0f70baf3c41 service neutron] Bound using segment: {'id': 'c2f74cc5-b016-4b85-a0a2-1fd74ce9930e', 'network_type': 'vlan', 'physical_network': 'physnet1', 'segmentation_id': 439, 'network_id': 'af05cae6-921c-42d4-9b6b-4d8892fea35d'} {{(pid=110107) bind_port /opt/stack/neutron/neutron/plugins/ml2/drivers/mech_agent.py:120}}
Feb 03 22:00:56.026381 n-d-812111-20 neutron-server[110107]: DEBUG neutron.plugins.ml2.managers [req-bc9f8a41-26ed-4cf6-9b30-f0756894d6f3 req-155f1e7e-6ada-41e0-b7c2-e0f70baf3c41 service neutron] Bound port: 96cc2246-70ed-4937-b350-080fe9ba4676, host: n-h2-812111-20, vif_type: hyperv, vif_details: {"connectivity": "legacy", "port_filter": false}, binding_levels: [{'bound_driver': 'hyperv', 'bound_segment': {'id': 'c2f74cc5-b016-4b85-a0a2-1fd74ce9930e', 'network_type': 'vlan', 'physical_network': 'physnet1', 'segmentation_id': 439, 'network_id': 'af05cae6-921c-42d4-9b6b-4d8892fea35d'}}] {{(pid=110107) _bind_port_level /opt/stack/neutron/neutron/plugins/ml2/managers.py:932}}
Feb 03 22:00:56.026874 n-d-812111-20 neutron-server[110107]: DEBUG neutron_lib.callbacks.manager [req-bc9f8a41-26ed-4cf6-9b30-f0756894d6f3 req-155f1e7e-6ada-41e0-b7c2-e0f70baf3c41 service neutron] Publish callbacks ['neutron.plugins.ml2.plugin.SecurityGroupDbMixin._ensure_default_security_group_handler-3889756'] for port (96cc2246-70ed-4937-b350-080fe9ba4676), before_update {{(pid=110107) _notify_loop /usr/local/lib/python3.8/dist-packages/neutron_lib/callbacks/manager.py:176}}
Feb 03 22:00:56.068582 n-d-812111-20 neutron-server[110108]: DEBUG neutron_lib.callbacks.manager [None req-f0befa51-428c-4611-909b-1a9e8a40f4f7 tempest-ServersWithSpecificFlavorTestJSON-1335564194 tempest-ServersWithSpecificFlavorTestJSON-1335564194-project] Publish callbacks [] for security_group (None), before_create {{(pid=110108) _notify_loop /usr/local/lib/python3.8/dist-packages/neutron_lib/callbacks/manager.py:176}}
Feb 03 22:00:56.109872 n-d-812111-20 neutron-server[110107]: DEBUG neutron.plugins.ml2.db [req-bc9f8a41-26ed-4cf6-9b30-f0756894d6f3 req-155f1e7e-6ada-41e0-b7c2-e0f70baf3c41 service neutron] For port 96cc2246-70ed-4937-b350-080fe9ba4676, host n-h2-812111-20, cleared binding levels {{(pid=110107) clear_binding_levels /opt/stack/neutron/neutron/plugins/ml2/db.py:87}}
Feb 03 22:00:56.111734 n-d-812111-20 neutron-server[110108]: INFO neutron.wsgi [req-6d0946b6-4a7c-405d-9817-e3d314bb64ce req-7981a2df-bd89-4ed9-8873-e898c6b97e6b tempest-LiveAutoBlockMigrationV225Test-1686860663 tempest-LiveAutoBlockMigrationV225Test-1686860663-project] 10.222.0.61 "GET /v2.0/security-groups?id=7a3a64a4-efc0-498f-85ea-182dc0f8e564&fields=id&fields=name HTTP/1.1" status: 200 len: 286 time: 0.0904992
Feb 03 22:00:56.115541 n-d-812111-20 neutron-server[110107]: DEBUG neutron.plugins.ml2.db [req-bc9f8a41-26ed-4cf6-9b30-f0756894d6f3 req-155f1e7e-6ada-41e0-b7c2-e0f70baf3c41 service neutron] For port 96cc2246-70ed-4937-b350-080fe9ba4676, host n-h2-812111-20, set binding levels [PortBindingLevel(driver='hyperv',host='n-h2-812111-20',level=0,port_id=96cc2246-70ed-4937-b350-080fe9ba4676,segment=NetworkSegment(c2f74cc5-b016-4b85-a0a2-1fd74ce9930e),segment_id=c2f74cc5-b016-4b85-a0a2-1fd74ce9930e)] {{(pid=110107) set_binding_levels /opt/stack/neutron/neutron/plugins/ml2/db.py:59}}
Feb 03 22:00:56.209463 n-d-812111-20 neutron-server[110107]: DEBUG neutron_lib.callbacks.manager [req-bc9f8a41-26ed-4cf6-9b30-f0756894d6f3 req-155f1e7e-6ada-41e0-b7c2-e0f70baf3c41 service neutron] Publish callbacks ['neutron.plugins.ml2.plugin.SecurityGroupServerNotifierRpcMixin._notify_sg_on_port_change-3889819', 'neutron.plugins.ml2.ovo_rpc._ObjectChangeHandler.handle_event-123984', 'neutron.api.rpc.agentnotifiers.dhcp_rpc_agent_api.DhcpAgentNotifyAPI._native_event_send_dhcp_notification-595462', 'neutron.db.l3_db.L3RpcNotifierMixin._notify_gateway_port_ip_changed-8759193143287', 'neutron.db.l3_dvrscheduler_db._notify_l3_agent_port_update-8759192713337', 'neutron.db.l3_hascheduler_db._notify_l3_agent_ha_port_update-8759192713355', 'neutron.services.segments.plugin.NovaSegmentNotifier._notify_port_updated-12379825'] for port (96cc2246-70ed-4937-b350-080fe9ba4676), after_update {{(pid=110107) _notify_loop /usr/local/lib/python3.8/dist-packages/neutron_lib/callbacks/manager.py:176}}
Feb 03 22:00:56.234588 n-d-812111-20 neutron-server[110108]: DEBUG neutron_lib.callbacks.manager [None req-f0befa51-428c-4611-909b-1a9e8a40f4f7 tempest-ServersWithSpecificFlavorTestJSON-1335564194 tempest-ServersWithSpecificFlavorTestJSON-1335564194-project] Publish callbacks [] for security_group (7e2a82c9-5b69-40cb-b352-939d3282cd44), precommit_create {{(pid=110108) _notify_loop /usr/local/lib/python3.8/dist-packages/neutron_lib/callbacks/manager.py:176}}
Feb 03 22:00:56.312131 n-d-812111-20 neutron-server[110107]: DEBUG neutron.pecan_wsgi.hooks.policy_enforcement [req-bc9f8a41-26ed-4cf6-9b30-f0756894d6f3 req-155f1e7e-6ada-41e0-b7c2-e0f70baf3c41 service neutron] Attributes excluded by policy engine: ['standard_attr_id'] {{(pid=110107) _exclude_attributes_by_policy /opt/stack/neutron/neutron/pecan_wsgi/hooks/policy_enforcement.py:255}}
Feb 03 22:00:56.315639 n-d-812111-20 neutron-server[110109]: DEBUG neutron.plugins.ml2.rpc [None req-ffdd1f32-2a69-46fb-a750-9a65269924c3 None None] Device 930ce18d-bb49-4dc2-85b8-4c60ac7f1ccc up at agent ovs-agent-n-d-812111-20 {{(pid=110109) update_device_up /opt/stack/neutron/neutron/plugins/ml2/rpc.py:296}}
Feb 03 22:00:56.317574 n-d-812111-20 neutron-server[110108]: DEBUG neutron_lib.callbacks.manager [None req-f0befa51-428c-4611-909b-1a9e8a40f4f7 tempest-ServersWithSpecificFlavorTestJSON-1335564194 tempest-ServersWithSpecificFlavorTestJSON-1335564194-project] Publish callbacks ['neutron.plugins.ml2.ovo_rpc._ObjectChangeHandler.handle_event-562890'] for security_group (7e2a82c9-5b69-40cb-b352-939d3282cd44), after_create {{(pid=110108) _notify_loop /usr/local/lib/python3.8/dist-packages/neutron_lib/callbacks/manager.py:176}}
Feb 03 22:00:56.326619 n-d-812111-20 neutron-server[110107]: DEBUG neutron_lib.callbacks.manager [req-bc9f8a41-26ed-4cf6-9b30-f0756894d6f3 req-155f1e7e-6ada-41e0-b7c2-e0f70baf3c41 service neutron] Publish callbacks ['neutron.notifiers.nova.Notifier._send_nova_notification-120700'] for port (None), before_response {{(pid=110107) _notify_loop /usr/local/lib/python3.8/dist-packages/neutron_lib/callbacks/manager.py:176}}
Feb 03 22:00:56.329443 n-d-812111-20 neutron-server[110107]: INFO neutron.wsgi [req-bc9f8a41-26ed-4cf6-9b30-f0756894d6f3 req-155f1e7e-6ada-41e0-b7c2-e0f70baf3c41 service neutron] 10.222.0.69 "PUT /v2.0/ports/96cc2246-70ed-4937-b350-080fe9ba4676 HTTP/1.1" status: 200 len: 1093 time: 1.3197355
Feb 03 22:00:56.332026 n-d-812111-20 neutron-server[110107]: DEBUG neutron.notifiers.nova [-] Sending events: [{'name': 'network-changed', 'server_uuid': 'de022aab-698c-4361-bd49-8f90fbfc4b4d', 'tag': '96cc2246-70ed-4937-b350-080fe9ba4676'}] {{(pid=110107) send_events /opt/stack/neutron/neutron/notifiers/nova.py:266}}
Feb 03 22:00:56.350743 n-d-812111-20 neutron-server[110107]: DEBUG novaclient.v2.client [-] REQ: curl -g -i --cacert "/opt/stack/data/ca-bundle.pem" -X POST http://10.222.0.61/compute/v2.1/os-server-external-events -H "Accept: application/json" -H "Content-Type: application/json" -H "User-Agent: python-novaclient" -H "X-Auth-Token: {SHA256}f008b8a43c742787f60936972a690cfbd3be7d09797b045442467a9ef3da54c2" -H "X-OpenStack-Nova-API-Version: 2.1" -H "X-OpenStack-Request-ID: req-6319dc60-eb2e-47e3-9a92-6826156a08bb" -d '{"events": [{"name": "network-changed", "server_uuid": "de022aab-698c-4361-bd49-8f90fbfc4b4d", "tag": "96cc2246-70ed-4937-b350-080fe9ba4676"}]}' {{(pid=110107) _http_log_request /usr/local/lib/python3.8/dist-packages/keystoneauth1/session.py:519}}
Feb 03 22:00:56.369654 n-d-812111-20 neutron-server[110109]: DEBUG neutron.plugins.ml2.rpc [None req-f5b39443-4a08-4e5d-9c31-23a441d35066 None None] Device 672c148e-95eb-4032-978a-e1e59447a50a up at agent hyperv_n-h1-812111-20 {{(pid=110109) update_device_up /opt/stack/neutron/neutron/plugins/ml2/rpc.py:296}}
Feb 03 22:00:56.403943 n-d-812111-20 neutron-server[110107]: DEBUG neutron.api.rpc.handlers.resources_rpc [None req-155f1e7e-6ada-41e0-b7c2-e0f70baf3c41 service neutron] Pushing event updated for resources: {'Port': ['ID=96cc2246-70ed-4937-b350-080fe9ba4676,revision_number=3']} {{(pid=110107) push /opt/stack/neutron/neutron/api/rpc/handlers/resources_rpc.py:237}}
Feb 03 22:00:56.450325 n-d-812111-20 neutron-server[110109]: DEBUG neutron.db.provisioning_blocks [None req-ffdd1f32-2a69-46fb-a750-9a65269924c3 None None] Provisioning complete for port 930ce18d-bb49-4dc2-85b8-4c60ac7f1ccc triggered by entity L2. {{(pid=110109) provisioning_complete /opt/stack/neutron/neutron/db/provisioning_blocks.py:139}}
Feb 03 22:00:56.450698 n-d-812111-20 neutron-server[110109]: DEBUG neutron_lib.callbacks.manager [None req-ffdd1f32-2a69-46fb-a750-9a65269924c3 None None] Publish callbacks ['neutron.plugins.ml2.plugin.Ml2Plugin._port_provisioned-3811676'] for port (930ce18d-bb49-4dc2-85b8-4c60ac7f1ccc), provisioning_complete {{(pid=110109) _notify_loop /usr/local/lib/python3.8/dist-packages/neutron_lib/callbacks/manager.py:176}}
Feb 03 22:00:56.461859 n-d-812111-20 neutron-server[110108]: DEBUG neutron_lib.callbacks.manager [None req-f0befa51-428c-4611-909b-1a9e8a40f4f7 tempest-ServersWithSpecificFlavorTestJSON-1335564194 tempest-ServersWithSpecificFlavorTestJSON-1335564194-project] Publish callbacks [] for security_group (None), before_response {{(pid=110108) _notify_loop /usr/local/lib/python3.8/dist-packages/neutron_lib/callbacks/manager.py:176}}
Feb 03 22:00:56.461859 n-d-812111-20 neutron-server[110108]: INFO neutron.wsgi [None req-f0befa51-428c-4611-909b-1a9e8a40f4f7 tempest-ServersWithSpecificFlavorTestJSON-1335564194 tempest-ServersWithSpecificFlavorTestJSON-1335564194-project] 10.222.0.61 "POST /v2.0/security-groups HTTP/1.1" status: 201 len: 1797 time: 0.5829368
Feb 03 22:00:56.463842 n-d-812111-20 neutron-server[110107]: DEBUG neutron.wsgi [-] (110107) accepted ('10.222.0.61', 44672) {{(pid=110107) server /usr/local/lib/python3.8/dist-packages/eventlet/wsgi.py:1004}}
Feb 03 22:00:56.469107 n-d-812111-20 neutron-server[110107]: DEBUG neutron.api.v2.base [None req-3ab0e06f-8435-4b09-8c01-74a2af43180c tempest-ServersWithSpecificFlavorTestJSON-1335564194 tempest-ServersWithSpecificFlavorTestJSON-1335564194-project] Request body: {'security_group_rule': {'security_group_id': '7e2a82c9-5b69-40cb-b352-939d3282cd44', 'protocol': 'tcp', 'ethertype': 'IPv4', 'port_range_min': 22, 'port_range_max': 22, 'direction': 'ingress'}} {{(pid=110107) prepare_request_body /opt/stack/neutron/neutron/api/v2/base.py:729}}
Feb 03 22:00:56.480335 n-d-812111-20 neutron-server[110108]: DEBUG neutron.api.rpc.handlers.resources_rpc [None req-f0befa51-428c-4611-909b-1a9e8a40f4f7 tempest-ServersWithSpecificFlavorTestJSON-1335564194 tempest-ServersWithSpecificFlavorTestJSON-1335564194-project] Pushing event updated for resources: {'SecurityGroup': ['ID=7e2a82c9-5b69-40cb-b352-939d3282cd44,revision_number=1']} {{(pid=110108) push /opt/stack/neutron/neutron/api/rpc/handlers/resources_rpc.py:237}}
Feb 03 22:00:56.501207 n-d-812111-20 neutron-server[110108]: DEBUG neutron.pecan_wsgi.hooks.policy_enforcement [req-66b3588e-5c0a-4cb8-884a-4df0f556ed15 req-f4d894a7-2587-495d-8a9e-406660cbdd33 tempest-LiveMigrationTest-1925321051 tempest-LiveMigrationTest-1925321051-project] Attributes excluded by policy engine: ['standard_attr_id', 'binding:profile', 'binding:host_id', 'binding:vif_type', 'binding:vif_details'] {{(pid=110108) _exclude_attributes_by_policy /opt/stack/neutron/neutron/pecan_wsgi/hooks/policy_enforcement.py:255}}
Feb 03 22:00:56.515438 n-d-812111-20 neutron-server[110108]: INFO neutron.wsgi [req-66b3588e-5c0a-4cb8-884a-4df0f556ed15 req-f4d894a7-2587-495d-8a9e-406660cbdd33 tempest-LiveMigrationTest-1925321051 tempest-LiveMigrationTest-1925321051-project] 10.222.0.61 "GET /v2.0/ports?device_id=de022aab-698c-4361-bd49-8f90fbfc4b4d HTTP/1.1" status: 200 len: 944 time: 0.1636317
Feb 03 22:00:56.580107 n-d-812111-20 neutron-server[110109]: DEBUG neutron.db.provisioning_blocks [None req-f5b39443-4a08-4e5d-9c31-23a441d35066 None None] Provisioning for port 672c148e-95eb-4032-978a-e1e59447a50a completed by entity L2. {{(pid=110109) provisioning_complete /opt/stack/neutron/neutron/db/provisioning_blocks.py:133}}
Feb 03 22:00:56.580290 n-d-812111-20 neutron-server[110108]: INFO neutron.wsgi [req-66b3588e-5c0a-4cb8-884a-4df0f556ed15 req-12b01d76-1c2d-4849-beda-beaa4d4274ff tempest-LiveMigrationTest-1925321051 tempest-LiveMigrationTest-1925321051-project] 10.222.0.61 "GET /v2.0/security-groups?id=c953ea57-18b8-414c-aa2e-72de24bd6dad&fields=id&fields=name HTTP/1.1" status: 200 len: 286 time: 0.0676141
Feb 03 22:00:56.585057 n-d-812111-20 neutron-server[110107]: DEBUG neutron.pecan_wsgi.hooks.policy_enforcement [req-bc9f8a41-26ed-4cf6-9b30-f0756894d6f3 req-24596f02-9e07-4861-999a-bb7c185cc626 service neutron] Attributes excluded by policy engine: ['standard_attr_id'] {{(pid=110107) _exclude_attributes_by_policy /opt/stack/neutron/neutron/pecan_wsgi/hooks/policy_enforcement.py:255}}
Feb 03 22:00:56.586789 n-d-812111-20 neutron-server[110107]: INFO neutron.wsgi [req-bc9f8a41-26ed-4cf6-9b30-f0756894d6f3 req-24596f02-9e07-4861-999a-bb7c185cc626 service neutron] 10.222.0.69 "GET /v2.0/ports?tenant_id=d72e0bac2d724a7e86d13c7761654332&device_id=de022aab-698c-4361-bd49-8f90fbfc4b4d HTTP/1.1" status: 200 len: 1127 time: 0.0713060
Feb 03 22:00:56.619587 n-d-812111-20 neutron-server[110109]: DEBUG neutron.db.provisioning_blocks [None req-f5b39443-4a08-4e5d-9c31-23a441d35066 None None] Provisioning complete for port 672c148e-95eb-4032-978a-e1e59447a50a triggered by entity L2. {{(pid=110109) provisioning_complete /opt/stack/neutron/neutron/db/provisioning_blocks.py:139}}
Feb 03 22:00:56.619587 n-d-812111-20 neutron-server[110109]: DEBUG neutron_lib.callbacks.manager [None req-f5b39443-4a08-4e5d-9c31-23a441d35066 None None] Publish callbacks ['neutron.plugins.ml2.plugin.Ml2Plugin._port_provisioned-3811676'] for port (672c148e-95eb-4032-978a-e1e59447a50a), provisioning_complete {{(pid=110109) _notify_loop /usr/local/lib/python3.8/dist-packages/neutron_lib/callbacks/manager.py:176}}
Feb 03 22:00:56.654821 n-d-812111-20 neutron-server[110107]: INFO neutron.wsgi [req-bc9f8a41-26ed-4cf6-9b30-f0756894d6f3 req-4a88dabe-4c7d-4f67-93b6-b7400fd4fb02 service neutron] 10.222.0.69 "GET /v2.0/floatingips?fixed_ip_address=172.20.0.10&port_id=96cc2246-70ed-4937-b350-080fe9ba4676 HTTP/1.1" status: 200 len: 217 time: 0.0528269
Feb 03 22:00:56.678183 n-d-812111-20 neutron-server[110109]: DEBUG neutron.plugins.ml2.plugin [None req-ffdd1f32-2a69-46fb-a750-9a65269924c3 None None] Current status of the port 930ce18d-bb49-4dc2-85b8-4c60ac7f1ccc is: ACTIVE; New status is: ACTIVE {{(pid=110109) _update_individual_port_db_status /opt/stack/neutron/neutron/plugins/ml2/plugin.py:2238}}
Feb 03 22:00:56.744378 n-d-812111-20 neutron-server[110107]: DEBUG neutron.pecan_wsgi.hooks.policy_enforcement [req-bc9f8a41-26ed-4cf6-9b30-f0756894d6f3 req-ddae5b25-e31f-46b1-afb2-f9ce70f179ef service neutron] Attributes excluded by policy engine: ['standard_attr_id', 'shared', 'segment_id'] {{(pid=110107) _exclude_attributes_by_policy /opt/stack/neutron/neutron/pecan_wsgi/hooks/policy_enforcement.py:255}}
Feb 03 22:00:56.752003 n-d-812111-20 neutron-server[110107]: INFO neutron.wsgi [req-bc9f8a41-26ed-4cf6-9b30-f0756894d6f3 req-ddae5b25-e31f-46b1-afb2-f9ce70f179ef service neutron] 10.222.0.69 "GET /v2.0/subnets?id=f5b6634c-9f30-4c36-820a-14f521788f3c HTTP/1.1" status: 200 len: 848 time: 0.0836656
Feb 03 22:00:56.752003 n-d-812111-20 neutron-server[110107]: DEBUG novaclient.v2.client [-] RESP: [200] Connection: close Content-Length: 179 Content-Type: application/json Date: Thu, 03 Feb 2022 22:00:56 GMT OpenStack-API-Version: compute 2.1 Server: Apache/2.4.41 (Ubuntu) Vary: OpenStack-API-Version,X-OpenStack-Nova-API-Version X-OpenStack-Nova-API-Version: 2.1 x-compute-request-id: req-1bf4c49e-dfc8-487f-b58b-d9c7be56f2ca x-openstack-request-id: req-1bf4c49e-dfc8-487f-b58b-d9c7be56f2ca {{(pid=110107) _http_log_response /usr/local/lib/python3.8/dist-packages/keystoneauth1/session.py:550}}
Feb 03 22:00:56.752003 n-d-812111-20 neutron-server[110107]: DEBUG novaclient.v2.client [-] RESP BODY: {"events": [{"name": "network-changed", "server_uuid": "de022aab-698c-4361-bd49-8f90fbfc4b4d", "tag": "96cc2246-70ed-4937-b350-080fe9ba4676", "status": "completed", "code": 200}]} {{(pid=110107) _http_log_response /usr/local/lib/python3.8/dist-packages/keystoneauth1/session.py:582}}
Feb 03 22:00:56.752003 n-d-812111-20 neutron-server[110107]: DEBUG novaclient.v2.client [-] POST call to compute for http://10.222.0.61/compute/v2.1/os-server-external-events used request id req-1bf4c49e-dfc8-487f-b58b-d9c7be56f2ca {{(pid=110107) request /usr/local/lib/python3.8/dist-packages/keystoneauth1/session.py:954}}
Feb 03 22:00:56.752003 n-d-812111-20 neutron-server[110107]: INFO neutron.notifiers.nova [-] Nova event response: {'name': 'network-changed', 'server_uuid': 'de022aab-698c-4361-bd49-8f90fbfc4b4d', 'tag': '96cc2246-70ed-4937-b350-080fe9ba4676', 'status': 'completed', 'code': 200}
Feb 03 22:00:56.760285 n-d-812111-20 neutron-server[110109]: DEBUG neutron.plugins.ml2.plugin [None req-f5b39443-4a08-4e5d-9c31-23a441d35066 None None] Current status of the port 672c148e-95eb-4032-978a-e1e59447a50a is: BUILD; New status is: ACTIVE {{(pid=110109) _update_individual_port_db_status /opt/stack/neutron/neutron/plugins/ml2/plugin.py:2238}}
Feb 03 22:00:56.761360 n-d-812111-20 neutron-server[110109]: DEBUG neutron_lib.callbacks.manager [None req-f5b39443-4a08-4e5d-9c31-23a441d35066 None None] Publish callbacks ['neutron.plugins.ml2.plugin.SecurityGroupDbMixin._ensure_default_security_group_handler-3889756'] for port (672c148e-95eb-4032-978a-e1e59447a50a), before_update {{(pid=110109) _notify_loop /usr/local/lib/python3.8/dist-packages/neutron_lib/callbacks/manager.py:176}}
Feb 03 22:00:56.796532 n-d-812111-20 neutron-server[110107]: DEBUG neutron_lib.callbacks.manager [None req-3ab0e06f-8435-4b09-8c01-74a2af43180c tempest-ServersWithSpecificFlavorTestJSON-1335564194 tempest-ServersWithSpecificFlavorTestJSON-1335564194-project] Publish callbacks [] for security_group_rule (c3e96fa0-017c-44af-bb1a-a3126d879a0b), before_create {{(pid=110107) _notify_loop /usr/local/lib/python3.8/dist-packages/neutron_lib/callbacks/manager.py:176}}
Feb 03 22:00:56.798895 n-d-812111-20 neutron-server[110109]: DEBUG neutron.notifiers.nova [-] Sending events: [{'server_uuid': '2ef5b154-01d0-4362-9f5a-db264f14c66d', 'name': 'network-vif-plugged', 'status': 'completed', 'tag': '672c148e-95eb-4032-978a-e1e59447a50a'}] {{(pid=110109) send_events /opt/stack/neutron/neutron/notifiers/nova.py:266}}
Feb 03 22:00:56.802597 n-d-812111-20 neutron-server[110109]: DEBUG novaclient.v2.client [-] REQ: curl -g -i --cacert "/opt/stack/data/ca-bundle.pem" -X POST http://10.222.0.61/compute/v2.1/os-server-external-events -H "Accept: application/json" -H "Content-Type: application/json" -H "User-Agent: python-novaclient" -H "X-Auth-Token: {SHA256}5f814ba628a4188a4d885ffee9056f6fbc7c9ba8875e3f32231717ba6fd4d91a" -H "X-OpenStack-Nova-API-Version: 2.1" -H "X-OpenStack-Request-ID: req-855e3eab-f007-4222-87ee-9bf5cc3c16e3" -d '{"events": [{"server_uuid": "2ef5b154-01d0-4362-9f5a-db264f14c66d", "name": "network-vif-plugged", "status": "completed", "tag": "672c148e-95eb-4032-978a-e1e59447a50a"}]}' {{(pid=110109) _http_log_request /usr/local/lib/python3.8/dist-packages/keystoneauth1/session.py:519}}
Feb 03 22:00:56.825914 n-d-812111-20 neutron-server[110109]: DEBUG neutron.plugins.ml2.db [None req-f5b39443-4a08-4e5d-9c31-23a441d35066 None None] For port 672c148e-95eb-4032-978a-e1e59447a50a, host n-h1-812111-20, got binding levels [PortBindingLevel(driver='hyperv',host='n-h1-812111-20',level=0,port_id=672c148e-95eb-4032-978a-e1e59447a50a,segment=NetworkSegment(b4ce2434-771c-4a97-8bd5-c0594293b7fa),segment_id=b4ce2434-771c-4a97-8bd5-c0594293b7fa)] {{(pid=110109) get_binding_level_objs /opt/stack/neutron/neutron/plugins/ml2/db.py:74}}
Feb 03 22:00:56.826525 n-d-812111-20 neutron-server[110107]: INFO neutron.wsgi [req-bc9f8a41-26ed-4cf6-9b30-f0756894d6f3 req-ba204d2a-8d3d-4dd2-8b8f-98a35c59df91 service neutron] 10.222.0.69 "GET /v2.0/ports?network_id=af05cae6-921c-42d4-9b6b-4d8892fea35d&device_owner=network%3Adhcp HTTP/1.1" status: 200 len: 210 time: 0.0707569
Feb 03 22:00:56.889231 n-d-812111-20 neutron-server[110109]: DEBUG neutron_lib.callbacks.manager [None req-f5b39443-4a08-4e5d-9c31-23a441d35066 None None] Publish callbacks ['neutron.plugins.ml2.plugin.SecurityGroupServerNotifierRpcMixin._notify_sg_on_port_change-3889819', 'neutron.plugins.ml2.ovo_rpc._ObjectChangeHandler.handle_event-123984', 'neutron.api.rpc.agentnotifiers.dhcp_rpc_agent_api.DhcpAgentNotifyAPI._native_event_send_dhcp_notification-595462', 'neutron.db.l3_db.L3RpcNotifierMixin._notify_gateway_port_ip_changed-8759193143287', 'neutron.db.l3_dvrscheduler_db._notify_l3_agent_port_update-8759192713337', 'neutron.db.l3_hascheduler_db._notify_l3_agent_ha_port_update-8759192713355'] for port (672c148e-95eb-4032-978a-e1e59447a50a), after_update {{(pid=110109) _notify_loop /usr/local/lib/python3.8/dist-packages/neutron_lib/callbacks/manager.py:176}}
Feb 03 22:00:56.957650 n-d-812111-20 neutron-server[110107]: DEBUG neutron_lib.callbacks.manager [None req-3ab0e06f-8435-4b09-8c01-74a2af43180c tempest-ServersWithSpecificFlavorTestJSON-1335564194 tempest-ServersWithSpecificFlavorTestJSON-1335564194-project] Publish callbacks [] for security_group_rule (c3e96fa0-017c-44af-bb1a-a3126d879a0b), precommit_create {{(pid=110107) _notify_loop /usr/local/lib/python3.8/dist-packages/neutron_lib/callbacks/manager.py:176}}
Feb 03 22:00:56.963565 n-d-812111-20 neutron-server[110107]: INFO neutron.wsgi [req-bc9f8a41-26ed-4cf6-9b30-f0756894d6f3 req-614cc828-7273-4388-a191-49d8c7eefa2a service neutron] 10.222.0.69 "GET /v2.0/networks/af05cae6-921c-42d4-9b6b-4d8892fea35d?fields=segments HTTP/1.1" status: 200 len: 212 time: 0.1300282
Feb 03 22:00:56.975288 n-d-812111-20 neutron-server[110109]: DEBUG neutron.api.rpc.handlers.resources_rpc [None req-f5b39443-4a08-4e5d-9c31-23a441d35066 None None] Pushing event updated for resources: {'Port': ['ID=672c148e-95eb-4032-978a-e1e59447a50a,revision_number=5']} {{(pid=110109) push /opt/stack/neutron/neutron/api/rpc/handlers/resources_rpc.py:237}}
Feb 03 22:00:57.031543 n-d-812111-20 neutron-server[110107]: DEBUG neutron_lib.callbacks.manager [None req-3ab0e06f-8435-4b09-8c01-74a2af43180c tempest-ServersWithSpecificFlavorTestJSON-1335564194 tempest-ServersWithSpecificFlavorTestJSON-1335564194-project] Publish callbacks ['neutron.plugins.ml2.ovo_rpc._ObjectChangeHandler.handle_event-562747'] for security_group_rule (c3e96fa0-017c-44af-bb1a-a3126d879a0b), after_create {{(pid=110107) _notify_loop /usr/local/lib/python3.8/dist-packages/neutron_lib/callbacks/manager.py:176}}
Feb 03 22:00:57.076564 n-d-812111-20 neutron-server[110107]: DEBUG neutron.api.rpc.handlers.resources_rpc [None req-3ab0e06f-8435-4b09-8c01-74a2af43180c tempest-ServersWithSpecificFlavorTestJSON-1335564194 tempest-ServersWithSpecificFlavorTestJSON-1335564194-project] Pushing event updated for resources: {'SecurityGroupRule': ['ID=c3e96fa0-017c-44af-bb1a-a3126d879a0b,revision_number=0']} {{(pid=110107) push /opt/stack/neutron/neutron/api/rpc/handlers/resources_rpc.py:237}}
Feb 03 22:00:57.104563 n-d-812111-20 neutron-server[110107]: INFO neutron.wsgi [req-bc9f8a41-26ed-4cf6-9b30-f0756894d6f3 req-889c3c61-f852-47fa-be8f-3abfd0c25442 service neutron] 10.222.0.69 "GET /v2.0/networks/af05cae6-921c-42d4-9b6b-4d8892fea35d?fields=provider%3Aphysical_network&fields=provider%3Anetwork_type HTTP/1.1" status: 200 len: 281 time: 0.1308105
Feb 03 22:00:57.166462 n-d-812111-20 neutron-server[110107]: DEBUG neutron_lib.callbacks.manager [None req-3ab0e06f-8435-4b09-8c01-74a2af43180c tempest-ServersWithSpecificFlavorTestJSON-1335564194 tempest-ServersWithSpecificFlavorTestJSON-1335564194-project] Publish callbacks [] for security_group_rule (None), before_response {{(pid=110107) _notify_loop /usr/local/lib/python3.8/dist-packages/neutron_lib/callbacks/manager.py:176}}
Feb 03 22:00:57.172234 n-d-812111-20 neutron-server[110107]: INFO neutron.wsgi [None req-3ab0e06f-8435-4b09-8c01-74a2af43180c tempest-ServersWithSpecificFlavorTestJSON-1335564194 tempest-ServersWithSpecificFlavorTestJSON-1335564194-project] 10.222.0.61 "POST /v2.0/security-group-rules HTTP/1.1" status: 201 len: 764 time: 0.7028465
Feb 03 22:00:57.174343 n-d-812111-20 neutron-server[110108]: DEBUG neutron.wsgi [-] (110108) accepted ('10.222.0.61', 44708) {{(pid=110108) server /usr/local/lib/python3.8/dist-packages/eventlet/wsgi.py:1004}}
Feb 03 22:00:57.181612 n-d-812111-20 neutron-server[110108]: DEBUG neutron.api.v2.base [None req-36ea5a14-2d10-407e-b343-aed5c1275193 tempest-ServersWithSpecificFlavorTestJSON-1335564194 tempest-ServersWithSpecificFlavorTestJSON-1335564194-project] Request body: {'security_group_rule': {'security_group_id': '7e2a82c9-5b69-40cb-b352-939d3282cd44', 'protocol': 'icmp', 'ethertype': 'IPv4', 'direction': 'ingress'}} {{(pid=110108) prepare_request_body /opt/stack/neutron/neutron/api/v2/base.py:729}}
Feb 03 22:00:57.281096 n-d-812111-20 neutron-server[110107]: DEBUG neutron.pecan_wsgi.hooks.policy_enforcement [req-6319dc60-eb2e-47e3-9a92-6826156a08bb req-3a7bf6c4-84b3-4ded-b26d-983e9f52c0d0 service neutron] Attributes excluded by policy engine: ['standard_attr_id'] {{(pid=110107) _exclude_attributes_by_policy /opt/stack/neutron/neutron/pecan_wsgi/hooks/policy_enforcement.py:255}}
Feb 03 22:00:57.282747 n-d-812111-20 neutron-server[110107]: INFO neutron.wsgi [req-6319dc60-eb2e-47e3-9a92-6826156a08bb req-3a7bf6c4-84b3-4ded-b26d-983e9f52c0d0 service neutron] 10.222.0.69 "GET /v2.0/ports?tenant_id=d72e0bac2d724a7e86d13c7761654332&device_id=de022aab-698c-4361-bd49-8f90fbfc4b4d HTTP/1.1" status: 200 len: 1127 time: 0.0649319
Feb 03 22:00:57.333434 n-d-812111-20 neutron-server[110109]: DEBUG novaclient.v2.client [-] RESP: [200] Connection: close Content-Length: 183 Content-Type: application/json Date: Thu, 03 Feb 2022 22:00:56 GMT OpenStack-API-Version: compute 2.1 Server: Apache/2.4.41 (Ubuntu) Vary: OpenStack-API-Version,X-OpenStack-Nova-API-Version X-OpenStack-Nova-API-Version: 2.1 x-compute-request-id: req-c278154e-c54f-4fed-b972-eb9c78819d9d x-openstack-request-id: req-c278154e-c54f-4fed-b972-eb9c78819d9d {{(pid=110109) _http_log_response /usr/local/lib/python3.8/dist-packages/keystoneauth1/session.py:550}}
Feb 03 22:00:57.333926 n-d-812111-20 neutron-server[110109]: DEBUG novaclient.v2.client [-] RESP BODY: {"events": [{"server_uuid": "2ef5b154-01d0-4362-9f5a-db264f14c66d", "name": "network-vif-plugged", "status": "completed", "tag": "672c148e-95eb-4032-978a-e1e59447a50a", "code": 200}]} {{(pid=110109) _http_log_response /usr/local/lib/python3.8/dist-packages/keystoneauth1/session.py:582}}
Feb 03 22:00:57.334048 n-d-812111-20 neutron-server[110109]: DEBUG novaclient.v2.client [-] POST call to compute for http://10.222.0.61/compute/v2.1/os-server-external-events used request id req-c278154e-c54f-4fed-b972-eb9c78819d9d {{(pid=110109) request /usr/local/lib/python3.8/dist-packages/keystoneauth1/session.py:954}}
Feb 03 22:00:57.334374 n-d-812111-20 neutron-server[110109]: INFO neutron.notifiers.nova [-] Nova event response: {'server_uuid': '2ef5b154-01d0-4362-9f5a-db264f14c66d', 'name': 'network-vif-plugged', 'status': 'completed', 'tag': '672c148e-95eb-4032-978a-e1e59447a50a', 'code': 200}
Feb 03 22:00:57.348941 n-d-812111-20 neutron-server[110108]: DEBUG neutron_lib.callbacks.manager [None req-36ea5a14-2d10-407e-b343-aed5c1275193 tempest-ServersWithSpecificFlavorTestJSON-1335564194 tempest-ServersWithSpecificFlavorTestJSON-1335564194-project] Publish callbacks [] for security_group_rule (48a254f1-c6ea-42e2-a4a9-1014f6ec9c27), before_create {{(pid=110108) _notify_loop /usr/local/lib/python3.8/dist-packages/neutron_lib/callbacks/manager.py:176}}
Feb 03 22:00:57.445046 n-d-812111-20 neutron-server[110107]: DEBUG neutron.pecan_wsgi.hooks.policy_enforcement [req-6319dc60-eb2e-47e3-9a92-6826156a08bb req-5485ecc5-822f-4f70-9f6a-8f56a39b4fbc service neutron] Attributes excluded by policy engine: ['standard_attr_id', 'vlan_transparent'] {{(pid=110107) _exclude_attributes_by_policy /opt/stack/neutron/neutron/pecan_wsgi/hooks/policy_enforcement.py:255}}
Feb 03 22:00:57.452015 n-d-812111-20 neutron-server[110107]: INFO neutron.wsgi [req-6319dc60-eb2e-47e3-9a92-6826156a08bb req-5485ecc5-822f-4f70-9f6a-8f56a39b4fbc service neutron] 10.222.0.69 "GET /v2.0/networks?id=af05cae6-921c-42d4-9b6b-4d8892fea35d HTTP/1.1" status: 200 len: 909 time: 0.1632376
Feb 03 22:00:57.551187 n-d-812111-20 neutron-server[110108]: DEBUG neutron_lib.callbacks.manager [None req-36ea5a14-2d10-407e-b343-aed5c1275193 tempest-ServersWithSpecificFlavorTestJSON-1335564194 tempest-ServersWithSpecificFlavorTestJSON-1335564194-project] Publish callbacks [] for security_group_rule (48a254f1-c6ea-42e2-a4a9-1014f6ec9c27), precommit_create {{(pid=110108) _notify_loop /usr/local/lib/python3.8/dist-packages/neutron_lib/callbacks/manager.py:176}}
Feb 03 22:00:57.584702 n-d-812111-20 neutron-server[110107]: INFO neutron.wsgi [req-6319dc60-eb2e-47e3-9a92-6826156a08bb req-3945b6d2-534e-4eed-81a1-c493a7a562dc service neutron] 10.222.0.69 "GET /v2.0/floatingips?fixed_ip_address=172.20.0.10&port_id=96cc2246-70ed-4937-b350-080fe9ba4676 HTTP/1.1" status: 200 len: 217 time: 0.0723042
Feb 03 22:00:57.615962 n-d-812111-20 neutron-server[110108]: DEBUG neutron.pecan_wsgi.hooks.policy_enforcement [req-6c5e9ffe-8bd9-42a7-bd51-a36016a28206 req-0457cd89-e46e-4ed7-b5ac-e1ac3a3f14d3 tempest-LiveAutoBlockMigrationV225Test-1686860663 tempest-LiveAutoBlockMigrationV225Test-1686860663-project] Attributes excluded by policy engine: ['standard_attr_id', 'binding:profile', 'binding:host_id', 'binding:vif_type', 'binding:vif_details'] {{(pid=110108) _exclude_attributes_by_policy /opt/stack/neutron/neutron/pecan_wsgi/hooks/policy_enforcement.py:255}}
Feb 03 22:00:57.629748 n-d-812111-20 neutron-server[110108]: INFO neutron.wsgi [req-6c5e9ffe-8bd9-42a7-bd51-a36016a28206 req-0457cd89-e46e-4ed7-b5ac-e1ac3a3f14d3 tempest-LiveAutoBlockMigrationV225Test-1686860663 tempest-LiveAutoBlockMigrationV225Test-1686860663-project] 10.222.0.61 "GET /v2.0/ports?device_id=2ef5b154-01d0-4362-9f5a-db264f14c66d HTTP/1.1" status: 200 len: 945 time: 0.1839550
Feb 03 22:00:57.656648 n-d-812111-20 neutron-server[110108]: DEBUG neutron_lib.callbacks.manager [None req-36ea5a14-2d10-407e-b343-aed5c1275193 tempest-ServersWithSpecificFlavorTestJSON-1335564194 tempest-ServersWithSpecificFlavorTestJSON-1335564194-project] Publish callbacks ['neutron.plugins.ml2.ovo_rpc._ObjectChangeHandler.handle_event-562747'] for security_group_rule (48a254f1-c6ea-42e2-a4a9-1014f6ec9c27), after_create {{(pid=110108) _notify_loop /usr/local/lib/python3.8/dist-packages/neutron_lib/callbacks/manager.py:176}}
Feb 03 22:00:57.657392 n-d-812111-20 neutron-server[110107]: DEBUG neutron.pecan_wsgi.hooks.policy_enforcement [req-149e7748-9ced-4d0c-85b2-b4a33233d776 req-b3ce153a-7903-445d-9b27-38b9bfd979af service neutron] Attributes excluded by policy engine: ['standard_attr_id'] {{(pid=110107) _exclude_attributes_by_policy /opt/stack/neutron/neutron/pecan_wsgi/hooks/policy_enforcement.py:255}}
