Feb 03 21:59:43.537596 n-d-812111-20 neutron-server[110107]: DEBUG neutron_lib.callbacks.manager [req-2f6acb79-12b3-4ad7-b73d-dff9f8de2dcb req-e4ff494c-8207-4ba1-aa81-e6765c953100 tempest-DeleteServersAdminTestJSON-1869125248 tempest-DeleteServersAdminTestJSON-1869125248-project] Publish callbacks [] for port (db13885b-f400-42de-ae4d-1f5408e3bda5), precommit_create {{(pid=110107) _notify_loop /usr/local/lib/python3.8/dist-packages/neutron_lib/callbacks/manager.py:176}}
Feb 03 21:59:43.622761 n-d-812111-20 neutron-server[110108]: DEBUG neutron.wsgi [-] (110108) accepted ('10.222.0.61', 41978) {{(pid=110108) server /usr/local/lib/python3.8/dist-packages/eventlet/wsgi.py:1004}}
Feb 03 21:59:43.640982 n-d-812111-20 neutron-server[110108]: DEBUG neutron_lib.callbacks.manager [None req-4c8f0c76-a64b-4035-83f8-05691379a56d admin admin] Publish callbacks [] for security_group (None), before_create {{(pid=110108) _notify_loop /usr/local/lib/python3.8/dist-packages/neutron_lib/callbacks/manager.py:176}}
Feb 03 21:59:43.655879 n-d-812111-20 neutron-server[110107]: DEBUG neutron_lib.callbacks.manager [req-2f6acb79-12b3-4ad7-b73d-dff9f8de2dcb req-e4ff494c-8207-4ba1-aa81-e6765c953100 tempest-DeleteServersAdminTestJSON-1869125248 tempest-DeleteServersAdminTestJSON-1869125248-project] Publish callbacks ['neutron.plugins.ml2.plugin.SecurityGroupServerNotifierRpcMixin._notify_sg_on_port_change-3889819', 'neutron.plugins.ml2.ovo_rpc._ObjectChangeHandler.handle_event-123984', 'neutron.api.rpc.agentnotifiers.dhcp_rpc_agent_api.DhcpAgentNotifyAPI._native_event_send_dhcp_notification-595462', 'neutron.db.l3_dvrscheduler_db._notify_l3_agent_new_port-8759192713319'] for port (db13885b-f400-42de-ae4d-1f5408e3bda5), after_create {{(pid=110107) _notify_loop /usr/local/lib/python3.8/dist-packages/neutron_lib/callbacks/manager.py:176}}
Feb 03 21:59:43.798378 n-d-812111-20 neutron-server[110107]: DEBUG neutron.scheduler.dhcp_agent_scheduler [req-2f6acb79-12b3-4ad7-b73d-dff9f8de2dcb req-e4ff494c-8207-4ba1-aa81-e6765c953100 tempest-DeleteServersAdminTestJSON-1869125248 tempest-DeleteServersAdminTestJSON-1869125248-project] Network 0cfbf6b5-90ca-4df0-ba9c-1072407ad60f is already hosted by enough agents. {{(pid=110107) _get_dhcp_agents_hosting_network /opt/stack/neutron/neutron/scheduler/dhcp_agent_scheduler.py:275}}
Feb 03 21:59:43.807433 n-d-812111-20 neutron-server[110107]: DEBUG neutron.scheduler.base_scheduler [req-2f6acb79-12b3-4ad7-b73d-dff9f8de2dcb req-e4ff494c-8207-4ba1-aa81-e6765c953100 tempest-DeleteServersAdminTestJSON-1869125248 tempest-DeleteServersAdminTestJSON-1869125248-project] Resources bound (agent type, host, resource id): {{(pid=110107) schedule /opt/stack/neutron/neutron/scheduler/base_scheduler.py:57}}
Feb 03 21:59:43.810721 n-d-812111-20 neutron-server[110107]: DEBUG neutron.db.l3_dvrscheduler_db [req-2f6acb79-12b3-4ad7-b73d-dff9f8de2dcb req-e4ff494c-8207-4ba1-aa81-e6765c953100 tempest-DeleteServersAdminTestJSON-1869125248 tempest-DeleteServersAdminTestJSON-1869125248-project] Received port after_create {{(pid=110107) _notify_l3_agent_new_port /opt/stack/neutron/neutron/db/l3_dvrscheduler_db.py:536}}
Feb 03 21:59:43.819498 n-d-812111-20 neutron-server[110107]: DEBUG neutron.pecan_wsgi.hooks.policy_enforcement [req-2f6acb79-12b3-4ad7-b73d-dff9f8de2dcb req-e4ff494c-8207-4ba1-aa81-e6765c953100 tempest-DeleteServersAdminTestJSON-1869125248 tempest-DeleteServersAdminTestJSON-1869125248-project] Attributes excluded by policy engine: ['standard_attr_id', 'binding:profile', 'binding:host_id', 'binding:vif_type', 'binding:vif_details', 'network'] {{(pid=110107) _exclude_attributes_by_policy /opt/stack/neutron/neutron/pecan_wsgi/hooks/policy_enforcement.py:255}}
Feb 03 21:59:43.820519 n-d-812111-20 neutron-server[110107]: DEBUG neutron_lib.callbacks.manager [req-2f6acb79-12b3-4ad7-b73d-dff9f8de2dcb req-e4ff494c-8207-4ba1-aa81-e6765c953100 tempest-DeleteServersAdminTestJSON-1869125248 tempest-DeleteServersAdminTestJSON-1869125248-project] Publish callbacks ['neutron.notifiers.nova.Notifier._send_nova_notification-120700', 'neutron.api.rpc.agentnotifiers.dhcp_rpc_agent_api.DhcpAgentNotifyAPI._send_dhcp_notification-595700'] for port (None), before_response {{(pid=110107) _notify_loop /usr/local/lib/python3.8/dist-packages/neutron_lib/callbacks/manager.py:176}}
Feb 03 21:59:43.840368 n-d-812111-20 neutron-server[110108]: DEBUG neutron.pecan_wsgi.hooks.policy_enforcement [req-be945de8-d492-48e4-a231-c96dd0a23ec6 req-2db8aef7-d8b5-40b4-9a1c-2f575006db87 tempest-DeleteServersAdminTestJSON-1869125248 tempest-DeleteServersAdminTestJSON-1869125248-project] Attributes excluded by policy engine: ['standard_attr_id', 'binding:profile', 'binding:host_id', 'binding:vif_type', 'binding:vif_details'] {{(pid=110108) _exclude_attributes_by_policy /opt/stack/neutron/neutron/pecan_wsgi/hooks/policy_enforcement.py:255}}
Feb 03 21:59:43.899689 n-d-812111-20 neutron-server[110108]: INFO neutron.wsgi [req-be945de8-d492-48e4-a231-c96dd0a23ec6 req-2db8aef7-d8b5-40b4-9a1c-2f575006db87 tempest-DeleteServersAdminTestJSON-1869125248 tempest-DeleteServersAdminTestJSON-1869125248-project] 10.222.0.61 "GET /v2.0/ports?device_id=3ac38a04-e11d-4237-bdfe-0e927c6d9f53 HTTP/1.1" status: 200 len: 935 time: 0.1770897
Feb 03 21:59:43.911720 n-d-812111-20 neutron-server[110107]: DEBUG neutron.api.rpc.handlers.resources_rpc [None req-e4ff494c-8207-4ba1-aa81-e6765c953100 tempest-DeleteServersAdminTestJSON-1869125248 tempest-DeleteServersAdminTestJSON-1869125248-project] Pushing event updated for resources: {'Port': ['ID=db13885b-f400-42de-ae4d-1f5408e3bda5,revision_number=1']} {{(pid=110107) push /opt/stack/neutron/neutron/api/rpc/handlers/resources_rpc.py:237}}
Feb 03 21:59:43.935675 n-d-812111-20 neutron-server[110108]: DEBUG neutron_lib.callbacks.manager [None req-4c8f0c76-a64b-4035-83f8-05691379a56d admin admin] Publish callbacks [] for security_group (a8dd4e4a-0729-45ec-866b-bef4a64fb47f), precommit_create {{(pid=110108) _notify_loop /usr/local/lib/python3.8/dist-packages/neutron_lib/callbacks/manager.py:176}}
Feb 03 21:59:43.955021 n-d-812111-20 neutron-server[110107]: INFO neutron.wsgi [req-2f6acb79-12b3-4ad7-b73d-dff9f8de2dcb req-e4ff494c-8207-4ba1-aa81-e6765c953100 tempest-DeleteServersAdminTestJSON-1869125248 tempest-DeleteServersAdminTestJSON-1869125248-project] 10.222.0.69 "POST /v2.0/ports HTTP/1.1" status: 201 len: 937 time: 1.8476412
Feb 03 21:59:43.968331 n-d-812111-20 neutron-server[110107]: DEBUG neutron.wsgi [req-2f6acb79-12b3-4ad7-b73d-dff9f8de2dcb req-702c08c8-84ac-409e-b724-38dc07b7e36f tempest-DeleteServersAdminTestJSON-1869125248 tempest-DeleteServersAdminTestJSON-1869125248-project] http://10.222.0.61:9696/v2.0/extensions returned with HTTP 200 {{(pid=110107) __call__ /opt/stack/neutron/neutron/wsgi.py:730}}
Feb 03 21:59:43.969374 n-d-812111-20 neutron-server[110107]: INFO neutron.wsgi [req-2f6acb79-12b3-4ad7-b73d-dff9f8de2dcb req-702c08c8-84ac-409e-b724-38dc07b7e36f tempest-DeleteServersAdminTestJSON-1869125248 tempest-DeleteServersAdminTestJSON-1869125248-project] 10.222.0.69 "GET /v2.0/extensions HTTP/1.1" status: 200 len: 14082 time: 0.0062156
Feb 03 21:59:43.997989 n-d-812111-20 neutron-server[110108]: DEBUG neutron_lib.callbacks.manager [None req-4c8f0c76-a64b-4035-83f8-05691379a56d admin admin] Publish callbacks ['neutron.plugins.ml2.ovo_rpc._ObjectChangeHandler.handle_event-562890'] for security_group (a8dd4e4a-0729-45ec-866b-bef4a64fb47f), after_create {{(pid=110108) _notify_loop /usr/local/lib/python3.8/dist-packages/neutron_lib/callbacks/manager.py:176}}
Feb 03 21:59:44.114982 n-d-812111-20 neutron-server[110108]: INFO neutron.wsgi [req-be945de8-d492-48e4-a231-c96dd0a23ec6 req-1a9a2fd6-43c5-45e2-83db-0c2b288f92c6 tempest-DeleteServersAdminTestJSON-1869125248 tempest-DeleteServersAdminTestJSON-1869125248-project] 10.222.0.61 "GET /v2.0/security-groups?id=b2c3cb4d-af9e-4e3a-82d3-c4d2467ff99a&fields=id&fields=name HTTP/1.1" status: 200 len: 286 time: 0.2557378
Feb 03 21:59:44.134890 n-d-812111-20 neutron-server[110107]: DEBUG neutron.wsgi [-] (110107) accepted ('10.222.0.61', 41992) {{(pid=110107) server /usr/local/lib/python3.8/dist-packages/eventlet/wsgi.py:1004}}
Feb 03 21:59:44.135550 n-d-812111-20 neutron-server[110108]: INFO neutron.wsgi [None req-4c8f0c76-a64b-4035-83f8-05691379a56d admin admin] 10.222.0.61 "GET /v2.0/security-groups?tenant_id=77a2ba11c3234a1c8bb0a6ff244dce2d&name=default HTTP/1.1" status: 200 len: 2992 time: 0.5113108
Feb 03 21:59:44.144006 n-d-812111-20 neutron-server[110108]: DEBUG neutron.api.rpc.handlers.resources_rpc [None req-4c8f0c76-a64b-4035-83f8-05691379a56d admin admin] Pushing event updated for resources: {'SecurityGroup': ['ID=a8dd4e4a-0729-45ec-866b-bef4a64fb47f,revision_number=1']} {{(pid=110108) push /opt/stack/neutron/neutron/api/rpc/handlers/resources_rpc.py:237}}
Feb 03 21:59:44.215120 n-d-812111-20 neutron-server[110109]: DEBUG neutron.db.provisioning_blocks [None req-4319800a-58d2-46bc-9989-a568c45714b6 None None] Provisioning complete for port db13885b-f400-42de-ae4d-1f5408e3bda5 triggered by entity DHCP. {{(pid=110109) provisioning_complete /opt/stack/neutron/neutron/db/provisioning_blocks.py:139}}
Feb 03 21:59:44.215739 n-d-812111-20 neutron-server[110109]: DEBUG neutron_lib.callbacks.manager [None req-4319800a-58d2-46bc-9989-a568c45714b6 None None] Publish callbacks ['neutron.plugins.ml2.plugin.Ml2Plugin._port_provisioned-3811676'] for port (db13885b-f400-42de-ae4d-1f5408e3bda5), provisioning_complete {{(pid=110109) _notify_loop /usr/local/lib/python3.8/dist-packages/neutron_lib/callbacks/manager.py:176}}
Feb 03 21:59:44.261443 n-d-812111-20 neutron-server[110109]: DEBUG neutron.plugins.ml2.plugin [None req-4319800a-58d2-46bc-9989-a568c45714b6 None None] Port db13885b-f400-42de-ae4d-1f5408e3bda5 cannot update to ACTIVE because it is not bound. {{(pid=110109) _port_provisioned /opt/stack/neutron/neutron/plugins/ml2/plugin.py:343}}
Feb 03 21:59:44.266438 n-d-812111-20 neutron-server[110107]: DEBUG neutron_lib.callbacks.manager [None req-f0e8061e-aef4-4251-81aa-07ce200aa942 admin admin] Publish callbacks [] for security_group (a8dd4e4a-0729-45ec-866b-bef4a64fb47f), before_delete {{(pid=110107) _notify_loop /usr/local/lib/python3.8/dist-packages/neutron_lib/callbacks/manager.py:176}}
Feb 03 21:59:44.290141 n-d-812111-20 neutron-server[110107]: DEBUG neutron_lib.callbacks.manager [None req-f0e8061e-aef4-4251-81aa-07ce200aa942 admin admin] Publish callbacks [] for security_group (a8dd4e4a-0729-45ec-866b-bef4a64fb47f), precommit_delete {{(pid=110107) _notify_loop /usr/local/lib/python3.8/dist-packages/neutron_lib/callbacks/manager.py:176}}
Feb 03 21:59:44.867385 n-d-812111-20 neutron-server[110107]: DEBUG neutron_lib.callbacks.manager [None req-f0e8061e-aef4-4251-81aa-07ce200aa942 admin admin] Publish callbacks ['neutron.plugins.ml2.ovo_rpc._ObjectChangeHandler.handle_event-562890'] for security_group (a8dd4e4a-0729-45ec-866b-bef4a64fb47f), after_delete {{(pid=110107) _notify_loop /usr/local/lib/python3.8/dist-packages/neutron_lib/callbacks/manager.py:176}}
Feb 03 21:59:44.870951 n-d-812111-20 neutron-server[110107]: DEBUG neutron_lib.callbacks.manager [None req-f0e8061e-aef4-4251-81aa-07ce200aa942 admin admin] Publish callbacks [] for security_group (None), before_response {{(pid=110107) _notify_loop /usr/local/lib/python3.8/dist-packages/neutron_lib/callbacks/manager.py:176}}
Feb 03 21:59:44.874802 n-d-812111-20 neutron-server[110107]: INFO neutron.wsgi [None req-f0e8061e-aef4-4251-81aa-07ce200aa942 admin admin] 10.222.0.61 "DELETE /v2.0/security-groups/a8dd4e4a-0729-45ec-866b-bef4a64fb47f HTTP/1.1" status: 204 len: 168 time: 0.7386351
Feb 03 21:59:44.891425 n-d-812111-20 neutron-server[110107]: DEBUG neutron.api.rpc.handlers.resources_rpc [None req-f0e8061e-aef4-4251-81aa-07ce200aa942 admin admin] Pushing event deleted for resources: {'SecurityGroup': ['ID=a8dd4e4a-0729-45ec-866b-bef4a64fb47f,revision_number=None']} {{(pid=110107) push /opt/stack/neutron/neutron/api/rpc/handlers/resources_rpc.py:237}}
Feb 03 21:59:45.157847 n-d-812111-20 neutron-server[110107]: DEBUG neutron.wsgi [-] (110107) accepted ('10.222.0.61', 42010) {{(pid=110107) server /usr/local/lib/python3.8/dist-packages/eventlet/wsgi.py:1004}}
Feb 03 21:59:45.165427 n-d-812111-20 neutron-server[110107]: DEBUG neutron_lib.callbacks.manager [None req-61393d2a-2ca7-47ab-abe0-16541307360b admin admin] Publish callbacks [] for security_group (None), before_create {{(pid=110107) _notify_loop /usr/local/lib/python3.8/dist-packages/neutron_lib/callbacks/manager.py:176}}
Feb 03 21:59:45.283902 n-d-812111-20 neutron-server[110108]: INFO neutron.wsgi [req-286475d9-adb5-409e-bd9a-fe80861de4ac req-2ada2072-26b2-493a-9f3d-e27f0175e34e tempest-AggregatesAdminTestJSON-1260552019 tempest-AggregatesAdminTestJSON-1260552019-project] 10.222.0.61 "GET /v2.0/networks?tenant_id=a8d3171593814b81bd86ba832a5c3374&shared=False HTTP/1.1" status: 200 len: 213 time: 0.0322809
Feb 03 21:59:45.292406 n-d-812111-20 neutron-server[110107]: DEBUG neutron_lib.callbacks.manager [None req-61393d2a-2ca7-47ab-abe0-16541307360b admin admin] Publish callbacks [] for security_group (c5440747-5892-4b84-a0b5-7cb7dc506904), precommit_create {{(pid=110107) _notify_loop /usr/local/lib/python3.8/dist-packages/neutron_lib/callbacks/manager.py:176}}
Feb 03 21:59:45.357773 n-d-812111-20 neutron-server[110107]: DEBUG neutron_lib.callbacks.manager [None req-61393d2a-2ca7-47ab-abe0-16541307360b admin admin] Publish callbacks ['neutron.plugins.ml2.ovo_rpc._ObjectChangeHandler.handle_event-562890'] for security_group (c5440747-5892-4b84-a0b5-7cb7dc506904), after_create {{(pid=110107) _notify_loop /usr/local/lib/python3.8/dist-packages/neutron_lib/callbacks/manager.py:176}}
Feb 03 21:59:45.406457 n-d-812111-20 neutron-server[110107]: INFO neutron.wsgi [None req-61393d2a-2ca7-47ab-abe0-16541307360b admin admin] 10.222.0.61 "GET /v2.0/security-groups?tenant_id=3ca89bdbdb3e4498ac91888f31a866fe&name=default HTTP/1.1" status: 200 len: 2992 time: 0.2599692
Feb 03 21:59:45.407540 n-d-812111-20 neutron-server[110107]: DEBUG neutron.wsgi [-] (110107) accepted ('10.222.0.61', 42026) {{(pid=110107) server /usr/local/lib/python3.8/dist-packages/eventlet/wsgi.py:1004}}
Feb 03 21:59:45.414945 n-d-812111-20 neutron-server[110107]: DEBUG neutron.api.rpc.handlers.resources_rpc [None req-61393d2a-2ca7-47ab-abe0-16541307360b admin admin] Pushing event updated for resources: {'SecurityGroup': ['ID=c5440747-5892-4b84-a0b5-7cb7dc506904,revision_number=1']} {{(pid=110107) push /opt/stack/neutron/neutron/api/rpc/handlers/resources_rpc.py:237}}
Feb 03 21:59:45.423461 n-d-812111-20 neutron-server[110108]: DEBUG neutron.pecan_wsgi.hooks.policy_enforcement [req-286475d9-adb5-409e-bd9a-fe80861de4ac req-a3108bb0-baa7-4458-9dca-4e6737a50c66 tempest-AggregatesAdminTestJSON-1260552019 tempest-AggregatesAdminTestJSON-1260552019-project] Attributes excluded by policy engine: ['standard_attr_id', 'vlan_transparent', 'provider:network_type', 'provider:physical_network', 'provider:segmentation_id'] {{(pid=110108) _exclude_attributes_by_policy /opt/stack/neutron/neutron/pecan_wsgi/hooks/policy_enforcement.py:255}}
Feb 03 21:59:45.424950 n-d-812111-20 neutron-server[110108]: INFO neutron.wsgi [req-286475d9-adb5-409e-bd9a-fe80861de4ac req-a3108bb0-baa7-4458-9dca-4e6737a50c66 tempest-AggregatesAdminTestJSON-1260552019 tempest-AggregatesAdminTestJSON-1260552019-project] 10.222.0.61 "GET /v2.0/networks?shared=True HTTP/1.1" status: 200 len: 769 time: 0.1411886
Feb 03 21:59:45.448723 n-d-812111-20 neutron-server[110108]: INFO neutron.wsgi [req-286475d9-adb5-409e-bd9a-fe80861de4ac req-46f9a9ed-2e0c-493f-9af4-9793f544bedd tempest-AggregatesAdminTestJSON-1260552019 tempest-AggregatesAdminTestJSON-1260552019-project] 10.222.0.61 "GET /v2.0/quotas/a8d3171593814b81bd86ba832a5c3374 HTTP/1.1" status: 200 len: 375 time: 0.0179772
Feb 03 21:59:45.473726 n-d-812111-20 neutron-server[110107]: DEBUG neutron_lib.callbacks.manager [None req-db2dcfd6-59af-4e75-b09e-4a72aaf2b1d0 admin admin] Publish callbacks [] for security_group (c5440747-5892-4b84-a0b5-7cb7dc506904), before_delete {{(pid=110107) _notify_loop /usr/local/lib/python3.8/dist-packages/neutron_lib/callbacks/manager.py:176}}
Feb 03 21:59:45.508801 n-d-812111-20 neutron-server[110108]: INFO neutron.wsgi [req-286475d9-adb5-409e-bd9a-fe80861de4ac req-0668c9ab-ec28-41e9-8778-a3f6183b624b tempest-AggregatesAdminTestJSON-1260552019 tempest-AggregatesAdminTestJSON-1260552019-project] 10.222.0.61 "GET /v2.0/ports?tenant_id=a8d3171593814b81bd86ba832a5c3374&fields=id HTTP/1.1" status: 200 len: 210 time: 0.0570772
Feb 03 21:59:45.511023 n-d-812111-20 neutron-server[110107]: DEBUG neutron_lib.callbacks.manager [None req-db2dcfd6-59af-4e75-b09e-4a72aaf2b1d0 admin admin] Publish callbacks [] for security_group (c5440747-5892-4b84-a0b5-7cb7dc506904), precommit_delete {{(pid=110107) _notify_loop /usr/local/lib/python3.8/dist-packages/neutron_lib/callbacks/manager.py:176}}
Feb 03 21:59:45.684673 n-d-812111-20 neutron-server[110107]: DEBUG neutron_lib.callbacks.manager [None req-db2dcfd6-59af-4e75-b09e-4a72aaf2b1d0 admin admin] Publish callbacks ['neutron.plugins.ml2.ovo_rpc._ObjectChangeHandler.handle_event-562890'] for security_group (c5440747-5892-4b84-a0b5-7cb7dc506904), after_delete {{(pid=110107) _notify_loop /usr/local/lib/python3.8/dist-packages/neutron_lib/callbacks/manager.py:176}}
Feb 03 21:59:45.687962 n-d-812111-20 neutron-server[110107]: DEBUG neutron_lib.callbacks.manager [None req-db2dcfd6-59af-4e75-b09e-4a72aaf2b1d0 admin admin] Publish callbacks [] for security_group (None), before_response {{(pid=110107) _notify_loop /usr/local/lib/python3.8/dist-packages/neutron_lib/callbacks/manager.py:176}}
Feb 03 21:59:45.689490 n-d-812111-20 neutron-server[110107]: INFO neutron.wsgi [None req-db2dcfd6-59af-4e75-b09e-4a72aaf2b1d0 admin admin] 10.222.0.61 "DELETE /v2.0/security-groups/c5440747-5892-4b84-a0b5-7cb7dc506904 HTTP/1.1" status: 204 len: 168 time: 0.2809126
Feb 03 21:59:45.698472 n-d-812111-20 neutron-server[110107]: DEBUG neutron.api.rpc.handlers.resources_rpc [None req-db2dcfd6-59af-4e75-b09e-4a72aaf2b1d0 admin admin] Pushing event deleted for resources: {'SecurityGroup': ['ID=c5440747-5892-4b84-a0b5-7cb7dc506904,revision_number=None']} {{(pid=110107) push /opt/stack/neutron/neutron/api/rpc/handlers/resources_rpc.py:237}}
Feb 03 21:59:45.770094 n-d-812111-20 neutron-server[110107]: DEBUG neutron.wsgi [-] (110107) accepted ('10.222.0.61', 42032) {{(pid=110107) server /usr/local/lib/python3.8/dist-packages/eventlet/wsgi.py:1004}}
Feb 03 21:59:45.794705 n-d-812111-20 neutron-server[110107]: DEBUG neutron_lib.callbacks.manager [None req-bdad8b26-6590-484d-a1b6-50434396c1e8 admin admin] Publish callbacks [] for security_group (None), before_create {{(pid=110107) _notify_loop /usr/local/lib/python3.8/dist-packages/neutron_lib/callbacks/manager.py:176}}
Feb 03 21:59:45.909747 n-d-812111-20 neutron-server[110107]: DEBUG neutron_lib.callbacks.manager [None req-bdad8b26-6590-484d-a1b6-50434396c1e8 admin admin] Publish callbacks [] for security_group (1c79f156-272b-4b96-927f-8bc89259b6f9), precommit_create {{(pid=110107) _notify_loop /usr/local/lib/python3.8/dist-packages/neutron_lib/callbacks/manager.py:176}}
Feb 03 21:59:45.975822 n-d-812111-20 neutron-server[110107]: DEBUG neutron_lib.callbacks.manager [None req-bdad8b26-6590-484d-a1b6-50434396c1e8 admin admin] Publish callbacks ['neutron.plugins.ml2.ovo_rpc._ObjectChangeHandler.handle_event-562890'] for security_group (1c79f156-272b-4b96-927f-8bc89259b6f9), after_create {{(pid=110107) _notify_loop /usr/local/lib/python3.8/dist-packages/neutron_lib/callbacks/manager.py:176}}
Feb 03 21:59:46.024226 n-d-812111-20 neutron-server[110107]: INFO neutron.wsgi [None req-bdad8b26-6590-484d-a1b6-50434396c1e8 admin admin] 10.222.0.61 "GET /v2.0/security-groups?tenant_id=4dbc6f9799384521b2505b1330aa30b0&name=default HTTP/1.1" status: 200 len: 2992 time: 0.2492800
Feb 03 21:59:46.024226 n-d-812111-20 neutron-server[110107]: DEBUG neutron.wsgi [-] (110107) accepted ('10.222.0.61', 42048) {{(pid=110107) server /usr/local/lib/python3.8/dist-packages/eventlet/wsgi.py:1004}}
Feb 03 21:59:46.113584 n-d-812111-20 neutron-server[110107]: DEBUG neutron_lib.callbacks.manager [None req-00c8c731-6ee3-4d3c-8b80-0529185db264 admin admin] Publish callbacks [] for security_group (1c79f156-272b-4b96-927f-8bc89259b6f9), before_delete {{(pid=110107) _notify_loop /usr/local/lib/python3.8/dist-packages/neutron_lib/callbacks/manager.py:176}}
Feb 03 21:59:46.144216 n-d-812111-20 neutron-server[110107]: DEBUG neutron_lib.callbacks.manager [None req-00c8c731-6ee3-4d3c-8b80-0529185db264 admin admin] Publish callbacks [] for security_group (1c79f156-272b-4b96-927f-8bc89259b6f9), precommit_delete {{(pid=110107) _notify_loop /usr/local/lib/python3.8/dist-packages/neutron_lib/callbacks/manager.py:176}}
Feb 03 21:59:46.214390 n-d-812111-20 neutron-server[110107]: DEBUG neutron.api.rpc.handlers.resources_rpc [None req-bdad8b26-6590-484d-a1b6-50434396c1e8 admin admin] Pushing event updated for resources: {'SecurityGroup': ['ID=1c79f156-272b-4b96-927f-8bc89259b6f9,revision_number=1']} {{(pid=110107) push /opt/stack/neutron/neutron/api/rpc/handlers/resources_rpc.py:237}}
Feb 03 21:59:46.254973 n-d-812111-20 neutron-server[110108]: DEBUG neutron.pecan_wsgi.hooks.policy_enforcement [req-db9074d5-d6ac-4188-a105-554edef56179 req-592a708a-2f4c-455f-9537-39dfcca135c5 tempest-DeleteServersAdminTestJSON-1869125248 tempest-DeleteServersAdminTestJSON-1869125248-project] Attributes excluded by policy engine: ['standard_attr_id', 'binding:profile', 'binding:host_id', 'binding:vif_type', 'binding:vif_details'] {{(pid=110108) _exclude_attributes_by_policy /opt/stack/neutron/neutron/pecan_wsgi/hooks/policy_enforcement.py:255}}
Feb 03 21:59:46.256498 n-d-812111-20 neutron-server[110108]: INFO neutron.wsgi [req-db9074d5-d6ac-4188-a105-554edef56179 req-592a708a-2f4c-455f-9537-39dfcca135c5 tempest-DeleteServersAdminTestJSON-1869125248 tempest-DeleteServersAdminTestJSON-1869125248-project] 10.222.0.61 "GET /v2.0/ports?device_id=3ac38a04-e11d-4237-bdfe-0e927c6d9f53 HTTP/1.1" status: 200 len: 935 time: 0.2562726
Feb 03 21:59:46.290834 n-d-812111-20 neutron-server[110107]: DEBUG neutron_lib.callbacks.manager [None req-00c8c731-6ee3-4d3c-8b80-0529185db264 admin admin] Publish callbacks ['neutron.plugins.ml2.ovo_rpc._ObjectChangeHandler.handle_event-562890'] for security_group (1c79f156-272b-4b96-927f-8bc89259b6f9), after_delete {{(pid=110107) _notify_loop /usr/local/lib/python3.8/dist-packages/neutron_lib/callbacks/manager.py:176}}
Feb 03 21:59:46.295074 n-d-812111-20 neutron-server[110107]: DEBUG neutron_lib.callbacks.manager [None req-00c8c731-6ee3-4d3c-8b80-0529185db264 admin admin] Publish callbacks [] for security_group (None), before_response {{(pid=110107) _notify_loop /usr/local/lib/python3.8/dist-packages/neutron_lib/callbacks/manager.py:176}}
Feb 03 21:59:46.303254 n-d-812111-20 neutron-server[110107]: INFO neutron.wsgi [None req-00c8c731-6ee3-4d3c-8b80-0529185db264 admin admin] 10.222.0.61 "DELETE /v2.0/security-groups/1c79f156-272b-4b96-927f-8bc89259b6f9 HTTP/1.1" status: 204 len: 168 time: 0.2721887
Feb 03 21:59:46.306811 n-d-812111-20 neutron-server[110107]: DEBUG neutron.api.rpc.handlers.resources_rpc [None req-00c8c731-6ee3-4d3c-8b80-0529185db264 admin admin] Pushing event deleted for resources: {'SecurityGroup': ['ID=1c79f156-272b-4b96-927f-8bc89259b6f9,revision_number=None']} {{(pid=110107) push /opt/stack/neutron/neutron/api/rpc/handlers/resources_rpc.py:237}}
Feb 03 21:59:46.342407 n-d-812111-20 neutron-server[110108]: INFO neutron.wsgi [req-db9074d5-d6ac-4188-a105-554edef56179 req-a885efe5-fc2f-49ff-83b4-d3a1b1a66a86 tempest-DeleteServersAdminTestJSON-1869125248 tempest-DeleteServersAdminTestJSON-1869125248-project] 10.222.0.61 "GET /v2.0/security-groups?id=b2c3cb4d-af9e-4e3a-82d3-c4d2467ff99a&fields=id&fields=name HTTP/1.1" status: 200 len: 286 time: 0.0704017
Feb 03 21:59:46.432771 n-d-812111-20 neutron-server[110108]: INFO neutron.wsgi [req-80039c27-ba24-4320-a86b-4e460769b450 req-582f95a5-ccfa-44a3-90bc-3f7cc869ac50 tempest-AggregatesAdminTestJSON-1260552019 tempest-AggregatesAdminTestJSON-1260552019-project] 10.222.0.61 "GET /v2.0/ports?device_id=41669bb7-067a-487d-b7b3-f85c6b564605 HTTP/1.1" status: 200 len: 210 time: 0.0540028
Feb 03 21:59:46.519041 n-d-812111-20 neutron-server[110107]: DEBUG neutron.wsgi [-] (110107) accepted ('10.222.0.61', 42066) {{(pid=110107) server /usr/local/lib/python3.8/dist-packages/eventlet/wsgi.py:1004}}
Feb 03 21:59:46.647270 n-d-812111-20 neutron-server[110107]: DEBUG neutron.api.v2.base [req-2f6acb79-12b3-4ad7-b73d-dff9f8de2dcb req-0f5442aa-5cad-44c7-b897-4535eebf9f16 service neutron] Request body: {'port': {'device_id': '3ac38a04-e11d-4237-bdfe-0e927c6d9f53', 'device_owner': 'compute:nova', 'binding:host_id': 'n-h2-812111-20'}} {{(pid=110107) prepare_request_body /opt/stack/neutron/neutron/api/v2/base.py:729}}
Feb 03 21:59:46.817315 n-d-812111-20 neutron-server[110107]: DEBUG neutron_lib.callbacks.manager [req-2f6acb79-12b3-4ad7-b73d-dff9f8de2dcb req-0f5442aa-5cad-44c7-b897-4535eebf9f16 service neutron] Publish callbacks ['neutron.plugins.ml2.plugin.SecurityGroupDbMixin._ensure_default_security_group_handler-3889756'] for port (db13885b-f400-42de-ae4d-1f5408e3bda5), before_update {{(pid=110107) _notify_loop /usr/local/lib/python3.8/dist-packages/neutron_lib/callbacks/manager.py:176}}
Feb 03 21:59:47.249501 n-d-812111-20 neutron-server[110107]: DEBUG neutron_lib.callbacks.manager [None req-44ba7871-2d48-4233-b5f6-74a1fc3c1889 admin admin] Publish callbacks [] for security_group (None), before_create {{(pid=110107) _notify_loop /usr/local/lib/python3.8/dist-packages/neutron_lib/callbacks/manager.py:176}}
Feb 03 21:59:47.393674 n-d-812111-20 neutron-server[110107]: DEBUG neutron.notifiers.nova [req-2f6acb79-12b3-4ad7-b73d-dff9f8de2dcb req-0f5442aa-5cad-44c7-b897-4535eebf9f16 service neutron] Ignoring state change previous_port_status: DOWN current_port_status: DOWN port_id db13885b-f400-42de-ae4d-1f5408e3bda5 {{(pid=110107) record_port_status_changed /opt/stack/neutron/neutron/notifiers/nova.py:228}}
Feb 03 21:59:47.398173 n-d-812111-20 neutron-server[110107]: DEBUG neutron_lib.callbacks.manager [req-2f6acb79-12b3-4ad7-b73d-dff9f8de2dcb req-0f5442aa-5cad-44c7-b897-4535eebf9f16 service neutron] Publish callbacks [] for port (db13885b-f400-42de-ae4d-1f5408e3bda5), precommit_update {{(pid=110107) _notify_loop /usr/local/lib/python3.8/dist-packages/neutron_lib/callbacks/manager.py:176}}
Feb 03 21:59:47.434697 n-d-812111-20 neutron-server[110107]: DEBUG neutron.db.provisioning_blocks [req-2f6acb79-12b3-4ad7-b73d-dff9f8de2dcb req-0f5442aa-5cad-44c7-b897-4535eebf9f16 service neutron] Transition to ACTIVE for port object db13885b-f400-42de-ae4d-1f5408e3bda5 will not be triggered until provisioned by entity L2. {{(pid=110107) add_provisioning_component /opt/stack/neutron/neutron/db/provisioning_blocks.py:73}}
Feb 03 21:59:47.497056 n-d-812111-20 neutron-server[110107]: DEBUG neutron_lib.callbacks.manager [None req-44ba7871-2d48-4233-b5f6-74a1fc3c1889 admin admin] Publish callbacks [] for security_group (b298be7e-de0a-4241-afad-3888099f5049), precommit_create {{(pid=110107) _notify_loop /usr/local/lib/python3.8/dist-packages/neutron_lib/callbacks/manager.py:176}}
Feb 03 21:59:47.618438 n-d-812111-20 neutron-server[110108]: DEBUG neutron.pecan_wsgi.hooks.policy_enforcement [req-bb87e695-e091-4397-af6a-9033ab4a4ad0 req-ef68ef12-beb4-4625-8d89-cdf51143f665 tempest-DeleteServersAdminTestJSON-1869125248 tempest-DeleteServersAdminTestJSON-1869125248-project] Attributes excluded by policy engine: ['standard_attr_id', 'binding:profile', 'binding:host_id', 'binding:vif_type', 'binding:vif_details'] {{(pid=110108) _exclude_attributes_by_policy /opt/stack/neutron/neutron/pecan_wsgi/hooks/policy_enforcement.py:255}}
Feb 03 21:59:47.622852 n-d-812111-20 neutron-server[110108]: INFO neutron.wsgi [req-bb87e695-e091-4397-af6a-9033ab4a4ad0 req-ef68ef12-beb4-4625-8d89-cdf51143f665 tempest-DeleteServersAdminTestJSON-1869125248 tempest-DeleteServersAdminTestJSON-1869125248-project] 10.222.0.61 "GET /v2.0/ports?device_id=3ac38a04-e11d-4237-bdfe-0e927c6d9f53 HTTP/1.1" status: 200 len: 935 time: 0.1121576
Feb 03 21:59:47.714204 n-d-812111-20 neutron-server[110108]: INFO neutron.wsgi [req-bb87e695-e091-4397-af6a-9033ab4a4ad0 req-d3d63fd1-6b96-45b9-9829-8ee6df030b56 tempest-DeleteServersAdminTestJSON-1869125248 tempest-DeleteServersAdminTestJSON-1869125248-project] 10.222.0.61 "GET /v2.0/security-groups?id=b2c3cb4d-af9e-4e3a-82d3-c4d2467ff99a&fields=id&fields=name HTTP/1.1" status: 200 len: 286 time: 0.0835166
Feb 03 21:59:47.817065 n-d-812111-20 neutron-server[110108]: INFO neutron.wsgi [req-e7a5333b-b148-4f93-b6c5-48a233e861db req-2bdc8875-e648-4d83-8e7f-6a6cfcae5cbc tempest-AggregatesAdminTestJSON-1260552019 tempest-AggregatesAdminTestJSON-1260552019-project] 10.222.0.61 "GET /v2.0/ports?device_id=41669bb7-067a-487d-b7b3-f85c6b564605 HTTP/1.1" status: 200 len: 210 time: 0.0318284
Feb 03 21:59:47.878087 n-d-812111-20 neutron-server[110107]: DEBUG neutron_lib.callbacks.manager [req-2f6acb79-12b3-4ad7-b73d-dff9f8de2dcb req-0f5442aa-5cad-44c7-b897-4535eebf9f16 service neutron] Publish callbacks ['neutron.plugins.ml2.plugin.SecurityGroupServerNotifierRpcMixin._notify_sg_on_port_change-3889819', 'neutron.plugins.ml2.ovo_rpc._ObjectChangeHandler.handle_event-123984', 'neutron.api.rpc.agentnotifiers.dhcp_rpc_agent_api.DhcpAgentNotifyAPI._native_event_send_dhcp_notification-595462', 'neutron.db.l3_db.L3RpcNotifierMixin._notify_gateway_port_ip_changed-8759193143287', 'neutron.db.l3_dvrscheduler_db._notify_l3_agent_port_update-8759192713337', 'neutron.db.l3_hascheduler_db._notify_l3_agent_ha_port_update-8759192713355'] for port (db13885b-f400-42de-ae4d-1f5408e3bda5), after_update {{(pid=110107) _notify_loop /usr/local/lib/python3.8/dist-packages/neutron_lib/callbacks/manager.py:176}}
Feb 03 21:59:47.879416 n-d-812111-20 neutron-server[110109]: DEBUG neutron_lib.callbacks.manager [None req-701918bf-0f14-418b-b73c-8f7af1632a48 None None] Publish callbacks ['neutron.services.segments.db._update_segment_host_mapping_for_agent-8759193262915', 'neutron.plugins.ml2.plugin.Ml2Plugin._retry_binding_revived_agents-3811766'] for agent (3049cfd7-834f-474a-a0eb-f80033fbc254), after_update {{(pid=110109) _notify_loop /usr/local/lib/python3.8/dist-packages/neutron_lib/callbacks/manager.py:176}}
Feb 03 21:59:47.886119 n-d-812111-20 neutron-server[110107]: DEBUG neutron_lib.callbacks.manager [None req-44ba7871-2d48-4233-b5f6-74a1fc3c1889 admin admin] Publish callbacks ['neutron.plugins.ml2.ovo_rpc._ObjectChangeHandler.handle_event-562890'] for security_group (b298be7e-de0a-4241-afad-3888099f5049), after_create {{(pid=110107) _notify_loop /usr/local/lib/python3.8/dist-packages/neutron_lib/callbacks/manager.py:176}}
Feb 03 21:59:48.023788 n-d-812111-20 neutron-server[110107]: INFO neutron.wsgi [None req-44ba7871-2d48-4233-b5f6-74a1fc3c1889 admin admin] 10.222.0.61 "GET /v2.0/security-groups?tenant_id=82f475c58365449aa5319ca6e5bfb881&name=default HTTP/1.1" status: 200 len: 2992 time: 1.5036149
Feb 03 21:59:48.026502 n-d-812111-20 neutron-server[110108]: DEBUG neutron.wsgi [-] (110108) accepted ('10.222.0.61', 42132) {{(pid=110108) server /usr/local/lib/python3.8/dist-packages/eventlet/wsgi.py:1004}}
Feb 03 21:59:48.093012 n-d-812111-20 neutron-server[110107]: DEBUG neutron.api.rpc.handlers.resources_rpc [None req-44ba7871-2d48-4233-b5f6-74a1fc3c1889 admin admin] Pushing event updated for resources: {'SecurityGroup': ['ID=b298be7e-de0a-4241-afad-3888099f5049,revision_number=1']} {{(pid=110107) push /opt/stack/neutron/neutron/api/rpc/handlers/resources_rpc.py:237}}
Feb 03 21:59:48.093012 n-d-812111-20 neutron-server[110107]: DEBUG neutron.api.rpc.handlers.resources_rpc [None req-0f5442aa-5cad-44c7-b897-4535eebf9f16 service neutron] Pushing event updated for resources: {'Port': ['ID=db13885b-f400-42de-ae4d-1f5408e3bda5,revision_number=2']} {{(pid=110107) push /opt/stack/neutron/neutron/api/rpc/handlers/resources_rpc.py:237}}
Feb 03 21:59:48.149765 n-d-812111-20 neutron-server[110108]: DEBUG neutron_lib.callbacks.manager [None req-1e3a2c1d-a135-4e89-aba2-6871d5676863 admin admin] Publish callbacks [] for security_group (b298be7e-de0a-4241-afad-3888099f5049), before_delete {{(pid=110108) _notify_loop /usr/local/lib/python3.8/dist-packages/neutron_lib/callbacks/manager.py:176}}
Feb 03 21:59:48.204092 n-d-812111-20 neutron-server[110107]: DEBUG neutron.plugins.ml2.managers [req-2f6acb79-12b3-4ad7-b73d-dff9f8de2dcb req-0f5442aa-5cad-44c7-b897-4535eebf9f16 service neutron] Attempting to bind port db13885b-f400-42de-ae4d-1f5408e3bda5 on host n-h2-812111-20 for vnic_type normal with profile {{(pid=110107) bind_port /opt/stack/neutron/neutron/plugins/ml2/managers.py:795}}
Feb 03 21:59:48.204514 n-d-812111-20 neutron-server[110107]: DEBUG neutron.plugins.ml2.managers [req-2f6acb79-12b3-4ad7-b73d-dff9f8de2dcb req-0f5442aa-5cad-44c7-b897-4535eebf9f16 service neutron] Attempting to bind port db13885b-f400-42de-ae4d-1f5408e3bda5 by drivers openvswitch,hyperv on host n-h2-812111-20 at level 0 using segments [{'id': '42749617-5632-4fd9-9c06-8c524774ac5e', 'network_type': 'vlan', 'physical_network': 'physnet1', 'segmentation_id': 442, 'network_id': '0cfbf6b5-90ca-4df0-ba9c-1072407ad60f'}] {{(pid=110107) _bind_port_level /opt/stack/neutron/neutron/plugins/ml2/managers.py:820}}
Feb 03 21:59:48.204966 n-d-812111-20 neutron-server[110107]: DEBUG neutron.plugins.ml2.drivers.mech_agent [req-2f6acb79-12b3-4ad7-b73d-dff9f8de2dcb req-0f5442aa-5cad-44c7-b897-4535eebf9f16 service neutron] Attempting to bind port db13885b-f400-42de-ae4d-1f5408e3bda5 on network 0cfbf6b5-90ca-4df0-ba9c-1072407ad60f {{(pid=110107) bind_port /opt/stack/neutron/neutron/plugins/ml2/drivers/mech_agent.py:91}}
Feb 03 21:59:48.209891 n-d-812111-20 neutron-server[110108]: DEBUG neutron_lib.callbacks.manager [None req-1e3a2c1d-a135-4e89-aba2-6871d5676863 admin admin] Publish callbacks [] for security_group (b298be7e-de0a-4241-afad-3888099f5049), precommit_delete {{(pid=110108) _notify_loop /usr/local/lib/python3.8/dist-packages/neutron_lib/callbacks/manager.py:176}}
Feb 03 21:59:48.211185 n-d-812111-20 neutron-server[110107]: DEBUG neutron.plugins.ml2.drivers.mech_agent [req-2f6acb79-12b3-4ad7-b73d-dff9f8de2dcb req-0f5442aa-5cad-44c7-b897-4535eebf9f16 service neutron] Port db13885b-f400-42de-ae4d-1f5408e3bda5 on network 0cfbf6b5-90ca-4df0-ba9c-1072407ad60f not bound, no agent of type Open vSwitch agent registered on host n-h2-812111-20 {{(pid=110107) bind_port /opt/stack/neutron/neutron/plugins/ml2/drivers/mech_agent.py:103}}
Feb 03 21:59:48.211548 n-d-812111-20 neutron-server[110107]: DEBUG neutron.plugins.ml2.drivers.mech_agent [req-2f6acb79-12b3-4ad7-b73d-dff9f8de2dcb req-0f5442aa-5cad-44c7-b897-4535eebf9f16 service neutron] Attempting to bind port db13885b-f400-42de-ae4d-1f5408e3bda5 on network 0cfbf6b5-90ca-4df0-ba9c-1072407ad60f {{(pid=110107) bind_port /opt/stack/neutron/neutron/plugins/ml2/drivers/mech_agent.py:91}}
Feb 03 21:59:48.218770 n-d-812111-20 neutron-server[110107]: DEBUG neutron.plugins.ml2.drivers.mech_agent [req-2f6acb79-12b3-4ad7-b73d-dff9f8de2dcb req-0f5442aa-5cad-44c7-b897-4535eebf9f16 service neutron] Checking agent: {'id': '3049cfd7-834f-474a-a0eb-f80033fbc254', 'agent_type': 'HyperV agent', 'binary': 'neutron-hyperv-agent', 'topic': 'N/A', 'host': 'n-h2-812111-20', 'admin_state_up': True, 'created_at': datetime.datetime(2022, 2, 3, 21, 57, 18), 'started_at': datetime.datetime(2022, 2, 3, 21, 57, 18), 'heartbeat_timestamp': datetime.datetime(2022, 2, 3, 21, 59, 48), 'description': None, 'resources_synced': None, 'availability_zone': None, 'alive': True, 'configurations': {'vswitch_mappings': {'physnet1$': 'br-data'}}, 'resource_versions': {}} {{(pid=110107) bind_port /opt/stack/neutron/neutron/plugins/ml2/drivers/mech_agent.py:110}}
Feb 03 21:59:48.224972 n-d-812111-20 neutron-server[110107]: DEBUG neutron.plugins.ml2.drivers.mech_agent [req-2f6acb79-12b3-4ad7-b73d-dff9f8de2dcb req-0f5442aa-5cad-44c7-b897-4535eebf9f16 service neutron] Checking segment: {'id': '42749617-5632-4fd9-9c06-8c524774ac5e', 'network_type': 'vlan', 'physical_network': 'physnet1', 'segmentation_id': 442, 'network_id': '0cfbf6b5-90ca-4df0-ba9c-1072407ad60f'} for mappings: {'physnet1$': 'br-data'} with network types: ['local', 'flat', 'vlan'] {{(pid=110107) check_segment_for_agent /opt/stack/neutron/neutron/plugins/ml2/drivers/mech_agent.py:373}}
Feb 03 21:59:48.224972 n-d-812111-20 neutron-server[110107]: DEBUG neutron.plugins.ml2.drivers.mech_agent [req-2f6acb79-12b3-4ad7-b73d-dff9f8de2dcb req-0f5442aa-5cad-44c7-b897-4535eebf9f16 service neutron] Bound using segment: {'id': '42749617-5632-4fd9-9c06-8c524774ac5e', 'network_type': 'vlan', 'physical_network': 'physnet1', 'segmentation_id': 442, 'network_id': '0cfbf6b5-90ca-4df0-ba9c-1072407ad60f'} {{(pid=110107) bind_port /opt/stack/neutron/neutron/plugins/ml2/drivers/mech_agent.py:120}}
Feb 03 21:59:48.224972 n-d-812111-20 neutron-server[110107]: DEBUG neutron.plugins.ml2.managers [req-2f6acb79-12b3-4ad7-b73d-dff9f8de2dcb req-0f5442aa-5cad-44c7-b897-4535eebf9f16 service neutron] Bound port: db13885b-f400-42de-ae4d-1f5408e3bda5, host: n-h2-812111-20, vif_type: hyperv, vif_details: {"connectivity": "legacy", "port_filter": false}, binding_levels: [{'bound_driver': 'hyperv', 'bound_segment': {'id': '42749617-5632-4fd9-9c06-8c524774ac5e', 'network_type': 'vlan', 'physical_network': 'physnet1', 'segmentation_id': 442, 'network_id': '0cfbf6b5-90ca-4df0-ba9c-1072407ad60f'}}] {{(pid=110107) _bind_port_level /opt/stack/neutron/neutron/plugins/ml2/managers.py:932}}
Feb 03 21:59:48.224972 n-d-812111-20 neutron-server[110107]: DEBUG neutron_lib.callbacks.manager [req-2f6acb79-12b3-4ad7-b73d-dff9f8de2dcb req-0f5442aa-5cad-44c7-b897-4535eebf9f16 service neutron] Publish callbacks ['neutron.plugins.ml2.plugin.SecurityGroupDbMixin._ensure_default_security_group_handler-3889756'] for port (db13885b-f400-42de-ae4d-1f5408e3bda5), before_update {{(pid=110107) _notify_loop /usr/local/lib/python3.8/dist-packages/neutron_lib/callbacks/manager.py:176}}
Feb 03 21:59:48.335381 n-d-812111-20 neutron-server[110108]: DEBUG neutron_lib.callbacks.manager [None req-1e3a2c1d-a135-4e89-aba2-6871d5676863 admin admin] Publish callbacks ['neutron.plugins.ml2.ovo_rpc._ObjectChangeHandler.handle_event-562890'] for security_group (b298be7e-de0a-4241-afad-3888099f5049), after_delete {{(pid=110108) _notify_loop /usr/local/lib/python3.8/dist-packages/neutron_lib/callbacks/manager.py:176}}
Feb 03 21:59:48.338856 n-d-812111-20 neutron-server[110108]: DEBUG neutron_lib.callbacks.manager [None req-1e3a2c1d-a135-4e89-aba2-6871d5676863 admin admin] Publish callbacks [] for security_group (None), before_response {{(pid=110108) _notify_loop /usr/local/lib/python3.8/dist-packages/neutron_lib/callbacks/manager.py:176}}
Feb 03 21:59:48.339312 n-d-812111-20 neutron-server[110108]: INFO neutron.wsgi [None req-1e3a2c1d-a135-4e89-aba2-6871d5676863 admin admin] 10.222.0.61 "DELETE /v2.0/security-groups/b298be7e-de0a-4241-afad-3888099f5049 HTTP/1.1" status: 204 len: 168 time: 0.3113964
Feb 03 21:59:48.354509 n-d-812111-20 neutron-server[110108]: DEBUG neutron.api.rpc.handlers.resources_rpc [None req-1e3a2c1d-a135-4e89-aba2-6871d5676863 admin admin] Pushing event deleted for resources: {'SecurityGroup': ['ID=b298be7e-de0a-4241-afad-3888099f5049,revision_number=None']} {{(pid=110108) push /opt/stack/neutron/neutron/api/rpc/handlers/resources_rpc.py:237}}
Feb 03 21:59:48.448493 n-d-812111-20 neutron-server[110107]: DEBUG neutron.plugins.ml2.db [req-2f6acb79-12b3-4ad7-b73d-dff9f8de2dcb req-0f5442aa-5cad-44c7-b897-4535eebf9f16 service neutron] For port db13885b-f400-42de-ae4d-1f5408e3bda5, host n-h2-812111-20, cleared binding levels {{(pid=110107) clear_binding_levels /opt/stack/neutron/neutron/plugins/ml2/db.py:87}}
Feb 03 21:59:48.470618 n-d-812111-20 neutron-server[110107]: DEBUG neutron.plugins.ml2.db [req-2f6acb79-12b3-4ad7-b73d-dff9f8de2dcb req-0f5442aa-5cad-44c7-b897-4535eebf9f16 service neutron] For port db13885b-f400-42de-ae4d-1f5408e3bda5, host n-h2-812111-20, set binding levels [PortBindingLevel(driver='hyperv',host='n-h2-812111-20',level=0,port_id=db13885b-f400-42de-ae4d-1f5408e3bda5,segment=NetworkSegment(42749617-5632-4fd9-9c06-8c524774ac5e),segment_id=42749617-5632-4fd9-9c06-8c524774ac5e)] {{(pid=110107) set_binding_levels /opt/stack/neutron/neutron/plugins/ml2/db.py:59}}
Feb 03 21:59:48.582357 n-d-812111-20 neutron-server[110107]: DEBUG neutron_lib.callbacks.manager [req-2f6acb79-12b3-4ad7-b73d-dff9f8de2dcb req-0f5442aa-5cad-44c7-b897-4535eebf9f16 service neutron] Publish callbacks ['neutron.plugins.ml2.plugin.SecurityGroupServerNotifierRpcMixin._notify_sg_on_port_change-3889819', 'neutron.plugins.ml2.ovo_rpc._ObjectChangeHandler.handle_event-123984', 'neutron.api.rpc.agentnotifiers.dhcp_rpc_agent_api.DhcpAgentNotifyAPI._native_event_send_dhcp_notification-595462', 'neutron.db.l3_db.L3RpcNotifierMixin._notify_gateway_port_ip_changed-8759193143287', 'neutron.db.l3_dvrscheduler_db._notify_l3_agent_port_update-8759192713337', 'neutron.db.l3_hascheduler_db._notify_l3_agent_ha_port_update-8759192713355'] for port (db13885b-f400-42de-ae4d-1f5408e3bda5), after_update {{(pid=110107) _notify_loop /usr/local/lib/python3.8/dist-packages/neutron_lib/callbacks/manager.py:176}}
Feb 03 21:59:48.639748 n-d-812111-20 neutron-server[110107]: DEBUG neutron.pecan_wsgi.hooks.policy_enforcement [req-2f6acb79-12b3-4ad7-b73d-dff9f8de2dcb req-0f5442aa-5cad-44c7-b897-4535eebf9f16 service neutron] Attributes excluded by policy engine: ['standard_attr_id'] {{(pid=110107) _exclude_attributes_by_policy /opt/stack/neutron/neutron/pecan_wsgi/hooks/policy_enforcement.py:255}}
Feb 03 21:59:48.640555 n-d-812111-20 neutron-server[110107]: DEBUG neutron_lib.callbacks.manager [req-2f6acb79-12b3-4ad7-b73d-dff9f8de2dcb req-0f5442aa-5cad-44c7-b897-4535eebf9f16 service neutron] Publish callbacks ['neutron.notifiers.nova.Notifier._send_nova_notification-120700', 'neutron.api.rpc.agentnotifiers.dhcp_rpc_agent_api.DhcpAgentNotifyAPI._send_dhcp_notification-595700'] for port (None), before_response {{(pid=110107) _notify_loop /usr/local/lib/python3.8/dist-packages/neutron_lib/callbacks/manager.py:176}}
Feb 03 21:59:48.642143 n-d-812111-20 neutron-server[110107]: INFO neutron.wsgi [req-2f6acb79-12b3-4ad7-b73d-dff9f8de2dcb req-0f5442aa-5cad-44c7-b897-4535eebf9f16 service neutron] 10.222.0.69 "PUT /v2.0/ports/db13885b-f400-42de-ae4d-1f5408e3bda5 HTTP/1.1" status: 200 len: 1096 time: 2.3924100
Feb 03 21:59:48.642660 n-d-812111-20 neutron-server[110107]: DEBUG neutron.notifiers.nova [-] Sending events: [{'name': 'network-changed', 'server_uuid': '3ac38a04-e11d-4237-bdfe-0e927c6d9f53', 'tag': 'db13885b-f400-42de-ae4d-1f5408e3bda5'}] {{(pid=110107) send_events /opt/stack/neutron/neutron/notifiers/nova.py:266}}
Feb 03 21:59:48.735896 n-d-812111-20 neutron-server[110107]: DEBUG neutron.api.rpc.handlers.resources_rpc [None req-0f5442aa-5cad-44c7-b897-4535eebf9f16 service neutron] Pushing event updated for resources: {'Port': ['ID=db13885b-f400-42de-ae4d-1f5408e3bda5,revision_number=3']} {{(pid=110107) push /opt/stack/neutron/neutron/api/rpc/handlers/resources_rpc.py:237}}
Feb 03 21:59:48.899150 n-d-812111-20 neutron-server[110108]: DEBUG neutron.pecan_wsgi.hooks.policy_enforcement [req-1301611a-ced0-4333-81ef-a87de079eb8d req-11367246-b932-47ec-b452-a4ec8a64b34c tempest-DeleteServersAdminTestJSON-1869125248 tempest-DeleteServersAdminTestJSON-1869125248-project] Attributes excluded by policy engine: ['standard_attr_id', 'binding:profile', 'binding:host_id', 'binding:vif_type', 'binding:vif_details'] {{(pid=110108) _exclude_attributes_by_policy /opt/stack/neutron/neutron/pecan_wsgi/hooks/policy_enforcement.py:255}}
Feb 03 21:59:48.901169 n-d-812111-20 neutron-server[110108]: INFO neutron.wsgi [req-1301611a-ced0-4333-81ef-a87de079eb8d req-11367246-b932-47ec-b452-a4ec8a64b34c tempest-DeleteServersAdminTestJSON-1869125248 tempest-DeleteServersAdminTestJSON-1869125248-project] 10.222.0.61 "GET /v2.0/ports?device_id=3ac38a04-e11d-4237-bdfe-0e927c6d9f53 HTTP/1.1" status: 200 len: 947 time: 0.0959055
Feb 03 21:59:49.036116 n-d-812111-20 neutron-server[110108]: INFO neutron.wsgi [req-5e21db2d-4bcd-48bb-ae3f-0feca3455186 req-157abaa2-7872-48e1-bf32-e9536d1da36a tempest-AggregatesAdminTestJSON-1260552019 tempest-AggregatesAdminTestJSON-1260552019-project] 10.222.0.61 "GET /v2.0/ports?device_id=41669bb7-067a-487d-b7b3-f85c6b564605 HTTP/1.1" status: 200 len: 210 time: 0.0892406
Feb 03 21:59:49.084565 n-d-812111-20 neutron-server[110108]: INFO neutron.wsgi [req-1301611a-ced0-4333-81ef-a87de079eb8d req-d8332702-c560-46d1-be18-425aff64572d tempest-DeleteServersAdminTestJSON-1869125248 tempest-DeleteServersAdminTestJSON-1869125248-project] 10.222.0.61 "GET /v2.0/security-groups?id=b2c3cb4d-af9e-4e3a-82d3-c4d2467ff99a&fields=id&fields=name HTTP/1.1" status: 200 len: 286 time: 0.1747360
Feb 03 21:59:49.131868 n-d-812111-20 neutron-server[110107]: DEBUG neutron.pecan_wsgi.hooks.policy_enforcement [req-2f6acb79-12b3-4ad7-b73d-dff9f8de2dcb req-fe026b0b-cb25-470d-80e2-10a2e590e7fa service neutron] Attributes excluded by policy engine: ['standard_attr_id'] {{(pid=110107) _exclude_attributes_by_policy /opt/stack/neutron/neutron/pecan_wsgi/hooks/policy_enforcement.py:255}}
Feb 03 21:59:49.134056 n-d-812111-20 neutron-server[110107]: INFO neutron.wsgi [req-2f6acb79-12b3-4ad7-b73d-dff9f8de2dcb req-fe026b0b-cb25-470d-80e2-10a2e590e7fa service neutron] 10.222.0.69 "GET /v2.0/ports?tenant_id=009022f49fa348ceb2b127b0e695f455&device_id=3ac38a04-e11d-4237-bdfe-0e927c6d9f53 HTTP/1.1" status: 200 len: 1130 time: 0.1977429
Feb 03 21:59:49.171076 n-d-812111-20 neutron-server[110108]: DEBUG neutron.wsgi [-] (110108) accepted ('10.222.0.61', 42166) {{(pid=110108) server /usr/local/lib/python3.8/dist-packages/eventlet/wsgi.py:1004}}
Feb 03 21:59:49.290121 n-d-812111-20 neutron-server[110107]: INFO neutron.wsgi [req-2f6acb79-12b3-4ad7-b73d-dff9f8de2dcb req-095ba8b8-4724-44cf-9968-6a290baa35a4 service neutron] 10.222.0.69 "GET /v2.0/floatingips?fixed_ip_address=192.168.233.79&port_id=db13885b-f400-42de-ae4d-1f5408e3bda5 HTTP/1.1" status: 200 len: 217 time: 0.1127729
Feb 03 21:59:49.575024 n-d-812111-20 neutron-server[110107]: DEBUG novaclient.v2.client [-] REQ: curl -g -i --cacert "/opt/stack/data/ca-bundle.pem" -X POST http://10.222.0.61/compute/v2.1/os-server-external-events -H "Accept: application/json" -H "Content-Type: application/json" -H "User-Agent: python-novaclient" -H "X-Auth-Token: {SHA256}f008b8a43c742787f60936972a690cfbd3be7d09797b045442467a9ef3da54c2" -H "X-OpenStack-Nova-API-Version: 2.1" -H "X-OpenStack-Request-ID: req-e7444894-6663-4d4e-9314-998315441ed7" -d '{"events": [{"name": "network-changed", "server_uuid": "3ac38a04-e11d-4237-bdfe-0e927c6d9f53", "tag": "db13885b-f400-42de-ae4d-1f5408e3bda5"}]}' {{(pid=110107) _http_log_request /usr/local/lib/python3.8/dist-packages/keystoneauth1/session.py:519}}
Feb 03 21:59:49.637039 n-d-812111-20 neutron-server[110108]: DEBUG neutron.wsgi [-] (110108) accepted ('10.222.0.61', 42180) {{(pid=110108) server /usr/local/lib/python3.8/dist-packages/eventlet/wsgi.py:1004}}
Feb 03 21:59:49.655269 n-d-812111-20 neutron-server[110108]: DEBUG neutron_lib.callbacks.manager [None req-211720be-88fb-4422-9898-4b085bba4621 admin admin] Publish callbacks [] for security_group (None), before_create {{(pid=110108) _notify_loop /usr/local/lib/python3.8/dist-packages/neutron_lib/callbacks/manager.py:176}}
Feb 03 21:59:49.742416 n-d-812111-20 neutron-server[110108]: DEBUG neutron_lib.callbacks.manager [None req-211720be-88fb-4422-9898-4b085bba4621 admin admin] Publish callbacks [] for security_group (3cbd30b2-2a12-4a69-ab84-16f7965519ec), precommit_create {{(pid=110108) _notify_loop /usr/local/lib/python3.8/dist-packages/neutron_lib/callbacks/manager.py:176}}
Feb 03 21:59:49.833182 n-d-812111-20 neutron-server[110108]: DEBUG neutron_lib.callbacks.manager [None req-211720be-88fb-4422-9898-4b085bba4621 admin admin] Publish callbacks ['neutron.plugins.ml2.ovo_rpc._ObjectChangeHandler.handle_event-562890'] for security_group (3cbd30b2-2a12-4a69-ab84-16f7965519ec), after_create {{(pid=110108) _notify_loop /usr/local/lib/python3.8/dist-packages/neutron_lib/callbacks/manager.py:176}}
Feb 03 21:59:49.891401 n-d-812111-20 neutron-server[110107]: DEBUG neutron.wsgi [-] (110107) accepted ('10.222.0.61', 42184) {{(pid=110107) server /usr/local/lib/python3.8/dist-packages/eventlet/wsgi.py:1004}}
Feb 03 21:59:49.893040 n-d-812111-20 neutron-server[110108]: DEBUG neutron_lib.callbacks.manager [None req-3d7d338b-9fcd-403a-9c3d-2db6237fc1b2 admin admin] Publish callbacks [] for security_group (None), before_create {{(pid=110108) _notify_loop /usr/local/lib/python3.8/dist-packages/neutron_lib/callbacks/manager.py:176}}
Feb 03 21:59:49.902982 n-d-812111-20 neutron-server[110108]: DEBUG neutron.api.rpc.handlers.resources_rpc [None req-211720be-88fb-4422-9898-4b085bba4621 admin admin] Pushing event updated for resources: {'SecurityGroup': ['ID=3cbd30b2-2a12-4a69-ab84-16f7965519ec,revision_number=1']} {{(pid=110108) push /opt/stack/neutron/neutron/api/rpc/handlers/resources_rpc.py:237}}
Feb 03 21:59:49.999412 n-d-812111-20 neutron-server[110108]: INFO neutron.wsgi [None req-211720be-88fb-4422-9898-4b085bba4621 admin admin] 10.222.0.61 "GET /v2.0/security-groups?tenant_id=fedb0cf0edb645ebb9a61478b4f1ace9&name=default HTTP/1.1" status: 200 len: 2992 time: 0.3609874
Feb 03 21:59:50.002214 n-d-812111-20 neutron-server[110108]: DEBUG neutron.wsgi [-] (110108) accepted ('10.222.0.61', 42190) {{(pid=110108) server /usr/local/lib/python3.8/dist-packages/eventlet/wsgi.py:1004}}
