Jun 04 06:36:23.577906 n-d-811808-2 devstack@placement-api.service[89330]: INFO placement.requestlog [req-3392534d-a72e-4264-b55d-fed693a3b5ac req-10ba0f22-fb74-4a1d-bfb4-f619b05b9b97 service placement] 10.222.0.17 "GET /placement/allocation_candidates?limit=1000&resources=DISK_GB%3A1%2CMEMORY_MB%3A1024%2CVCPU%3A1&root_required=%21COMPUTE_STATUS_DISABLED" status: 200 len: 1309 microversion: 1.35
Jun 04 06:36:23.578511 n-d-811808-2 devstack@placement-api.service[89330]: [pid: 89330|app: 0|req: 494/988] 10.222.0.17 () {60 vars in 1506 bytes} [Sat Jun 4 06:36:23 2022] GET /placement/allocation_candidates?limit=1000&resources=DISK_GB%3A1%2CMEMORY_MB%3A1024%2CVCPU%3A1&root_required=%21COMPUTE_STATUS_DISABLED => generated 1309 bytes in 355 msecs (HTTP/1.1 200) 8 headers in 297 bytes (1 switches on core 0)
Jun 04 06:36:23.660060 n-d-811808-2 devstack@placement-api.service[89331]: DEBUG placement.requestlog [req-3392534d-a72e-4264-b55d-fed693a3b5ac req-c7885451-6503-4360-b23b-86a486e6c98c None None] Starting request: 10.222.0.17 "GET /placement/allocations/14f48a7b-4ca0-45ca-8f3c-2cd1e54d7e98" {{(pid=89331) __call__ /opt/stack/placement/placement/requestlog.py:55}}
Jun 04 06:36:23.920580 n-d-811808-2 devstack@placement-api.service[89331]: INFO placement.requestlog [req-3392534d-a72e-4264-b55d-fed693a3b5ac req-c7885451-6503-4360-b23b-86a486e6c98c service placement] 10.222.0.17 "GET /placement/allocations/14f48a7b-4ca0-45ca-8f3c-2cd1e54d7e98" status: 200 len: 19 microversion: 1.28
Jun 04 06:36:23.921382 n-d-811808-2 devstack@placement-api.service[89331]: [pid: 89331|app: 0|req: 495/989] 10.222.0.17 () {60 vars in 1380 bytes} [Sat Jun 4 06:36:23 2022] GET /placement/allocations/14f48a7b-4ca0-45ca-8f3c-2cd1e54d7e98 => generated 19 bytes in 262 msecs (HTTP/1.1 200) 8 headers in 295 bytes (1 switches on core 0)
Jun 04 06:36:23.928121 n-d-811808-2 devstack@placement-api.service[89330]: DEBUG placement.requestlog [req-3392534d-a72e-4264-b55d-fed693a3b5ac req-8bdfcdf5-a044-49fc-80a8-84389ac25460 None None] Starting request: 10.222.0.17 "PUT /placement/allocations/14f48a7b-4ca0-45ca-8f3c-2cd1e54d7e98" {{(pid=89330) __call__ /opt/stack/placement/placement/requestlog.py:55}}
Jun 04 06:36:24.063320 n-d-811808-2 devstack@placement-api.service[89330]: DEBUG placement.handlers.allocation [req-3392534d-a72e-4264-b55d-fed693a3b5ac req-8bdfcdf5-a044-49fc-80a8-84389ac25460 service placement] Successfully wrote allocations [, , ] {{(pid=89330) _create_allocations /opt/stack/placement/placement/handlers/allocation.py:435}}
Jun 04 06:36:24.064129 n-d-811808-2 devstack@placement-api.service[89330]: INFO placement.requestlog [req-3392534d-a72e-4264-b55d-fed693a3b5ac req-8bdfcdf5-a044-49fc-80a8-84389ac25460 service placement] 10.222.0.17 "PUT /placement/allocations/14f48a7b-4ca0-45ca-8f3c-2cd1e54d7e98" status: 204 len: 0 microversion: 1.35
Jun 04 06:36:24.065282 n-d-811808-2 devstack@placement-api.service[89330]: [pid: 89330|app: 0|req: 495/990] 10.222.0.17 () {64 vars in 1433 bytes} [Sat Jun 4 06:36:23 2022] PUT /placement/allocations/14f48a7b-4ca0-45ca-8f3c-2cd1e54d7e98 => generated 0 bytes in 137 msecs (HTTP/1.1 204) 5 headers in 199 bytes (1 switches on core 0)
Jun 04 06:36:24.560804 n-d-811808-2 devstack@placement-api.service[89331]: DEBUG placement.requestlog [req-3392534d-a72e-4264-b55d-fed693a3b5ac req-5228a81a-32d2-47c7-bfa3-f31edaa2c9b5 None None] Starting request: 10.222.0.39 "GET /placement/allocations/14f48a7b-4ca0-45ca-8f3c-2cd1e54d7e98" {{(pid=89331) __call__ /opt/stack/placement/placement/requestlog.py:55}}
Jun 04 06:36:24.583282 n-d-811808-2 devstack@placement-api.service[89331]: INFO placement.requestlog [req-3392534d-a72e-4264-b55d-fed693a3b5ac req-5228a81a-32d2-47c7-bfa3-f31edaa2c9b5 service placement] 10.222.0.39 "GET /placement/allocations/14f48a7b-4ca0-45ca-8f3c-2cd1e54d7e98" status: 200 len: 260 microversion: 1.28
Jun 04 06:36:24.585528 n-d-811808-2 devstack@placement-api.service[89331]: [pid: 89331|app: 0|req: 496/991] 10.222.0.39 () {60 vars in 1377 bytes} [Sat Jun 4 06:36:24 2022] GET /placement/allocations/14f48a7b-4ca0-45ca-8f3c-2cd1e54d7e98 => generated 260 bytes in 25 msecs (HTTP/1.1 200) 8 headers in 296 bytes (1 switches on core 0)
Jun 04 06:36:27.419943 n-d-811808-2 devstack@placement-api.service[89330]: DEBUG placement.requestlog [req-e69c355c-2463-458d-a189-b81cbf58300b req-c2800461-5729-46dc-8c22-e6af133c4575 None None] Starting request: 10.222.0.24 "GET /placement/resource_providers/11a7625a-6d77-40e4-b2c5-ef08991bcbe4/allocations" {{(pid=89330) __call__ /opt/stack/placement/placement/requestlog.py:55}}
Jun 04 06:36:27.454037 n-d-811808-2 devstack@placement-api.service[89330]: INFO placement.requestlog [req-e69c355c-2463-458d-a189-b81cbf58300b req-c2800461-5729-46dc-8c22-e6af133c4575 service placement] 10.222.0.24 "GET /placement/resource_providers/11a7625a-6d77-40e4-b2c5-ef08991bcbe4/allocations" status: 200 len: 329 microversion: 1.0
Jun 04 06:36:27.454945 n-d-811808-2 devstack@placement-api.service[89330]: [pid: 89330|app: 0|req: 496/992] 10.222.0.24 () {58 vars in 1390 bytes} [Sat Jun 4 06:36:27 2022] GET /placement/resource_providers/11a7625a-6d77-40e4-b2c5-ef08991bcbe4/allocations => generated 329 bytes in 35 msecs (HTTP/1.1 200) 6 headers in 224 bytes (1 switches on core 0)
Jun 04 06:36:32.381802 n-d-811808-2 devstack@placement-api.service[89331]: DEBUG placement.requestlog [req-4e7ab394-f710-492a-b9cd-65797192cfe5 req-dc0bdd1a-9475-42ab-9f26-6ed90d7a2d72 None None] Starting request: 10.222.0.39 "GET /placement/allocations/14f48a7b-4ca0-45ca-8f3c-2cd1e54d7e98" {{(pid=89331) __call__ /opt/stack/placement/placement/requestlog.py:55}}
Jun 04 06:36:32.422528 n-d-811808-2 devstack@placement-api.service[89331]: INFO placement.requestlog [req-4e7ab394-f710-492a-b9cd-65797192cfe5 req-dc0bdd1a-9475-42ab-9f26-6ed90d7a2d72 service placement] 10.222.0.39 "GET /placement/allocations/14f48a7b-4ca0-45ca-8f3c-2cd1e54d7e98" status: 200 len: 260 microversion: 1.28
Jun 04 06:36:32.422528 n-d-811808-2 devstack@placement-api.service[89331]: [pid: 89331|app: 0|req: 497/993] 10.222.0.39 () {60 vars in 1377 bytes} [Sat Jun 4 06:36:32 2022] GET /placement/allocations/14f48a7b-4ca0-45ca-8f3c-2cd1e54d7e98 => generated 260 bytes in 38 msecs (HTTP/1.1 200) 8 headers in 296 bytes (1 switches on core 0)
Jun 04 06:36:41.908827 n-d-811808-2 devstack@placement-api.service[89330]: DEBUG placement.requestlog [req-5ae14e96-54fa-438c-9bad-8a5046840b4f req-4e3cfa7c-e6b5-4e4d-930d-d513193ff0a7 None None] Starting request: 10.222.0.24 "GET /placement/allocations/9f47ef55-8ce1-44fd-a456-aeb0f17fa528" {{(pid=89330) __call__ /opt/stack/placement/placement/requestlog.py:55}}
Jun 04 06:36:41.925026 n-d-811808-2 devstack@placement-api.service[89330]: INFO placement.requestlog [req-5ae14e96-54fa-438c-9bad-8a5046840b4f req-4e3cfa7c-e6b5-4e4d-930d-d513193ff0a7 service placement] 10.222.0.24 "GET /placement/allocations/9f47ef55-8ce1-44fd-a456-aeb0f17fa528" status: 200 len: 260 microversion: 1.28
Jun 04 06:36:41.925643 n-d-811808-2 devstack@placement-api.service[89330]: [pid: 89330|app: 0|req: 497/994] 10.222.0.24 () {60 vars in 1377 bytes} [Sat Jun 4 06:36:41 2022] GET /placement/allocations/9f47ef55-8ce1-44fd-a456-aeb0f17fa528 => generated 260 bytes in 17 msecs (HTTP/1.1 200) 8 headers in 296 bytes (1 switches on core 0)
Jun 04 06:36:41.937642 n-d-811808-2 devstack@placement-api.service[89331]: DEBUG placement.requestlog [req-5ae14e96-54fa-438c-9bad-8a5046840b4f req-00a92d68-7362-4114-976b-cc40eeb5634a None None] Starting request: 10.222.0.24 "PUT /placement/allocations/9f47ef55-8ce1-44fd-a456-aeb0f17fa528" {{(pid=89331) __call__ /opt/stack/placement/placement/requestlog.py:55}}
Jun 04 06:36:42.047328 n-d-811808-2 devstack@placement-api.service[89331]: DEBUG placement.handlers.allocation [req-5ae14e96-54fa-438c-9bad-8a5046840b4f req-00a92d68-7362-4114-976b-cc40eeb5634a service placement] Successfully wrote allocations [, , ] {{(pid=89331) _create_allocations /opt/stack/placement/placement/handlers/allocation.py:435}}
Jun 04 06:36:42.047783 n-d-811808-2 devstack@placement-api.service[89331]: INFO placement.requestlog [req-5ae14e96-54fa-438c-9bad-8a5046840b4f req-00a92d68-7362-4114-976b-cc40eeb5634a service placement] 10.222.0.24 "PUT /placement/allocations/9f47ef55-8ce1-44fd-a456-aeb0f17fa528" status: 204 len: 0 microversion: 1.28
Jun 04 06:36:42.048032 n-d-811808-2 devstack@placement-api.service[89331]: [pid: 89331|app: 0|req: 498/995] 10.222.0.24 () {64 vars in 1430 bytes} [Sat Jun 4 06:36:41 2022] PUT /placement/allocations/9f47ef55-8ce1-44fd-a456-aeb0f17fa528 => generated 0 bytes in 112 msecs (HTTP/1.1 204) 5 headers in 199 bytes (1 switches on core 0)
Jun 04 06:36:43.929821 n-d-811808-2 devstack@placement-api.service[89330]: DEBUG placement.requestlog [req-5150c16c-944d-4747-8e47-3301fedd33c4 req-c187f9bc-9a62-4b45-a48a-964c4b0a71dd None None] Starting request: 10.222.0.17 "GET /placement/allocation_candidates?limit=1000&resources=DISK_GB%3A1%2CMEMORY_MB%3A1024%2CVCPU%3A1&root_required=%21COMPUTE_STATUS_DISABLED" {{(pid=89330) __call__ /opt/stack/placement/placement/requestlog.py:55}}
Jun 04 06:36:43.959515 n-d-811808-2 devstack@placement-api.service[89330]: DEBUG placement.objects.research_context [req-5150c16c-944d-4747-8e47-3301fedd33c4 req-c187f9bc-9a62-4b45-a48a-964c4b0a71dd service placement] getting providers with 1 DISK_GB {{(pid=89330) __init__ /opt/stack/placement/placement/objects/research_context.py:126}}
Jun 04 06:36:43.968107 n-d-811808-2 devstack@placement-api.service[89330]: DEBUG placement.objects.research_context [req-5150c16c-944d-4747-8e47-3301fedd33c4 req-c187f9bc-9a62-4b45-a48a-964c4b0a71dd service placement] getting providers with 1024 MEMORY_MB {{(pid=89330) __init__ /opt/stack/placement/placement/objects/research_context.py:126}}
Jun 04 06:36:43.978842 n-d-811808-2 devstack@placement-api.service[89330]: DEBUG placement.objects.research_context [req-5150c16c-944d-4747-8e47-3301fedd33c4 req-c187f9bc-9a62-4b45-a48a-964c4b0a71dd service placement] getting providers with 1 VCPU {{(pid=89330) __init__ /opt/stack/placement/placement/objects/research_context.py:126}}
Jun 04 06:36:43.986107 n-d-811808-2 devstack@placement-api.service[89330]: DEBUG placement.objects.research_context [req-5150c16c-944d-4747-8e47-3301fedd33c4 req-c187f9bc-9a62-4b45-a48a-964c4b0a71dd service placement] found 2 providers with available 1 DISK_GB {{(pid=89330) get_provider_ids_matching /opt/stack/placement/placement/objects/research_context.py:549}}
Jun 04 06:36:43.989515 n-d-811808-2 devstack@placement-api.service[89330]: DEBUG placement.objects.research_context [req-5150c16c-944d-4747-8e47-3301fedd33c4 req-c187f9bc-9a62-4b45-a48a-964c4b0a71dd service placement] found 2 providers with available 1024 MEMORY_MB {{(pid=89330) get_provider_ids_matching /opt/stack/placement/placement/objects/research_context.py:549}}
Jun 04 06:36:43.989870 n-d-811808-2 devstack@placement-api.service[89330]: DEBUG placement.objects.research_context [req-5150c16c-944d-4747-8e47-3301fedd33c4 req-c187f9bc-9a62-4b45-a48a-964c4b0a71dd service placement] found 2 providers after filtering by previous result {{(pid=89330) get_provider_ids_matching /opt/stack/placement/placement/objects/research_context.py:580}}
Jun 04 06:36:43.990009 n-d-811808-2 devstack@placement-api.service[89330]: DEBUG placement.objects.research_context [req-5150c16c-944d-4747-8e47-3301fedd33c4 req-c187f9bc-9a62-4b45-a48a-964c4b0a71dd service placement] found 2 providers with available 1 VCPU {{(pid=89330) get_provider_ids_matching /opt/stack/placement/placement/objects/research_context.py:549}}
Jun 04 06:36:43.990375 n-d-811808-2 devstack@placement-api.service[89330]: DEBUG placement.objects.research_context [req-5150c16c-944d-4747-8e47-3301fedd33c4 req-c187f9bc-9a62-4b45-a48a-964c4b0a71dd service placement] found 2 providers after filtering by previous result {{(pid=89330) get_provider_ids_matching /opt/stack/placement/placement/objects/research_context.py:580}}
Jun 04 06:36:44.013771 n-d-811808-2 devstack@placement-api.service[89330]: DEBUG placement.objects.allocation_candidate [req-5150c16c-944d-4747-8e47-3301fedd33c4 req-c187f9bc-9a62-4b45-a48a-964c4b0a71dd service placement] RequestGroup(use_same_provider=False, resources={DISK_GB:1, MEMORY_MB:1024, VCPU:1}, traits=[], aggregates=[]) (suffix '') returned 2 matches {{(pid=89330) _get_by_requests /opt/stack/placement/placement/objects/allocation_candidate.py:145}}
Jun 04 06:36:44.014745 n-d-811808-2 devstack@placement-api.service[89330]: DEBUG placement.objects.allocation_candidate [req-5150c16c-944d-4747-8e47-3301fedd33c4 req-c187f9bc-9a62-4b45-a48a-964c4b0a71dd service placement] Merging candidates yields 2 allocation requests and 2 provider summaries {{(pid=89330) _merge_candidates /opt/stack/placement/placement/objects/allocation_candidate.py:783}}
Jun 04 06:36:44.016269 n-d-811808-2 devstack@placement-api.service[89330]: INFO placement.requestlog [req-5150c16c-944d-4747-8e47-3301fedd33c4 req-c187f9bc-9a62-4b45-a48a-964c4b0a71dd service placement] 10.222.0.17 "GET /placement/allocation_candidates?limit=1000&resources=DISK_GB%3A1%2CMEMORY_MB%3A1024%2CVCPU%3A1&root_required=%21COMPUTE_STATUS_DISABLED" status: 200 len: 1309 microversion: 1.35
Jun 04 06:36:44.017360 n-d-811808-2 devstack@placement-api.service[89330]: [pid: 89330|app: 0|req: 498/996] 10.222.0.17 () {60 vars in 1506 bytes} [Sat Jun 4 06:36:43 2022] GET /placement/allocation_candidates?limit=1000&resources=DISK_GB%3A1%2CMEMORY_MB%3A1024%2CVCPU%3A1&root_required=%21COMPUTE_STATUS_DISABLED => generated 1309 bytes in 92 msecs (HTTP/1.1 200) 8 headers in 297 bytes (1 switches on core 0)
Jun 04 06:36:44.075185 n-d-811808-2 devstack@placement-api.service[89331]: DEBUG placement.requestlog [req-5150c16c-944d-4747-8e47-3301fedd33c4 req-2a35e30c-b9d9-4d6e-934d-d76d79517b27 None None] Starting request: 10.222.0.17 "GET /placement/allocations/09d22428-ce4c-47b5-b7d7-8545bcb81b44" {{(pid=89331) __call__ /opt/stack/placement/placement/requestlog.py:55}}
Jun 04 06:36:44.086111 n-d-811808-2 devstack@placement-api.service[89331]: INFO placement.requestlog [req-5150c16c-944d-4747-8e47-3301fedd33c4 req-2a35e30c-b9d9-4d6e-934d-d76d79517b27 service placement] 10.222.0.17 "GET /placement/allocations/09d22428-ce4c-47b5-b7d7-8545bcb81b44" status: 200 len: 19 microversion: 1.28
Jun 04 06:36:44.086559 n-d-811808-2 devstack@placement-api.service[89331]: [pid: 89331|app: 0|req: 499/997] 10.222.0.17 () {60 vars in 1380 bytes} [Sat Jun 4 06:36:44 2022] GET /placement/allocations/09d22428-ce4c-47b5-b7d7-8545bcb81b44 => generated 19 bytes in 11 msecs (HTTP/1.1 200) 8 headers in 295 bytes (2 switches on core 0)
Jun 04 06:36:44.092082 n-d-811808-2 devstack@placement-api.service[89330]: DEBUG placement.requestlog [req-5150c16c-944d-4747-8e47-3301fedd33c4 req-d8c17a7b-ac24-41ed-a230-81fa6ba138bf None None] Starting request: 10.222.0.17 "PUT /placement/allocations/09d22428-ce4c-47b5-b7d7-8545bcb81b44" {{(pid=89330) __call__ /opt/stack/placement/placement/requestlog.py:55}}
Jun 04 06:36:44.198566 n-d-811808-2 devstack@placement-api.service[89330]: DEBUG placement.handlers.allocation [req-5150c16c-944d-4747-8e47-3301fedd33c4 req-d8c17a7b-ac24-41ed-a230-81fa6ba138bf service placement] Successfully wrote allocations [, , ] {{(pid=89330) _create_allocations /opt/stack/placement/placement/handlers/allocation.py:435}}
Jun 04 06:36:44.199481 n-d-811808-2 devstack@placement-api.service[89330]: INFO placement.requestlog [req-5150c16c-944d-4747-8e47-3301fedd33c4 req-d8c17a7b-ac24-41ed-a230-81fa6ba138bf service placement] 10.222.0.17 "PUT /placement/allocations/09d22428-ce4c-47b5-b7d7-8545bcb81b44" status: 204 len: 0 microversion: 1.35
Jun 04 06:36:44.209568 n-d-811808-2 devstack@placement-api.service[89330]: [pid: 89330|app: 0|req: 499/998] 10.222.0.17 () {64 vars in 1433 bytes} [Sat Jun 4 06:36:44 2022] PUT /placement/allocations/09d22428-ce4c-47b5-b7d7-8545bcb81b44 => generated 0 bytes in 108 msecs (HTTP/1.1 204) 5 headers in 199 bytes (1 switches on core 0)
Jun 04 06:36:44.544461 n-d-811808-2 devstack@placement-api.service[89331]: DEBUG placement.requestlog [req-5150c16c-944d-4747-8e47-3301fedd33c4 req-f3080a4e-6ede-4502-b951-13d2fab6b10a None None] Starting request: 10.222.0.24 "GET /placement/allocations/09d22428-ce4c-47b5-b7d7-8545bcb81b44" {{(pid=89331) __call__ /opt/stack/placement/placement/requestlog.py:55}}
Jun 04 06:36:44.566965 n-d-811808-2 devstack@placement-api.service[89331]: INFO placement.requestlog [req-5150c16c-944d-4747-8e47-3301fedd33c4 req-f3080a4e-6ede-4502-b951-13d2fab6b10a service placement] 10.222.0.24 "GET /placement/allocations/09d22428-ce4c-47b5-b7d7-8545bcb81b44" status: 200 len: 260 microversion: 1.28
Jun 04 06:36:44.567479 n-d-811808-2 devstack@placement-api.service[89331]: [pid: 89331|app: 0|req: 500/999] 10.222.0.24 () {60 vars in 1377 bytes} [Sat Jun 4 06:36:44 2022] GET /placement/allocations/09d22428-ce4c-47b5-b7d7-8545bcb81b44 => generated 260 bytes in 23 msecs (HTTP/1.1 200) 8 headers in 296 bytes (1 switches on core 0)
Jun 04 06:36:44.987397 n-d-811808-2 devstack@placement-api.service[89330]: DEBUG placement.requestlog [req-36c2b792-3fe9-4ae8-b9f9-51dbb563905d req-94f29cd9-ad3f-4745-88bc-83e867c82f35 None None] Starting request: 10.222.0.17 "GET /placement/allocation_candidates?limit=1000&resources=DISK_GB%3A1%2CMEMORY_MB%3A1024%2CVCPU%3A1&root_required=%21COMPUTE_STATUS_DISABLED" {{(pid=89330) __call__ /opt/stack/placement/placement/requestlog.py:55}}
Jun 04 06:36:45.041407 n-d-811808-2 devstack@placement-api.service[89330]: DEBUG placement.objects.research_context [req-36c2b792-3fe9-4ae8-b9f9-51dbb563905d req-94f29cd9-ad3f-4745-88bc-83e867c82f35 service placement] getting providers with 1 DISK_GB {{(pid=89330) __init__ /opt/stack/placement/placement/objects/research_context.py:126}}
Jun 04 06:36:45.060556 n-d-811808-2 devstack@placement-api.service[89330]: DEBUG placement.objects.research_context [req-36c2b792-3fe9-4ae8-b9f9-51dbb563905d req-94f29cd9-ad3f-4745-88bc-83e867c82f35 service placement] getting providers with 1024 MEMORY_MB {{(pid=89330) __init__ /opt/stack/placement/placement/objects/research_context.py:126}}
Jun 04 06:36:45.066279 n-d-811808-2 devstack@placement-api.service[89330]: DEBUG placement.objects.research_context [req-36c2b792-3fe9-4ae8-b9f9-51dbb563905d req-94f29cd9-ad3f-4745-88bc-83e867c82f35 service placement] getting providers with 1 VCPU {{(pid=89330) __init__ /opt/stack/placement/placement/objects/research_context.py:126}}
Jun 04 06:36:45.075324 n-d-811808-2 devstack@placement-api.service[89330]: DEBUG placement.objects.research_context [req-36c2b792-3fe9-4ae8-b9f9-51dbb563905d req-94f29cd9-ad3f-4745-88bc-83e867c82f35 service placement] found 2 providers with available 1 DISK_GB {{(pid=89330) get_provider_ids_matching /opt/stack/placement/placement/objects/research_context.py:549}}
Jun 04 06:36:45.079741 n-d-811808-2 devstack@placement-api.service[89330]: DEBUG placement.objects.research_context [req-36c2b792-3fe9-4ae8-b9f9-51dbb563905d req-94f29cd9-ad3f-4745-88bc-83e867c82f35 service placement] found 2 providers with available 1024 MEMORY_MB {{(pid=89330) get_provider_ids_matching /opt/stack/placement/placement/objects/research_context.py:549}}
Jun 04 06:36:45.079741 n-d-811808-2 devstack@placement-api.service[89330]: DEBUG placement.objects.research_context [req-36c2b792-3fe9-4ae8-b9f9-51dbb563905d req-94f29cd9-ad3f-4745-88bc-83e867c82f35 service placement] found 2 providers after filtering by previous result {{(pid=89330) get_provider_ids_matching /opt/stack/placement/placement/objects/research_context.py:580}}
Jun 04 06:36:45.079741 n-d-811808-2 devstack@placement-api.service[89330]: DEBUG placement.objects.research_context [req-36c2b792-3fe9-4ae8-b9f9-51dbb563905d req-94f29cd9-ad3f-4745-88bc-83e867c82f35 service placement] found 2 providers with available 1 VCPU {{(pid=89330) get_provider_ids_matching /opt/stack/placement/placement/objects/research_context.py:549}}
Jun 04 06:36:45.087043 n-d-811808-2 devstack@placement-api.service[89330]: DEBUG placement.objects.research_context [req-36c2b792-3fe9-4ae8-b9f9-51dbb563905d req-94f29cd9-ad3f-4745-88bc-83e867c82f35 service placement] found 2 providers after filtering by previous result {{(pid=89330) get_provider_ids_matching /opt/stack/placement/placement/objects/research_context.py:580}}
Jun 04 06:36:45.102053 n-d-811808-2 devstack@placement-api.service[89330]: DEBUG placement.objects.allocation_candidate [req-36c2b792-3fe9-4ae8-b9f9-51dbb563905d req-94f29cd9-ad3f-4745-88bc-83e867c82f35 service placement] RequestGroup(use_same_provider=False, resources={DISK_GB:1, MEMORY_MB:1024, VCPU:1}, traits=[], aggregates=[]) (suffix '') returned 2 matches {{(pid=89330) _get_by_requests /opt/stack/placement/placement/objects/allocation_candidate.py:145}}
Jun 04 06:36:45.102420 n-d-811808-2 devstack@placement-api.service[89330]: DEBUG placement.objects.allocation_candidate [req-36c2b792-3fe9-4ae8-b9f9-51dbb563905d req-94f29cd9-ad3f-4745-88bc-83e867c82f35 service placement] Merging candidates yields 2 allocation requests and 2 provider summaries {{(pid=89330) _merge_candidates /opt/stack/placement/placement/objects/allocation_candidate.py:783}}
Jun 04 06:36:45.104482 n-d-811808-2 devstack@placement-api.service[89330]: INFO placement.requestlog [req-36c2b792-3fe9-4ae8-b9f9-51dbb563905d req-94f29cd9-ad3f-4745-88bc-83e867c82f35 service placement] 10.222.0.17 "GET /placement/allocation_candidates?limit=1000&resources=DISK_GB%3A1%2CMEMORY_MB%3A1024%2CVCPU%3A1&root_required=%21COMPUTE_STATUS_DISABLED" status: 200 len: 1309 microversion: 1.35
Jun 04 06:36:45.116842 n-d-811808-2 devstack@placement-api.service[89330]: [pid: 89330|app: 0|req: 500/1000] 10.222.0.17 () {60 vars in 1506 bytes} [Sat Jun 4 06:36:44 2022] GET /placement/allocation_candidates?limit=1000&resources=DISK_GB%3A1%2CMEMORY_MB%3A1024%2CVCPU%3A1&root_required=%21COMPUTE_STATUS_DISABLED => generated 1309 bytes in 129 msecs (HTTP/1.1 200) 8 headers in 297 bytes (1 switches on core 0)
Jun 04 06:36:45.180853 n-d-811808-2 devstack@placement-api.service[89331]: DEBUG placement.requestlog [req-36c2b792-3fe9-4ae8-b9f9-51dbb563905d req-cf481d6b-121f-4039-b1a4-e6f70e0cecf9 None None] Starting request: 10.222.0.17 "GET /placement/allocations/f48a8446-6efb-4616-a881-3c63481d010d" {{(pid=89331) __call__ /opt/stack/placement/placement/requestlog.py:55}}
Jun 04 06:36:45.207357 n-d-811808-2 devstack@placement-api.service[89331]: INFO placement.requestlog [req-36c2b792-3fe9-4ae8-b9f9-51dbb563905d req-cf481d6b-121f-4039-b1a4-e6f70e0cecf9 service placement] 10.222.0.17 "GET /placement/allocations/f48a8446-6efb-4616-a881-3c63481d010d" status: 200 len: 19 microversion: 1.28
Jun 04 06:36:45.210522 n-d-811808-2 devstack@placement-api.service[89331]: [pid: 89331|app: 0|req: 501/1001] 10.222.0.17 () {60 vars in 1380 bytes} [Sat Jun 4 06:36:45 2022] GET /placement/allocations/f48a8446-6efb-4616-a881-3c63481d010d => generated 19 bytes in 30 msecs (HTTP/1.1 200) 8 headers in 295 bytes (1 switches on core 0)
Jun 04 06:36:45.218896 n-d-811808-2 devstack@placement-api.service[89330]: DEBUG placement.requestlog [req-36c2b792-3fe9-4ae8-b9f9-51dbb563905d req-9f0c21b4-55d4-4137-8449-12b0da7fe0bc None None] Starting request: 10.222.0.17 "PUT /placement/allocations/f48a8446-6efb-4616-a881-3c63481d010d" {{(pid=89330) __call__ /opt/stack/placement/placement/requestlog.py:55}}
Jun 04 06:36:45.333806 n-d-811808-2 devstack@placement-api.service[89330]: DEBUG placement.handlers.allocation [req-36c2b792-3fe9-4ae8-b9f9-51dbb563905d req-9f0c21b4-55d4-4137-8449-12b0da7fe0bc service placement] Successfully wrote allocations [, , ] {{(pid=89330) _create_allocations /opt/stack/placement/placement/handlers/allocation.py:435}}
Jun 04 06:36:45.334621 n-d-811808-2 devstack@placement-api.service[89330]: INFO placement.requestlog [req-36c2b792-3fe9-4ae8-b9f9-51dbb563905d req-9f0c21b4-55d4-4137-8449-12b0da7fe0bc service placement] 10.222.0.17 "PUT /placement/allocations/f48a8446-6efb-4616-a881-3c63481d010d" status: 204 len: 0 microversion: 1.35
Jun 04 06:36:45.334884 n-d-811808-2 devstack@placement-api.service[89330]: [pid: 89330|app: 0|req: 501/1002] 10.222.0.17 () {64 vars in 1433 bytes} [Sat Jun 4 06:36:45 2022] PUT /placement/allocations/f48a8446-6efb-4616-a881-3c63481d010d => generated 0 bytes in 117 msecs (HTTP/1.1 204) 5 headers in 199 bytes (1 switches on core 0)
Jun 04 06:36:45.753446 n-d-811808-2 devstack@placement-api.service[89331]: DEBUG placement.requestlog [req-9b378fba-5c44-496e-af1b-7fa41be612f2 req-2079f72b-010a-411b-bfec-20399509bd30 None None] Starting request: 10.222.0.39 "GET /placement/allocations/397c8150-2c77-4004-b389-cc37e620b616" {{(pid=89331) __call__ /opt/stack/placement/placement/requestlog.py:55}}
Jun 04 06:36:45.759024 n-d-811808-2 devstack@placement-api.service[89330]: DEBUG placement.requestlog [req-36c2b792-3fe9-4ae8-b9f9-51dbb563905d req-f1d63814-7c12-4fa2-8e89-e2f17c570171 None None] Starting request: 10.222.0.24 "GET /placement/allocations/f48a8446-6efb-4616-a881-3c63481d010d" {{(pid=89330) __call__ /opt/stack/placement/placement/requestlog.py:55}}
Jun 04 06:36:45.790723 n-d-811808-2 devstack@placement-api.service[89331]: INFO placement.requestlog [req-9b378fba-5c44-496e-af1b-7fa41be612f2 req-2079f72b-010a-411b-bfec-20399509bd30 service placement] 10.222.0.39 "GET /placement/allocations/397c8150-2c77-4004-b389-cc37e620b616" status: 200 len: 260 microversion: 1.28
Jun 04 06:36:45.791415 n-d-811808-2 devstack@placement-api.service[89331]: [pid: 89331|app: 0|req: 502/1003] 10.222.0.39 () {60 vars in 1377 bytes} [Sat Jun 4 06:36:45 2022] GET /placement/allocations/397c8150-2c77-4004-b389-cc37e620b616 => generated 260 bytes in 38 msecs (HTTP/1.1 200) 8 headers in 296 bytes (1 switches on core 0)
Jun 04 06:36:45.792202 n-d-811808-2 devstack@placement-api.service[89330]: INFO placement.requestlog [req-36c2b792-3fe9-4ae8-b9f9-51dbb563905d req-f1d63814-7c12-4fa2-8e89-e2f17c570171 service placement] 10.222.0.24 "GET /placement/allocations/f48a8446-6efb-4616-a881-3c63481d010d" status: 200 len: 260 microversion: 1.28
Jun 04 06:36:45.792662 n-d-811808-2 devstack@placement-api.service[89330]: [pid: 89330|app: 0|req: 502/1004] 10.222.0.24 () {60 vars in 1377 bytes} [Sat Jun 4 06:36:45 2022] GET /placement/allocations/f48a8446-6efb-4616-a881-3c63481d010d => generated 260 bytes in 34 msecs (HTTP/1.1 200) 8 headers in 296 bytes (2 switches on core 0)
Jun 04 06:36:45.797562 n-d-811808-2 devstack@placement-api.service[89331]: DEBUG placement.requestlog [req-9b378fba-5c44-496e-af1b-7fa41be612f2 req-30ae171e-9da2-49cb-9f44-189f82489396 None None] Starting request: 10.222.0.39 "PUT /placement/allocations/397c8150-2c77-4004-b389-cc37e620b616" {{(pid=89331) __call__ /opt/stack/placement/placement/requestlog.py:55}}
Jun 04 06:36:45.844010 n-d-811808-2 devstack@placement-api.service[89331]: DEBUG placement.handlers.allocation [req-9b378fba-5c44-496e-af1b-7fa41be612f2 req-30ae171e-9da2-49cb-9f44-189f82489396 service placement] Successfully wrote allocations [, , ] {{(pid=89331) _create_allocations /opt/stack/placement/placement/handlers/allocation.py:435}}
Jun 04 06:36:45.844954 n-d-811808-2 devstack@placement-api.service[89331]: INFO placement.requestlog [req-9b378fba-5c44-496e-af1b-7fa41be612f2 req-30ae171e-9da2-49cb-9f44-189f82489396 service placement] 10.222.0.39 "PUT /placement/allocations/397c8150-2c77-4004-b389-cc37e620b616" status: 204 len: 0 microversion: 1.28
Jun 04 06:36:45.845845 n-d-811808-2 devstack@placement-api.service[89331]: [pid: 89331|app: 0|req: 503/1005] 10.222.0.39 () {64 vars in 1430 bytes} [Sat Jun 4 06:36:45 2022] PUT /placement/allocations/397c8150-2c77-4004-b389-cc37e620b616 => generated 0 bytes in 48 msecs (HTTP/1.1 204) 5 headers in 199 bytes (2 switches on core 0)
Jun 04 06:36:50.654069 n-d-811808-2 devstack@placement-api.service[89330]: DEBUG placement.requestlog [req-afc49e6b-fac0-42b4-a095-a28b471c53d3 req-cc7347a9-0e44-4601-a3f1-fe4f9186a8cb None None] Starting request: 10.222.0.39 "GET /placement/allocations/1ed96788-4b0b-4070-ba42-af9f99e3b3fc" {{(pid=89330) __call__ /opt/stack/placement/placement/requestlog.py:55}}
Jun 04 06:36:50.678085 n-d-811808-2 devstack@placement-api.service[89330]: INFO placement.requestlog [req-afc49e6b-fac0-42b4-a095-a28b471c53d3 req-cc7347a9-0e44-4601-a3f1-fe4f9186a8cb service placement] 10.222.0.39 "GET /placement/allocations/1ed96788-4b0b-4070-ba42-af9f99e3b3fc" status: 200 len: 260 microversion: 1.28
Jun 04 06:36:50.678085 n-d-811808-2 devstack@placement-api.service[89330]: [pid: 89330|app: 0|req: 503/1006] 10.222.0.39 () {60 vars in 1377 bytes} [Sat Jun 4 06:36:50 2022] GET /placement/allocations/1ed96788-4b0b-4070-ba42-af9f99e3b3fc => generated 260 bytes in 26 msecs (HTTP/1.1 200) 8 headers in 296 bytes (1 switches on core 0)
Jun 04 06:36:50.690721 n-d-811808-2 devstack@placement-api.service[89331]: DEBUG placement.requestlog [req-afc49e6b-fac0-42b4-a095-a28b471c53d3 req-a28bfddc-f812-4d04-90f2-048ea2c0f95c None None] Starting request: 10.222.0.39 "PUT /placement/allocations/1ed96788-4b0b-4070-ba42-af9f99e3b3fc" {{(pid=89331) __call__ /opt/stack/placement/placement/requestlog.py:55}}
Jun 04 06:36:50.784377 n-d-811808-2 devstack@placement-api.service[89331]: DEBUG placement.handlers.allocation [req-afc49e6b-fac0-42b4-a095-a28b471c53d3 req-a28bfddc-f812-4d04-90f2-048ea2c0f95c service placement] Successfully wrote allocations [, , ] {{(pid=89331) _create_allocations /opt/stack/placement/placement/handlers/allocation.py:435}}
Jun 04 06:36:50.784377 n-d-811808-2 devstack@placement-api.service[89331]: INFO placement.requestlog [req-afc49e6b-fac0-42b4-a095-a28b471c53d3 req-a28bfddc-f812-4d04-90f2-048ea2c0f95c service placement] 10.222.0.39 "PUT /placement/allocations/1ed96788-4b0b-4070-ba42-af9f99e3b3fc" status: 204 len: 0 microversion: 1.28
Jun 04 06:36:50.784377 n-d-811808-2 devstack@placement-api.service[89331]: [pid: 89331|app: 0|req: 504/1007] 10.222.0.39 () {64 vars in 1430 bytes} [Sat Jun 4 06:36:50 2022] PUT /placement/allocations/1ed96788-4b0b-4070-ba42-af9f99e3b3fc => generated 0 bytes in 90 msecs (HTTP/1.1 204) 5 headers in 199 bytes (1 switches on core 0)
Jun 04 06:36:58.501395 n-d-811808-2 devstack@placement-api.service[89330]: DEBUG placement.requestlog [req-292948b8-7df8-4d76-a243-cb32ec9c5fde req-80ea5384-026f-4562-9222-3e5ccdf6f89f None None] Starting request: 10.222.0.24 "GET /placement/allocations/e475bd7f-832e-4ba0-8279-a1efef34ab20" {{(pid=89330) __call__ /opt/stack/placement/placement/requestlog.py:55}}
Jun 04 06:36:58.516356 n-d-811808-2 devstack@placement-api.service[89330]: INFO placement.requestlog [req-292948b8-7df8-4d76-a243-cb32ec9c5fde req-80ea5384-026f-4562-9222-3e5ccdf6f89f service placement] 10.222.0.24 "GET /placement/allocations/e475bd7f-832e-4ba0-8279-a1efef34ab20" status: 200 len: 246 microversion: 1.28
Jun 04 06:36:58.517241 n-d-811808-2 devstack@placement-api.service[89330]: [pid: 89330|app: 0|req: 504/1008] 10.222.0.24 () {60 vars in 1377 bytes} [Sat Jun 4 06:36:58 2022] GET /placement/allocations/e475bd7f-832e-4ba0-8279-a1efef34ab20 => generated 246 bytes in 16 msecs (HTTP/1.1 200) 8 headers in 296 bytes (1 switches on core 0)
Jun 04 06:36:58.524765 n-d-811808-2 devstack@placement-api.service[89331]: DEBUG placement.requestlog [req-292948b8-7df8-4d76-a243-cb32ec9c5fde req-2564bbac-e12f-4764-861c-cc041901acf9 None None] Starting request: 10.222.0.24 "PUT /placement/allocations/e475bd7f-832e-4ba0-8279-a1efef34ab20" {{(pid=89331) __call__ /opt/stack/placement/placement/requestlog.py:55}}
Jun 04 06:36:58.571592 n-d-811808-2 devstack@placement-api.service[89331]: DEBUG placement.handlers.allocation [req-292948b8-7df8-4d76-a243-cb32ec9c5fde req-2564bbac-e12f-4764-861c-cc041901acf9 service placement] Successfully wrote allocations [, ] {{(pid=89331) _create_allocations /opt/stack/placement/placement/handlers/allocation.py:435}}
Jun 04 06:36:58.572603 n-d-811808-2 devstack@placement-api.service[89331]: INFO placement.requestlog [req-292948b8-7df8-4d76-a243-cb32ec9c5fde req-2564bbac-e12f-4764-861c-cc041901acf9 service placement] 10.222.0.24 "PUT /placement/allocations/e475bd7f-832e-4ba0-8279-a1efef34ab20" status: 204 len: 0 microversion: 1.28
Jun 04 06:36:58.573510 n-d-811808-2 devstack@placement-api.service[89331]: [pid: 89331|app: 0|req: 505/1009] 10.222.0.24 () {64 vars in 1430 bytes} [Sat Jun 4 06:36:58 2022] PUT /placement/allocations/e475bd7f-832e-4ba0-8279-a1efef34ab20 => generated 0 bytes in 49 msecs (HTTP/1.1 204) 5 headers in 199 bytes (1 switches on core 0)
Jun 04 06:37:11.198505 n-d-811808-2 devstack@placement-api.service[89330]: DEBUG placement.requestlog [req-0100ceba-8450-411f-a3b0-74f7f0386d09 req-d9ff53c4-bd4a-415a-bac1-ab1ef9cc1998 None None] Starting request: 10.222.0.39 "GET /placement/allocations/14f48a7b-4ca0-45ca-8f3c-2cd1e54d7e98" {{(pid=89330) __call__ /opt/stack/placement/placement/requestlog.py:55}}
Jun 04 06:37:11.223797 n-d-811808-2 devstack@placement-api.service[89330]: INFO placement.requestlog [req-0100ceba-8450-411f-a3b0-74f7f0386d09 req-d9ff53c4-bd4a-415a-bac1-ab1ef9cc1998 service placement] 10.222.0.39 "GET /placement/allocations/14f48a7b-4ca0-45ca-8f3c-2cd1e54d7e98" status: 200 len: 260 microversion: 1.28
Jun 04 06:37:11.224337 n-d-811808-2 devstack@placement-api.service[89330]: [pid: 89330|app: 0|req: 505/1010] 10.222.0.39 () {60 vars in 1377 bytes} [Sat Jun 4 06:37:11 2022] GET /placement/allocations/14f48a7b-4ca0-45ca-8f3c-2cd1e54d7e98 => generated 260 bytes in 26 msecs (HTTP/1.1 200) 8 headers in 296 bytes (1 switches on core 0)
Jun 04 06:37:11.231843 n-d-811808-2 devstack@placement-api.service[89331]: DEBUG placement.requestlog [req-0100ceba-8450-411f-a3b0-74f7f0386d09 req-5693dde6-9f00-43f9-8008-ac75ae159265 None None] Starting request: 10.222.0.39 "PUT /placement/allocations/14f48a7b-4ca0-45ca-8f3c-2cd1e54d7e98" {{(pid=89331) __call__ /opt/stack/placement/placement/requestlog.py:55}}
Jun 04 06:37:11.346879 n-d-811808-2 devstack@placement-api.service[89331]: DEBUG placement.handlers.allocation [req-0100ceba-8450-411f-a3b0-74f7f0386d09 req-5693dde6-9f00-43f9-8008-ac75ae159265 service placement] Successfully wrote allocations [, , ] {{(pid=89331) _create_allocations /opt/stack/placement/placement/handlers/allocation.py:435}}
Jun 04 06:37:11.347695 n-d-811808-2 devstack@placement-api.service[89331]: INFO placement.requestlog [req-0100ceba-8450-411f-a3b0-74f7f0386d09 req-5693dde6-9f00-43f9-8008-ac75ae159265 service placement] 10.222.0.39 "PUT /placement/allocations/14f48a7b-4ca0-45ca-8f3c-2cd1e54d7e98" status: 204 len: 0 microversion: 1.28
Jun 04 06:37:11.348448 n-d-811808-2 devstack@placement-api.service[89331]: [pid: 89331|app: 0|req: 506/1011] 10.222.0.39 () {64 vars in 1430 bytes} [Sat Jun 4 06:37:11 2022] PUT /placement/allocations/14f48a7b-4ca0-45ca-8f3c-2cd1e54d7e98 => generated 0 bytes in 117 msecs (HTTP/1.1 204) 5 headers in 199 bytes (1 switches on core 0)
Jun 04 06:37:17.745323 n-d-811808-2 devstack@placement-api.service[89330]: DEBUG placement.requestlog [req-6ce8c185-25a8-4574-8a6f-721b98f8d9e3 req-a24a71fc-1a5d-4428-a2c3-574476b7c488 None None] Starting request: 10.222.0.39 "GET /placement/resource_providers/8fb4e7a5-8ecb-4633-ad2a-a84a557634b9/allocations" {{(pid=89330) __call__ /opt/stack/placement/placement/requestlog.py:55}}
Jun 04 06:37:17.806169 n-d-811808-2 devstack@placement-api.service[89330]: INFO placement.requestlog [req-6ce8c185-25a8-4574-8a6f-721b98f8d9e3 req-a24a71fc-1a5d-4428-a2c3-574476b7c488 service placement] 10.222.0.39 "GET /placement/resource_providers/8fb4e7a5-8ecb-4633-ad2a-a84a557634b9/allocations" status: 200 len: 155 microversion: 1.0
Jun 04 06:37:17.806704 n-d-811808-2 devstack@placement-api.service[89330]: [pid: 89330|app: 0|req: 506/1012] 10.222.0.39 () {58 vars in 1390 bytes} [Sat Jun 4 06:37:17 2022] GET /placement/resource_providers/8fb4e7a5-8ecb-4633-ad2a-a84a557634b9/allocations => generated 155 bytes in 62 msecs (HTTP/1.1 200) 6 headers in 224 bytes (1 switches on core 0)
Jun 04 06:37:20.985865 n-d-811808-2 devstack@placement-api.service[89331]: DEBUG placement.requestlog [req-5e87b0b8-1acf-4839-8c23-e4d2b4bcd91f req-e3a1390f-b96f-44d6-b38c-c2116d650087 None None] Starting request: 10.222.0.17 "GET /placement/allocation_candidates?limit=1000&resources=DISK_GB%3A1%2CMEMORY_MB%3A1024%2CVCPU%3A1&root_required=%21COMPUTE_STATUS_DISABLED" {{(pid=89331) __call__ /opt/stack/placement/placement/requestlog.py:55}}
Jun 04 06:37:21.041001 n-d-811808-2 devstack@placement-api.service[89331]: DEBUG placement.objects.research_context [req-5e87b0b8-1acf-4839-8c23-e4d2b4bcd91f req-e3a1390f-b96f-44d6-b38c-c2116d650087 service placement] getting providers with 1 DISK_GB {{(pid=89331) __init__ /opt/stack/placement/placement/objects/research_context.py:126}}
Jun 04 06:37:21.062041 n-d-811808-2 devstack@placement-api.service[89331]: DEBUG placement.objects.research_context [req-5e87b0b8-1acf-4839-8c23-e4d2b4bcd91f req-e3a1390f-b96f-44d6-b38c-c2116d650087 service placement] getting providers with 1024 MEMORY_MB {{(pid=89331) __init__ /opt/stack/placement/placement/objects/research_context.py:126}}
Jun 04 06:37:21.073255 n-d-811808-2 devstack@placement-api.service[89331]: DEBUG placement.objects.research_context [req-5e87b0b8-1acf-4839-8c23-e4d2b4bcd91f req-e3a1390f-b96f-44d6-b38c-c2116d650087 service placement] getting providers with 1 VCPU {{(pid=89331) __init__ /opt/stack/placement/placement/objects/research_context.py:126}}
Jun 04 06:37:21.090853 n-d-811808-2 devstack@placement-api.service[89331]: DEBUG placement.objects.research_context [req-5e87b0b8-1acf-4839-8c23-e4d2b4bcd91f req-e3a1390f-b96f-44d6-b38c-c2116d650087 service placement] found 2 providers with available 1 DISK_GB {{(pid=89331) get_provider_ids_matching /opt/stack/placement/placement/objects/research_context.py:549}}
Jun 04 06:37:21.091174 n-d-811808-2 devstack@placement-api.service[89331]: DEBUG placement.objects.research_context [req-5e87b0b8-1acf-4839-8c23-e4d2b4bcd91f req-e3a1390f-b96f-44d6-b38c-c2116d650087 service placement] found 2 providers with available 1024 MEMORY_MB {{(pid=89331) get_provider_ids_matching /opt/stack/placement/placement/objects/research_context.py:549}}
Jun 04 06:37:21.091450 n-d-811808-2 devstack@placement-api.service[89331]: DEBUG placement.objects.research_context [req-5e87b0b8-1acf-4839-8c23-e4d2b4bcd91f req-e3a1390f-b96f-44d6-b38c-c2116d650087 service placement] found 2 providers after filtering by previous result {{(pid=89331) get_provider_ids_matching /opt/stack/placement/placement/objects/research_context.py:580}}
Jun 04 06:37:21.091707 n-d-811808-2 devstack@placement-api.service[89331]: DEBUG placement.objects.research_context [req-5e87b0b8-1acf-4839-8c23-e4d2b4bcd91f req-e3a1390f-b96f-44d6-b38c-c2116d650087 service placement] found 2 providers with available 1 VCPU {{(pid=89331) get_provider_ids_matching /opt/stack/placement/placement/objects/research_context.py:549}}
Jun 04 06:37:21.091971 n-d-811808-2 devstack@placement-api.service[89331]: DEBUG placement.objects.research_context [req-5e87b0b8-1acf-4839-8c23-e4d2b4bcd91f req-e3a1390f-b96f-44d6-b38c-c2116d650087 service placement] found 2 providers after filtering by previous result {{(pid=89331) get_provider_ids_matching /opt/stack/placement/placement/objects/research_context.py:580}}
Jun 04 06:37:21.123600 n-d-811808-2 devstack@placement-api.service[89331]: DEBUG placement.objects.allocation_candidate [req-5e87b0b8-1acf-4839-8c23-e4d2b4bcd91f req-e3a1390f-b96f-44d6-b38c-c2116d650087 service placement] RequestGroup(use_same_provider=False, resources={DISK_GB:1, MEMORY_MB:1024, VCPU:1}, traits=[], aggregates=[]) (suffix '') returned 2 matches {{(pid=89331) _get_by_requests /opt/stack/placement/placement/objects/allocation_candidate.py:145}}
Jun 04 06:37:21.123969 n-d-811808-2 devstack@placement-api.service[89331]: DEBUG placement.objects.allocation_candidate [req-5e87b0b8-1acf-4839-8c23-e4d2b4bcd91f req-e3a1390f-b96f-44d6-b38c-c2116d650087 service placement] Merging candidates yields 2 allocation requests and 2 provider summaries {{(pid=89331) _merge_candidates /opt/stack/placement/placement/objects/allocation_candidate.py:783}}
Jun 04 06:37:21.125366 n-d-811808-2 devstack@placement-api.service[89331]: INFO placement.requestlog [req-5e87b0b8-1acf-4839-8c23-e4d2b4bcd91f req-e3a1390f-b96f-44d6-b38c-c2116d650087 service placement] 10.222.0.17 "GET /placement/allocation_candidates?limit=1000&resources=DISK_GB%3A1%2CMEMORY_MB%3A1024%2CVCPU%3A1&root_required=%21COMPUTE_STATUS_DISABLED" status: 200 len: 1309 microversion: 1.35
Jun 04 06:37:21.125644 n-d-811808-2 devstack@placement-api.service[89331]: [pid: 89331|app: 0|req: 507/1013] 10.222.0.17 () {60 vars in 1506 bytes} [Sat Jun 4 06:37:20 2022] GET /placement/allocation_candidates?limit=1000&resources=DISK_GB%3A1%2CMEMORY_MB%3A1024%2CVCPU%3A1&root_required=%21COMPUTE_STATUS_DISABLED => generated 1309 bytes in 140 msecs (HTTP/1.1 200) 8 headers in 297 bytes (1 switches on core 0)
Jun 04 06:37:21.266191 n-d-811808-2 devstack@placement-api.service[89330]: DEBUG placement.requestlog [req-5e87b0b8-1acf-4839-8c23-e4d2b4bcd91f req-51565c63-ab16-40c1-a778-5c4821578c3f None None] Starting request: 10.222.0.17 "GET /placement/allocations/b237e313-afc8-4016-bda8-1c9d0bf6ae64" {{(pid=89330) __call__ /opt/stack/placement/placement/requestlog.py:55}}
Jun 04 06:37:21.286851 n-d-811808-2 devstack@placement-api.service[89330]: INFO placement.requestlog [req-5e87b0b8-1acf-4839-8c23-e4d2b4bcd91f req-51565c63-ab16-40c1-a778-5c4821578c3f service placement] 10.222.0.17 "GET /placement/allocations/b237e313-afc8-4016-bda8-1c9d0bf6ae64" status: 200 len: 19 microversion: 1.28
Jun 04 06:37:21.287093 n-d-811808-2 devstack@placement-api.service[89330]: [pid: 89330|app: 0|req: 507/1014] 10.222.0.17 () {60 vars in 1380 bytes} [Sat Jun 4 06:37:21 2022] GET /placement/allocations/b237e313-afc8-4016-bda8-1c9d0bf6ae64 => generated 19 bytes in 22 msecs (HTTP/1.1 200) 8 headers in 295 bytes (1 switches on core 0)
Jun 04 06:37:21.294153 n-d-811808-2 devstack@placement-api.service[89331]: DEBUG placement.requestlog [req-5e87b0b8-1acf-4839-8c23-e4d2b4bcd91f req-79453cb3-9776-432a-8431-089668895cb7 None None] Starting request: 10.222.0.17 "PUT /placement/allocations/b237e313-afc8-4016-bda8-1c9d0bf6ae64" {{(pid=89331) __call__ /opt/stack/placement/placement/requestlog.py:55}}
Jun 04 06:37:21.406684 n-d-811808-2 devstack@placement-api.service[89331]: DEBUG placement.handlers.allocation [req-5e87b0b8-1acf-4839-8c23-e4d2b4bcd91f req-79453cb3-9776-432a-8431-089668895cb7 service placement] Successfully wrote allocations [, , ] {{(pid=89331) _create_allocations /opt/stack/placement/placement/handlers/allocation.py:435}}
Jun 04 06:37:21.407042 n-d-811808-2 devstack@placement-api.service[89331]: INFO placement.requestlog [req-5e87b0b8-1acf-4839-8c23-e4d2b4bcd91f req-79453cb3-9776-432a-8431-089668895cb7 service placement] 10.222.0.17 "PUT /placement/allocations/b237e313-afc8-4016-bda8-1c9d0bf6ae64" status: 204 len: 0 microversion: 1.35
Jun 04 06:37:21.407853 n-d-811808-2 devstack@placement-api.service[89331]: [pid: 89331|app: 0|req: 508/1015] 10.222.0.17 () {64 vars in 1433 bytes} [Sat Jun 4 06:37:21 2022] PUT /placement/allocations/b237e313-afc8-4016-bda8-1c9d0bf6ae64 => generated 0 bytes in 114 msecs (HTTP/1.1 204) 5 headers in 199 bytes (1 switches on core 0)
Jun 04 06:37:22.022503 n-d-811808-2 devstack@placement-api.service[89330]: DEBUG placement.requestlog [req-5e87b0b8-1acf-4839-8c23-e4d2b4bcd91f req-2b5dce6f-c314-4300-ba0b-a9db23b53d2c None None] Starting request: 10.222.0.39 "GET /placement/allocations/b237e313-afc8-4016-bda8-1c9d0bf6ae64" {{(pid=89330) __call__ /opt/stack/placement/placement/requestlog.py:55}}
Jun 04 06:37:22.046803 n-d-811808-2 devstack@placement-api.service[89330]: INFO placement.requestlog [req-5e87b0b8-1acf-4839-8c23-e4d2b4bcd91f req-2b5dce6f-c314-4300-ba0b-a9db23b53d2c service placement] 10.222.0.39 "GET /placement/allocations/b237e313-afc8-4016-bda8-1c9d0bf6ae64" status: 200 len: 260 microversion: 1.28
Jun 04 06:37:22.050172 n-d-811808-2 devstack@placement-api.service[89330]: [pid: 89330|app: 0|req: 508/1016] 10.222.0.39 () {60 vars in 1377 bytes} [Sat Jun 4 06:37:22 2022] GET /placement/allocations/b237e313-afc8-4016-bda8-1c9d0bf6ae64 => generated 260 bytes in 28 msecs (HTTP/1.1 200) 8 headers in 296 bytes (1 switches on core 0)
Jun 04 06:37:24.283124 n-d-811808-2 devstack@placement-api.service[89331]: DEBUG placement.requestlog [req-b766185e-4ce2-4dac-a4d5-e1d7010a0c9f req-16ac4590-d50a-4e51-a2f6-0a1d9d91a77b None None] Starting request: 10.222.0.24 "GET /placement/allocations/0e006cab-b8d6-4556-91ba-a987ee53752b" {{(pid=89331) __call__ /opt/stack/placement/placement/requestlog.py:55}}
Jun 04 06:37:24.315092 n-d-811808-2 devstack@placement-api.service[89331]: INFO placement.requestlog [req-b766185e-4ce2-4dac-a4d5-e1d7010a0c9f req-16ac4590-d50a-4e51-a2f6-0a1d9d91a77b service placement] 10.222.0.24 "GET /placement/allocations/0e006cab-b8d6-4556-91ba-a987ee53752b" status: 200 len: 246 microversion: 1.28
Jun 04 06:37:24.315671 n-d-811808-2 devstack@placement-api.service[89331]: [pid: 89331|app: 0|req: 509/1017] 10.222.0.24 () {60 vars in 1377 bytes} [Sat Jun 4 06:37:24 2022] GET /placement/allocations/0e006cab-b8d6-4556-91ba-a987ee53752b => generated 246 bytes in 34 msecs (HTTP/1.1 200) 8 headers in 296 bytes (1 switches on core 0)
Jun 04 06:37:24.323050 n-d-811808-2 devstack@placement-api.service[89330]: DEBUG placement.requestlog [req-b766185e-4ce2-4dac-a4d5-e1d7010a0c9f req-a09e3d7d-10fe-484a-8ea6-3005e1a1edc5 None None] Starting request: 10.222.0.24 "PUT /placement/allocations/0e006cab-b8d6-4556-91ba-a987ee53752b" {{(pid=89330) __call__ /opt/stack/placement/placement/requestlog.py:55}}
Jun 04 06:37:24.389201 n-d-811808-2 devstack@placement-api.service[89330]: DEBUG placement.handlers.allocation [req-b766185e-4ce2-4dac-a4d5-e1d7010a0c9f req-a09e3d7d-10fe-484a-8ea6-3005e1a1edc5 service placement] Successfully wrote allocations [, ] {{(pid=89330) _create_allocations /opt/stack/placement/placement/handlers/allocation.py:435}}
Jun 04 06:37:24.390101 n-d-811808-2 devstack@placement-api.service[89330]: INFO placement.requestlog [req-b766185e-4ce2-4dac-a4d5-e1d7010a0c9f req-a09e3d7d-10fe-484a-8ea6-3005e1a1edc5 service placement] 10.222.0.24 "PUT /placement/allocations/0e006cab-b8d6-4556-91ba-a987ee53752b" status: 204 len: 0 microversion: 1.28
Jun 04 06:37:24.391001 n-d-811808-2 devstack@placement-api.service[89330]: [pid: 89330|app: 0|req: 509/1018] 10.222.0.24 () {64 vars in 1430 bytes} [Sat Jun 4 06:37:24 2022] PUT /placement/allocations/0e006cab-b8d6-4556-91ba-a987ee53752b => generated 0 bytes in 68 msecs (HTTP/1.1 204) 5 headers in 199 bytes (1 switches on core 0)
Jun 04 06:37:24.820167 n-d-811808-2 devstack@placement-api.service[89331]: DEBUG placement.requestlog [None req-d41cfa45-ba56-4448-8cdc-76ce05c3e41a None None] Starting request: 10.222.0.17 "GET /placement/resource_providers/02f1a7e9-bf15-4e74-b74b-0a5c3c6fd0df/aggregates" {{(pid=89331) __call__ /opt/stack/placement/placement/requestlog.py:55}}
Jun 04 06:37:24.835707 n-d-811808-2 devstack@placement-api.service[89331]: INFO placement.requestlog [None req-d41cfa45-ba56-4448-8cdc-76ce05c3e41a service placement] 10.222.0.17 "GET /placement/resource_providers/02f1a7e9-bf15-4e74-b74b-0a5c3c6fd0df/aggregates" status: 404 len: 235 microversion: 1.1
Jun 04 06:37:24.836235 n-d-811808-2 devstack@placement-api.service[89331]: [pid: 89331|app: 0|req: 510/1019] 10.222.0.17 () {58 vars in 1362 bytes} [Sat Jun 4 06:37:24 2022] GET /placement/resource_providers/02f1a7e9-bf15-4e74-b74b-0a5c3c6fd0df/aggregates => generated 235 bytes in 16 msecs (HTTP/1.1 404) 5 headers in 202 bytes (1 switches on core 0)
Jun 04 06:37:24.882149 n-d-811808-2 devstack@placement-api.service[89330]: DEBUG placement.requestlog [None req-c907f84f-cc6e-408d-a418-d0a5959f831a None None] Starting request: 10.222.0.17 "DELETE /placement/resource_providers/02f1a7e9-bf15-4e74-b74b-0a5c3c6fd0df" {{(pid=89330) __call__ /opt/stack/placement/placement/requestlog.py:55}}
Jun 04 06:37:24.906204 n-d-811808-2 devstack@placement-api.service[89330]: DEBUG placement.wsgi_wrapper [None req-c907f84f-cc6e-408d-a418-d0a5959f831a service placement] Placement API returning an error response: No resource provider with uuid 02f1a7e9-bf15-4e74-b74b-0a5c3c6fd0df found for delete {{(pid=89330) call_func /opt/stack/placement/placement/wsgi_wrapper.py:31}}
Jun 04 06:37:24.907650 n-d-811808-2 devstack@placement-api.service[89330]: INFO placement.requestlog [None req-c907f84f-cc6e-408d-a418-d0a5959f831a service placement] 10.222.0.17 "DELETE /placement/resource_providers/02f1a7e9-bf15-4e74-b74b-0a5c3c6fd0df" status: 404 len: 246 microversion: 1.1
Jun 04 06:37:24.908445 n-d-811808-2 devstack@placement-api.service[89330]: [pid: 89330|app: 0|req: 510/1020] 10.222.0.17 () {60 vars in 1351 bytes} [Sat Jun 4 06:37:24 2022] DELETE /placement/resource_providers/02f1a7e9-bf15-4e74-b74b-0a5c3c6fd0df => generated 246 bytes in 26 msecs (HTTP/1.1 404) 6 headers in 231 bytes (1 switches on core 0)
Jun 04 06:37:24.916135 n-d-811808-2 devstack@placement-api.service[89331]: DEBUG placement.requestlog [req-48efae0b-e412-4053-8151-1b478df4ea5c req-c326e6c9-f1a6-4bdc-b22b-2eadcedeb7a0 None None] Starting request: 10.222.0.24 "GET /placement/allocations/09d22428-ce4c-47b5-b7d7-8545bcb81b44" {{(pid=89331) __call__ /opt/stack/placement/placement/requestlog.py:55}}
Jun 04 06:37:24.940202 n-d-811808-2 devstack@placement-api.service[89331]: INFO placement.requestlog [req-48efae0b-e412-4053-8151-1b478df4ea5c req-c326e6c9-f1a6-4bdc-b22b-2eadcedeb7a0 service placement] 10.222.0.24 "GET /placement/allocations/09d22428-ce4c-47b5-b7d7-8545bcb81b44" status: 200 len: 260 microversion: 1.28
