May 03 22:40:35.401181 n-d-811807-1 cinder-volume[96381]: DEBUG oslo.privsep.daemon [-] privsep: reply[139806123181504]: (4, ('Target 6: iqn.2010-10.org.openstack:volume-0cc317ef-48f8-4e73-8aa8-1c4e2df2b654\n System information:\n Driver: iscsi\n State: ready\n I_T nexus information:\n I_T nexus: 19\n Initiator: iqn.1991-05.com.microsoft:n-h1-811807-1.cbci-811807-1.local alias: none\n Connection: 1\n IP Address: 10.222.0.60\n LUN information:\n LUN: 0\n Type: controller\n SCSI ID: IET 00060000\n SCSI SN: beaf60\n Size: 0 MB, Block size: 1\n Online: Yes\n Removable media: No\n Prevent removal: No\n Readonly: No\n SWP: No\n Thin-provisioning: No\n Backing store type: null\n Backing store path: None\n Backing store flags: \n LUN: 1\n Type: disk\n SCSI ID: IET 00060001\n SCSI SN: beaf61\n Size: 1074 MB, Block size: 512\n Online: Yes\n Removable media: No\n Prevent removal: No\n Readonly: No\n SWP: No\n Thin-provisioning: No\n Backing store type: rdwr\n Backing store path: /dev/stack-volumes-lvmdriver-1/volume-0cc317ef-48f8-4e73-8aa8-1c4e2df2b654\n Backing store flags: \n Account information:\n 5co9QMpn2RLuL4vLqDw8\n ACL information:\n ALL\nTarget 7: iqn.2010-10.org.openstack:volume-c7d1e3b0-2fd8-47b6-b8d5-a692cf72a492\n System information:\n Driver: iscsi\n State: ready\n I_T nexus information:\n LUN information:\n LUN: 0\n Type: controller\n SCSI ID: IET 00070000\n SCSI SN: beaf70\n Size: 0 MB, Block size: 1\n Online: Yes\n Removable media: No\n Prevent removal: No\n Readonly: No\n SWP: No\n Thin-provisioning: No\n Backing store type: null\n Backing store path: None\n Backing store flags: \n LUN: 1\n Type: disk\n SCSI ID: IET 00070001\n SCSI SN: beaf71\n Size: 1074 MB, Block size: 512\n Online: Yes\n Removable media: No\n Prevent removal: No\n Readonly: No\n SWP: No\n Thin-provisioning: No\n Backing store type: rdwr\n Backing store path: /dev/stack-volumes-lvmdriver-1/volume-c7d1e3b0-2fd8-47b6-b8d5-a692cf72a492\n Backing store flags: \n Account information:\n ByHxC5gM4pr2aCwKqxp4\n ACL information:\n ALL\nTarget 8: iqn.2010-10.org.openstack:volume-b5553373-93dd-4338-b19b-50aa95cd92b9\n System information:\n Driver: iscsi\n State: ready\n I_T nexus information:\n LUN information:\n LUN: 0\n Type: controller\n SCSI ID: IET 00080000\n SCSI SN: beaf80\n Size: 0 MB, Block size: 1\n Online: Yes\n Removable media: No\n Prevent removal: No\n Readonly: No\n SWP: No\n Thin-provisioning: No\n Backing store type: null\n Backing store path: None\n Backing store flags: \n LUN: 1\n Type: disk\n SCSI ID: IET 00080001\n SCSI SN: beaf81\n Size: 1074 MB, Block size: 512\n Online: Yes\n Removable media: No\n Prevent removal: No\n Readonly: No\n SWP: No\n Thin-provisioning: No\n Backing store type: rdwr\n Backing store path: /dev/stack-volumes-lvmdriver-1/volume-b5553373-93dd-4338-b19b-50aa95cd92b9\n Backing store flags: \n Account information:\n Q7PyD2X555p42Bxopde9\n ACL information:\n ALL\n', '')) {{(pid=106145) _call_back /usr/local/lib/python3.8/dist-packages/oslo_privsep/daemon.py:510}}
May 03 22:40:35.404564 n-d-811807-1 cinder-volume[96381]: DEBUG cinder.volume.targets.iscsi [None req-626a33f4-45fe-4a96-8851-3ffd5b261aea tempest-VolumesBackupsTest-2111118494 None] Set provider_location to: 10.222.0.58:3260,8 iqn.2010-10.org.openstack:volume-b5553373-93dd-4338-b19b-50aa95cd92b9 1 {{(pid=96381) create_export /opt/stack/cinder/cinder/volume/targets/iscsi.py:204}}
May 03 22:40:35.432035 n-d-811807-1 cinder-volume[96381]: INFO cinder.volume.manager [None req-87c2c080-a3bb-4b58-86db-a3b0ea158748 tempest-SnapshotsActionsTest-982620261 None] Create snapshot completed successfully
May 03 22:40:35.440615 n-d-811807-1 cinder-volume[96381]: INFO cinder.volume.manager [None req-eca2d1b4-1438-415d-ab80-23de7a8378b0 tempest-VolumesBackupsAdminTest-300877976 None] Initialize volume connection completed successfully.
May 03 22:40:35.496728 n-d-811807-1 cinder-volume[96381]: INFO cinder.volume.manager [None req-626a33f4-45fe-4a96-8851-3ffd5b261aea tempest-VolumesBackupsTest-2111118494 None] Initialize volume connection completed successfully.
May 03 22:40:36.118305 n-d-811807-1 cinder-volume[96381]: DEBUG cinder.coordination [None req-df0c455e-434e-4db5-8898-5efcea97eee4 tempest-SnapshotsActionsTest-1564211282 None] Lock "b'cinder-ad85880b-4cfa-4762-b8fe-a8fe07c5fdb0-delete_snapshot'" acquired by "delete_snapshot" :: waited 0.010s {{(pid=96381) _synchronized /opt/stack/cinder/cinder/coordination.py:146}}
May 03 22:40:36.121180 n-d-811807-1 cinder-volume[96381]: DEBUG oslo_concurrency.processutils [None req-df0c455e-434e-4db5-8898-5efcea97eee4 tempest-SnapshotsActionsTest-1564211282 None] Running cmd (subprocess): sudo cinder-rootwrap /etc/cinder/rootwrap.conf env LC_ALL=C lvs --noheadings --unit=g -o vg_name,name,size --nosuffix --readonly stack-volumes-lvmdriver-1/_snapshot-ad85880b-4cfa-4762-b8fe-a8fe07c5fdb0 {{(pid=96381) execute /usr/local/lib/python3.8/dist-packages/oslo_concurrency/processutils.py:384}}
May 03 22:40:36.145016 n-d-811807-1 sudo[118530]: ubuntu : TTY=unknown ; PWD=/ ; USER=root ; COMMAND=/usr/local/bin/cinder-rootwrap /etc/cinder/rootwrap.conf env LC_ALL=C lvs --noheadings --unit=g -o vg_name,name,size --nosuffix --readonly stack-volumes-lvmdriver-1/_snapshot-ad85880b-4cfa-4762-b8fe-a8fe07c5fdb0
May 03 22:40:36.146015 n-d-811807-1 sudo[118530]: pam_unix(sudo:session): session opened for user root by (uid=0)
May 03 22:40:36.684862 n-d-811807-1 sudo[118530]: pam_unix(sudo:session): session closed for user root
May 03 22:40:36.687318 n-d-811807-1 cinder-volume[96381]: DEBUG oslo_concurrency.processutils [None req-df0c455e-434e-4db5-8898-5efcea97eee4 tempest-SnapshotsActionsTest-1564211282 None] CMD "sudo cinder-rootwrap /etc/cinder/rootwrap.conf env LC_ALL=C lvs --noheadings --unit=g -o vg_name,name,size --nosuffix --readonly stack-volumes-lvmdriver-1/_snapshot-ad85880b-4cfa-4762-b8fe-a8fe07c5fdb0" returned: 0 in 0.566s {{(pid=96381) execute /usr/local/lib/python3.8/dist-packages/oslo_concurrency/processutils.py:422}}
May 03 22:40:36.690815 n-d-811807-1 cinder-volume[96381]: DEBUG oslo_concurrency.processutils [None req-df0c455e-434e-4db5-8898-5efcea97eee4 tempest-SnapshotsActionsTest-1564211282 None] Running cmd (subprocess): sudo cinder-rootwrap /etc/cinder/rootwrap.conf lvremove --config activation { retry_deactivation = 1} -f stack-volumes-lvmdriver-1/_snapshot-ad85880b-4cfa-4762-b8fe-a8fe07c5fdb0 {{(pid=96381) execute /usr/local/lib/python3.8/dist-packages/oslo_concurrency/processutils.py:384}}
May 03 22:40:36.711988 n-d-811807-1 sudo[118533]: ubuntu : TTY=unknown ; PWD=/ ; USER=root ; COMMAND=/usr/local/bin/cinder-rootwrap /etc/cinder/rootwrap.conf lvremove --config activation { retry_deactivation = 1} -f stack-volumes-lvmdriver-1/_snapshot-ad85880b-4cfa-4762-b8fe-a8fe07c5fdb0
May 03 22:40:36.713648 n-d-811807-1 sudo[118533]: pam_unix(sudo:session): session opened for user root by (uid=0)
May 03 22:40:37.545837 n-d-811807-1 sudo[118533]: pam_unix(sudo:session): session closed for user root
May 03 22:40:37.651541 n-d-811807-1 cinder-volume[96381]: DEBUG oslo_concurrency.processutils [None req-df0c455e-434e-4db5-8898-5efcea97eee4 tempest-SnapshotsActionsTest-1564211282 None] CMD "sudo cinder-rootwrap /etc/cinder/rootwrap.conf lvremove --config activation { retry_deactivation = 1} -f stack-volumes-lvmdriver-1/_snapshot-ad85880b-4cfa-4762-b8fe-a8fe07c5fdb0" returned: 0 in 0.858s {{(pid=96381) execute /usr/local/lib/python3.8/dist-packages/oslo_concurrency/processutils.py:422}}
May 03 22:40:37.759622 n-d-811807-1 cinder-volume[96381]: DEBUG cinder.quota [None req-df0c455e-434e-4db5-8898-5efcea97eee4 tempest-SnapshotsActionsTest-1564211282 None] Created reservations ['df58f3eb-9be5-451e-9542-d9e1ef5a4fea', 'b760bc3b-de4e-4a5c-aa44-8b769c2f15fd', 'e8b85237-6578-40d0-abdc-480c2f577e62', '5e34ffdc-dcbc-4802-b9ae-25c0850d139a'] {{(pid=96381) reserve /opt/stack/cinder/cinder/quota.py:756}}
May 03 22:40:37.761557 n-d-811807-1 cinder-volume[96381]: INFO cinder.volume.manager [None req-df0c455e-434e-4db5-8898-5efcea97eee4 tempest-SnapshotsActionsTest-1564211282 None] Delete snapshot completed successfully.
May 03 22:40:37.766590 n-d-811807-1 cinder-volume[96381]: DEBUG cinder.coordination [None req-df0c455e-434e-4db5-8898-5efcea97eee4 tempest-SnapshotsActionsTest-1564211282 None] Lock "b'cinder-ad85880b-4cfa-4762-b8fe-a8fe07c5fdb0-delete_snapshot'" released by "delete_snapshot" :: held 1.648s {{(pid=96381) _synchronized /opt/stack/cinder/cinder/coordination.py:158}}
May 03 22:40:39.032374 n-d-811807-1 cinder-volume[96381]: DEBUG cinder.volume.flows.manager.create_volume [None req-7ab8e35b-1a80-4621-8998-684aeb2d85bb tempest-AttachVolumeShelveTestJSON-1677853942 None] Volume reschedule parameters: True retry: {'num_attempts': 1, 'backends': ['n-d-811807-1@lvmdriver-1#lvmdriver-1'], 'hosts': ['n-d-811807-1@lvmdriver-1#lvmdriver-1']} {{(pid=96381) get_flow /opt/stack/cinder/cinder/volume/flows/manager/create_volume.py:1293}}
May 03 22:40:39.052563 n-d-811807-1 cinder-volume[96381]: WARNING stevedore.named [None req-7ab8e35b-1a80-4621-8998-684aeb2d85bb tempest-AttachVolumeShelveTestJSON-1677853942 None] Could not load cinder.keymgr.conf_key_mgr.ConfKeyManager
May 03 22:40:39.053084 n-d-811807-1 cinder-volume[96381]: WARNING castellan.key_manager [None req-7ab8e35b-1a80-4621-8998-684aeb2d85bb tempest-AttachVolumeShelveTestJSON-1677853942 None] Deprecation Warning : cinder.keymgr.conf_key_mgr.ConfKeyManager is not a stevedore based driver, trying to load it as a class: stevedore.exception.NoMatches: No 'castellan.drivers' driver found, looking for 'cinder.keymgr.conf_key_mgr.ConfKeyManager'
May 03 22:40:39.091316 n-d-811807-1 cinder-volume[96381]: DEBUG cinder.volume.manager [None req-7ab8e35b-1a80-4621-8998-684aeb2d85bb tempest-AttachVolumeShelveTestJSON-1677853942 None] Flow 'volume_create_manager' (43b2c78f-1c25-499b-ad35-cfebc7c96e75) transitioned into state 'RUNNING' from state 'PENDING' {{(pid=96381) _flow_receiver /usr/local/lib/python3.8/dist-packages/taskflow/listeners/logging.py:141}}
May 03 22:40:39.098479 n-d-811807-1 cinder-volume[96381]: DEBUG cinder.volume.manager [None req-7ab8e35b-1a80-4621-8998-684aeb2d85bb tempest-AttachVolumeShelveTestJSON-1677853942 None] Task 'cinder.volume.flows.manager.create_volume.ExtractVolumeRefTask;volume:create' (d8392389-a44d-4cb6-a2f6-6adfb8bcd3d3) transitioned into state 'RUNNING' from state 'PENDING' {{(pid=96381) _task_receiver /usr/local/lib/python3.8/dist-packages/taskflow/listeners/logging.py:190}}
May 03 22:40:39.158353 n-d-811807-1 cinder-volume[96381]: DEBUG oslo_db.sqlalchemy.engines [None req-7ab8e35b-1a80-4621-8998-684aeb2d85bb tempest-AttachVolumeShelveTestJSON-1677853942 None] MySQL server mode set to STRICT_TRANS_TABLES,STRICT_ALL_TABLES,NO_ZERO_IN_DATE,NO_ZERO_DATE,ERROR_FOR_DIVISION_BY_ZERO,TRADITIONAL,NO_ENGINE_SUBSTITUTION {{(pid=96381) _check_effective_sql_mode /usr/local/lib/python3.8/dist-packages/oslo_db/sqlalchemy/engines.py:304}}
May 03 22:40:39.200872 n-d-811807-1 cinder-volume[96381]: DEBUG cinder.volume.manager [None req-7ab8e35b-1a80-4621-8998-684aeb2d85bb tempest-AttachVolumeShelveTestJSON-1677853942 None] Task 'cinder.volume.flows.manager.create_volume.ExtractVolumeRefTask;volume:create' (d8392389-a44d-4cb6-a2f6-6adfb8bcd3d3) transitioned into state 'SUCCESS' from state 'RUNNING' with result 'Volume(_name_id=None,admin_metadata=,attach_status='detached',availability_zone='nova',bootable=False,cluster=,cluster_name=None,consistencygroup=,consistencygroup_id=None,created_at=2022-05-03T22:40:38Z,deleted=False,deleted_at=None,display_description=None,display_name='tempest-AttachVolumeShelveTestJSON-volume-2084628352',ec2_id=None,encryption_key_id=None,glance_metadata=,group=,group_id=None,host='n-d-811807-1@lvmdriver-1#lvmdriver-1',id=5c0cb36f-1268-4ad5-9744-b9730ddc3421,launched_at=None,metadata={},migration_status=None,multiattach=False,previous_status=None,project_id='4005ab853daa4dd0a8c6d47cfa1e3258',provider_auth=None,provider_geometry=None,provider_id=None,provider_location=None,replication_driver_data=None,replication_extended_status=None,replication_status=None,scheduled_at=2022-05-03T22:40:39Z,service_uuid=None,shared_targets=True,size=1,snapshot_id=None,snapshots=,source_volid=None,status='creating',terminated_at=None,updated_at=2022-05-03T22:40:39Z,user_id='8b0cbaa49563426a95af65c27f428a44',volume_attachment=VolumeAttachmentList,volume_type=VolumeType(c8f9757f-d313-483a-894c-deeae8fb0fd4),volume_type_id=c8f9757f-d313-483a-894c-deeae8fb0fd4)' {{(pid=96381) _task_receiver /usr/local/lib/python3.8/dist-packages/taskflow/listeners/logging.py:178}}
May 03 22:40:39.216028 n-d-811807-1 cinder-volume[96381]: DEBUG cinder.volume.manager [None req-7ab8e35b-1a80-4621-8998-684aeb2d85bb tempest-AttachVolumeShelveTestJSON-1677853942 None] Task 'cinder.volume.flows.manager.create_volume.OnFailureRescheduleTask;volume:create' (e82048e4-567d-4d5b-9fcc-a0f455c99ada) transitioned into state 'RUNNING' from state 'PENDING' {{(pid=96381) _task_receiver /usr/local/lib/python3.8/dist-packages/taskflow/listeners/logging.py:190}}
May 03 22:40:39.222262 n-d-811807-1 cinder-volume[96381]: DEBUG cinder.volume.manager [None req-7ab8e35b-1a80-4621-8998-684aeb2d85bb tempest-AttachVolumeShelveTestJSON-1677853942 None] Task 'cinder.volume.flows.manager.create_volume.OnFailureRescheduleTask;volume:create' (e82048e4-567d-4d5b-9fcc-a0f455c99ada) transitioned into state 'SUCCESS' from state 'RUNNING' with result 'None' {{(pid=96381) _task_receiver /usr/local/lib/python3.8/dist-packages/taskflow/listeners/logging.py:178}}
May 03 22:40:39.224754 n-d-811807-1 cinder-volume[96381]: DEBUG cinder.volume.manager [None req-7ab8e35b-1a80-4621-8998-684aeb2d85bb tempest-AttachVolumeShelveTestJSON-1677853942 None] Task 'cinder.volume.flows.manager.create_volume.ExtractVolumeSpecTask;volume:create' (ff235e47-99ff-4c9b-a9cf-3d14a4cdb618) transitioned into state 'RUNNING' from state 'PENDING' {{(pid=96381) _task_receiver /usr/local/lib/python3.8/dist-packages/taskflow/listeners/logging.py:190}}
May 03 22:40:39.240031 n-d-811807-1 cinder-volume[96381]: DEBUG cinder.volume.manager [None req-7ab8e35b-1a80-4621-8998-684aeb2d85bb tempest-AttachVolumeShelveTestJSON-1677853942 None] Task 'cinder.volume.flows.manager.create_volume.ExtractVolumeSpecTask;volume:create' (ff235e47-99ff-4c9b-a9cf-3d14a4cdb618) transitioned into state 'SUCCESS' from state 'RUNNING' with result '{'status': 'creating', 'type': 'raw', 'volume_id': '5c0cb36f-1268-4ad5-9744-b9730ddc3421', 'volume_name': 'volume-5c0cb36f-1268-4ad5-9744-b9730ddc3421', 'volume_size': 1}' {{(pid=96381) _task_receiver /usr/local/lib/python3.8/dist-packages/taskflow/listeners/logging.py:178}}
May 03 22:40:39.242202 n-d-811807-1 cinder-volume[96381]: DEBUG cinder.volume.manager [None req-7ab8e35b-1a80-4621-8998-684aeb2d85bb tempest-AttachVolumeShelveTestJSON-1677853942 None] Task 'cinder.volume.flows.manager.create_volume.NotifyVolumeActionTask;volume:create, create.start' (b17a259c-ec17-47b6-8c05-1f8d15360e65) transitioned into state 'RUNNING' from state 'PENDING' {{(pid=96381) _task_receiver /usr/local/lib/python3.8/dist-packages/taskflow/listeners/logging.py:190}}
May 03 22:40:39.244440 n-d-811807-1 cinder-volume[96381]: DEBUG cinder.volume.manager [None req-7ab8e35b-1a80-4621-8998-684aeb2d85bb tempest-AttachVolumeShelveTestJSON-1677853942 None] Task 'cinder.volume.flows.manager.create_volume.NotifyVolumeActionTask;volume:create, create.start' (b17a259c-ec17-47b6-8c05-1f8d15360e65) transitioned into state 'SUCCESS' from state 'RUNNING' with result 'None' {{(pid=96381) _task_receiver /usr/local/lib/python3.8/dist-packages/taskflow/listeners/logging.py:178}}
May 03 22:40:39.246705 n-d-811807-1 cinder-volume[96381]: DEBUG cinder.volume.manager [None req-7ab8e35b-1a80-4621-8998-684aeb2d85bb tempest-AttachVolumeShelveTestJSON-1677853942 None] Task 'cinder.volume.flows.manager.create_volume.CreateVolumeFromSpecTask;volume:create' (d9091386-4763-4e6b-8c41-6de82999dff1) transitioned into state 'RUNNING' from state 'PENDING' {{(pid=96381) _task_receiver /usr/local/lib/python3.8/dist-packages/taskflow/listeners/logging.py:190}}
May 03 22:40:39.248042 n-d-811807-1 cinder-volume[96381]: INFO cinder.volume.flows.manager.create_volume [None req-7ab8e35b-1a80-4621-8998-684aeb2d85bb tempest-AttachVolumeShelveTestJSON-1677853942 None] Volume 5c0cb36f-1268-4ad5-9744-b9730ddc3421: being created as raw with specification: {'status': 'creating', 'volume_name': 'volume-5c0cb36f-1268-4ad5-9744-b9730ddc3421', 'volume_size': 1}
May 03 22:40:39.249274 n-d-811807-1 cinder-volume[96381]: DEBUG oslo_concurrency.processutils [None req-7ab8e35b-1a80-4621-8998-684aeb2d85bb tempest-AttachVolumeShelveTestJSON-1677853942 None] Running cmd (subprocess): sudo cinder-rootwrap /etc/cinder/rootwrap.conf env LC_ALL=C lvcreate -n volume-5c0cb36f-1268-4ad5-9744-b9730ddc3421 stack-volumes-lvmdriver-1 -L 1g {{(pid=96381) execute /usr/local/lib/python3.8/dist-packages/oslo_concurrency/processutils.py:384}}
May 03 22:40:39.332143 n-d-811807-1 sudo[118658]: ubuntu : TTY=unknown ; PWD=/ ; USER=root ; COMMAND=/usr/local/bin/cinder-rootwrap /etc/cinder/rootwrap.conf env LC_ALL=C lvcreate -n volume-5c0cb36f-1268-4ad5-9744-b9730ddc3421 stack-volumes-lvmdriver-1 -L 1g
May 03 22:40:39.350812 n-d-811807-1 sudo[118658]: pam_unix(sudo:session): session opened for user root by (uid=0)
May 03 22:40:39.679520 n-d-811807-1 cinder-volume[96381]: DEBUG oslo_concurrency.processutils [None req-6a1fa406-fdbe-4c78-901b-554b77cef9ff tempest-SnapshotsActionsTest-982620261 None] Running cmd (subprocess): sudo cinder-rootwrap /etc/cinder/rootwrap.conf env LC_ALL=C lvs --noheadings --unit=g -o vg_name,name,size --nosuffix --readonly stack-volumes-lvmdriver-1/volume-262ab562-f276-4148-bd30-dbdc40156e60 {{(pid=96381) execute /usr/local/lib/python3.8/dist-packages/oslo_concurrency/processutils.py:384}}
May 03 22:40:39.726907 n-d-811807-1 cinder-volume[96381]: DEBUG oslo_service.periodic_task [None req-7dbc94c6-c5d4-4468-a786-813b85159539 None None] Running periodic task VolumeManager.publish_service_capabilities {{(pid=96381) run_periodic_tasks /usr/local/lib/python3.8/dist-packages/oslo_service/periodic_task.py:210}}
May 03 22:40:39.727981 n-d-811807-1 cinder-volume[96381]: DEBUG cinder.volume.drivers.lvm [None req-7dbc94c6-c5d4-4468-a786-813b85159539 None None] Updating volume stats {{(pid=96381) _update_volume_stats /opt/stack/cinder/cinder/volume/drivers/lvm.py:214}}
May 03 22:40:39.729663 n-d-811807-1 cinder-volume[96381]: DEBUG oslo_concurrency.processutils [None req-7dbc94c6-c5d4-4468-a786-813b85159539 None None] Running cmd (subprocess): sudo cinder-rootwrap /etc/cinder/rootwrap.conf env LC_ALL=C vgs --noheadings --unit=g -o name,size,free,lv_count,uuid --separator : --nosuffix stack-volumes-lvmdriver-1 {{(pid=96381) execute /usr/local/lib/python3.8/dist-packages/oslo_concurrency/processutils.py:384}}
May 03 22:40:39.732145 n-d-811807-1 sudo[118661]: ubuntu : TTY=unknown ; PWD=/ ; USER=root ; COMMAND=/usr/local/bin/cinder-rootwrap /etc/cinder/rootwrap.conf env LC_ALL=C lvs --noheadings --unit=g -o vg_name,name,size --nosuffix --readonly stack-volumes-lvmdriver-1/volume-262ab562-f276-4148-bd30-dbdc40156e60
May 03 22:40:39.737336 n-d-811807-1 sudo[118661]: pam_unix(sudo:session): session opened for user root by (uid=0)
May 03 22:40:39.771803 n-d-811807-1 sudo[118662]: ubuntu : TTY=unknown ; PWD=/ ; USER=root ; COMMAND=/usr/local/bin/cinder-rootwrap /etc/cinder/rootwrap.conf env LC_ALL=C vgs --noheadings --unit=g -o name,size,free,lv_count,uuid --separator : --nosuffix stack-volumes-lvmdriver-1
May 03 22:40:39.772619 n-d-811807-1 sudo[118662]: pam_unix(sudo:session): session opened for user root by (uid=0)
May 03 22:40:40.452780 n-d-811807-1 sudo[118658]: pam_unix(sudo:session): session closed for user root
May 03 22:40:40.457639 n-d-811807-1 cinder-volume[96381]: DEBUG oslo_concurrency.processutils [None req-7ab8e35b-1a80-4621-8998-684aeb2d85bb tempest-AttachVolumeShelveTestJSON-1677853942 None] CMD "sudo cinder-rootwrap /etc/cinder/rootwrap.conf env LC_ALL=C lvcreate -n volume-5c0cb36f-1268-4ad5-9744-b9730ddc3421 stack-volumes-lvmdriver-1 -L 1g" returned: 0 in 1.206s {{(pid=96381) execute /usr/local/lib/python3.8/dist-packages/oslo_concurrency/processutils.py:422}}
May 03 22:40:40.470245 n-d-811807-1 cinder-volume[96381]: DEBUG cinder.volume.manager [None req-7ab8e35b-1a80-4621-8998-684aeb2d85bb tempest-AttachVolumeShelveTestJSON-1677853942 None] Task 'cinder.volume.flows.manager.create_volume.CreateVolumeFromSpecTask;volume:create' (d9091386-4763-4e6b-8c41-6de82999dff1) transitioned into state 'SUCCESS' from state 'RUNNING' with result '{'status': 'creating', 'volume_name': 'volume-5c0cb36f-1268-4ad5-9744-b9730ddc3421', 'volume_size': 1}' {{(pid=96381) _task_receiver /usr/local/lib/python3.8/dist-packages/taskflow/listeners/logging.py:178}}
May 03 22:40:40.470245 n-d-811807-1 cinder-volume[96381]: DEBUG cinder.volume.manager [None req-7ab8e35b-1a80-4621-8998-684aeb2d85bb tempest-AttachVolumeShelveTestJSON-1677853942 None] Task 'cinder.volume.flows.manager.create_volume.CreateVolumeOnFinishTask;volume:create, create.end' (36f6db98-4f68-4429-80e6-b0c1d92eaf86) transitioned into state 'RUNNING' from state 'PENDING' {{(pid=96381) _task_receiver /usr/local/lib/python3.8/dist-packages/taskflow/listeners/logging.py:190}}
May 03 22:40:40.486758 n-d-811807-1 cinder-volume[96381]: INFO cinder.volume.flows.manager.create_volume [None req-7ab8e35b-1a80-4621-8998-684aeb2d85bb tempest-AttachVolumeShelveTestJSON-1677853942 None] Volume volume-5c0cb36f-1268-4ad5-9744-b9730ddc3421 (5c0cb36f-1268-4ad5-9744-b9730ddc3421): created successfully
May 03 22:40:40.486758 n-d-811807-1 cinder-volume[96381]: DEBUG cinder.volume.manager [None req-7ab8e35b-1a80-4621-8998-684aeb2d85bb tempest-AttachVolumeShelveTestJSON-1677853942 None] Task 'cinder.volume.flows.manager.create_volume.CreateVolumeOnFinishTask;volume:create, create.end' (36f6db98-4f68-4429-80e6-b0c1d92eaf86) transitioned into state 'SUCCESS' from state 'RUNNING' with result 'None' {{(pid=96381) _task_receiver /usr/local/lib/python3.8/dist-packages/taskflow/listeners/logging.py:178}}
May 03 22:40:40.493670 n-d-811807-1 cinder-volume[96381]: DEBUG cinder.volume.manager [None req-7ab8e35b-1a80-4621-8998-684aeb2d85bb tempest-AttachVolumeShelveTestJSON-1677853942 None] Flow 'volume_create_manager' (43b2c78f-1c25-499b-ad35-cfebc7c96e75) transitioned into state 'SUCCESS' from state 'RUNNING' {{(pid=96381) _flow_receiver /usr/local/lib/python3.8/dist-packages/taskflow/listeners/logging.py:141}}
May 03 22:40:40.507420 n-d-811807-1 cinder-volume[96381]: INFO cinder.volume.manager [None req-7ab8e35b-1a80-4621-8998-684aeb2d85bb tempest-AttachVolumeShelveTestJSON-1677853942 None] Created volume successfully.
May 03 22:40:40.506096 n-d-811807-1 sudo[118662]: pam_unix(sudo:session): session closed for user root
May 03 22:40:40.514632 n-d-811807-1 cinder-volume[96381]: DEBUG oslo_concurrency.processutils [None req-7dbc94c6-c5d4-4468-a786-813b85159539 None None] CMD "sudo cinder-rootwrap /etc/cinder/rootwrap.conf env LC_ALL=C vgs --noheadings --unit=g -o name,size,free,lv_count,uuid --separator : --nosuffix stack-volumes-lvmdriver-1" returned: 0 in 0.781s {{(pid=96381) execute /usr/local/lib/python3.8/dist-packages/oslo_concurrency/processutils.py:422}}
May 03 22:40:40.514632 n-d-811807-1 cinder-volume[96381]: DEBUG oslo_concurrency.processutils [None req-7dbc94c6-c5d4-4468-a786-813b85159539 None None] Running cmd (subprocess): sudo cinder-rootwrap /etc/cinder/rootwrap.conf env LC_ALL=C lvs --noheadings --unit=g -o vg_name,name,size --nosuffix --readonly stack-volumes-lvmdriver-1 {{(pid=96381) execute /usr/local/lib/python3.8/dist-packages/oslo_concurrency/processutils.py:384}}
May 03 22:40:40.560378 n-d-811807-1 sudo[118696]: ubuntu : TTY=unknown ; PWD=/ ; USER=root ; COMMAND=/usr/local/bin/cinder-rootwrap /etc/cinder/rootwrap.conf env LC_ALL=C lvs --noheadings --unit=g -o vg_name,name,size --nosuffix --readonly stack-volumes-lvmdriver-1
May 03 22:40:40.561173 n-d-811807-1 sudo[118696]: pam_unix(sudo:session): session opened for user root by (uid=0)
May 03 22:40:40.858022 n-d-811807-1 sudo[118661]: pam_unix(sudo:session): session closed for user root
May 03 22:40:40.861885 n-d-811807-1 cinder-volume[96381]: DEBUG oslo_concurrency.processutils [None req-6a1fa406-fdbe-4c78-901b-554b77cef9ff tempest-SnapshotsActionsTest-982620261 None] CMD "sudo cinder-rootwrap /etc/cinder/rootwrap.conf env LC_ALL=C lvs --noheadings --unit=g -o vg_name,name,size --nosuffix --readonly stack-volumes-lvmdriver-1/volume-262ab562-f276-4148-bd30-dbdc40156e60" returned: 0 in 1.182s {{(pid=96381) execute /usr/local/lib/python3.8/dist-packages/oslo_concurrency/processutils.py:422}}
May 03 22:40:40.863741 n-d-811807-1 cinder-volume[96381]: DEBUG oslo_concurrency.processutils [None req-6a1fa406-fdbe-4c78-901b-554b77cef9ff tempest-SnapshotsActionsTest-982620261 None] Running cmd (subprocess): sudo cinder-rootwrap /etc/cinder/rootwrap.conf env LC_ALL=C lvcreate --name _snapshot-d5cc4893-34ab-40c6-950a-bca8bbf21f1e --snapshot stack-volumes-lvmdriver-1/volume-262ab562-f276-4148-bd30-dbdc40156e60 -L 1.00g {{(pid=96381) execute /usr/local/lib/python3.8/dist-packages/oslo_concurrency/processutils.py:384}}
May 03 22:40:40.928607 n-d-811807-1 sudo[118699]: ubuntu : TTY=unknown ; PWD=/ ; USER=root ; COMMAND=/usr/local/bin/cinder-rootwrap /etc/cinder/rootwrap.conf env LC_ALL=C lvcreate --name _snapshot-d5cc4893-34ab-40c6-950a-bca8bbf21f1e --snapshot stack-volumes-lvmdriver-1/volume-262ab562-f276-4148-bd30-dbdc40156e60 -L 1.00g
May 03 22:40:40.930068 n-d-811807-1 sudo[118699]: pam_unix(sudo:session): session opened for user root by (uid=0)
May 03 22:40:41.661965 n-d-811807-1 sudo[118696]: pam_unix(sudo:session): session closed for user root
May 03 22:40:41.664053 n-d-811807-1 cinder-volume[96381]: DEBUG oslo_concurrency.processutils [None req-7dbc94c6-c5d4-4468-a786-813b85159539 None None] CMD "sudo cinder-rootwrap /etc/cinder/rootwrap.conf env LC_ALL=C lvs --noheadings --unit=g -o vg_name,name,size --nosuffix --readonly stack-volumes-lvmdriver-1" returned: 0 in 1.152s {{(pid=96381) execute /usr/local/lib/python3.8/dist-packages/oslo_concurrency/processutils.py:422}}
May 03 22:40:41.666363 n-d-811807-1 cinder-volume[96381]: DEBUG cinder.manager [None req-7dbc94c6-c5d4-4468-a786-813b85159539 None None] Notifying Schedulers of capabilities ... {{(pid=96381) _publish_service_capabilities /opt/stack/cinder/cinder/manager.py:197}}
May 03 22:40:42.213170 n-d-811807-1 sudo[118699]: pam_unix(sudo:session): session closed for user root
May 03 22:40:42.215065 n-d-811807-1 cinder-volume[96381]: DEBUG oslo_concurrency.processutils [None req-6a1fa406-fdbe-4c78-901b-554b77cef9ff tempest-SnapshotsActionsTest-982620261 None] CMD "sudo cinder-rootwrap /etc/cinder/rootwrap.conf env LC_ALL=C lvcreate --name _snapshot-d5cc4893-34ab-40c6-950a-bca8bbf21f1e --snapshot stack-volumes-lvmdriver-1/volume-262ab562-f276-4148-bd30-dbdc40156e60 -L 1.00g" returned: 0 in 1.351s {{(pid=96381) execute /usr/local/lib/python3.8/dist-packages/oslo_concurrency/processutils.py:422}}
May 03 22:40:42.315787 n-d-811807-1 cinder-volume[96381]: INFO cinder.volume.manager [None req-6a1fa406-fdbe-4c78-901b-554b77cef9ff tempest-SnapshotsActionsTest-982620261 None] Create snapshot completed successfully
May 03 22:40:43.336096 n-d-811807-1 cinder-volume[96381]: DEBUG cinder.coordination [None req-27a71b9e-91e6-4c28-918e-fb98c26fa421 tempest-SnapshotsActionsTest-1564211282 None] Lock "b'cinder-d5cc4893-34ab-40c6-950a-bca8bbf21f1e-delete_snapshot'" acquired by "delete_snapshot" :: waited 0.011s {{(pid=96381) _synchronized /opt/stack/cinder/cinder/coordination.py:146}}
May 03 22:40:43.342930 n-d-811807-1 cinder-volume[96381]: DEBUG oslo_concurrency.processutils [None req-27a71b9e-91e6-4c28-918e-fb98c26fa421 tempest-SnapshotsActionsTest-1564211282 None] Running cmd (subprocess): sudo cinder-rootwrap /etc/cinder/rootwrap.conf env LC_ALL=C lvs --noheadings --unit=g -o vg_name,name,size --nosuffix --readonly stack-volumes-lvmdriver-1/_snapshot-d5cc4893-34ab-40c6-950a-bca8bbf21f1e {{(pid=96381) execute /usr/local/lib/python3.8/dist-packages/oslo_concurrency/processutils.py:384}}
May 03 22:40:43.377709 n-d-811807-1 sudo[118813]: ubuntu : TTY=unknown ; PWD=/ ; USER=root ; COMMAND=/usr/local/bin/cinder-rootwrap /etc/cinder/rootwrap.conf env LC_ALL=C lvs --noheadings --unit=g -o vg_name,name,size --nosuffix --readonly stack-volumes-lvmdriver-1/_snapshot-d5cc4893-34ab-40c6-950a-bca8bbf21f1e
May 03 22:40:43.378856 n-d-811807-1 sudo[118813]: pam_unix(sudo:session): session opened for user root by (uid=0)
May 03 22:40:44.206109 n-d-811807-1 sudo[118813]: pam_unix(sudo:session): session closed for user root
May 03 22:40:44.208390 n-d-811807-1 cinder-volume[96381]: DEBUG oslo_concurrency.processutils [None req-27a71b9e-91e6-4c28-918e-fb98c26fa421 tempest-SnapshotsActionsTest-1564211282 None] CMD "sudo cinder-rootwrap /etc/cinder/rootwrap.conf env LC_ALL=C lvs --noheadings --unit=g -o vg_name,name,size --nosuffix --readonly stack-volumes-lvmdriver-1/_snapshot-d5cc4893-34ab-40c6-950a-bca8bbf21f1e" returned: 0 in 0.865s {{(pid=96381) execute /usr/local/lib/python3.8/dist-packages/oslo_concurrency/processutils.py:422}}
May 03 22:40:44.210489 n-d-811807-1 cinder-volume[96381]: DEBUG oslo_concurrency.processutils [None req-27a71b9e-91e6-4c28-918e-fb98c26fa421 tempest-SnapshotsActionsTest-1564211282 None] Running cmd (subprocess): sudo cinder-rootwrap /etc/cinder/rootwrap.conf lvremove --config activation { retry_deactivation = 1} -f stack-volumes-lvmdriver-1/_snapshot-d5cc4893-34ab-40c6-950a-bca8bbf21f1e {{(pid=96381) execute /usr/local/lib/python3.8/dist-packages/oslo_concurrency/processutils.py:384}}
May 03 22:40:44.230109 n-d-811807-1 sudo[118816]: ubuntu : TTY=unknown ; PWD=/ ; USER=root ; COMMAND=/usr/local/bin/cinder-rootwrap /etc/cinder/rootwrap.conf lvremove --config activation { retry_deactivation = 1} -f stack-volumes-lvmdriver-1/_snapshot-d5cc4893-34ab-40c6-950a-bca8bbf21f1e
May 03 22:40:44.230925 n-d-811807-1 sudo[118816]: pam_unix(sudo:session): session opened for user root by (uid=0)
May 03 22:40:45.214127 n-d-811807-1 sudo[118816]: pam_unix(sudo:session): session closed for user root
May 03 22:40:45.216503 n-d-811807-1 cinder-volume[96381]: DEBUG oslo_concurrency.processutils [None req-27a71b9e-91e6-4c28-918e-fb98c26fa421 tempest-SnapshotsActionsTest-1564211282 None] CMD "sudo cinder-rootwrap /etc/cinder/rootwrap.conf lvremove --config activation { retry_deactivation = 1} -f stack-volumes-lvmdriver-1/_snapshot-d5cc4893-34ab-40c6-950a-bca8bbf21f1e" returned: 0 in 1.005s {{(pid=96381) execute /usr/local/lib/python3.8/dist-packages/oslo_concurrency/processutils.py:422}}
May 03 22:40:45.322670 n-d-811807-1 cinder-volume[96381]: DEBUG cinder.quota [None req-27a71b9e-91e6-4c28-918e-fb98c26fa421 tempest-SnapshotsActionsTest-1564211282 None] Created reservations ['9f0874c3-e77f-4689-8d65-f8a06ae240e0', '6790cf3e-d1c5-44dd-bd8f-19ab37c4d302', '551c5572-ef3c-4ef2-8f63-0984818a4bd4', 'ed246f5f-2d76-467e-86f8-017c0cedc019'] {{(pid=96381) reserve /opt/stack/cinder/cinder/quota.py:756}}
May 03 22:40:45.371863 n-d-811807-1 cinder-volume[96381]: INFO cinder.volume.manager [None req-27a71b9e-91e6-4c28-918e-fb98c26fa421 tempest-SnapshotsActionsTest-1564211282 None] Delete snapshot completed successfully.
May 03 22:40:45.378406 n-d-811807-1 cinder-volume[96381]: DEBUG cinder.coordination [None req-27a71b9e-91e6-4c28-918e-fb98c26fa421 tempest-SnapshotsActionsTest-1564211282 None] Lock "b'cinder-d5cc4893-34ab-40c6-950a-bca8bbf21f1e-delete_snapshot'" released by "delete_snapshot" :: held 2.042s {{(pid=96381) _synchronized /opt/stack/cinder/cinder/coordination.py:158}}
May 03 22:40:46.361402 n-d-811807-1 cinder-volume[96381]: DEBUG oslo_concurrency.processutils [None req-ad47aa8f-513c-4607-851c-4582d5a53ae2 tempest-SnapshotsActionsTest-982620261 None] Running cmd (subprocess): sudo cinder-rootwrap /etc/cinder/rootwrap.conf env LC_ALL=C lvs --noheadings --unit=g -o vg_name,name,size --nosuffix --readonly stack-volumes-lvmdriver-1/volume-262ab562-f276-4148-bd30-dbdc40156e60 {{(pid=96381) execute /usr/local/lib/python3.8/dist-packages/oslo_concurrency/processutils.py:384}}
May 03 22:40:46.388310 n-d-811807-1 sudo[118884]: ubuntu : TTY=unknown ; PWD=/ ; USER=root ; COMMAND=/usr/local/bin/cinder-rootwrap /etc/cinder/rootwrap.conf env LC_ALL=C lvs --noheadings --unit=g -o vg_name,name,size --nosuffix --readonly stack-volumes-lvmdriver-1/volume-262ab562-f276-4148-bd30-dbdc40156e60
May 03 22:40:46.389543 n-d-811807-1 sudo[118884]: pam_unix(sudo:session): session opened for user root by (uid=0)
May 03 22:40:46.899258 n-d-811807-1 sudo[118884]: pam_unix(sudo:session): session closed for user root
May 03 22:40:46.901888 n-d-811807-1 cinder-volume[96381]: DEBUG oslo_concurrency.processutils [None req-ad47aa8f-513c-4607-851c-4582d5a53ae2 tempest-SnapshotsActionsTest-982620261 None] CMD "sudo cinder-rootwrap /etc/cinder/rootwrap.conf env LC_ALL=C lvs --noheadings --unit=g -o vg_name,name,size --nosuffix --readonly stack-volumes-lvmdriver-1/volume-262ab562-f276-4148-bd30-dbdc40156e60" returned: 0 in 0.544s {{(pid=96381) execute /usr/local/lib/python3.8/dist-packages/oslo_concurrency/processutils.py:422}}
May 03 22:40:46.904342 n-d-811807-1 cinder-volume[96381]: DEBUG oslo_concurrency.processutils [None req-ad47aa8f-513c-4607-851c-4582d5a53ae2 tempest-SnapshotsActionsTest-982620261 None] Running cmd (subprocess): sudo cinder-rootwrap /etc/cinder/rootwrap.conf env LC_ALL=C lvcreate --name _snapshot-cf7c61df-9f49-4e24-a4ff-0c62a81a63df --snapshot stack-volumes-lvmdriver-1/volume-262ab562-f276-4148-bd30-dbdc40156e60 -L 1.00g {{(pid=96381) execute /usr/local/lib/python3.8/dist-packages/oslo_concurrency/processutils.py:384}}
May 03 22:40:46.944187 n-d-811807-1 sudo[118887]: ubuntu : TTY=unknown ; PWD=/ ; USER=root ; COMMAND=/usr/local/bin/cinder-rootwrap /etc/cinder/rootwrap.conf env LC_ALL=C lvcreate --name _snapshot-cf7c61df-9f49-4e24-a4ff-0c62a81a63df --snapshot stack-volumes-lvmdriver-1/volume-262ab562-f276-4148-bd30-dbdc40156e60 -L 1.00g
May 03 22:40:46.944966 n-d-811807-1 sudo[118887]: pam_unix(sudo:session): session opened for user root by (uid=0)
May 03 22:40:47.885528 n-d-811807-1 sudo[118887]: pam_unix(sudo:session): session closed for user root
May 03 22:40:47.887761 n-d-811807-1 cinder-volume[96381]: DEBUG oslo_concurrency.processutils [None req-ad47aa8f-513c-4607-851c-4582d5a53ae2 tempest-SnapshotsActionsTest-982620261 None] CMD "sudo cinder-rootwrap /etc/cinder/rootwrap.conf env LC_ALL=C lvcreate --name _snapshot-cf7c61df-9f49-4e24-a4ff-0c62a81a63df --snapshot stack-volumes-lvmdriver-1/volume-262ab562-f276-4148-bd30-dbdc40156e60 -L 1.00g" returned: 0 in 0.984s {{(pid=96381) execute /usr/local/lib/python3.8/dist-packages/oslo_concurrency/processutils.py:422}}
May 03 22:40:48.054376 n-d-811807-1 cinder-volume[96381]: INFO cinder.volume.manager [None req-ad47aa8f-513c-4607-851c-4582d5a53ae2 tempest-SnapshotsActionsTest-982620261 None] Create snapshot completed successfully
May 03 22:40:48.825267 n-d-811807-1 cinder-volume[96381]: DEBUG cinder.coordination [None req-08b2027e-e07c-439c-87f9-dc8aeeaf5927 tempest-SnapshotsActionsTest-1564211282 None] Lock "b'cinder-cf7c61df-9f49-4e24-a4ff-0c62a81a63df-delete_snapshot'" acquired by "delete_snapshot" :: waited 0.025s {{(pid=96381) _synchronized /opt/stack/cinder/cinder/coordination.py:146}}
May 03 22:40:48.835703 n-d-811807-1 cinder-volume[96381]: DEBUG oslo_concurrency.processutils [None req-08b2027e-e07c-439c-87f9-dc8aeeaf5927 tempest-SnapshotsActionsTest-1564211282 None] Running cmd (subprocess): sudo cinder-rootwrap /etc/cinder/rootwrap.conf env LC_ALL=C lvs --noheadings --unit=g -o vg_name,name,size --nosuffix --readonly stack-volumes-lvmdriver-1/_snapshot-cf7c61df-9f49-4e24-a4ff-0c62a81a63df {{(pid=96381) execute /usr/local/lib/python3.8/dist-packages/oslo_concurrency/processutils.py:384}}
May 03 22:40:48.893229 n-d-811807-1 sudo[118998]: ubuntu : TTY=unknown ; PWD=/ ; USER=root ; COMMAND=/usr/local/bin/cinder-rootwrap /etc/cinder/rootwrap.conf env LC_ALL=C lvs --noheadings --unit=g -o vg_name,name,size --nosuffix --readonly stack-volumes-lvmdriver-1/_snapshot-cf7c61df-9f49-4e24-a4ff-0c62a81a63df
May 03 22:40:48.894749 n-d-811807-1 sudo[118998]: pam_unix(sudo:session): session opened for user root by (uid=0)
May 03 22:40:49.680991 n-d-811807-1 sudo[118998]: pam_unix(sudo:session): session closed for user root
May 03 22:40:49.683311 n-d-811807-1 cinder-volume[96381]: DEBUG oslo_concurrency.processutils [None req-08b2027e-e07c-439c-87f9-dc8aeeaf5927 tempest-SnapshotsActionsTest-1564211282 None] CMD "sudo cinder-rootwrap /etc/cinder/rootwrap.conf env LC_ALL=C lvs --noheadings --unit=g -o vg_name,name,size --nosuffix --readonly stack-volumes-lvmdriver-1/_snapshot-cf7c61df-9f49-4e24-a4ff-0c62a81a63df" returned: 0 in 0.856s {{(pid=96381) execute /usr/local/lib/python3.8/dist-packages/oslo_concurrency/processutils.py:422}}
May 03 22:40:49.685419 n-d-811807-1 cinder-volume[96381]: DEBUG oslo_concurrency.processutils [None req-08b2027e-e07c-439c-87f9-dc8aeeaf5927 tempest-SnapshotsActionsTest-1564211282 None] Running cmd (subprocess): sudo cinder-rootwrap /etc/cinder/rootwrap.conf lvremove --config activation { retry_deactivation = 1} -f stack-volumes-lvmdriver-1/_snapshot-cf7c61df-9f49-4e24-a4ff-0c62a81a63df {{(pid=96381) execute /usr/local/lib/python3.8/dist-packages/oslo_concurrency/processutils.py:384}}
May 03 22:40:49.740320 n-d-811807-1 sudo[119001]: ubuntu : TTY=unknown ; PWD=/ ; USER=root ; COMMAND=/usr/local/bin/cinder-rootwrap /etc/cinder/rootwrap.conf lvremove --config activation { retry_deactivation = 1} -f stack-volumes-lvmdriver-1/_snapshot-cf7c61df-9f49-4e24-a4ff-0c62a81a63df
May 03 22:40:49.744465 n-d-811807-1 sudo[119001]: pam_unix(sudo:session): session opened for user root by (uid=0)
May 03 22:40:50.888598 n-d-811807-1 sudo[119001]: pam_unix(sudo:session): session closed for user root
May 03 22:40:50.891388 n-d-811807-1 cinder-volume[96381]: DEBUG oslo_concurrency.processutils [None req-08b2027e-e07c-439c-87f9-dc8aeeaf5927 tempest-SnapshotsActionsTest-1564211282 None] CMD "sudo cinder-rootwrap /etc/cinder/rootwrap.conf lvremove --config activation { retry_deactivation = 1} -f stack-volumes-lvmdriver-1/_snapshot-cf7c61df-9f49-4e24-a4ff-0c62a81a63df" returned: 0 in 1.206s {{(pid=96381) execute /usr/local/lib/python3.8/dist-packages/oslo_concurrency/processutils.py:422}}
May 03 22:40:51.075418 n-d-811807-1 cinder-volume[96381]: DEBUG cinder.quota [None req-08b2027e-e07c-439c-87f9-dc8aeeaf5927 tempest-SnapshotsActionsTest-1564211282 None] Created reservations ['9dd2915d-3365-4101-86b1-cdc3623d2a82', '37c6b511-ca3b-4c96-be73-b2ae76216427', 'f890b41e-041a-44ee-895b-f9ec64491b7f', '6092d2db-c751-4987-b8aa-f9e2e15fdaf4'] {{(pid=96381) reserve /opt/stack/cinder/cinder/quota.py:756}}
May 03 22:40:51.131345 n-d-811807-1 cinder-volume[96381]: INFO cinder.volume.manager [None req-08b2027e-e07c-439c-87f9-dc8aeeaf5927 tempest-SnapshotsActionsTest-1564211282 None] Delete snapshot completed successfully.
May 03 22:40:51.141581 n-d-811807-1 cinder-volume[96381]: DEBUG cinder.coordination [None req-08b2027e-e07c-439c-87f9-dc8aeeaf5927 tempest-SnapshotsActionsTest-1564211282 None] Lock "b'cinder-cf7c61df-9f49-4e24-a4ff-0c62a81a63df-delete_snapshot'" released by "delete_snapshot" :: held 2.311s {{(pid=96381) _synchronized /opt/stack/cinder/cinder/coordination.py:158}}
May 03 22:40:53.360254 n-d-811807-1 cinder-volume[96381]: DEBUG cinder.coordination [None req-d170336b-e3f3-4cd5-89f1-c8ceb40e8b98 tempest-SnapshotsActionsTest-982620261 None] Lock "b'cinder-fa8be620-a86b-4bf1-bb1c-e0b146ffd740-delete_snapshot'" acquired by "delete_snapshot" :: waited 0.016s {{(pid=96381) _synchronized /opt/stack/cinder/cinder/coordination.py:146}}
May 03 22:40:53.363351 n-d-811807-1 cinder-volume[96381]: DEBUG oslo_concurrency.processutils [None req-d170336b-e3f3-4cd5-89f1-c8ceb40e8b98 tempest-SnapshotsActionsTest-982620261 None] Running cmd (subprocess): sudo cinder-rootwrap /etc/cinder/rootwrap.conf env LC_ALL=C lvs --noheadings --unit=g -o vg_name,name,size --nosuffix --readonly stack-volumes-lvmdriver-1/_snapshot-fa8be620-a86b-4bf1-bb1c-e0b146ffd740 {{(pid=96381) execute /usr/local/lib/python3.8/dist-packages/oslo_concurrency/processutils.py:384}}
May 03 22:40:53.429513 n-d-811807-1 sudo[119066]: ubuntu : TTY=unknown ; PWD=/ ; USER=root ; COMMAND=/usr/local/bin/cinder-rootwrap /etc/cinder/rootwrap.conf env LC_ALL=C lvs --noheadings --unit=g -o vg_name,name,size --nosuffix --readonly stack-volumes-lvmdriver-1/_snapshot-fa8be620-a86b-4bf1-bb1c-e0b146ffd740
May 03 22:40:53.431940 n-d-811807-1 sudo[119066]: pam_unix(sudo:session): session opened for user root by (uid=0)
May 03 22:40:54.104214 n-d-811807-1 sudo[119066]: pam_unix(sudo:session): session closed for user root
May 03 22:40:54.106775 n-d-811807-1 cinder-volume[96381]: DEBUG oslo_concurrency.processutils [None req-d170336b-e3f3-4cd5-89f1-c8ceb40e8b98 tempest-SnapshotsActionsTest-982620261 None] CMD "sudo cinder-rootwrap /etc/cinder/rootwrap.conf env LC_ALL=C lvs --noheadings --unit=g -o vg_name,name,size --nosuffix --readonly stack-volumes-lvmdriver-1/_snapshot-fa8be620-a86b-4bf1-bb1c-e0b146ffd740" returned: 0 in 0.743s {{(pid=96381) execute /usr/local/lib/python3.8/dist-packages/oslo_concurrency/processutils.py:422}}
May 03 22:40:54.108885 n-d-811807-1 cinder-volume[96381]: DEBUG oslo_concurrency.processutils [None req-d170336b-e3f3-4cd5-89f1-c8ceb40e8b98 tempest-SnapshotsActionsTest-982620261 None] Running cmd (subprocess): sudo cinder-rootwrap /etc/cinder/rootwrap.conf lvremove --config activation { retry_deactivation = 1} -f stack-volumes-lvmdriver-1/_snapshot-fa8be620-a86b-4bf1-bb1c-e0b146ffd740 {{(pid=96381) execute /usr/local/lib/python3.8/dist-packages/oslo_concurrency/processutils.py:384}}
May 03 22:40:54.128526 n-d-811807-1 sudo[119069]: ubuntu : TTY=unknown ; PWD=/ ; USER=root ; COMMAND=/usr/local/bin/cinder-rootwrap /etc/cinder/rootwrap.conf lvremove --config activation { retry_deactivation = 1} -f stack-volumes-lvmdriver-1/_snapshot-fa8be620-a86b-4bf1-bb1c-e0b146ffd740
May 03 22:40:54.129307 n-d-811807-1 sudo[119069]: pam_unix(sudo:session): session opened for user root by (uid=0)
May 03 22:40:55.011762 n-d-811807-1 sudo[119069]: pam_unix(sudo:session): session closed for user root
May 03 22:40:55.014643 n-d-811807-1 cinder-volume[96381]: DEBUG oslo_concurrency.processutils [None req-d170336b-e3f3-4cd5-89f1-c8ceb40e8b98 tempest-SnapshotsActionsTest-982620261 None] CMD "sudo cinder-rootwrap /etc/cinder/rootwrap.conf lvremove --config activation { retry_deactivation = 1} -f stack-volumes-lvmdriver-1/_snapshot-fa8be620-a86b-4bf1-bb1c-e0b146ffd740" returned: 0 in 0.905s {{(pid=96381) execute /usr/local/lib/python3.8/dist-packages/oslo_concurrency/processutils.py:422}}
May 03 22:40:55.182138 n-d-811807-1 cinder-volume[96381]: DEBUG cinder.quota [None req-d170336b-e3f3-4cd5-89f1-c8ceb40e8b98 tempest-SnapshotsActionsTest-982620261 None] Created reservations ['3fd33840-2d85-444c-a2ce-e263ca30920f', '947468e1-54f5-4d18-a1ce-5c64e02d2a88', '4ca88760-3e9a-4396-871b-8f29b994a4fa', '3cb5e1b0-1ec1-40b9-9977-578942b0a111'] {{(pid=96381) reserve /opt/stack/cinder/cinder/quota.py:756}}
May 03 22:40:55.223569 n-d-811807-1 cinder-volume[96381]: INFO cinder.volume.manager [None req-d170336b-e3f3-4cd5-89f1-c8ceb40e8b98 tempest-SnapshotsActionsTest-982620261 None] Delete snapshot completed successfully.
May 03 22:40:55.226263 n-d-811807-1 cinder-volume[96381]: DEBUG cinder.coordination [None req-d170336b-e3f3-4cd5-89f1-c8ceb40e8b98 tempest-SnapshotsActionsTest-982620261 None] Lock "b'cinder-fa8be620-a86b-4bf1-bb1c-e0b146ffd740-delete_snapshot'" released by "delete_snapshot" :: held 1.866s {{(pid=96381) _synchronized /opt/stack/cinder/cinder/coordination.py:158}}
May 03 22:40:55.678689 n-d-811807-1 cinder-volume[96381]: DEBUG cinder.coordination [None req-f7151b34-03b3-422e-83e4-b5391178598f tempest-SnapshotsActionsTest-982620261 None] Lock "b'cinder-262ab562-f276-4148-bd30-dbdc40156e60-delete_volume'" acquired by "delete_volume" :: waited 0.033s {{(pid=96381) _synchronized /opt/stack/cinder/cinder/coordination.py:146}}
May 03 22:40:55.805458 n-d-811807-1 cinder-volume[96381]: INFO cinder.volume.targets.iscsi [None req-f7151b34-03b3-422e-83e4-b5391178598f tempest-SnapshotsActionsTest-982620261 None] Skipping remove_export. No iscsi_target is presently exported for volume: 262ab562-f276-4148-bd30-dbdc40156e60
May 03 22:40:55.806222 n-d-811807-1 cinder-volume[96381]: DEBUG oslo_concurrency.processutils [None req-f7151b34-03b3-422e-83e4-b5391178598f tempest-SnapshotsActionsTest-982620261 None] Running cmd (subprocess): sudo cinder-rootwrap /etc/cinder/rootwrap.conf env LC_ALL=C lvs --noheadings --unit=g -o vg_name,name,size --nosuffix --readonly stack-volumes-lvmdriver-1/volume-262ab562-f276-4148-bd30-dbdc40156e60 {{(pid=96381) execute /usr/local/lib/python3.8/dist-packages/oslo_concurrency/processutils.py:384}}
May 03 22:40:55.831394 n-d-811807-1 sudo[119116]: ubuntu : TTY=unknown ; PWD=/ ; USER=root ; COMMAND=/usr/local/bin/cinder-rootwrap /etc/cinder/rootwrap.conf env LC_ALL=C lvs --noheadings --unit=g -o vg_name,name,size --nosuffix --readonly stack-volumes-lvmdriver-1/volume-262ab562-f276-4148-bd30-dbdc40156e60
May 03 22:40:55.832192 n-d-811807-1 sudo[119116]: pam_unix(sudo:session): session opened for user root by (uid=0)
May 03 22:40:56.313913 n-d-811807-1 sudo[119116]: pam_unix(sudo:session): session closed for user root
May 03 22:40:56.316326 n-d-811807-1 cinder-volume[96381]: DEBUG oslo_concurrency.processutils [None req-f7151b34-03b3-422e-83e4-b5391178598f tempest-SnapshotsActionsTest-982620261 None] CMD "sudo cinder-rootwrap /etc/cinder/rootwrap.conf env LC_ALL=C lvs --noheadings --unit=g -o vg_name,name,size --nosuffix --readonly stack-volumes-lvmdriver-1/volume-262ab562-f276-4148-bd30-dbdc40156e60" returned: 0 in 0.510s {{(pid=96381) execute /usr/local/lib/python3.8/dist-packages/oslo_concurrency/processutils.py:422}}
May 03 22:40:56.318356 n-d-811807-1 cinder-volume[96381]: DEBUG oslo_concurrency.processutils [None req-f7151b34-03b3-422e-83e4-b5391178598f tempest-SnapshotsActionsTest-982620261 None] Running cmd (subprocess): sudo cinder-rootwrap /etc/cinder/rootwrap.conf env LC_ALL=C lvdisplay --noheading -C -o Attr --readonly stack-volumes-lvmdriver-1/volume-262ab562-f276-4148-bd30-dbdc40156e60 {{(pid=96381) execute /usr/local/lib/python3.8/dist-packages/oslo_concurrency/processutils.py:384}}
May 03 22:40:56.346833 n-d-811807-1 sudo[119119]: ubuntu : TTY=unknown ; PWD=/ ; USER=root ; COMMAND=/usr/local/bin/cinder-rootwrap /etc/cinder/rootwrap.conf env LC_ALL=C lvdisplay --noheading -C -o Attr --readonly stack-volumes-lvmdriver-1/volume-262ab562-f276-4148-bd30-dbdc40156e60
May 03 22:40:56.347726 n-d-811807-1 sudo[119119]: pam_unix(sudo:session): session opened for user root by (uid=0)
May 03 22:40:56.978070 n-d-811807-1 sudo[119119]: pam_unix(sudo:session): session closed for user root
May 03 22:40:56.981005 n-d-811807-1 cinder-volume[96381]: DEBUG oslo_concurrency.processutils [None req-f7151b34-03b3-422e-83e4-b5391178598f tempest-SnapshotsActionsTest-982620261 None] CMD "sudo cinder-rootwrap /etc/cinder/rootwrap.conf env LC_ALL=C lvdisplay --noheading -C -o Attr --readonly stack-volumes-lvmdriver-1/volume-262ab562-f276-4148-bd30-dbdc40156e60" returned: 0 in 0.662s {{(pid=96381) execute /usr/local/lib/python3.8/dist-packages/oslo_concurrency/processutils.py:422}}
May 03 22:40:56.983385 n-d-811807-1 cinder-volume[96381]: DEBUG oslo_concurrency.processutils [None req-f7151b34-03b3-422e-83e4-b5391178598f tempest-SnapshotsActionsTest-982620261 None] Running cmd (subprocess): sudo cinder-rootwrap /etc/cinder/rootwrap.conf lvremove --config activation { retry_deactivation = 1} -f stack-volumes-lvmdriver-1/volume-262ab562-f276-4148-bd30-dbdc40156e60 {{(pid=96381) execute /usr/local/lib/python3.8/dist-packages/oslo_concurrency/processutils.py:384}}
May 03 22:40:57.012601 n-d-811807-1 sudo[119122]: ubuntu : TTY=unknown ; PWD=/ ; USER=root ; COMMAND=/usr/local/bin/cinder-rootwrap /etc/cinder/rootwrap.conf lvremove --config activation { retry_deactivation = 1} -f stack-volumes-lvmdriver-1/volume-262ab562-f276-4148-bd30-dbdc40156e60
May 03 22:40:57.013451 n-d-811807-1 sudo[119122]: pam_unix(sudo:session): session opened for user root by (uid=0)
May 03 22:40:57.629831 n-d-811807-1 sudo[119122]: pam_unix(sudo:session): session closed for user root
May 03 22:40:57.635625 n-d-811807-1 cinder-volume[96381]: DEBUG oslo_concurrency.processutils [None req-f7151b34-03b3-422e-83e4-b5391178598f tempest-SnapshotsActionsTest-982620261 None] CMD "sudo cinder-rootwrap /etc/cinder/rootwrap.conf lvremove --config activation { retry_deactivation = 1} -f stack-volumes-lvmdriver-1/volume-262ab562-f276-4148-bd30-dbdc40156e60" returned: 0 in 0.649s {{(pid=96381) execute /usr/local/lib/python3.8/dist-packages/oslo_concurrency/processutils.py:422}}
May 03 22:40:57.635625 n-d-811807-1 cinder-volume[96381]: INFO cinder.volume.drivers.lvm [None req-f7151b34-03b3-422e-83e4-b5391178598f tempest-SnapshotsActionsTest-982620261 None] Successfully deleted volume: 262ab562-f276-4148-bd30-dbdc40156e60
May 03 22:40:57.709770 n-d-811807-1 cinder-volume[96381]: DEBUG cinder.quota [None req-f7151b34-03b3-422e-83e4-b5391178598f tempest-SnapshotsActionsTest-982620261 None] Created reservations ['e9673fa1-ba20-4484-a016-fe6b16c81174', '0ad2fe0d-5565-4ad5-9233-9d2ae2c6bbbe', '87c4e26e-321a-4df5-8599-063e33b7cf01', '81494a7c-0728-4ae1-9cf1-3419cea69d6b'] {{(pid=96381) reserve /opt/stack/cinder/cinder/quota.py:756}}
