Feb 04 20:00:05.375649 n-d-811806-1 devstack@placement-api.service[88729]: INFO placement.requestlog [req-7cdb23db-0eb1-4fcb-95bb-0d01320494ef req-a1b076c8-312f-4d9d-b611-cabafa1db4ed service placement] 10.222.0.62 "GET /placement/allocations/601e588e-5320-4dc9-9a3b-dc92c5852cc2" status: 200 len: 245 microversion: 1.28
Feb 04 20:00:05.379509 n-d-811806-1 devstack@placement-api.service[88729]: [pid: 88729|app: 0|req: 151/296] 10.222.0.62 () {60 vars in 1377 bytes} [Fri Feb 4 20:00:05 2022] GET /placement/allocations/601e588e-5320-4dc9-9a3b-dc92c5852cc2 => generated 245 bytes in 21 msecs (HTTP/1.1 200) 8 headers in 296 bytes (1 switches on core 0)
Feb 04 20:00:18.931906 n-d-811806-1 devstack@placement-api.service[88730]: DEBUG placement.requestlog [req-5e489bf1-611f-4d2e-bf5b-2a1ff107f7bf req-5fca81b1-f543-42a0-99d1-09e74c198014 None None] Starting request: 10.222.0.24 "GET /placement/allocations/fddabb3e-bee1-4a00-b2c7-48efea161500" {{(pid=88730) __call__ /opt/stack/placement/placement/requestlog.py:55}}
Feb 04 20:00:18.951128 n-d-811806-1 devstack@placement-api.service[88730]: INFO placement.requestlog [req-5e489bf1-611f-4d2e-bf5b-2a1ff107f7bf req-5fca81b1-f543-42a0-99d1-09e74c198014 service placement] 10.222.0.24 "GET /placement/allocations/fddabb3e-bee1-4a00-b2c7-48efea161500" status: 200 len: 259 microversion: 1.28
Feb 04 20:00:18.952055 n-d-811806-1 devstack@placement-api.service[88730]: [pid: 88730|app: 0|req: 146/297] 10.222.0.24 () {60 vars in 1377 bytes} [Fri Feb 4 20:00:18 2022] GET /placement/allocations/fddabb3e-bee1-4a00-b2c7-48efea161500 => generated 259 bytes in 20 msecs (HTTP/1.1 200) 8 headers in 296 bytes (1 switches on core 0)
Feb 04 20:00:28.296972 n-d-811806-1 devstack@placement-api.service[88729]: DEBUG placement.requestlog [req-7da5f232-3f46-4c96-8cfc-1043af762c92 req-66015015-02ea-411a-91d4-98051e912620 None None] Starting request: 10.222.0.24 "GET /placement/resource_providers/142dd80f-31d0-4c45-9bc6-5c859e1431ac/allocations" {{(pid=88729) __call__ /opt/stack/placement/placement/requestlog.py:55}}
Feb 04 20:00:28.322446 n-d-811806-1 devstack@placement-api.service[88729]: INFO placement.requestlog [req-7da5f232-3f46-4c96-8cfc-1043af762c92 req-66015015-02ea-411a-91d4-98051e912620 service placement] 10.222.0.24 "GET /placement/resource_providers/142dd80f-31d0-4c45-9bc6-5c859e1431ac/allocations" status: 200 len: 659 microversion: 1.0
Feb 04 20:00:28.323223 n-d-811806-1 devstack@placement-api.service[88729]: [pid: 88729|app: 0|req: 152/298] 10.222.0.24 () {58 vars in 1390 bytes} [Fri Feb 4 20:00:28 2022] GET /placement/resource_providers/142dd80f-31d0-4c45-9bc6-5c859e1431ac/allocations => generated 659 bytes in 26 msecs (HTTP/1.1 200) 6 headers in 224 bytes (1 switches on core 0)
Feb 04 20:00:28.851004 n-d-811806-1 devstack@placement-api.service[88730]: DEBUG placement.requestlog [req-7da5f232-3f46-4c96-8cfc-1043af762c92 req-c8fe6f3d-78b2-41c3-bef8-8c7e7e228a9c None None] Starting request: 10.222.0.24 "GET /placement/allocations/19f1649c-ad41-4968-9fbc-82284e0635fd" {{(pid=88730) __call__ /opt/stack/placement/placement/requestlog.py:55}}
Feb 04 20:00:28.875172 n-d-811806-1 devstack@placement-api.service[88730]: INFO placement.requestlog [req-7da5f232-3f46-4c96-8cfc-1043af762c92 req-c8fe6f3d-78b2-41c3-bef8-8c7e7e228a9c service placement] 10.222.0.24 "GET /placement/allocations/19f1649c-ad41-4968-9fbc-82284e0635fd" status: 200 len: 259 microversion: 1.28
Feb 04 20:00:28.875655 n-d-811806-1 devstack@placement-api.service[88730]: [pid: 88730|app: 0|req: 147/299] 10.222.0.24 () {60 vars in 1377 bytes} [Fri Feb 4 20:00:28 2022] GET /placement/allocations/19f1649c-ad41-4968-9fbc-82284e0635fd => generated 259 bytes in 25 msecs (HTTP/1.1 200) 8 headers in 296 bytes (1 switches on core 0)
Feb 04 20:00:28.885010 n-d-811806-1 devstack@placement-api.service[88729]: DEBUG placement.requestlog [req-7da5f232-3f46-4c96-8cfc-1043af762c92 req-3de1bb06-4c2a-452d-92a8-0ccebea39aaf None None] Starting request: 10.222.0.24 "PUT /placement/allocations/19f1649c-ad41-4968-9fbc-82284e0635fd" {{(pid=88729) __call__ /opt/stack/placement/placement/requestlog.py:55}}
Feb 04 20:00:29.019048 n-d-811806-1 devstack@placement-api.service[88729]: DEBUG placement.handlers.allocation [req-7da5f232-3f46-4c96-8cfc-1043af762c92 req-3de1bb06-4c2a-452d-92a8-0ccebea39aaf service placement] Successfully wrote allocations [, , ] {{(pid=88729) _create_allocations /opt/stack/placement/placement/handlers/allocation.py:435}}
Feb 04 20:00:29.021389 n-d-811806-1 devstack@placement-api.service[88729]: INFO placement.requestlog [req-7da5f232-3f46-4c96-8cfc-1043af762c92 req-3de1bb06-4c2a-452d-92a8-0ccebea39aaf service placement] 10.222.0.24 "PUT /placement/allocations/19f1649c-ad41-4968-9fbc-82284e0635fd" status: 204 len: 0 microversion: 1.28
Feb 04 20:00:29.021988 n-d-811806-1 devstack@placement-api.service[88729]: [pid: 88729|app: 0|req: 153/300] 10.222.0.24 () {64 vars in 1430 bytes} [Fri Feb 4 20:00:28 2022] PUT /placement/allocations/19f1649c-ad41-4968-9fbc-82284e0635fd => generated 0 bytes in 137 msecs (HTTP/1.1 204) 5 headers in 199 bytes (1 switches on core 0)
Feb 04 20:00:33.507181 n-d-811806-1 devstack@placement-api.service[88730]: DEBUG placement.requestlog [req-bce80ddd-7d72-409a-85cd-201e52b8396e req-57773826-d3c7-4e4a-9e9e-ffe1d65bc992 None None] Starting request: 10.222.0.48 "GET /placement/allocation_candidates?limit=1000&resources=DISK_GB%3A1%2CMEMORY_MB%3A1024%2CVCPU%3A1&root_required=%21COMPUTE_STATUS_DISABLED" {{(pid=88730) __call__ /opt/stack/placement/placement/requestlog.py:55}}
Feb 04 20:00:33.747516 n-d-811806-1 devstack@placement-api.service[88730]: DEBUG placement.objects.research_context [req-bce80ddd-7d72-409a-85cd-201e52b8396e req-57773826-d3c7-4e4a-9e9e-ffe1d65bc992 service placement] getting providers with 1 DISK_GB {{(pid=88730) __init__ /opt/stack/placement/placement/objects/research_context.py:126}}
Feb 04 20:00:33.753598 n-d-811806-1 devstack@placement-api.service[88730]: DEBUG placement.objects.research_context [req-bce80ddd-7d72-409a-85cd-201e52b8396e req-57773826-d3c7-4e4a-9e9e-ffe1d65bc992 service placement] getting providers with 1024 MEMORY_MB {{(pid=88730) __init__ /opt/stack/placement/placement/objects/research_context.py:126}}
Feb 04 20:00:33.761147 n-d-811806-1 devstack@placement-api.service[88730]: DEBUG placement.objects.research_context [req-bce80ddd-7d72-409a-85cd-201e52b8396e req-57773826-d3c7-4e4a-9e9e-ffe1d65bc992 service placement] getting providers with 1 VCPU {{(pid=88730) __init__ /opt/stack/placement/placement/objects/research_context.py:126}}
Feb 04 20:00:33.768713 n-d-811806-1 devstack@placement-api.service[88730]: DEBUG placement.objects.research_context [req-bce80ddd-7d72-409a-85cd-201e52b8396e req-57773826-d3c7-4e4a-9e9e-ffe1d65bc992 service placement] found 2 providers with available 1 DISK_GB {{(pid=88730) get_provider_ids_matching /opt/stack/placement/placement/objects/research_context.py:549}}
Feb 04 20:00:33.769188 n-d-811806-1 devstack@placement-api.service[88730]: DEBUG placement.objects.research_context [req-bce80ddd-7d72-409a-85cd-201e52b8396e req-57773826-d3c7-4e4a-9e9e-ffe1d65bc992 service placement] found 2 providers with available 1024 MEMORY_MB {{(pid=88730) get_provider_ids_matching /opt/stack/placement/placement/objects/research_context.py:549}}
Feb 04 20:00:33.769687 n-d-811806-1 devstack@placement-api.service[88730]: DEBUG placement.objects.research_context [req-bce80ddd-7d72-409a-85cd-201e52b8396e req-57773826-d3c7-4e4a-9e9e-ffe1d65bc992 service placement] found 2 providers after filtering by previous result {{(pid=88730) get_provider_ids_matching /opt/stack/placement/placement/objects/research_context.py:580}}
Feb 04 20:00:33.770180 n-d-811806-1 devstack@placement-api.service[88730]: DEBUG placement.objects.research_context [req-bce80ddd-7d72-409a-85cd-201e52b8396e req-57773826-d3c7-4e4a-9e9e-ffe1d65bc992 service placement] found 2 providers with available 1 VCPU {{(pid=88730) get_provider_ids_matching /opt/stack/placement/placement/objects/research_context.py:549}}
Feb 04 20:00:33.770685 n-d-811806-1 devstack@placement-api.service[88730]: DEBUG placement.objects.research_context [req-bce80ddd-7d72-409a-85cd-201e52b8396e req-57773826-d3c7-4e4a-9e9e-ffe1d65bc992 service placement] found 2 providers after filtering by previous result {{(pid=88730) get_provider_ids_matching /opt/stack/placement/placement/objects/research_context.py:580}}
Feb 04 20:00:33.792606 n-d-811806-1 devstack@placement-api.service[88730]: DEBUG placement.objects.allocation_candidate [req-bce80ddd-7d72-409a-85cd-201e52b8396e req-57773826-d3c7-4e4a-9e9e-ffe1d65bc992 service placement] RequestGroup(use_same_provider=False, resources={DISK_GB:1, MEMORY_MB:1024, VCPU:1}, traits=[], aggregates=[]) (suffix '') returned 2 matches {{(pid=88730) _get_by_requests /opt/stack/placement/placement/objects/allocation_candidate.py:145}}
Feb 04 20:00:33.793316 n-d-811806-1 devstack@placement-api.service[88730]: DEBUG placement.objects.allocation_candidate [req-bce80ddd-7d72-409a-85cd-201e52b8396e req-57773826-d3c7-4e4a-9e9e-ffe1d65bc992 service placement] Merging candidates yields 2 allocation requests and 2 provider summaries {{(pid=88730) _merge_candidates /opt/stack/placement/placement/objects/allocation_candidate.py:783}}
Feb 04 20:00:33.795030 n-d-811806-1 devstack@placement-api.service[88730]: INFO placement.requestlog [req-bce80ddd-7d72-409a-85cd-201e52b8396e req-57773826-d3c7-4e4a-9e9e-ffe1d65bc992 service placement] 10.222.0.48 "GET /placement/allocation_candidates?limit=1000&resources=DISK_GB%3A1%2CMEMORY_MB%3A1024%2CVCPU%3A1&root_required=%21COMPUTE_STATUS_DISABLED" status: 200 len: 1309 microversion: 1.35
Feb 04 20:00:33.795764 n-d-811806-1 devstack@placement-api.service[88730]: [pid: 88730|app: 0|req: 148/301] 10.222.0.48 () {60 vars in 1506 bytes} [Fri Feb 4 20:00:33 2022] GET /placement/allocation_candidates?limit=1000&resources=DISK_GB%3A1%2CMEMORY_MB%3A1024%2CVCPU%3A1&root_required=%21COMPUTE_STATUS_DISABLED => generated 1309 bytes in 288 msecs (HTTP/1.1 200) 8 headers in 297 bytes (1 switches on core 0)
Feb 04 20:00:33.847054 n-d-811806-1 devstack@placement-api.service[88729]: DEBUG placement.requestlog [req-bce80ddd-7d72-409a-85cd-201e52b8396e req-616eb24b-42ea-48cd-b2a0-c57c4720de09 None None] Starting request: 10.222.0.48 "GET /placement/allocations/ac8aab84-09ae-4868-8834-ae660a5f88d4" {{(pid=88729) __call__ /opt/stack/placement/placement/requestlog.py:55}}
Feb 04 20:00:33.977855 n-d-811806-1 devstack@placement-api.service[88729]: INFO placement.requestlog [req-bce80ddd-7d72-409a-85cd-201e52b8396e req-616eb24b-42ea-48cd-b2a0-c57c4720de09 service placement] 10.222.0.48 "GET /placement/allocations/ac8aab84-09ae-4868-8834-ae660a5f88d4" status: 200 len: 19 microversion: 1.28
Feb 04 20:00:33.979008 n-d-811806-1 devstack@placement-api.service[88729]: [pid: 88729|app: 0|req: 154/302] 10.222.0.48 () {60 vars in 1380 bytes} [Fri Feb 4 20:00:33 2022] GET /placement/allocations/ac8aab84-09ae-4868-8834-ae660a5f88d4 => generated 19 bytes in 132 msecs (HTTP/1.1 200) 8 headers in 295 bytes (1 switches on core 0)
Feb 04 20:00:33.988881 n-d-811806-1 devstack@placement-api.service[88730]: DEBUG placement.requestlog [req-bce80ddd-7d72-409a-85cd-201e52b8396e req-5c9b3380-ab65-4f41-9d58-967def9844cc None None] Starting request: 10.222.0.48 "PUT /placement/allocations/ac8aab84-09ae-4868-8834-ae660a5f88d4" {{(pid=88730) __call__ /opt/stack/placement/placement/requestlog.py:55}}
Feb 04 20:00:34.498759 n-d-811806-1 devstack@placement-api.service[88730]: DEBUG placement.handlers.allocation [req-bce80ddd-7d72-409a-85cd-201e52b8396e req-5c9b3380-ab65-4f41-9d58-967def9844cc service placement] Successfully wrote allocations [, , ] {{(pid=88730) _create_allocations /opt/stack/placement/placement/handlers/allocation.py:435}}
Feb 04 20:00:34.499549 n-d-811806-1 devstack@placement-api.service[88730]: INFO placement.requestlog [req-bce80ddd-7d72-409a-85cd-201e52b8396e req-5c9b3380-ab65-4f41-9d58-967def9844cc service placement] 10.222.0.48 "PUT /placement/allocations/ac8aab84-09ae-4868-8834-ae660a5f88d4" status: 204 len: 0 microversion: 1.35
Feb 04 20:00:34.503976 n-d-811806-1 devstack@placement-api.service[88730]: [pid: 88730|app: 0|req: 149/303] 10.222.0.48 () {64 vars in 1433 bytes} [Fri Feb 4 20:00:33 2022] PUT /placement/allocations/ac8aab84-09ae-4868-8834-ae660a5f88d4 => generated 0 bytes in 515 msecs (HTTP/1.1 204) 5 headers in 199 bytes (2 switches on core 0)
Feb 04 20:00:35.575358 n-d-811806-1 devstack@placement-api.service[88729]: DEBUG placement.requestlog [None req-24beaa74-0ce3-4188-8c0f-e12fd53ea652 None None] Starting request: 10.222.0.48 "GET /placement/" {{(pid=88729) __call__ /opt/stack/placement/placement/requestlog.py:55}}
Feb 04 20:00:35.576331 n-d-811806-1 devstack@placement-api.service[88729]: INFO placement.requestlog [None req-24beaa74-0ce3-4188-8c0f-e12fd53ea652 None None] 10.222.0.48 "GET /placement/" status: 200 len: 136 microversion: 1.0
Feb 04 20:00:35.576773 n-d-811806-1 devstack@placement-api.service[88729]: [pid: 88729|app: 0|req: 155/304] 10.222.0.48 () {54 vars in 916 bytes} [Fri Feb 4 20:00:35 2022] GET /placement => generated 136 bytes in 1 msecs (HTTP/1.1 200) 6 headers in 224 bytes (1 switches on core 0)
Feb 04 20:00:35.584298 n-d-811806-1 devstack@placement-api.service[88730]: DEBUG placement.requestlog [req-65f1e469-108d-4381-8266-cb4602a512ba req-6192a115-35a2-4db1-bb38-c511337711f7 None None] Starting request: 10.222.0.48 "GET /placement/allocations/601e588e-5320-4dc9-9a3b-dc92c5852cc2" {{(pid=88730) __call__ /opt/stack/placement/placement/requestlog.py:55}}
Feb 04 20:00:35.685983 n-d-811806-1 devstack@placement-api.service[88730]: INFO placement.requestlog [req-65f1e469-108d-4381-8266-cb4602a512ba req-6192a115-35a2-4db1-bb38-c511337711f7 service placement] 10.222.0.48 "GET /placement/allocations/601e588e-5320-4dc9-9a3b-dc92c5852cc2" status: 200 len: 245 microversion: 1.28
Feb 04 20:00:35.686258 n-d-811806-1 devstack@placement-api.service[88730]: [pid: 88730|app: 0|req: 150/305] 10.222.0.48 () {60 vars in 1380 bytes} [Fri Feb 4 20:00:35 2022] GET /placement/allocations/601e588e-5320-4dc9-9a3b-dc92c5852cc2 => generated 245 bytes in 102 msecs (HTTP/1.1 200) 8 headers in 296 bytes (1 switches on core 0)
Feb 04 20:00:35.693497 n-d-811806-1 devstack@placement-api.service[88729]: DEBUG placement.requestlog [req-65f1e469-108d-4381-8266-cb4602a512ba req-ceb63e9a-8d67-4578-92e7-55159d76f29e None None] Starting request: 10.222.0.48 "GET /placement/allocations/601e588e-5320-4dc9-9a3b-dc92c5852cc2" {{(pid=88729) __call__ /opt/stack/placement/placement/requestlog.py:55}}
Feb 04 20:00:35.720863 n-d-811806-1 devstack@placement-api.service[88729]: INFO placement.requestlog [req-65f1e469-108d-4381-8266-cb4602a512ba req-ceb63e9a-8d67-4578-92e7-55159d76f29e service placement] 10.222.0.48 "GET /placement/allocations/601e588e-5320-4dc9-9a3b-dc92c5852cc2" status: 200 len: 245 microversion: 1.28
Feb 04 20:00:35.725825 n-d-811806-1 devstack@placement-api.service[88729]: [pid: 88729|app: 0|req: 156/306] 10.222.0.48 () {60 vars in 1380 bytes} [Fri Feb 4 20:00:35 2022] GET /placement/allocations/601e588e-5320-4dc9-9a3b-dc92c5852cc2 => generated 245 bytes in 33 msecs (HTTP/1.1 200) 8 headers in 296 bytes (1 switches on core 0)
Feb 04 20:00:35.726580 n-d-811806-1 devstack@placement-api.service[88730]: DEBUG placement.requestlog [req-65f1e469-108d-4381-8266-cb4602a512ba req-d08362b4-7345-497c-a97b-4fd35eb04ba1 None None] Starting request: 10.222.0.48 "GET /placement/allocations/8f7e0148-f99e-4b7f-abf3-7101b5e14228" {{(pid=88730) __call__ /opt/stack/placement/placement/requestlog.py:55}}
Feb 04 20:00:35.744117 n-d-811806-1 devstack@placement-api.service[88730]: INFO placement.requestlog [req-65f1e469-108d-4381-8266-cb4602a512ba req-d08362b4-7345-497c-a97b-4fd35eb04ba1 service placement] 10.222.0.48 "GET /placement/allocations/8f7e0148-f99e-4b7f-abf3-7101b5e14228" status: 200 len: 19 microversion: 1.28
Feb 04 20:00:35.744117 n-d-811806-1 devstack@placement-api.service[88730]: [pid: 88730|app: 0|req: 151/307] 10.222.0.48 () {60 vars in 1380 bytes} [Fri Feb 4 20:00:35 2022] GET /placement/allocations/8f7e0148-f99e-4b7f-abf3-7101b5e14228 => generated 19 bytes in 17 msecs (HTTP/1.1 200) 8 headers in 295 bytes (2 switches on core 0)
Feb 04 20:00:35.749226 n-d-811806-1 devstack@placement-api.service[88729]: DEBUG placement.requestlog [req-65f1e469-108d-4381-8266-cb4602a512ba req-65e45d94-7318-4f29-861a-acf2ad63a114 None None] Starting request: 10.222.0.48 "POST /placement/allocations" {{(pid=88729) __call__ /opt/stack/placement/placement/requestlog.py:55}}
Feb 04 20:00:35.919003 n-d-811806-1 devstack@placement-api.service[88730]: DEBUG placement.requestlog [req-bce80ddd-7d72-409a-85cd-201e52b8396e req-596cba9e-4e7d-4a0e-af13-8d2ea31b8eeb None None] Starting request: 10.222.0.24 "GET /placement/allocations/ac8aab84-09ae-4868-8834-ae660a5f88d4" {{(pid=88730) __call__ /opt/stack/placement/placement/requestlog.py:55}}
Feb 04 20:00:35.947997 n-d-811806-1 devstack@placement-api.service[88730]: INFO placement.requestlog [req-bce80ddd-7d72-409a-85cd-201e52b8396e req-596cba9e-4e7d-4a0e-af13-8d2ea31b8eeb service placement] 10.222.0.24 "GET /placement/allocations/ac8aab84-09ae-4868-8834-ae660a5f88d4" status: 200 len: 259 microversion: 1.28
Feb 04 20:00:35.948523 n-d-811806-1 devstack@placement-api.service[88730]: [pid: 88730|app: 0|req: 152/308] 10.222.0.24 () {60 vars in 1377 bytes} [Fri Feb 4 20:00:35 2022] GET /placement/allocations/ac8aab84-09ae-4868-8834-ae660a5f88d4 => generated 259 bytes in 30 msecs (HTTP/1.1 200) 8 headers in 296 bytes (2 switches on core 0)
Feb 04 20:00:36.066487 n-d-811806-1 devstack@placement-api.service[88729]: DEBUG placement.handlers.allocation [req-65f1e469-108d-4381-8266-cb4602a512ba req-65e45d94-7318-4f29-861a-acf2ad63a114 service placement] Successfully wrote allocations [, , , ] {{(pid=88729) _create_allocations /opt/stack/placement/placement/handlers/allocation.py:524}}
Feb 04 20:00:36.067411 n-d-811806-1 devstack@placement-api.service[88729]: INFO placement.requestlog [req-65f1e469-108d-4381-8266-cb4602a512ba req-65e45d94-7318-4f29-861a-acf2ad63a114 service placement] 10.222.0.48 "POST /placement/allocations" status: 204 len: 0 microversion: 1.28
Feb 04 20:00:36.070096 n-d-811806-1 devstack@placement-api.service[88729]: [pid: 88729|app: 0|req: 157/309] 10.222.0.48 () {64 vars in 1323 bytes} [Fri Feb 4 20:00:35 2022] POST /placement/allocations => generated 0 bytes in 321 msecs (HTTP/1.1 204) 5 headers in 199 bytes (1 switches on core 0)
Feb 04 20:00:36.152933 n-d-811806-1 devstack@placement-api.service[88730]: DEBUG placement.requestlog [req-65f1e469-108d-4381-8266-cb4602a512ba req-63b1e9bd-079a-4129-9c8c-f75c59630487 None None] Starting request: 10.222.0.48 "GET /placement/allocations/601e588e-5320-4dc9-9a3b-dc92c5852cc2" {{(pid=88730) __call__ /opt/stack/placement/placement/requestlog.py:55}}
Feb 04 20:00:36.170763 n-d-811806-1 devstack@placement-api.service[88730]: INFO placement.requestlog [req-65f1e469-108d-4381-8266-cb4602a512ba req-63b1e9bd-079a-4129-9c8c-f75c59630487 service placement] 10.222.0.48 "GET /placement/allocations/601e588e-5320-4dc9-9a3b-dc92c5852cc2" status: 200 len: 19 microversion: 1.28
Feb 04 20:00:36.171082 n-d-811806-1 devstack@placement-api.service[88730]: [pid: 88730|app: 0|req: 153/310] 10.222.0.48 () {60 vars in 1380 bytes} [Fri Feb 4 20:00:36 2022] GET /placement/allocations/601e588e-5320-4dc9-9a3b-dc92c5852cc2 => generated 19 bytes in 18 msecs (HTTP/1.1 200) 8 headers in 295 bytes (1 switches on core 0)
Feb 04 20:00:36.178396 n-d-811806-1 devstack@placement-api.service[88729]: DEBUG placement.requestlog [req-65f1e469-108d-4381-8266-cb4602a512ba req-6eaf024d-fb1b-4d45-86fa-44eee746a817 None None] Starting request: 10.222.0.48 "PUT /placement/allocations/601e588e-5320-4dc9-9a3b-dc92c5852cc2" {{(pid=88729) __call__ /opt/stack/placement/placement/requestlog.py:55}}
Feb 04 20:00:36.418761 n-d-811806-1 devstack@placement-api.service[88729]: DEBUG placement.handlers.allocation [req-65f1e469-108d-4381-8266-cb4602a512ba req-6eaf024d-fb1b-4d45-86fa-44eee746a817 service placement] Successfully wrote allocations [, ] {{(pid=88729) _create_allocations /opt/stack/placement/placement/handlers/allocation.py:435}}
Feb 04 20:00:36.421005 n-d-811806-1 devstack@placement-api.service[88729]: INFO placement.requestlog [req-65f1e469-108d-4381-8266-cb4602a512ba req-6eaf024d-fb1b-4d45-86fa-44eee746a817 service placement] 10.222.0.48 "PUT /placement/allocations/601e588e-5320-4dc9-9a3b-dc92c5852cc2" status: 204 len: 0 microversion: 1.28
Feb 04 20:00:36.422733 n-d-811806-1 devstack@placement-api.service[88729]: [pid: 88729|app: 0|req: 158/311] 10.222.0.48 () {64 vars in 1433 bytes} [Fri Feb 4 20:00:36 2022] PUT /placement/allocations/601e588e-5320-4dc9-9a3b-dc92c5852cc2 => generated 0 bytes in 245 msecs (HTTP/1.1 204) 5 headers in 199 bytes (1 switches on core 0)
Feb 04 20:00:36.708409 n-d-811806-1 devstack@placement-api.service[88730]: DEBUG placement.requestlog [req-65f1e469-108d-4381-8266-cb4602a512ba req-54fcffa2-3ce4-468a-9680-4873d6117c4f None None] Starting request: 10.222.0.24 "GET /placement/allocations/601e588e-5320-4dc9-9a3b-dc92c5852cc2" {{(pid=88730) __call__ /opt/stack/placement/placement/requestlog.py:55}}
Feb 04 20:00:36.739446 n-d-811806-1 devstack@placement-api.service[88730]: INFO placement.requestlog [req-65f1e469-108d-4381-8266-cb4602a512ba req-54fcffa2-3ce4-468a-9680-4873d6117c4f service placement] 10.222.0.24 "GET /placement/allocations/601e588e-5320-4dc9-9a3b-dc92c5852cc2" status: 200 len: 245 microversion: 1.28
Feb 04 20:00:36.741344 n-d-811806-1 devstack@placement-api.service[88730]: [pid: 88730|app: 0|req: 154/312] 10.222.0.24 () {60 vars in 1377 bytes} [Fri Feb 4 20:00:36 2022] GET /placement/allocations/601e588e-5320-4dc9-9a3b-dc92c5852cc2 => generated 245 bytes in 32 msecs (HTTP/1.1 200) 8 headers in 296 bytes (1 switches on core 0)
Feb 04 20:00:38.308281 n-d-811806-1 devstack@placement-api.service[88729]: DEBUG placement.requestlog [req-015c1186-cd3d-46e5-87b4-1cbc11b00363 req-a4672538-1eba-480a-9102-db7865d3ec64 None None] Starting request: 10.222.0.62 "GET /placement/allocations/dab59280-143c-4b45-9b49-b39abd1acc8d" {{(pid=88729) __call__ /opt/stack/placement/placement/requestlog.py:55}}
Feb 04 20:00:38.354240 n-d-811806-1 devstack@placement-api.service[88729]: INFO placement.requestlog [req-015c1186-cd3d-46e5-87b4-1cbc11b00363 req-a4672538-1eba-480a-9102-db7865d3ec64 service placement] 10.222.0.62 "GET /placement/allocations/dab59280-143c-4b45-9b49-b39abd1acc8d" status: 200 len: 259 microversion: 1.28
Feb 04 20:00:38.354933 n-d-811806-1 devstack@placement-api.service[88729]: [pid: 88729|app: 0|req: 159/313] 10.222.0.62 () {60 vars in 1377 bytes} [Fri Feb 4 20:00:38 2022] GET /placement/allocations/dab59280-143c-4b45-9b49-b39abd1acc8d => generated 259 bytes in 47 msecs (HTTP/1.1 200) 8 headers in 296 bytes (1 switches on core 0)
Feb 04 20:00:38.362964 n-d-811806-1 devstack@placement-api.service[88730]: DEBUG placement.requestlog [req-015c1186-cd3d-46e5-87b4-1cbc11b00363 req-e9d7321d-5b3e-494a-818f-e0eb3a100899 None None] Starting request: 10.222.0.62 "PUT /placement/allocations/dab59280-143c-4b45-9b49-b39abd1acc8d" {{(pid=88730) __call__ /opt/stack/placement/placement/requestlog.py:55}}
Feb 04 20:00:38.670557 n-d-811806-1 devstack@placement-api.service[88730]: DEBUG placement.handlers.allocation [req-015c1186-cd3d-46e5-87b4-1cbc11b00363 req-e9d7321d-5b3e-494a-818f-e0eb3a100899 service placement] Successfully wrote allocations [, , ] {{(pid=88730) _create_allocations /opt/stack/placement/placement/handlers/allocation.py:435}}
Feb 04 20:00:38.671090 n-d-811806-1 devstack@placement-api.service[88730]: INFO placement.requestlog [req-015c1186-cd3d-46e5-87b4-1cbc11b00363 req-e9d7321d-5b3e-494a-818f-e0eb3a100899 service placement] 10.222.0.62 "PUT /placement/allocations/dab59280-143c-4b45-9b49-b39abd1acc8d" status: 204 len: 0 microversion: 1.28
Feb 04 20:00:38.671591 n-d-811806-1 devstack@placement-api.service[88730]: [pid: 88730|app: 0|req: 155/314] 10.222.0.62 () {64 vars in 1430 bytes} [Fri Feb 4 20:00:38 2022] PUT /placement/allocations/dab59280-143c-4b45-9b49-b39abd1acc8d => generated 0 bytes in 309 msecs (HTTP/1.1 204) 5 headers in 199 bytes (1 switches on core 0)
Feb 04 20:00:50.578810 n-d-811806-1 devstack@placement-api.service[88729]: DEBUG placement.requestlog [req-2d715cb3-6da6-4316-b5ee-6449c06aaaa2 req-6ccae8c8-dbd3-4982-aad4-1b5198a83e9e None None] Starting request: 10.222.0.62 "GET /placement/resource_providers/12deead9-530b-4248-9044-ff091246b8eb/allocations" {{(pid=88729) __call__ /opt/stack/placement/placement/requestlog.py:55}}
Feb 04 20:00:50.616551 n-d-811806-1 devstack@placement-api.service[88729]: INFO placement.requestlog [req-2d715cb3-6da6-4316-b5ee-6449c06aaaa2 req-6ccae8c8-dbd3-4982-aad4-1b5198a83e9e service placement] 10.222.0.62 "GET /placement/resource_providers/12deead9-530b-4248-9044-ff091246b8eb/allocations" status: 200 len: 443 microversion: 1.0
Feb 04 20:00:50.619121 n-d-811806-1 devstack@placement-api.service[88729]: [pid: 88729|app: 0|req: 160/315] 10.222.0.62 () {58 vars in 1390 bytes} [Fri Feb 4 20:00:50 2022] GET /placement/resource_providers/12deead9-530b-4248-9044-ff091246b8eb/allocations => generated 443 bytes in 41 msecs (HTTP/1.1 200) 6 headers in 224 bytes (1 switches on core 0)
Feb 04 20:00:51.633915 n-d-811806-1 devstack@placement-api.service[88730]: DEBUG placement.requestlog [req-40fadfd6-9567-42d5-9559-9c161b8e17d8 req-8fef9f2f-6384-4008-95dd-c2b7212af347 None None] Starting request: 10.222.0.48 "GET /placement/allocation_candidates?limit=1000&resources=DISK_GB%3A1%2CMEMORY_MB%3A1024%2CVCPU%3A1&root_required=%21COMPUTE_STATUS_DISABLED" {{(pid=88730) __call__ /opt/stack/placement/placement/requestlog.py:55}}
Feb 04 20:00:51.744185 n-d-811806-1 devstack@placement-api.service[88730]: DEBUG placement.objects.research_context [req-40fadfd6-9567-42d5-9559-9c161b8e17d8 req-8fef9f2f-6384-4008-95dd-c2b7212af347 service placement] getting providers with 1 DISK_GB {{(pid=88730) __init__ /opt/stack/placement/placement/objects/research_context.py:126}}
Feb 04 20:00:51.768344 n-d-811806-1 devstack@placement-api.service[88730]: DEBUG placement.objects.research_context [req-40fadfd6-9567-42d5-9559-9c161b8e17d8 req-8fef9f2f-6384-4008-95dd-c2b7212af347 service placement] getting providers with 1024 MEMORY_MB {{(pid=88730) __init__ /opt/stack/placement/placement/objects/research_context.py:126}}
Feb 04 20:00:51.791798 n-d-811806-1 devstack@placement-api.service[88730]: DEBUG placement.objects.research_context [req-40fadfd6-9567-42d5-9559-9c161b8e17d8 req-8fef9f2f-6384-4008-95dd-c2b7212af347 service placement] getting providers with 1 VCPU {{(pid=88730) __init__ /opt/stack/placement/placement/objects/research_context.py:126}}
Feb 04 20:00:51.814234 n-d-811806-1 devstack@placement-api.service[88730]: DEBUG placement.objects.research_context [req-40fadfd6-9567-42d5-9559-9c161b8e17d8 req-8fef9f2f-6384-4008-95dd-c2b7212af347 service placement] found 2 providers with available 1 DISK_GB {{(pid=88730) get_provider_ids_matching /opt/stack/placement/placement/objects/research_context.py:549}}
Feb 04 20:00:51.814956 n-d-811806-1 devstack@placement-api.service[88730]: DEBUG placement.objects.research_context [req-40fadfd6-9567-42d5-9559-9c161b8e17d8 req-8fef9f2f-6384-4008-95dd-c2b7212af347 service placement] found 2 providers with available 1024 MEMORY_MB {{(pid=88730) get_provider_ids_matching /opt/stack/placement/placement/objects/research_context.py:549}}
Feb 04 20:00:51.815241 n-d-811806-1 devstack@placement-api.service[88730]: DEBUG placement.objects.research_context [req-40fadfd6-9567-42d5-9559-9c161b8e17d8 req-8fef9f2f-6384-4008-95dd-c2b7212af347 service placement] found 2 providers after filtering by previous result {{(pid=88730) get_provider_ids_matching /opt/stack/placement/placement/objects/research_context.py:580}}
Feb 04 20:00:51.815512 n-d-811806-1 devstack@placement-api.service[88730]: DEBUG placement.objects.research_context [req-40fadfd6-9567-42d5-9559-9c161b8e17d8 req-8fef9f2f-6384-4008-95dd-c2b7212af347 service placement] found 2 providers with available 1 VCPU {{(pid=88730) get_provider_ids_matching /opt/stack/placement/placement/objects/research_context.py:549}}
Feb 04 20:00:51.815782 n-d-811806-1 devstack@placement-api.service[88730]: DEBUG placement.objects.research_context [req-40fadfd6-9567-42d5-9559-9c161b8e17d8 req-8fef9f2f-6384-4008-95dd-c2b7212af347 service placement] found 2 providers after filtering by previous result {{(pid=88730) get_provider_ids_matching /opt/stack/placement/placement/objects/research_context.py:580}}
Feb 04 20:00:51.844353 n-d-811806-1 devstack@placement-api.service[88730]: DEBUG placement.objects.allocation_candidate [req-40fadfd6-9567-42d5-9559-9c161b8e17d8 req-8fef9f2f-6384-4008-95dd-c2b7212af347 service placement] RequestGroup(use_same_provider=False, resources={DISK_GB:1, MEMORY_MB:1024, VCPU:1}, traits=[], aggregates=[]) (suffix '') returned 2 matches {{(pid=88730) _get_by_requests /opt/stack/placement/placement/objects/allocation_candidate.py:145}}
Feb 04 20:00:51.845501 n-d-811806-1 devstack@placement-api.service[88730]: DEBUG placement.objects.allocation_candidate [req-40fadfd6-9567-42d5-9559-9c161b8e17d8 req-8fef9f2f-6384-4008-95dd-c2b7212af347 service placement] Merging candidates yields 2 allocation requests and 2 provider summaries {{(pid=88730) _merge_candidates /opt/stack/placement/placement/objects/allocation_candidate.py:783}}
Feb 04 20:00:51.848806 n-d-811806-1 devstack@placement-api.service[88730]: INFO placement.requestlog [req-40fadfd6-9567-42d5-9559-9c161b8e17d8 req-8fef9f2f-6384-4008-95dd-c2b7212af347 service placement] 10.222.0.48 "GET /placement/allocation_candidates?limit=1000&resources=DISK_GB%3A1%2CMEMORY_MB%3A1024%2CVCPU%3A1&root_required=%21COMPUTE_STATUS_DISABLED" status: 200 len: 1309 microversion: 1.35
Feb 04 20:00:51.849980 n-d-811806-1 devstack@placement-api.service[88730]: [pid: 88730|app: 0|req: 156/316] 10.222.0.48 () {60 vars in 1506 bytes} [Fri Feb 4 20:00:51 2022] GET /placement/allocation_candidates?limit=1000&resources=DISK_GB%3A1%2CMEMORY_MB%3A1024%2CVCPU%3A1&root_required=%21COMPUTE_STATUS_DISABLED => generated 1309 bytes in 219 msecs (HTTP/1.1 200) 8 headers in 297 bytes (1 switches on core 0)
Feb 04 20:00:51.921208 n-d-811806-1 devstack@placement-api.service[88729]: DEBUG placement.requestlog [req-22cb10f2-bbc2-4f45-9ba1-27d3a72b72ed req-61c6f78b-6342-47b7-96d6-d3eae6bb9d0a None None] Starting request: 10.222.0.24 "GET /placement/resource_providers/142dd80f-31d0-4c45-9bc6-5c859e1431ac/allocations" {{(pid=88729) __call__ /opt/stack/placement/placement/requestlog.py:55}}
Feb 04 20:00:51.961943 n-d-811806-1 devstack@placement-api.service[88730]: DEBUG placement.requestlog [req-40fadfd6-9567-42d5-9559-9c161b8e17d8 req-787ae3fc-e600-437c-9abc-3a0f7cbc549e None None] Starting request: 10.222.0.48 "GET /placement/allocations/6582f342-baf8-43e1-8fc1-f6748b26c7ae" {{(pid=88730) __call__ /opt/stack/placement/placement/requestlog.py:55}}
Feb 04 20:00:51.977908 n-d-811806-1 devstack@placement-api.service[88730]: INFO placement.requestlog [req-40fadfd6-9567-42d5-9559-9c161b8e17d8 req-787ae3fc-e600-437c-9abc-3a0f7cbc549e service placement] 10.222.0.48 "GET /placement/allocations/6582f342-baf8-43e1-8fc1-f6748b26c7ae" status: 200 len: 19 microversion: 1.28
Feb 04 20:00:51.981031 n-d-811806-1 devstack@placement-api.service[88730]: [pid: 88730|app: 0|req: 157/317] 10.222.0.48 () {60 vars in 1380 bytes} [Fri Feb 4 20:00:51 2022] GET /placement/allocations/6582f342-baf8-43e1-8fc1-f6748b26c7ae => generated 19 bytes in 19 msecs (HTTP/1.1 200) 8 headers in 295 bytes (2 switches on core 0)
Feb 04 20:00:51.987332 n-d-811806-1 devstack@placement-api.service[88730]: DEBUG placement.requestlog [req-40fadfd6-9567-42d5-9559-9c161b8e17d8 req-f708fac7-fadc-40ad-8dbd-67bd1b585a86 None None] Starting request: 10.222.0.48 "PUT /placement/allocations/6582f342-baf8-43e1-8fc1-f6748b26c7ae" {{(pid=88730) __call__ /opt/stack/placement/placement/requestlog.py:55}}
Feb 04 20:00:51.988147 n-d-811806-1 devstack@placement-api.service[88729]: INFO placement.requestlog [req-22cb10f2-bbc2-4f45-9ba1-27d3a72b72ed req-61c6f78b-6342-47b7-96d6-d3eae6bb9d0a service placement] 10.222.0.24 "GET /placement/resource_providers/142dd80f-31d0-4c45-9bc6-5c859e1431ac/allocations" status: 200 len: 746 microversion: 1.0
Feb 04 20:00:51.990996 n-d-811806-1 devstack@placement-api.service[88729]: [pid: 88729|app: 0|req: 161/318] 10.222.0.24 () {58 vars in 1390 bytes} [Fri Feb 4 20:00:51 2022] GET /placement/resource_providers/142dd80f-31d0-4c45-9bc6-5c859e1431ac/allocations => generated 746 bytes in 70 msecs (HTTP/1.1 200) 6 headers in 224 bytes (1 switches on core 0)
Feb 04 20:00:52.424388 n-d-811806-1 devstack@placement-api.service[88730]: DEBUG placement.handlers.allocation [req-40fadfd6-9567-42d5-9559-9c161b8e17d8 req-f708fac7-fadc-40ad-8dbd-67bd1b585a86 service placement] Successfully wrote allocations [, , ] {{(pid=88730) _create_allocations /opt/stack/placement/placement/handlers/allocation.py:435}}
Feb 04 20:00:52.428712 n-d-811806-1 devstack@placement-api.service[88730]: INFO placement.requestlog [req-40fadfd6-9567-42d5-9559-9c161b8e17d8 req-f708fac7-fadc-40ad-8dbd-67bd1b585a86 service placement] 10.222.0.48 "PUT /placement/allocations/6582f342-baf8-43e1-8fc1-f6748b26c7ae" status: 204 len: 0 microversion: 1.35
Feb 04 20:00:52.430767 n-d-811806-1 devstack@placement-api.service[88730]: [pid: 88730|app: 0|req: 158/319] 10.222.0.48 () {64 vars in 1433 bytes} [Fri Feb 4 20:00:51 2022] PUT /placement/allocations/6582f342-baf8-43e1-8fc1-f6748b26c7ae => generated 0 bytes in 438 msecs (HTTP/1.1 204) 5 headers in 199 bytes (1 switches on core 0)
Feb 04 20:00:53.957059 n-d-811806-1 devstack@placement-api.service[88729]: DEBUG placement.requestlog [req-40fadfd6-9567-42d5-9559-9c161b8e17d8 req-6ecbfce6-f907-45f7-891e-6c16be1cfab7 None None] Starting request: 10.222.0.62 "GET /placement/allocations/6582f342-baf8-43e1-8fc1-f6748b26c7ae" {{(pid=88729) __call__ /opt/stack/placement/placement/requestlog.py:55}}
Feb 04 20:00:54.000502 n-d-811806-1 devstack@placement-api.service[88729]: INFO placement.requestlog [req-40fadfd6-9567-42d5-9559-9c161b8e17d8 req-6ecbfce6-f907-45f7-891e-6c16be1cfab7 service placement] 10.222.0.62 "GET /placement/allocations/6582f342-baf8-43e1-8fc1-f6748b26c7ae" status: 200 len: 259 microversion: 1.28
Feb 04 20:00:54.000831 n-d-811806-1 devstack@placement-api.service[88729]: [pid: 88729|app: 0|req: 162/320] 10.222.0.62 () {60 vars in 1377 bytes} [Fri Feb 4 20:00:53 2022] GET /placement/allocations/6582f342-baf8-43e1-8fc1-f6748b26c7ae => generated 259 bytes in 44 msecs (HTTP/1.1 200) 8 headers in 296 bytes (1 switches on core 0)
Feb 04 20:00:55.256561 n-d-811806-1 devstack@placement-api.service[88730]: DEBUG placement.requestlog [req-ba35d94f-4eb9-4b1e-9fd2-608d494126dd req-55b0c193-3690-4246-a924-4571d5c4a9e1 None None] Starting request: 10.222.0.48 "GET /placement/allocation_candidates?limit=1000&resources=DISK_GB%3A1%2CMEMORY_MB%3A1024%2CVCPU%3A1&root_required=%21COMPUTE_STATUS_DISABLED" {{(pid=88730) __call__ /opt/stack/placement/placement/requestlog.py:55}}
Feb 04 20:00:55.333550 n-d-811806-1 devstack@placement-api.service[88730]: DEBUG placement.objects.research_context [req-ba35d94f-4eb9-4b1e-9fd2-608d494126dd req-55b0c193-3690-4246-a924-4571d5c4a9e1 service placement] getting providers with 1 DISK_GB {{(pid=88730) __init__ /opt/stack/placement/placement/objects/research_context.py:126}}
Feb 04 20:00:55.360889 n-d-811806-1 devstack@placement-api.service[88730]: DEBUG placement.objects.research_context [req-ba35d94f-4eb9-4b1e-9fd2-608d494126dd req-55b0c193-3690-4246-a924-4571d5c4a9e1 service placement] getting providers with 1024 MEMORY_MB {{(pid=88730) __init__ /opt/stack/placement/placement/objects/research_context.py:126}}
Feb 04 20:00:55.385518 n-d-811806-1 devstack@placement-api.service[88730]: DEBUG placement.objects.research_context [req-ba35d94f-4eb9-4b1e-9fd2-608d494126dd req-55b0c193-3690-4246-a924-4571d5c4a9e1 service placement] getting providers with 1 VCPU {{(pid=88730) __init__ /opt/stack/placement/placement/objects/research_context.py:126}}
Feb 04 20:00:55.400000 n-d-811806-1 devstack@placement-api.service[88730]: DEBUG placement.objects.research_context [req-ba35d94f-4eb9-4b1e-9fd2-608d494126dd req-55b0c193-3690-4246-a924-4571d5c4a9e1 service placement] found 2 providers with available 1 DISK_GB {{(pid=88730) get_provider_ids_matching /opt/stack/placement/placement/objects/research_context.py:549}}
Feb 04 20:00:55.400125 n-d-811806-1 devstack@placement-api.service[88730]: DEBUG placement.objects.research_context [req-ba35d94f-4eb9-4b1e-9fd2-608d494126dd req-55b0c193-3690-4246-a924-4571d5c4a9e1 service placement] found 2 providers with available 1024 MEMORY_MB {{(pid=88730) get_provider_ids_matching /opt/stack/placement/placement/objects/research_context.py:549}}
Feb 04 20:00:55.400329 n-d-811806-1 devstack@placement-api.service[88730]: DEBUG placement.objects.research_context [req-ba35d94f-4eb9-4b1e-9fd2-608d494126dd req-55b0c193-3690-4246-a924-4571d5c4a9e1 service placement] found 2 providers after filtering by previous result {{(pid=88730) get_provider_ids_matching /opt/stack/placement/placement/objects/research_context.py:580}}
Feb 04 20:00:55.400594 n-d-811806-1 devstack@placement-api.service[88730]: DEBUG placement.objects.research_context [req-ba35d94f-4eb9-4b1e-9fd2-608d494126dd req-55b0c193-3690-4246-a924-4571d5c4a9e1 service placement] found 2 providers with available 1 VCPU {{(pid=88730) get_provider_ids_matching /opt/stack/placement/placement/objects/research_context.py:549}}
Feb 04 20:00:55.400979 n-d-811806-1 devstack@placement-api.service[88730]: DEBUG placement.objects.research_context [req-ba35d94f-4eb9-4b1e-9fd2-608d494126dd req-55b0c193-3690-4246-a924-4571d5c4a9e1 service placement] found 2 providers after filtering by previous result {{(pid=88730) get_provider_ids_matching /opt/stack/placement/placement/objects/research_context.py:580}}
Feb 04 20:00:55.440669 n-d-811806-1 devstack@placement-api.service[88730]: DEBUG placement.objects.allocation_candidate [req-ba35d94f-4eb9-4b1e-9fd2-608d494126dd req-55b0c193-3690-4246-a924-4571d5c4a9e1 service placement] RequestGroup(use_same_provider=False, resources={DISK_GB:1, MEMORY_MB:1024, VCPU:1}, traits=[], aggregates=[]) (suffix '') returned 2 matches {{(pid=88730) _get_by_requests /opt/stack/placement/placement/objects/allocation_candidate.py:145}}
Feb 04 20:00:55.440797 n-d-811806-1 devstack@placement-api.service[88730]: DEBUG placement.objects.allocation_candidate [req-ba35d94f-4eb9-4b1e-9fd2-608d494126dd req-55b0c193-3690-4246-a924-4571d5c4a9e1 service placement] Merging candidates yields 2 allocation requests and 2 provider summaries {{(pid=88730) _merge_candidates /opt/stack/placement/placement/objects/allocation_candidate.py:783}}
Feb 04 20:00:55.444329 n-d-811806-1 devstack@placement-api.service[88730]: INFO placement.requestlog [req-ba35d94f-4eb9-4b1e-9fd2-608d494126dd req-55b0c193-3690-4246-a924-4571d5c4a9e1 service placement] 10.222.0.48 "GET /placement/allocation_candidates?limit=1000&resources=DISK_GB%3A1%2CMEMORY_MB%3A1024%2CVCPU%3A1&root_required=%21COMPUTE_STATUS_DISABLED" status: 200 len: 1309 microversion: 1.35
Feb 04 20:00:55.459136 n-d-811806-1 devstack@placement-api.service[88730]: [pid: 88730|app: 0|req: 159/321] 10.222.0.48 () {60 vars in 1506 bytes} [Fri Feb 4 20:00:55 2022] GET /placement/allocation_candidates?limit=1000&resources=DISK_GB%3A1%2CMEMORY_MB%3A1024%2CVCPU%3A1&root_required=%21COMPUTE_STATUS_DISABLED => generated 1309 bytes in 202 msecs (HTTP/1.1 200) 8 headers in 297 bytes (1 switches on core 0)
Feb 04 20:00:55.536858 n-d-811806-1 devstack@placement-api.service[88729]: DEBUG placement.requestlog [req-ba35d94f-4eb9-4b1e-9fd2-608d494126dd req-51ee41a1-3e8c-4aaf-8a3a-6436691997b5 None None] Starting request: 10.222.0.48 "GET /placement/allocations/48d927f2-20f5-4124-9e96-97751a700e64" {{(pid=88729) __call__ /opt/stack/placement/placement/requestlog.py:55}}
Feb 04 20:00:55.560839 n-d-811806-1 devstack@placement-api.service[88729]: INFO placement.requestlog [req-ba35d94f-4eb9-4b1e-9fd2-608d494126dd req-51ee41a1-3e8c-4aaf-8a3a-6436691997b5 service placement] 10.222.0.48 "GET /placement/allocations/48d927f2-20f5-4124-9e96-97751a700e64" status: 200 len: 19 microversion: 1.28
Feb 04 20:00:55.566872 n-d-811806-1 devstack@placement-api.service[88729]: [pid: 88729|app: 0|req: 163/322] 10.222.0.48 () {60 vars in 1380 bytes} [Fri Feb 4 20:00:55 2022] GET /placement/allocations/48d927f2-20f5-4124-9e96-97751a700e64 => generated 19 bytes in 30 msecs (HTTP/1.1 200) 8 headers in 295 bytes (1 switches on core 0)
Feb 04 20:00:55.567667 n-d-811806-1 devstack@placement-api.service[88730]: DEBUG placement.requestlog [req-ba35d94f-4eb9-4b1e-9fd2-608d494126dd req-6fb8dc12-ee45-45ee-b863-7ad005286f3a None None] Starting request: 10.222.0.48 "PUT /placement/allocations/48d927f2-20f5-4124-9e96-97751a700e64" {{(pid=88730) __call__ /opt/stack/placement/placement/requestlog.py:55}}
Feb 04 20:00:56.160530 n-d-811806-1 devstack@placement-api.service[88730]: DEBUG placement.handlers.allocation [req-ba35d94f-4eb9-4b1e-9fd2-608d494126dd req-6fb8dc12-ee45-45ee-b863-7ad005286f3a service placement] Successfully wrote allocations [, , ] {{(pid=88730) _create_allocations /opt/stack/placement/placement/handlers/allocation.py:435}}
Feb 04 20:00:56.161026 n-d-811806-1 devstack@placement-api.service[88730]: INFO placement.requestlog [req-ba35d94f-4eb9-4b1e-9fd2-608d494126dd req-6fb8dc12-ee45-45ee-b863-7ad005286f3a service placement] 10.222.0.48 "PUT /placement/allocations/48d927f2-20f5-4124-9e96-97751a700e64" status: 204 len: 0 microversion: 1.35
Feb 04 20:00:56.161890 n-d-811806-1 devstack@placement-api.service[88730]: [pid: 88730|app: 0|req: 160/323] 10.222.0.48 () {64 vars in 1433 bytes} [Fri Feb 4 20:00:55 2022] PUT /placement/allocations/48d927f2-20f5-4124-9e96-97751a700e64 => generated 0 bytes in 594 msecs (HTTP/1.1 204) 5 headers in 199 bytes (1 switches on core 0)
Feb 04 20:00:57.486019 n-d-811806-1 devstack@placement-api.service[88729]: DEBUG placement.requestlog [req-ba35d94f-4eb9-4b1e-9fd2-608d494126dd req-01c107bd-be7d-4c91-ad99-acfb355d7cd1 None None] Starting request: 10.222.0.24 "GET /placement/allocations/48d927f2-20f5-4124-9e96-97751a700e64" {{(pid=88729) __call__ /opt/stack/placement/placement/requestlog.py:55}}
Feb 04 20:00:57.510441 n-d-811806-1 devstack@placement-api.service[88729]: INFO placement.requestlog [req-ba35d94f-4eb9-4b1e-9fd2-608d494126dd req-01c107bd-be7d-4c91-ad99-acfb355d7cd1 service placement] 10.222.0.24 "GET /placement/allocations/48d927f2-20f5-4124-9e96-97751a700e64" status: 200 len: 259 microversion: 1.28
Feb 04 20:00:57.510982 n-d-811806-1 devstack@placement-api.service[88729]: [pid: 88729|app: 0|req: 164/324] 10.222.0.24 () {60 vars in 1377 bytes} [Fri Feb 4 20:00:57 2022] GET /placement/allocations/48d927f2-20f5-4124-9e96-97751a700e64 => generated 259 bytes in 26 msecs (HTTP/1.1 200) 8 headers in 296 bytes (1 switches on core 0)
Feb 04 20:00:58.013499 n-d-811806-1 devstack@placement-api.service[88730]: DEBUG placement.requestlog [req-77fec16e-da58-4cfc-af00-af7d97ada5ed req-f5ec2724-e038-431d-adfc-a2fc15b3ee81 None None] Starting request: 10.222.0.48 "GET /placement/allocation_candidates?limit=1000&resources=DISK_GB%3A1%2CMEMORY_MB%3A512%2CVCPU%3A1&root_required=%21COMPUTE_STATUS_DISABLED" {{(pid=88730) __call__ /opt/stack/placement/placement/requestlog.py:55}}
Feb 04 20:00:58.166526 n-d-811806-1 devstack@placement-api.service[88730]: DEBUG placement.objects.research_context [req-77fec16e-da58-4cfc-af00-af7d97ada5ed req-f5ec2724-e038-431d-adfc-a2fc15b3ee81 service placement] getting providers with 1 DISK_GB {{(pid=88730) __init__ /opt/stack/placement/placement/objects/research_context.py:126}}
Feb 04 20:00:58.199663 n-d-811806-1 devstack@placement-api.service[88730]: DEBUG placement.objects.research_context [req-77fec16e-da58-4cfc-af00-af7d97ada5ed req-f5ec2724-e038-431d-adfc-a2fc15b3ee81 service placement] getting providers with 512 MEMORY_MB {{(pid=88730) __init__ /opt/stack/placement/placement/objects/research_context.py:126}}
Feb 04 20:00:58.211908 n-d-811806-1 devstack@placement-api.service[88730]: DEBUG placement.objects.research_context [req-77fec16e-da58-4cfc-af00-af7d97ada5ed req-f5ec2724-e038-431d-adfc-a2fc15b3ee81 service placement] getting providers with 1 VCPU {{(pid=88730) __init__ /opt/stack/placement/placement/objects/research_context.py:126}}
Feb 04 20:00:58.230230 n-d-811806-1 devstack@placement-api.service[88730]: DEBUG placement.objects.research_context [req-77fec16e-da58-4cfc-af00-af7d97ada5ed req-f5ec2724-e038-431d-adfc-a2fc15b3ee81 service placement] found 2 providers with available 1 DISK_GB {{(pid=88730) get_provider_ids_matching /opt/stack/placement/placement/objects/research_context.py:549}}
Feb 04 20:00:58.230507 n-d-811806-1 devstack@placement-api.service[88730]: DEBUG placement.objects.research_context [req-77fec16e-da58-4cfc-af00-af7d97ada5ed req-f5ec2724-e038-431d-adfc-a2fc15b3ee81 service placement] found 2 providers with available 512 MEMORY_MB {{(pid=88730) get_provider_ids_matching /opt/stack/placement/placement/objects/research_context.py:549}}
Feb 04 20:00:58.230821 n-d-811806-1 devstack@placement-api.service[88730]: DEBUG placement.objects.research_context [req-77fec16e-da58-4cfc-af00-af7d97ada5ed req-f5ec2724-e038-431d-adfc-a2fc15b3ee81 service placement] found 2 providers after filtering by previous result {{(pid=88730) get_provider_ids_matching /opt/stack/placement/placement/objects/research_context.py:580}}
Feb 04 20:00:58.231424 n-d-811806-1 devstack@placement-api.service[88730]: DEBUG placement.objects.research_context [req-77fec16e-da58-4cfc-af00-af7d97ada5ed req-f5ec2724-e038-431d-adfc-a2fc15b3ee81 service placement] found 2 providers with available 1 VCPU {{(pid=88730) get_provider_ids_matching /opt/stack/placement/placement/objects/research_context.py:549}}
Feb 04 20:00:58.231695 n-d-811806-1 devstack@placement-api.service[88730]: DEBUG placement.objects.research_context [req-77fec16e-da58-4cfc-af00-af7d97ada5ed req-f5ec2724-e038-431d-adfc-a2fc15b3ee81 service placement] found 2 providers after filtering by previous result {{(pid=88730) get_provider_ids_matching /opt/stack/placement/placement/objects/research_context.py:580}}
Feb 04 20:00:58.275280 n-d-811806-1 devstack@placement-api.service[88730]: DEBUG placement.objects.allocation_candidate [req-77fec16e-da58-4cfc-af00-af7d97ada5ed req-f5ec2724-e038-431d-adfc-a2fc15b3ee81 service placement] RequestGroup(use_same_provider=False, resources={DISK_GB:1, MEMORY_MB:512, VCPU:1}, traits=[], aggregates=[]) (suffix '') returned 2 matches {{(pid=88730) _get_by_requests /opt/stack/placement/placement/objects/allocation_candidate.py:145}}
Feb 04 20:00:58.275846 n-d-811806-1 devstack@placement-api.service[88730]: DEBUG placement.objects.allocation_candidate [req-77fec16e-da58-4cfc-af00-af7d97ada5ed req-f5ec2724-e038-431d-adfc-a2fc15b3ee81 service placement] Merging candidates yields 2 allocation requests and 2 provider summaries {{(pid=88730) _merge_candidates /opt/stack/placement/placement/objects/allocation_candidate.py:783}}
Feb 04 20:00:58.278070 n-d-811806-1 devstack@placement-api.service[88730]: INFO placement.requestlog [req-77fec16e-da58-4cfc-af00-af7d97ada5ed req-f5ec2724-e038-431d-adfc-a2fc15b3ee81 service placement] 10.222.0.48 "GET /placement/allocation_candidates?limit=1000&resources=DISK_GB%3A1%2CMEMORY_MB%3A512%2CVCPU%3A1&root_required=%21COMPUTE_STATUS_DISABLED" status: 200 len: 1307 microversion: 1.35
Feb 04 20:00:58.282058 n-d-811806-1 devstack@placement-api.service[88730]: [pid: 88730|app: 0|req: 161/325] 10.222.0.48 () {60 vars in 1504 bytes} [Fri Feb 4 20:00:58 2022] GET /placement/allocation_candidates?limit=1000&resources=DISK_GB%3A1%2CMEMORY_MB%3A512%2CVCPU%3A1&root_required=%21COMPUTE_STATUS_DISABLED => generated 1307 bytes in 268 msecs (HTTP/1.1 200) 8 headers in 297 bytes (1 switches on core 0)
Feb 04 20:00:58.400475 n-d-811806-1 devstack@placement-api.service[88729]: DEBUG placement.requestlog [req-77fec16e-da58-4cfc-af00-af7d97ada5ed req-f0dfceca-3de1-4ebf-8593-74dc6261ecfa None None] Starting request: 10.222.0.48 "GET /placement/allocations/ce1eddb5-d659-4c02-bc43-5495619f07ec" {{(pid=88729) __call__ /opt/stack/placement/placement/requestlog.py:55}}
Feb 04 20:00:58.415795 n-d-811806-1 devstack@placement-api.service[88729]: INFO placement.requestlog [req-77fec16e-da58-4cfc-af00-af7d97ada5ed req-f0dfceca-3de1-4ebf-8593-74dc6261ecfa service placement] 10.222.0.48 "GET /placement/allocations/ce1eddb5-d659-4c02-bc43-5495619f07ec" status: 200 len: 19 microversion: 1.28
Feb 04 20:00:58.416540 n-d-811806-1 devstack@placement-api.service[88729]: [pid: 88729|app: 0|req: 165/326] 10.222.0.48 () {60 vars in 1380 bytes} [Fri Feb 4 20:00:58 2022] GET /placement/allocations/ce1eddb5-d659-4c02-bc43-5495619f07ec => generated 19 bytes in 16 msecs (HTTP/1.1 200) 8 headers in 295 bytes (1 switches on core 0)
Feb 04 20:00:58.452016 n-d-811806-1 devstack@placement-api.service[88730]: DEBUG placement.requestlog [req-77fec16e-da58-4cfc-af00-af7d97ada5ed req-e08aa6cf-6f6d-42aa-b068-847367470c08 None None] Starting request: 10.222.0.48 "PUT /placement/allocations/ce1eddb5-d659-4c02-bc43-5495619f07ec" {{(pid=88730) __call__ /opt/stack/placement/placement/requestlog.py:55}}
