Nov 03 06:59:32.323033 n-d-811748-7 neutron-server[109352]: DEBUG neutron.pecan_wsgi.hooks.policy_enforcement [req-bcd23148-0f06-4170-b59a-8a96063a18f8 req-c147b95f-ab51-494c-afdb-c433460bb672 service neutron] Attributes excluded by policy engine: ['standard_attr_id'] {{(pid=109352) _exclude_attributes_by_policy /opt/stack/neutron/neutron/pecan_wsgi/hooks/policy_enforcement.py:255}}
Nov 03 06:59:32.324582 n-d-811748-7 neutron-server[109352]: INFO neutron.wsgi [req-bcd23148-0f06-4170-b59a-8a96063a18f8 req-c147b95f-ab51-494c-afdb-c433460bb672 service neutron] 10.222.0.30 "GET /v2.0/ports?tenant_id=7c0a6c1c642641b49f1957904dca6b8b&device_id=4ef24c13-cc7a-495d-a96e-e7a04d925364 HTTP/1.1" status: 200 len: 1116 time: 0.1229095
Nov 03 06:59:32.387973 n-d-811748-7 neutron-server[109352]: INFO neutron.wsgi [req-bcd23148-0f06-4170-b59a-8a96063a18f8 req-c827f404-e7eb-46f8-85fe-6089c00d160d service neutron] 10.222.0.30 "GET /v2.0/floatingips?fixed_ip_address=172.20.0.9&port_id=0728e383-b994-4349-bb02-2b811722fd44 HTTP/1.1" status: 200 len: 217 time: 0.0543437
Nov 03 06:59:32.420118 n-d-811748-7 neutron-server[109353]: DEBUG neutron.pecan_wsgi.hooks.policy_enforcement [req-c9d6dede-1b1d-4185-ba06-1b4df6365348 req-0c4186fa-1db9-4b68-ac7e-b3e7e1078d59 tempest-DeleteServersAdminTestJSON-996849110 tempest-DeleteServersAdminTestJSON-996849110-project] Attributes excluded by policy engine: ['standard_attr_id', 'binding:profile', 'binding:host_id', 'binding:vif_type', 'binding:vif_details'] {{(pid=109353) _exclude_attributes_by_policy /opt/stack/neutron/neutron/pecan_wsgi/hooks/policy_enforcement.py:255}}
Nov 03 06:59:32.422599 n-d-811748-7 neutron-server[109353]: INFO neutron.wsgi [req-c9d6dede-1b1d-4185-ba06-1b4df6365348 req-0c4186fa-1db9-4b68-ac7e-b3e7e1078d59 tempest-DeleteServersAdminTestJSON-996849110 tempest-DeleteServersAdminTestJSON-996849110-project] 10.222.0.15 "GET /v2.0/ports?device_id=a712e37c-74a5-4dfe-ae8d-8b17edc07fab HTTP/1.1" status: 200 len: 949 time: 0.1207578
Nov 03 06:59:32.471728 n-d-811748-7 neutron-server[109352]: DEBUG neutron.pecan_wsgi.hooks.policy_enforcement [req-bcd23148-0f06-4170-b59a-8a96063a18f8 req-adeb13a5-9f0c-4c2e-937e-6eac053c069c service neutron] Attributes excluded by policy engine: ['standard_attr_id', 'shared'] {{(pid=109352) _exclude_attributes_by_policy /opt/stack/neutron/neutron/pecan_wsgi/hooks/policy_enforcement.py:255}}
Nov 03 06:59:32.473303 n-d-811748-7 neutron-server[109352]: INFO neutron.wsgi [req-bcd23148-0f06-4170-b59a-8a96063a18f8 req-adeb13a5-9f0c-4c2e-937e-6eac053c069c service neutron] 10.222.0.30 "GET /v2.0/subnets?id=2b7a823d-490e-463d-9c04-aae1d2a2bf4a HTTP/1.1" status: 200 len: 847 time: 0.0783641
Nov 03 06:59:32.477563 n-d-811748-7 neutron-server[109353]: DEBUG neutron_lib.callbacks.manager [req-0544b7f6-b7f4-40c7-9325-f37b3e4a17b0 req-ce39892e-326e-489d-bb31-4570295782b5 tempest-TenantUsagesTestJSON-1439072269 tempest-TenantUsagesTestJSON-1439072269-project] Publish callbacks ['neutron.plugins.ml2.plugin.SecurityGroupServerNotifierRpcMixin._notify_sg_on_port_change-1764464', 'neutron.plugins.ml2.ovo_rpc._ObjectChangeHandler.handle_event-135374', 'neutron.api.rpc.agentnotifiers.dhcp_rpc_agent_api.DhcpAgentNotifyAPI._native_event_send_dhcp_notification-528002', 'neutron.db.l3_dvrscheduler_db._notify_l3_agent_new_port-8751390553110'] for port, after_create {{(pid=109353) _notify_loop /usr/local/lib/python3.8/dist-packages/neutron_lib/callbacks/manager.py:175}}
Nov 03 06:59:32.508581 n-d-811748-7 neutron-server[109352]: INFO neutron.wsgi [req-bcd23148-0f06-4170-b59a-8a96063a18f8 req-dd19157f-9bd1-411a-ba0d-1a8475d568d9 service neutron] 10.222.0.30 "GET /v2.0/ports?network_id=1ac6ab85-910b-4e31-bc03-0a9ab2b65afa&device_owner=network%3Adhcp HTTP/1.1" status: 200 len: 210 time: 0.0275123
Nov 03 06:59:32.556094 n-d-811748-7 neutron-server[109352]: DEBUG neutron.pecan_wsgi.hooks.quota_enforcement [req-b6b9ec1e-e0eb-4d87-ba45-3a4bc0158d07 req-b1677782-df81-4aee-b9b4-66223a605e53 tempest-ServersAdminTestJSON-857749179 tempest-ServersAdminTestJSON-857749179-project] Made reservation on behalf of dd3daed190244d6d9a950345f10ec6c4 for: {'port': 1} {{(pid=109352) before /opt/stack/neutron/neutron/pecan_wsgi/hooks/quota_enforcement.py:53}}
Nov 03 06:59:32.563192 n-d-811748-7 neutron-server[109352]: DEBUG neutron_lib.callbacks.manager [req-b6b9ec1e-e0eb-4d87-ba45-3a4bc0158d07 req-b1677782-df81-4aee-b9b4-66223a605e53 tempest-ServersAdminTestJSON-857749179 tempest-ServersAdminTestJSON-857749179-project] Publish callbacks ['neutron.plugins.ml2.plugin.SecurityGroupDbMixin._ensure_default_security_group_handler-1764549'] for port, before_create {{(pid=109352) _notify_loop /usr/local/lib/python3.8/dist-packages/neutron_lib/callbacks/manager.py:175}}
Nov 03 06:59:32.569069 n-d-811748-7 neutron-server[109352]: DEBUG novaclient.v2.client [-] RESP: [200] Connection: close Content-Length: 179 Content-Type: application/json Date: Wed, 03 Nov 2021 06:59:32 GMT OpenStack-API-Version: compute 2.1 Server: Apache/2.4.41 (Ubuntu) Vary: OpenStack-API-Version,X-OpenStack-Nova-API-Version X-OpenStack-Nova-API-Version: 2.1 x-compute-request-id: req-c8851d65-a644-4c3c-8afb-4a34e9a7c47a x-openstack-request-id: req-c8851d65-a644-4c3c-8afb-4a34e9a7c47a {{(pid=109352) _http_log_response /usr/local/lib/python3.8/dist-packages/keystoneauth1/session.py:550}}
Nov 03 06:59:32.569337 n-d-811748-7 neutron-server[109352]: DEBUG novaclient.v2.client [-] RESP BODY: {"events": [{"name": "network-changed", "server_uuid": "4ef24c13-cc7a-495d-a96e-e7a04d925364", "tag": "0728e383-b994-4349-bb02-2b811722fd44", "status": "completed", "code": 200}]} {{(pid=109352) _http_log_response /usr/local/lib/python3.8/dist-packages/keystoneauth1/session.py:582}}
Nov 03 06:59:32.569646 n-d-811748-7 neutron-server[109352]: DEBUG novaclient.v2.client [-] POST call to compute for http://10.222.0.15/compute/v2.1/os-server-external-events used request id req-c8851d65-a644-4c3c-8afb-4a34e9a7c47a {{(pid=109352) request /usr/local/lib/python3.8/dist-packages/keystoneauth1/session.py:954}}
Nov 03 06:59:32.569977 n-d-811748-7 neutron-server[109352]: INFO neutron.notifiers.nova [-] Nova event response: {'name': 'network-changed', 'server_uuid': '4ef24c13-cc7a-495d-a96e-e7a04d925364', 'tag': '0728e383-b994-4349-bb02-2b811722fd44', 'status': 'completed', 'code': 200}
Nov 03 06:59:32.575859 n-d-811748-7 neutron-server[109353]: INFO neutron.wsgi [req-c9d6dede-1b1d-4185-ba06-1b4df6365348 req-2c9be7d3-9c87-4852-8b95-8a85017f2c83 tempest-DeleteServersAdminTestJSON-996849110 tempest-DeleteServersAdminTestJSON-996849110-project] 10.222.0.15 "GET /v2.0/security-groups?id=2085cada-ba56-4258-98c5-4ec6e76d53e6&fields=id&fields=name HTTP/1.1" status: 200 len: 286 time: 0.1401761
Nov 03 06:59:32.591614 n-d-811748-7 neutron-server[109353]: DEBUG neutron.scheduler.dhcp_agent_scheduler [req-0544b7f6-b7f4-40c7-9325-f37b3e4a17b0 req-ce39892e-326e-489d-bb31-4570295782b5 tempest-TenantUsagesTestJSON-1439072269 tempest-TenantUsagesTestJSON-1439072269-project] Network e0e73c6a-0ba0-4f11-b8d2-9b823c7b313f is already hosted by enough agents. {{(pid=109353) _get_dhcp_agents_hosting_network /opt/stack/neutron/neutron/scheduler/dhcp_agent_scheduler.py:275}}
Nov 03 06:59:32.596548 n-d-811748-7 neutron-server[109353]: DEBUG neutron.scheduler.base_scheduler [req-0544b7f6-b7f4-40c7-9325-f37b3e4a17b0 req-ce39892e-326e-489d-bb31-4570295782b5 tempest-TenantUsagesTestJSON-1439072269 tempest-TenantUsagesTestJSON-1439072269-project] Resources bound (agent type, host, resource id): {{(pid=109353) schedule /opt/stack/neutron/neutron/scheduler/base_scheduler.py:57}}
Nov 03 06:59:32.598752 n-d-811748-7 neutron-server[109353]: DEBUG neutron.api.rpc.handlers.resources_rpc [None req-ce39892e-326e-489d-bb31-4570295782b5 tempest-TenantUsagesTestJSON-1439072269 tempest-TenantUsagesTestJSON-1439072269-project] Pushing event updated for resources: {'Port': ['ID=19ff8aaf-2997-4124-b83a-21bc73723dba,revision_number=1']} {{(pid=109353) push /opt/stack/neutron/neutron/api/rpc/handlers/resources_rpc.py:237}}
Nov 03 06:59:32.609713 n-d-811748-7 neutron-server[109353]: DEBUG neutron.db.l3_dvrscheduler_db [req-0544b7f6-b7f4-40c7-9325-f37b3e4a17b0 req-ce39892e-326e-489d-bb31-4570295782b5 tempest-TenantUsagesTestJSON-1439072269 tempest-TenantUsagesTestJSON-1439072269-project] Received port after_create {{(pid=109353) _notify_l3_agent_new_port /opt/stack/neutron/neutron/db/l3_dvrscheduler_db.py:535}}
Nov 03 06:59:32.615658 n-d-811748-7 neutron-server[109353]: DEBUG neutron.pecan_wsgi.hooks.policy_enforcement [req-0544b7f6-b7f4-40c7-9325-f37b3e4a17b0 req-ce39892e-326e-489d-bb31-4570295782b5 tempest-TenantUsagesTestJSON-1439072269 tempest-TenantUsagesTestJSON-1439072269-project] Attributes excluded by policy engine: ['standard_attr_id', 'binding:profile', 'binding:host_id', 'binding:vif_type', 'binding:vif_details', 'network'] {{(pid=109353) _exclude_attributes_by_policy /opt/stack/neutron/neutron/pecan_wsgi/hooks/policy_enforcement.py:255}}
Nov 03 06:59:32.616308 n-d-811748-7 neutron-server[109353]: DEBUG neutron_lib.callbacks.manager [req-0544b7f6-b7f4-40c7-9325-f37b3e4a17b0 req-ce39892e-326e-489d-bb31-4570295782b5 tempest-TenantUsagesTestJSON-1439072269 tempest-TenantUsagesTestJSON-1439072269-project] Publish callbacks ['neutron.notifiers.nova.Notifier._send_nova_notification-244914', 'neutron.api.rpc.agentnotifiers.dhcp_rpc_agent_api.DhcpAgentNotifyAPI._send_dhcp_notification-528044'] for port, before_response {{(pid=109353) _notify_loop /usr/local/lib/python3.8/dist-packages/neutron_lib/callbacks/manager.py:175}}
Nov 03 06:59:32.636484 n-d-811748-7 neutron-server[109353]: DEBUG neutron.wsgi [-] (109353) accepted ('10.222.0.37', 49751) {{(pid=109353) server /usr/local/lib/python3.8/dist-packages/eventlet/wsgi.py:982}}
Nov 03 06:59:32.658722 n-d-811748-7 neutron-server[109352]: DEBUG neutron_lib.callbacks.manager [req-b6b9ec1e-e0eb-4d87-ba45-3a4bc0158d07 req-b1677782-df81-4aee-b9b4-66223a605e53 tempest-ServersAdminTestJSON-857749179 tempest-ServersAdminTestJSON-857749179-project] Publish callbacks [] for security_group, before_create {{(pid=109352) _notify_loop /usr/local/lib/python3.8/dist-packages/neutron_lib/callbacks/manager.py:175}}
Nov 03 06:59:32.689931 n-d-811748-7 neutron-server[109353]: INFO neutron.wsgi [req-ad156e11-8961-4a02-a21d-a16094ddd4cc req-0a7c159d-1727-4b91-8119-cd780eb5607c tempest-ServersAdminTestJSON-857749179 tempest-ServersAdminTestJSON-857749179-project] 10.222.0.37 "GET /v2.0/networks?tenant_id=dd3daed190244d6d9a950345f10ec6c4&shared=False HTTP/1.1" status: 200 len: 213 time: 0.0516021
Nov 03 06:59:32.758050 n-d-811748-7 neutron-server[109352]: INFO neutron.wsgi [req-bcd23148-0f06-4170-b59a-8a96063a18f8 req-6c5a3eb2-cd94-4e90-9684-9e93084a3e97 service neutron] 10.222.0.30 "GET /v2.0/networks/1ac6ab85-910b-4e31-bc03-0a9ab2b65afa?fields=segments HTTP/1.1" status: 200 len: 212 time: 0.2426994
Nov 03 06:59:32.811773 n-d-811748-7 neutron-server[109353]: INFO neutron.wsgi [req-0544b7f6-b7f4-40c7-9325-f37b3e4a17b0 req-ce39892e-326e-489d-bb31-4570295782b5 tempest-TenantUsagesTestJSON-1439072269 tempest-TenantUsagesTestJSON-1439072269-project] 10.222.0.30 "POST /v2.0/ports HTTP/1.1" status: 201 len: 937 time: 2.0973597
Nov 03 06:59:32.816780 n-d-811748-7 neutron-server[109352]: DEBUG neutron_lib.callbacks.manager [req-b6b9ec1e-e0eb-4d87-ba45-3a4bc0158d07 req-b1677782-df81-4aee-b9b4-66223a605e53 tempest-ServersAdminTestJSON-857749179 tempest-ServersAdminTestJSON-857749179-project] Publish callbacks [] for security_group, precommit_create {{(pid=109352) _notify_loop /usr/local/lib/python3.8/dist-packages/neutron_lib/callbacks/manager.py:175}}
Nov 03 06:59:32.824843 n-d-811748-7 neutron-server[109353]: DEBUG neutron.pecan_wsgi.hooks.policy_enforcement [req-1e493049-8bb0-400f-b1ae-f1983b2de93f req-16c23a1b-4f9a-4530-8f88-3ab586d3088c tempest-TenantUsagesTestJSON-1439072269 tempest-TenantUsagesTestJSON-1439072269-project] Attributes excluded by policy engine: ['standard_attr_id', 'binding:profile', 'binding:host_id', 'binding:vif_type', 'binding:vif_details'] {{(pid=109353) _exclude_attributes_by_policy /opt/stack/neutron/neutron/pecan_wsgi/hooks/policy_enforcement.py:255}}
Nov 03 06:59:32.826687 n-d-811748-7 neutron-server[109353]: INFO neutron.wsgi [req-1e493049-8bb0-400f-b1ae-f1983b2de93f req-16c23a1b-4f9a-4530-8f88-3ab586d3088c tempest-TenantUsagesTestJSON-1439072269 tempest-TenantUsagesTestJSON-1439072269-project] 10.222.0.15 "GET /v2.0/ports?device_id=b91aa250-b450-40cf-b53d-0573f18243f1 HTTP/1.1" status: 200 len: 935 time: 0.1947365
Nov 03 06:59:32.847234 n-d-811748-7 neutron-server[109353]: DEBUG neutron.api.v2.base [req-0544b7f6-b7f4-40c7-9325-f37b3e4a17b0 req-49d7e3e7-ebbc-43e5-9546-556a7251353f service neutron] Request body: {'port': {'device_id': 'b91aa250-b450-40cf-b53d-0573f18243f1', 'device_owner': 'compute:nova', 'binding:host_id': 'n-h2-811748-7'}} {{(pid=109353) prepare_request_body /opt/stack/neutron/neutron/api/v2/base.py:729}}
Nov 03 06:59:32.893408 n-d-811748-7 neutron-server[109352]: DEBUG neutron_lib.callbacks.manager [req-b6b9ec1e-e0eb-4d87-ba45-3a4bc0158d07 req-b1677782-df81-4aee-b9b4-66223a605e53 tempest-ServersAdminTestJSON-857749179 tempest-ServersAdminTestJSON-857749179-project] Publish callbacks ['neutron.plugins.ml2.ovo_rpc._ObjectChangeHandler.handle_event-552057'] for security_group, after_create {{(pid=109352) _notify_loop /usr/local/lib/python3.8/dist-packages/neutron_lib/callbacks/manager.py:175}}
Nov 03 06:59:32.909629 n-d-811748-7 neutron-server[109352]: INFO neutron.wsgi [req-bcd23148-0f06-4170-b59a-8a96063a18f8 req-ad89aca3-4304-47c4-b9a0-2e4fdc08a59f service neutron] 10.222.0.30 "GET /v2.0/networks/1ac6ab85-910b-4e31-bc03-0a9ab2b65afa?fields=provider%3Aphysical_network&fields=provider%3Anetwork_type HTTP/1.1" status: 200 len: 281 time: 0.1432872
Nov 03 06:59:32.930467 n-d-811748-7 neutron-server[109353]: DEBUG neutron.pecan_wsgi.hooks.policy_enforcement [req-ad156e11-8961-4a02-a21d-a16094ddd4cc req-9a03633f-3006-447e-8c7a-c0f8184c592f tempest-ServersAdminTestJSON-857749179 tempest-ServersAdminTestJSON-857749179-project] Attributes excluded by policy engine: ['standard_attr_id', 'vlan_transparent', 'provider:network_type', 'provider:physical_network', 'provider:segmentation_id'] {{(pid=109353) _exclude_attributes_by_policy /opt/stack/neutron/neutron/pecan_wsgi/hooks/policy_enforcement.py:255}}
Nov 03 06:59:32.932786 n-d-811748-7 neutron-server[109353]: INFO neutron.wsgi [req-ad156e11-8961-4a02-a21d-a16094ddd4cc req-9a03633f-3006-447e-8c7a-c0f8184c592f tempest-ServersAdminTestJSON-857749179 tempest-ServersAdminTestJSON-857749179-project] 10.222.0.37 "GET /v2.0/networks?shared=True HTTP/1.1" status: 200 len: 769 time: 0.2336481
Nov 03 06:59:32.947509 n-d-811748-7 neutron-server[109354]: DEBUG neutron.db.provisioning_blocks [None req-9aa26a27-6736-4161-b5e8-1aed20ea6ad7 None None] Provisioning complete for port 19ff8aaf-2997-4124-b83a-21bc73723dba triggered by entity DHCP. {{(pid=109354) provisioning_complete /opt/stack/neutron/neutron/db/provisioning_blocks.py:139}}
Nov 03 06:59:32.948069 n-d-811748-7 neutron-server[109354]: DEBUG neutron_lib.callbacks.manager [None req-9aa26a27-6736-4161-b5e8-1aed20ea6ad7 None None] Publish callbacks ['neutron.plugins.ml2.plugin.Ml2Plugin._port_provisioned-1577584'] for port, provisioning_complete {{(pid=109354) _notify_loop /usr/local/lib/python3.8/dist-packages/neutron_lib/callbacks/manager.py:175}}
Nov 03 06:59:32.970420 n-d-811748-7 neutron-server[109353]: DEBUG neutron.api.v2.base [req-ad156e11-8961-4a02-a21d-a16094ddd4cc req-0d4dc56d-bef4-414a-94dc-b58d9b4e198c tempest-ServersAdminTestJSON-857749179 tempest-ServersAdminTestJSON-857749179-project] Request body: {'port': {'device_id': 'd3e9ec16-f895-4944-81ce-3c46bc9cfd43', 'network_id': 'e0e73c6a-0ba0-4f11-b8d2-9b823c7b313f', 'admin_state_up': True, 'tenant_id': 'dd3daed190244d6d9a950345f10ec6c4'}} {{(pid=109353) prepare_request_body /opt/stack/neutron/neutron/api/v2/base.py:729}}
Nov 03 06:59:32.978439 n-d-811748-7 neutron-server[109352]: DEBUG neutron.api.rpc.handlers.resources_rpc [None req-b1677782-df81-4aee-b9b4-66223a605e53 tempest-ServersAdminTestJSON-857749179 tempest-ServersAdminTestJSON-857749179-project] Pushing event updated for resources: {'SecurityGroup': ['ID=ffe503c2-21a3-4ea9-b08c-5d84b98dce53,revision_number=1']} {{(pid=109352) push /opt/stack/neutron/neutron/api/rpc/handlers/resources_rpc.py:237}}
Nov 03 06:59:32.989711 n-d-811748-7 neutron-server[109354]: DEBUG neutron.plugins.ml2.plugin [None req-9aa26a27-6736-4161-b5e8-1aed20ea6ad7 None None] Port 19ff8aaf-2997-4124-b83a-21bc73723dba cannot update to ACTIVE because it is not bound. {{(pid=109354) _port_provisioned /opt/stack/neutron/neutron/plugins/ml2/plugin.py:340}}
Nov 03 06:59:33.009206 n-d-811748-7 neutron-server[109353]: INFO neutron.wsgi [req-81f9683b-07d5-4bc6-8e44-2169043e7de3 req-81682395-67a2-47d4-8c37-88cc7e3591a9 tempest-ServersAdminTestJSON-857749179 tempest-ServersAdminTestJSON-857749179-project] 10.222.0.15 "GET /v2.0/ports?device_id=d3e9ec16-f895-4944-81ce-3c46bc9cfd43 HTTP/1.1" status: 200 len: 210 time: 0.0728552
Nov 03 06:59:33.070702 n-d-811748-7 neutron-server[109353]: INFO neutron.wsgi [req-1e493049-8bb0-400f-b1ae-f1983b2de93f req-f36d33d4-cc2c-4de8-ad65-21de27e1934d tempest-TenantUsagesTestJSON-1439072269 tempest-TenantUsagesTestJSON-1439072269-project] 10.222.0.15 "GET /v2.0/security-groups?id=fc43ad3f-2527-4de5-98a1-986a8038b72e&fields=id&fields=name HTTP/1.1" status: 200 len: 286 time: 0.2346277
Nov 03 06:59:33.118372 n-d-811748-7 neutron-server[109352]: DEBUG neutron.db.db_base_plugin_common [req-b6b9ec1e-e0eb-4d87-ba45-3a4bc0158d07 req-b1677782-df81-4aee-b9b4-66223a605e53 tempest-ServersAdminTestJSON-857749179 tempest-ServersAdminTestJSON-857749179-project] Allocated IP 192.168.233.137 (e0e73c6a-0ba0-4f11-b8d2-9b823c7b313f/ea66f588-8037-44c5-8e86-c80f157138d9/b92ce4b3-6586-457c-be9b-f8d94bf63cb0) {{(pid=109352) _store_ip_allocation /opt/stack/neutron/neutron/db/db_base_plugin_common.py:131}}
Nov 03 06:59:33.118888 n-d-811748-7 neutron-server[109353]: DEBUG neutron_lib.callbacks.manager [req-0544b7f6-b7f4-40c7-9325-f37b3e4a17b0 req-49d7e3e7-ebbc-43e5-9546-556a7251353f service neutron] Publish callbacks ['neutron.plugins.ml2.plugin.SecurityGroupDbMixin._ensure_default_security_group_handler-1764549'] for port, before_update {{(pid=109353) _notify_loop /usr/local/lib/python3.8/dist-packages/neutron_lib/callbacks/manager.py:175}}
Nov 03 06:59:33.126590 n-d-811748-7 neutron-server[109352]: DEBUG neutron.pecan_wsgi.hooks.policy_enforcement [req-dea74c04-1be7-4f2e-b703-57069b4ee436 req-64fbb9bf-245a-4582-976f-7076ed735dd5 service neutron] Attributes excluded by policy engine: ['standard_attr_id'] {{(pid=109352) _exclude_attributes_by_policy /opt/stack/neutron/neutron/pecan_wsgi/hooks/policy_enforcement.py:255}}
Nov 03 06:59:33.128682 n-d-811748-7 neutron-server[109352]: INFO neutron.wsgi [req-dea74c04-1be7-4f2e-b703-57069b4ee436 req-64fbb9bf-245a-4582-976f-7076ed735dd5 service neutron] 10.222.0.30 "GET /v2.0/ports?tenant_id=7c0a6c1c642641b49f1957904dca6b8b&device_id=4ef24c13-cc7a-495d-a96e-e7a04d925364 HTTP/1.1" status: 200 len: 1116 time: 0.0756743
Nov 03 06:59:33.138441 n-d-811748-7 neutron-server[109354]: DEBUG neutron_lib.callbacks.manager [None req-f3c1d602-453c-42b2-9add-671ca953b6bd None None] Publish callbacks ['neutron.services.segments.db._update_segment_host_mapping_for_agent-8751391053047', 'neutron.plugins.ml2.plugin.Ml2Plugin._retry_binding_revived_agents-1577505'] for agent, after_update {{(pid=109354) _notify_loop /usr/local/lib/python3.8/dist-packages/neutron_lib/callbacks/manager.py:175}}
Nov 03 06:59:33.174634 n-d-811748-7 neutron-server[109352]: DEBUG neutron.wsgi [-] (109352) accepted ('10.222.0.37', 49752) {{(pid=109352) server /usr/local/lib/python3.8/dist-packages/eventlet/wsgi.py:982}}
Nov 03 06:59:33.218906 n-d-811748-7 neutron-server[109354]: DEBUG neutron_lib.callbacks.manager [None req-e4acbba7-922c-4f1e-a9e3-8e0603d742e3 None None] Publish callbacks ['neutron.services.segments.db._update_segment_host_mapping_for_agent-8751391053047', 'neutron.plugins.ml2.plugin.Ml2Plugin._retry_binding_revived_agents-1577505'] for agent, after_update {{(pid=109354) _notify_loop /usr/local/lib/python3.8/dist-packages/neutron_lib/callbacks/manager.py:175}}
Nov 03 06:59:33.359200 n-d-811748-7 neutron-server[109352]: DEBUG neutron.pecan_wsgi.hooks.policy_enforcement [req-8c0edd71-d180-4b0b-a405-2605d2f0999c req-1ee0c97d-1b8c-407e-b86d-0c9c5b6394ce tempest-DeleteServersAdminTestJSON-1087739737 tempest-DeleteServersAdminTestJSON-1087739737-project-admin] Attributes excluded by policy engine: ['standard_attr_id'] {{(pid=109352) _exclude_attributes_by_policy /opt/stack/neutron/neutron/pecan_wsgi/hooks/policy_enforcement.py:255}}
Nov 03 06:59:33.360762 n-d-811748-7 neutron-server[109352]: INFO neutron.wsgi [req-8c0edd71-d180-4b0b-a405-2605d2f0999c req-1ee0c97d-1b8c-407e-b86d-0c9c5b6394ce tempest-DeleteServersAdminTestJSON-1087739737 tempest-DeleteServersAdminTestJSON-1087739737-project-admin] 10.222.0.37 "GET /v2.0/ports?device_id=a712e37c-74a5-4dfe-ae8d-8b17edc07fab HTTP/1.1" status: 200 len: 1100 time: 0.1850450
Nov 03 06:59:33.364905 n-d-811748-7 neutron-server[109352]: DEBUG neutron.pecan_wsgi.hooks.policy_enforcement [req-dea74c04-1be7-4f2e-b703-57069b4ee436 req-fd24ce94-d3f9-4d4f-a27d-50b3284bed73 service neutron] Attributes excluded by policy engine: ['standard_attr_id', 'vlan_transparent'] {{(pid=109352) _exclude_attributes_by_policy /opt/stack/neutron/neutron/pecan_wsgi/hooks/policy_enforcement.py:255}}
Nov 03 06:59:33.365988 n-d-811748-7 neutron-server[109352]: INFO neutron.wsgi [req-dea74c04-1be7-4f2e-b703-57069b4ee436 req-fd24ce94-d3f9-4d4f-a27d-50b3284bed73 service neutron] 10.222.0.30 "GET /v2.0/networks?id=1ac6ab85-910b-4e31-bc03-0a9ab2b65afa HTTP/1.1" status: 200 len: 908 time: 0.2269909
Nov 03 06:59:33.369919 n-d-811748-7 neutron-server[109352]: DEBUG neutron.wsgi [-] (109352) accepted ('10.222.0.37', 49753) {{(pid=109352) server /usr/local/lib/python3.8/dist-packages/eventlet/wsgi.py:982}}
Nov 03 06:59:33.409565 n-d-811748-7 neutron-server[109353]: DEBUG neutron.wsgi [-] (109353) accepted ('10.222.0.30', 51075) {{(pid=109353) server /usr/local/lib/python3.8/dist-packages/eventlet/wsgi.py:982}}
Nov 03 06:59:33.460851 n-d-811748-7 neutron-server[109352]: INFO neutron.wsgi [req-dea74c04-1be7-4f2e-b703-57069b4ee436 req-e2a2e924-79f7-4568-a991-2192a2693627 service neutron] 10.222.0.30 "GET /v2.0/floatingips?fixed_ip_address=172.20.0.9&port_id=0728e383-b994-4349-bb02-2b811722fd44 HTTP/1.1" status: 200 len: 217 time: 0.0845544
Nov 03 06:59:33.491740 n-d-811748-7 neutron-server[109353]: DEBUG neutron.pecan_wsgi.hooks.quota_enforcement [req-ad156e11-8961-4a02-a21d-a16094ddd4cc req-0d4dc56d-bef4-414a-94dc-b58d9b4e198c tempest-ServersAdminTestJSON-857749179 tempest-ServersAdminTestJSON-857749179-project] Made reservation on behalf of dd3daed190244d6d9a950345f10ec6c4 for: {'port': 1} {{(pid=109353) before /opt/stack/neutron/neutron/pecan_wsgi/hooks/quota_enforcement.py:53}}
Nov 03 06:59:33.495153 n-d-811748-7 neutron-server[109353]: DEBUG neutron_lib.callbacks.manager [req-ad156e11-8961-4a02-a21d-a16094ddd4cc req-0d4dc56d-bef4-414a-94dc-b58d9b4e198c tempest-ServersAdminTestJSON-857749179 tempest-ServersAdminTestJSON-857749179-project] Publish callbacks ['neutron.plugins.ml2.plugin.SecurityGroupDbMixin._ensure_default_security_group_handler-1764549'] for port, before_create {{(pid=109353) _notify_loop /usr/local/lib/python3.8/dist-packages/neutron_lib/callbacks/manager.py:175}}
Nov 03 06:59:33.521050 n-d-811748-7 neutron-server[109352]: DEBUG neutron_lib.callbacks.manager [req-b6b9ec1e-e0eb-4d87-ba45-3a4bc0158d07 req-b1677782-df81-4aee-b9b4-66223a605e53 tempest-ServersAdminTestJSON-857749179 tempest-ServersAdminTestJSON-857749179-project] Publish callbacks [] for port, precommit_create {{(pid=109352) _notify_loop /usr/local/lib/python3.8/dist-packages/neutron_lib/callbacks/manager.py:175}}
Nov 03 06:59:33.558736 n-d-811748-7 neutron-server[109353]: DEBUG neutron.pecan_wsgi.hooks.policy_enforcement [req-11c9fd39-8943-4243-9fbc-3dad3f2684c8 req-843ba779-b657-490d-b986-786084f03f05 tempest-LiveMigrationTest-580069476 tempest-LiveMigrationTest-580069476-project] Attributes excluded by policy engine: ['standard_attr_id', 'binding:profile', 'binding:host_id', 'binding:vif_type', 'binding:vif_details'] {{(pid=109353) _exclude_attributes_by_policy /opt/stack/neutron/neutron/pecan_wsgi/hooks/policy_enforcement.py:255}}
Nov 03 06:59:33.560203 n-d-811748-7 neutron-server[109353]: INFO neutron.wsgi [req-11c9fd39-8943-4243-9fbc-3dad3f2684c8 req-843ba779-b657-490d-b986-786084f03f05 tempest-LiveMigrationTest-580069476 tempest-LiveMigrationTest-580069476-project] 10.222.0.15 "GET /v2.0/ports?device_id=4ef24c13-cc7a-495d-a96e-e7a04d925364 HTTP/1.1" status: 200 len: 965 time: 0.2132986
Nov 03 06:59:33.584571 n-d-811748-7 neutron-server[109352]: DEBUG neutron.pecan_wsgi.hooks.policy_enforcement [req-871e42c9-c683-4d63-9321-6ec8386a35ac req-6dd3a0ab-347d-47b0-adea-cd268018d881 service neutron] Attributes excluded by policy engine: ['standard_attr_id'] {{(pid=109352) _exclude_attributes_by_policy /opt/stack/neutron/neutron/pecan_wsgi/hooks/policy_enforcement.py:255}}
Nov 03 06:59:33.586070 n-d-811748-7 neutron-server[109352]: INFO neutron.wsgi [req-871e42c9-c683-4d63-9321-6ec8386a35ac req-6dd3a0ab-347d-47b0-adea-cd268018d881 service neutron] 10.222.0.37 "GET /v2.0/ports?tenant_id=57b8d7c879684de0915049608210d61b&device_id=301a6b4f-0c8e-4518-baee-4c076d10493f HTTP/1.1" status: 200 len: 1101 time: 0.2110374
Nov 03 06:59:33.589251 n-d-811748-7 neutron-server[109352]: DEBUG neutron.pecan_wsgi.hooks.policy_enforcement [req-dea74c04-1be7-4f2e-b703-57069b4ee436 req-7e93139b-a89e-4ab6-b51e-9c4711a0e04c service neutron] Attributes excluded by policy engine: ['standard_attr_id', 'shared'] {{(pid=109352) _exclude_attributes_by_policy /opt/stack/neutron/neutron/pecan_wsgi/hooks/policy_enforcement.py:255}}
Nov 03 06:59:33.590579 n-d-811748-7 neutron-server[109352]: INFO neutron.wsgi [req-dea74c04-1be7-4f2e-b703-57069b4ee436 req-7e93139b-a89e-4ab6-b51e-9c4711a0e04c service neutron] 10.222.0.30 "GET /v2.0/subnets?id=2b7a823d-490e-463d-9c04-aae1d2a2bf4a HTTP/1.1" status: 200 len: 847 time: 0.1219451
Nov 03 06:59:33.661084 n-d-811748-7 neutron-server[109352]: INFO neutron.wsgi [req-dea74c04-1be7-4f2e-b703-57069b4ee436 req-d9d80000-9644-416b-b64a-41b4b560db6e service neutron] 10.222.0.30 "GET /v2.0/ports?network_id=1ac6ab85-910b-4e31-bc03-0a9ab2b65afa&device_owner=network%3Adhcp HTTP/1.1" status: 200 len: 210 time: 0.0532043
Nov 03 06:59:33.702414 n-d-811748-7 neutron-server[109352]: DEBUG neutron.plugins.ml2.plugin [req-8c0edd71-d180-4b0b-a405-2605d2f0999c req-9c310cab-3846-4ddf-80ab-64546cfd2e48 tempest-DeleteServersAdminTestJSON-1087739737 tempest-DeleteServersAdminTestJSON-1087739737-project-admin] Deleting port d4ffb2da-59f9-4ab5-a47c-8c6bbc2800d2 {{(pid=109352) _pre_delete_port /opt/stack/neutron/neutron/plugins/ml2/plugin.py:1934}}
Nov 03 06:59:33.702726 n-d-811748-7 neutron-server[109352]: DEBUG neutron_lib.callbacks.manager [req-8c0edd71-d180-4b0b-a405-2605d2f0999c req-9c310cab-3846-4ddf-80ab-64546cfd2e48 tempest-DeleteServersAdminTestJSON-1087739737 tempest-DeleteServersAdminTestJSON-1087739737-project-admin] Publish callbacks ['neutron.db.l3_db.L3_NAT_dbonly_mixin._prevent_l3_port_delete_callback-8751390975892'] for port, before_delete {{(pid=109352) _notify_loop /usr/local/lib/python3.8/dist-packages/neutron_lib/callbacks/manager.py:175}}
Nov 03 06:59:33.720980 n-d-811748-7 neutron-server[109353]: INFO neutron.wsgi [req-ebe4b1dc-8df3-475f-835a-3117d96849e5 req-a1d73adf-e0d3-4066-9ea3-47ee5b4d9d40 service neutron] 10.222.0.30 "GET /v2.0/ports?device_id=7d0f8e83-ee82-446a-91f5-7874a432ce59&fields=binding%3Ahost_id&fields=binding%3Avif_type HTTP/1.1" status: 200 len: 273 time: 0.3043752
Nov 03 06:59:33.736335 n-d-811748-7 neutron-server[109352]: DEBUG neutron_lib.callbacks.manager [req-b6b9ec1e-e0eb-4d87-ba45-3a4bc0158d07 req-b1677782-df81-4aee-b9b4-66223a605e53 tempest-ServersAdminTestJSON-857749179 tempest-ServersAdminTestJSON-857749179-project] Publish callbacks ['neutron.plugins.ml2.plugin.SecurityGroupServerNotifierRpcMixin._notify_sg_on_port_change-1764464', 'neutron.plugins.ml2.ovo_rpc._ObjectChangeHandler.handle_event-135374', 'neutron.api.rpc.agentnotifiers.dhcp_rpc_agent_api.DhcpAgentNotifyAPI._native_event_send_dhcp_notification-528002', 'neutron.db.l3_dvrscheduler_db._notify_l3_agent_new_port-8751390553110'] for port, after_create {{(pid=109352) _notify_loop /usr/local/lib/python3.8/dist-packages/neutron_lib/callbacks/manager.py:175}}
Nov 03 06:59:33.818894 n-d-811748-7 neutron-server[109353]: DEBUG neutron.pecan_wsgi.hooks.policy_enforcement [req-b041ed0e-2fba-4dec-90a7-9bc684e1eaf0 req-abfc90c5-975d-48e7-8d75-407b34635008 tempest-MigrationsAdminTest-1107266708 tempest-MigrationsAdminTest-1107266708-project] Attributes excluded by policy engine: ['standard_attr_id', 'binding:profile', 'binding:host_id', 'binding:vif_type', 'binding:vif_details'] {{(pid=109353) _exclude_attributes_by_policy /opt/stack/neutron/neutron/pecan_wsgi/hooks/policy_enforcement.py:255}}
Nov 03 06:59:33.820448 n-d-811748-7 neutron-server[109353]: INFO neutron.wsgi [req-b041ed0e-2fba-4dec-90a7-9bc684e1eaf0 req-abfc90c5-975d-48e7-8d75-407b34635008 tempest-MigrationsAdminTest-1107266708 tempest-MigrationsAdminTest-1107266708-project] 10.222.0.15 "GET /v2.0/ports?device_id=301a6b4f-0c8e-4518-baee-4c076d10493f HTTP/1.1" status: 200 len: 950 time: 0.3600225
Nov 03 06:59:33.930460 n-d-811748-7 neutron-server[109353]: INFO neutron.wsgi [req-11c9fd39-8943-4243-9fbc-3dad3f2684c8 req-b0b05706-7603-49ac-aed2-375869e289d9 tempest-LiveMigrationTest-580069476 tempest-LiveMigrationTest-580069476-project] 10.222.0.15 "GET /v2.0/security-groups?id=13465f3d-24cb-43f9-b70b-7e0248634869&fields=id&fields=name HTTP/1.1" status: 200 len: 286 time: 0.2146451
Nov 03 06:59:33.982103 n-d-811748-7 neutron-server[109353]: DEBUG neutron.pecan_wsgi.hooks.policy_enforcement [req-ebe4b1dc-8df3-475f-835a-3117d96849e5 req-8d61772f-4b57-451b-87f6-4fd06270f6a8 service neutron] Attributes excluded by policy engine: ['standard_attr_id'] {{(pid=109353) _exclude_attributes_by_policy /opt/stack/neutron/neutron/pecan_wsgi/hooks/policy_enforcement.py:255}}
Nov 03 06:59:33.983588 n-d-811748-7 neutron-server[109353]: INFO neutron.wsgi [req-ebe4b1dc-8df3-475f-835a-3117d96849e5 req-8d61772f-4b57-451b-87f6-4fd06270f6a8 service neutron] 10.222.0.30 "GET /v2.0/ports?tenant_id=0dbbcb7e420c42c2b9ecdfe6cfa67ef3&device_id=7d0f8e83-ee82-446a-91f5-7874a432ce59 HTTP/1.1" status: 200 len: 1122 time: 0.1874201
Nov 03 06:59:34.007420 n-d-811748-7 neutron-server[109353]: INFO neutron.wsgi [req-b041ed0e-2fba-4dec-90a7-9bc684e1eaf0 req-1211be69-9ad1-4db1-b84b-68fa33512e57 tempest-MigrationsAdminTest-1107266708 tempest-MigrationsAdminTest-1107266708-project] 10.222.0.15 "GET /v2.0/security-groups?id=8848440b-406b-405a-9dea-ea9ec2e1ac62&fields=id&fields=name HTTP/1.1" status: 200 len: 286 time: 0.1525135
Nov 03 06:59:34.031788 n-d-811748-7 neutron-server[109352]: DEBUG neutron.api.rpc.handlers.resources_rpc [None req-b1677782-df81-4aee-b9b4-66223a605e53 tempest-ServersAdminTestJSON-857749179 tempest-ServersAdminTestJSON-857749179-project] Pushing event updated for resources: {'Port': ['ID=b92ce4b3-6586-457c-be9b-f8d94bf63cb0,revision_number=1']} {{(pid=109352) push /opt/stack/neutron/neutron/api/rpc/handlers/resources_rpc.py:237}}
Nov 03 06:59:34.057567 n-d-811748-7 neutron-server[109352]: DEBUG neutron.scheduler.dhcp_agent_scheduler [req-b6b9ec1e-e0eb-4d87-ba45-3a4bc0158d07 req-b1677782-df81-4aee-b9b4-66223a605e53 tempest-ServersAdminTestJSON-857749179 tempest-ServersAdminTestJSON-857749179-project] Network e0e73c6a-0ba0-4f11-b8d2-9b823c7b313f is already hosted by enough agents. {{(pid=109352) _get_dhcp_agents_hosting_network /opt/stack/neutron/neutron/scheduler/dhcp_agent_scheduler.py:275}}
Nov 03 06:59:34.065116 n-d-811748-7 neutron-server[109352]: DEBUG neutron.scheduler.base_scheduler [req-b6b9ec1e-e0eb-4d87-ba45-3a4bc0158d07 req-b1677782-df81-4aee-b9b4-66223a605e53 tempest-ServersAdminTestJSON-857749179 tempest-ServersAdminTestJSON-857749179-project] Resources bound (agent type, host, resource id): {{(pid=109352) schedule /opt/stack/neutron/neutron/scheduler/base_scheduler.py:57}}
Nov 03 06:59:34.074942 n-d-811748-7 neutron-server[109352]: DEBUG neutron.db.l3_dvrscheduler_db [req-b6b9ec1e-e0eb-4d87-ba45-3a4bc0158d07 req-b1677782-df81-4aee-b9b4-66223a605e53 tempest-ServersAdminTestJSON-857749179 tempest-ServersAdminTestJSON-857749179-project] Received port after_create {{(pid=109352) _notify_l3_agent_new_port /opt/stack/neutron/neutron/db/l3_dvrscheduler_db.py:535}}
Nov 03 06:59:34.081065 n-d-811748-7 neutron-server[109352]: DEBUG neutron.pecan_wsgi.hooks.policy_enforcement [req-b6b9ec1e-e0eb-4d87-ba45-3a4bc0158d07 req-b1677782-df81-4aee-b9b4-66223a605e53 tempest-ServersAdminTestJSON-857749179 tempest-ServersAdminTestJSON-857749179-project] Attributes excluded by policy engine: ['standard_attr_id', 'binding:profile', 'binding:host_id', 'binding:vif_type', 'binding:vif_details', 'network'] {{(pid=109352) _exclude_attributes_by_policy /opt/stack/neutron/neutron/pecan_wsgi/hooks/policy_enforcement.py:255}}
Nov 03 06:59:34.081793 n-d-811748-7 neutron-server[109352]: DEBUG neutron_lib.callbacks.manager [req-b6b9ec1e-e0eb-4d87-ba45-3a4bc0158d07 req-b1677782-df81-4aee-b9b4-66223a605e53 tempest-ServersAdminTestJSON-857749179 tempest-ServersAdminTestJSON-857749179-project] Publish callbacks ['neutron.notifiers.nova.Notifier._send_nova_notification-244914', 'neutron.api.rpc.agentnotifiers.dhcp_rpc_agent_api.DhcpAgentNotifyAPI._send_dhcp_notification-528044'] for port, before_response {{(pid=109352) _notify_loop /usr/local/lib/python3.8/dist-packages/neutron_lib/callbacks/manager.py:175}}
Nov 03 06:59:34.089108 n-d-811748-7 neutron-server[109352]: DEBUG neutron.pecan_wsgi.hooks.policy_enforcement [req-871e42c9-c683-4d63-9321-6ec8386a35ac req-7f7e3996-5901-4b52-ab66-23ad7cb5a80b service neutron] Attributes excluded by policy engine: ['standard_attr_id', 'vlan_transparent'] {{(pid=109352) _exclude_attributes_by_policy /opt/stack/neutron/neutron/pecan_wsgi/hooks/policy_enforcement.py:255}}
Nov 03 06:59:34.090584 n-d-811748-7 neutron-server[109352]: INFO neutron.wsgi [req-871e42c9-c683-4d63-9321-6ec8386a35ac req-7f7e3996-5901-4b52-ab66-23ad7cb5a80b service neutron] 10.222.0.37 "GET /v2.0/networks?id=e0e73c6a-0ba0-4f11-b8d2-9b823c7b313f HTTP/1.1" status: 200 len: 870 time: 0.4951363
Nov 03 06:59:34.148274 n-d-811748-7 neutron-server[109352]: INFO neutron.wsgi [req-871e42c9-c683-4d63-9321-6ec8386a35ac req-c7b84cbb-dce6-4422-9b75-b0a4f13ba305 service neutron] 10.222.0.37 "GET /v2.0/floatingips?fixed_ip_address=192.168.233.196&port_id=6d8e7a4d-9978-45ef-bb1c-6bcdb4c43c58 HTTP/1.1" status: 200 len: 217 time: 0.0401809
Nov 03 06:59:34.180402 n-d-811748-7 neutron-server[109352]: DEBUG neutron.plugins.ml2.db [req-8c0edd71-d180-4b0b-a405-2605d2f0999c req-9c310cab-3846-4ddf-80ab-64546cfd2e48 tempest-DeleteServersAdminTestJSON-1087739737 tempest-DeleteServersAdminTestJSON-1087739737-project-admin] For port d4ffb2da-59f9-4ab5-a47c-8c6bbc2800d2, host n-h1-811748-7, got binding levels [PortBindingLevel(driver='hyperv',host='n-h1-811748-7',level=0,port_id=d4ffb2da-59f9-4ab5-a47c-8c6bbc2800d2,segment=NetworkSegment(014718ad-d03b-4d57-9e05-003a811df7fa),segment_id=014718ad-d03b-4d57-9e05-003a811df7fa)] {{(pid=109352) get_binding_level_objs /opt/stack/neutron/neutron/plugins/ml2/db.py:74}}
Nov 03 06:59:34.180765 n-d-811748-7 neutron-server[109352]: DEBUG neutron_lib.callbacks.manager [req-8c0edd71-d180-4b0b-a405-2605d2f0999c req-9c310cab-3846-4ddf-80ab-64546cfd2e48 tempest-DeleteServersAdminTestJSON-1087739737 tempest-DeleteServersAdminTestJSON-1087739737-project-admin] Publish callbacks ['neutron.services.l3_router.l3_router_plugin.L3_NAT_dbonly_mixin._precommit_delete_port_callback-665618'] for port, precommit_delete {{(pid=109352) _notify_loop /usr/local/lib/python3.8/dist-packages/neutron_lib/callbacks/manager.py:175}}
Nov 03 06:59:34.207172 n-d-811748-7 neutron-server[109352]: INFO neutron.wsgi [req-b6b9ec1e-e0eb-4d87-ba45-3a4bc0158d07 req-b1677782-df81-4aee-b9b4-66223a605e53 tempest-ServersAdminTestJSON-857749179 tempest-ServersAdminTestJSON-857749179-project] 10.222.0.37 "POST /v2.0/ports HTTP/1.1" status: 201 len: 938 time: 2.0183711
Nov 03 06:59:34.208991 n-d-811748-7 neutron-server[109352]: INFO neutron.wsgi [req-dea74c04-1be7-4f2e-b703-57069b4ee436 req-62c6e2c0-94e7-4c8d-b686-bed231517f70 service neutron] 10.222.0.30 "GET /v2.0/networks/1ac6ab85-910b-4e31-bc03-0a9ab2b65afa?fields=segments HTTP/1.1" status: 200 len: 212 time: 0.5160360
Nov 03 06:59:34.228989 n-d-811748-7 neutron-server[109353]: DEBUG neutron.notifiers.nova [req-0544b7f6-b7f4-40c7-9325-f37b3e4a17b0 req-49d7e3e7-ebbc-43e5-9546-556a7251353f service neutron] Ignoring state change previous_port_status: DOWN current_port_status: DOWN port_id 19ff8aaf-2997-4124-b83a-21bc73723dba {{(pid=109353) record_port_status_changed /opt/stack/neutron/neutron/notifiers/nova.py:224}}
Nov 03 06:59:34.248332 n-d-811748-7 neutron-server[109353]: DEBUG neutron_lib.callbacks.manager [req-0544b7f6-b7f4-40c7-9325-f37b3e4a17b0 req-49d7e3e7-ebbc-43e5-9546-556a7251353f service neutron] Publish callbacks [] for port, precommit_update {{(pid=109353) _notify_loop /usr/local/lib/python3.8/dist-packages/neutron_lib/callbacks/manager.py:175}}
Nov 03 06:59:34.287933 n-d-811748-7 neutron-server[109352]: DEBUG neutron.api.v2.base [req-b6b9ec1e-e0eb-4d87-ba45-3a4bc0158d07 req-08006d5c-55ee-44c4-9ecf-2cc6b7d436a7 service neutron] Request body: {'port': {'device_id': '20411543-eaaf-4813-abd9-96bf45c15496', 'device_owner': 'compute:nova', 'binding:host_id': 'n-h1-811748-7'}} {{(pid=109352) prepare_request_body /opt/stack/neutron/neutron/api/v2/base.py:729}}
Nov 03 06:59:34.290623 n-d-811748-7 neutron-server[109352]: DEBUG neutron.plugins.ml2.plugin [req-8c0edd71-d180-4b0b-a405-2605d2f0999c req-9c310cab-3846-4ddf-80ab-64546cfd2e48 tempest-DeleteServersAdminTestJSON-1087739737 tempest-DeleteServersAdminTestJSON-1087739737-project-admin] Calling delete_port for d4ffb2da-59f9-4ab5-a47c-8c6bbc2800d2 owned by compute:nova {{(pid=109352) delete_port /opt/stack/neutron/neutron/plugins/ml2/plugin.py:2012}}
Nov 03 06:59:34.335069 n-d-811748-7 neutron-server[109353]: INFO neutron.wsgi [req-ff3a5b80-0475-44a0-b21f-b41c23ae1e07 req-094517af-74ca-4346-9bdb-a4918b902f88 tempest-ServersAdminTestJSON-857749179 tempest-ServersAdminTestJSON-857749179-project] 10.222.0.15 "GET /v2.0/ports?device_id=d3e9ec16-f895-4944-81ce-3c46bc9cfd43 HTTP/1.1" status: 200 len: 210 time: 0.0658510
Nov 03 06:59:34.336231 n-d-811748-7 neutron-server[109353]: DEBUG neutron.db.provisioning_blocks [req-0544b7f6-b7f4-40c7-9325-f37b3e4a17b0 req-49d7e3e7-ebbc-43e5-9546-556a7251353f service neutron] Transition to ACTIVE for port object 19ff8aaf-2997-4124-b83a-21bc73723dba will not be triggered until provisioned by entity L2. {{(pid=109353) add_provisioning_component /opt/stack/neutron/neutron/db/provisioning_blocks.py:73}}
Nov 03 06:59:34.360757 n-d-811748-7 neutron-server[109352]: DEBUG neutron.pecan_wsgi.hooks.policy_enforcement [req-871e42c9-c683-4d63-9321-6ec8386a35ac req-6d8a9103-0eab-402b-98b0-46b499147607 service neutron] Attributes excluded by policy engine: ['standard_attr_id', 'shared'] {{(pid=109352) _exclude_attributes_by_policy /opt/stack/neutron/neutron/pecan_wsgi/hooks/policy_enforcement.py:255}}
Nov 03 06:59:34.362833 n-d-811748-7 neutron-server[109352]: INFO neutron.wsgi [req-871e42c9-c683-4d63-9321-6ec8386a35ac req-6d8a9103-0eab-402b-98b0-46b499147607 service neutron] 10.222.0.37 "GET /v2.0/subnets?id=ea66f588-8037-44c5-8e86-c80f157138d9 HTTP/1.1" status: 200 len: 843 time: 0.2061994
Nov 03 06:59:34.365797 n-d-811748-7 neutron-server[109353]: DEBUG neutron.pecan_wsgi.hooks.policy_enforcement [req-73df3990-eb9e-416f-bd7b-0f7e86837500 req-60b7a6d2-bf03-46e9-b3a8-3b2b457642f6 tempest-DeleteServersAdminTestJSON-996849110 tempest-DeleteServersAdminTestJSON-996849110-project] Attributes excluded by policy engine: ['standard_attr_id', 'binding:profile', 'binding:host_id', 'binding:vif_type', 'binding:vif_details'] {{(pid=109353) _exclude_attributes_by_policy /opt/stack/neutron/neutron/pecan_wsgi/hooks/policy_enforcement.py:255}}
Nov 03 06:59:34.367543 n-d-811748-7 neutron-server[109353]: INFO neutron.wsgi [req-73df3990-eb9e-416f-bd7b-0f7e86837500 req-60b7a6d2-bf03-46e9-b3a8-3b2b457642f6 tempest-DeleteServersAdminTestJSON-996849110 tempest-DeleteServersAdminTestJSON-996849110-project] 10.222.0.15 "GET /v2.0/ports?device_id=a712e37c-74a5-4dfe-ae8d-8b17edc07fab HTTP/1.1" status: 200 len: 949 time: 0.2537265
Nov 03 06:59:34.370729 n-d-811748-7 neutron-server[109353]: DEBUG neutron.pecan_wsgi.hooks.policy_enforcement [req-ebe4b1dc-8df3-475f-835a-3117d96849e5 req-f86eb512-5285-493a-9c51-8201570f71fd service neutron] Attributes excluded by policy engine: ['standard_attr_id', 'vlan_transparent'] {{(pid=109353) _exclude_attributes_by_policy /opt/stack/neutron/neutron/pecan_wsgi/hooks/policy_enforcement.py:255}}
Nov 03 06:59:34.372062 n-d-811748-7 neutron-server[109353]: INFO neutron.wsgi [req-ebe4b1dc-8df3-475f-835a-3117d96849e5 req-f86eb512-5285-493a-9c51-8201570f71fd service neutron] 10.222.0.30 "GET /v2.0/networks?id=e0e73c6a-0ba0-4f11-b8d2-9b823c7b313f HTTP/1.1" status: 200 len: 870 time: 0.3546774
Nov 03 06:59:34.423651 n-d-811748-7 neutron-server[109354]: DEBUG neutron.db.provisioning_blocks [None req-8d59d64e-17ae-45f1-94ac-f24507dc8c18 None None] Provisioning complete for port b92ce4b3-6586-457c-be9b-f8d94bf63cb0 triggered by entity DHCP. {{(pid=109354) provisioning_complete /opt/stack/neutron/neutron/db/provisioning_blocks.py:139}}
Nov 03 06:59:34.425091 n-d-811748-7 neutron-server[109354]: DEBUG neutron_lib.callbacks.manager [None req-8d59d64e-17ae-45f1-94ac-f24507dc8c18 None None] Publish callbacks ['neutron.plugins.ml2.plugin.Ml2Plugin._port_provisioned-1577584'] for port, provisioning_complete {{(pid=109354) _notify_loop /usr/local/lib/python3.8/dist-packages/neutron_lib/callbacks/manager.py:175}}
Nov 03 06:59:34.449441 n-d-811748-7 neutron-server[109352]: INFO neutron.wsgi [req-dea74c04-1be7-4f2e-b703-57069b4ee436 req-e2771092-fd08-4375-bfba-7d3637b15cda service neutron] 10.222.0.30 "GET /v2.0/networks/1ac6ab85-910b-4e31-bc03-0a9ab2b65afa?fields=provider%3Aphysical_network&fields=provider%3Anetwork_type HTTP/1.1" status: 200 len: 281 time: 0.2323961
Nov 03 06:59:34.467730 n-d-811748-7 neutron-server[109352]: DEBUG neutron_lib.callbacks.manager [req-b6b9ec1e-e0eb-4d87-ba45-3a4bc0158d07 req-08006d5c-55ee-44c4-9ecf-2cc6b7d436a7 service neutron] Publish callbacks ['neutron.plugins.ml2.plugin.SecurityGroupDbMixin._ensure_default_security_group_handler-1764549'] for port, before_update {{(pid=109352) _notify_loop /usr/local/lib/python3.8/dist-packages/neutron_lib/callbacks/manager.py:175}}
Nov 03 06:59:34.472487 n-d-811748-7 neutron-server[109354]: DEBUG neutron.plugins.ml2.plugin [None req-8d59d64e-17ae-45f1-94ac-f24507dc8c18 None None] Port b92ce4b3-6586-457c-be9b-f8d94bf63cb0 cannot update to ACTIVE because it is not bound. {{(pid=109354) _port_provisioned /opt/stack/neutron/neutron/plugins/ml2/plugin.py:340}}
Nov 03 06:59:34.495308 n-d-811748-7 neutron-server[109353]: DEBUG neutron_lib.callbacks.manager [req-0544b7f6-b7f4-40c7-9325-f37b3e4a17b0 req-49d7e3e7-ebbc-43e5-9546-556a7251353f service neutron] Publish callbacks ['neutron.plugins.ml2.plugin.SecurityGroupServerNotifierRpcMixin._notify_sg_on_port_change-1764464', 'neutron.plugins.ml2.ovo_rpc._ObjectChangeHandler.handle_event-135374', 'neutron.api.rpc.agentnotifiers.dhcp_rpc_agent_api.DhcpAgentNotifyAPI._native_event_send_dhcp_notification-528002', 'neutron.db.l3_db.L3RpcNotifierMixin._notify_gateway_port_ip_changed-8751390997872', 'neutron.db.l3_dvrscheduler_db._notify_l3_agent_port_update-8751390553128', 'neutron.db.l3_hascheduler_db._notify_l3_agent_ha_port_update-8751390553146'] for port, after_update {{(pid=109353) _notify_loop /usr/local/lib/python3.8/dist-packages/neutron_lib/callbacks/manager.py:175}}
Nov 03 06:59:34.505665 n-d-811748-7 neutron-server[109353]: INFO neutron.wsgi [req-ebe4b1dc-8df3-475f-835a-3117d96849e5 req-8a938c48-3b59-48c8-a201-af292d67fd3d service neutron] 10.222.0.30 "GET /v2.0/floatingips?fixed_ip_address=192.168.233.72&port_id=86141e81-f354-4493-b923-1bd32e80f288 HTTP/1.1" status: 200 len: 217 time: 0.1247621
Nov 03 06:59:34.541593 n-d-811748-7 neutron-server[109352]: DEBUG neutron.pecan_wsgi.hooks.policy_enforcement [req-871e42c9-c683-4d63-9321-6ec8386a35ac req-f37a75ee-b30a-400e-9e4b-8b11ef64df50 service neutron] Attributes excluded by policy engine: ['standard_attr_id'] {{(pid=109352) _exclude_attributes_by_policy /opt/stack/neutron/neutron/pecan_wsgi/hooks/policy_enforcement.py:255}}
Nov 03 06:59:34.543095 n-d-811748-7 neutron-server[109352]: INFO neutron.wsgi [req-871e42c9-c683-4d63-9321-6ec8386a35ac req-f37a75ee-b30a-400e-9e4b-8b11ef64df50 service neutron] 10.222.0.37 "GET /v2.0/ports?network_id=e0e73c6a-0ba0-4f11-b8d2-9b823c7b313f&device_owner=network%3Adhcp HTTP/1.1" status: 200 len: 1166 time: 0.1378758
Nov 03 06:59:34.722068 n-d-811748-7 neutron-server[109353]: DEBUG neutron.db.db_base_plugin_common [req-ad156e11-8961-4a02-a21d-a16094ddd4cc req-0d4dc56d-bef4-414a-94dc-b58d9b4e198c tempest-ServersAdminTestJSON-857749179 tempest-ServersAdminTestJSON-857749179-project] Allocated IP 192.168.233.68 (e0e73c6a-0ba0-4f11-b8d2-9b823c7b313f/ea66f588-8037-44c5-8e86-c80f157138d9/c032314b-63d6-4645-8f77-3649d4b06865) {{(pid=109353) _store_ip_allocation /opt/stack/neutron/neutron/db/db_base_plugin_common.py:131}}
Nov 03 06:59:34.724167 n-d-811748-7 neutron-server[109353]: DEBUG neutron.api.rpc.handlers.resources_rpc [None req-49d7e3e7-ebbc-43e5-9546-556a7251353f service neutron] Pushing event updated for resources: {'Port': ['ID=19ff8aaf-2997-4124-b83a-21bc73723dba,revision_number=2']} {{(pid=109353) push /opt/stack/neutron/neutron/api/rpc/handlers/resources_rpc.py:237}}
Nov 03 06:59:34.729280 n-d-811748-7 neutron-server[109353]: INFO neutron.wsgi [req-73df3990-eb9e-416f-bd7b-0f7e86837500 req-b59366c8-468d-4cfa-9aeb-0321f5757936 tempest-DeleteServersAdminTestJSON-996849110 tempest-DeleteServersAdminTestJSON-996849110-project] 10.222.0.15 "GET /v2.0/security-groups?id=2085cada-ba56-4258-98c5-4ec6e76d53e6&fields=id&fields=name HTTP/1.1" status: 200 len: 286 time: 0.3544617
Nov 03 06:59:34.746309 n-d-811748-7 neutron-server[109352]: INFO neutron.wsgi [req-871e42c9-c683-4d63-9321-6ec8386a35ac req-b39b8cae-63aa-43fc-a647-29c50c8c2a95 service neutron] 10.222.0.37 "GET /v2.0/networks/e0e73c6a-0ba0-4f11-b8d2-9b823c7b313f?fields=segments HTTP/1.1" status: 200 len: 212 time: 0.1879339
Nov 03 06:59:34.746399 n-d-811748-7 neutron-server[109353]: DEBUG neutron.pecan_wsgi.hooks.policy_enforcement [req-f8175b4b-d213-413a-b935-21b26349d5ec req-3140e04d-e534-4416-a974-383d2fcf25f1 tempest-TenantUsagesTestJSON-1439072269 tempest-TenantUsagesTestJSON-1439072269-project] Attributes excluded by policy engine: ['standard_attr_id', 'binding:profile', 'binding:host_id', 'binding:vif_type', 'binding:vif_details'] {{(pid=109353) _exclude_attributes_by_policy /opt/stack/neutron/neutron/pecan_wsgi/hooks/policy_enforcement.py:255}}
Nov 03 06:59:34.746399 n-d-811748-7 neutron-server[109353]: INFO neutron.wsgi [req-f8175b4b-d213-413a-b935-21b26349d5ec req-3140e04d-e534-4416-a974-383d2fcf25f1 tempest-TenantUsagesTestJSON-1439072269 tempest-TenantUsagesTestJSON-1439072269-project] 10.222.0.15 "GET /v2.0/ports?device_id=b91aa250-b450-40cf-b53d-0573f18243f1 HTTP/1.1" status: 200 len: 947 time: 0.2836938
Nov 03 06:59:34.793090 n-d-811748-7 neutron-server[109353]: DEBUG neutron.pecan_wsgi.hooks.policy_enforcement [req-ebe4b1dc-8df3-475f-835a-3117d96849e5 req-73e487a0-f5d8-4591-8f7e-c6f4f3af54e1 service neutron] Attributes excluded by policy engine: ['standard_attr_id', 'shared'] {{(pid=109353) _exclude_attributes_by_policy /opt/stack/neutron/neutron/pecan_wsgi/hooks/policy_enforcement.py:255}}
Nov 03 06:59:34.794622 n-d-811748-7 neutron-server[109353]: INFO neutron.wsgi [req-ebe4b1dc-8df3-475f-835a-3117d96849e5 req-73e487a0-f5d8-4591-8f7e-c6f4f3af54e1 service neutron] 10.222.0.30 "GET /v2.0/subnets?id=ea66f588-8037-44c5-8e86-c80f157138d9 HTTP/1.1" status: 200 len: 843 time: 0.2657316
Nov 03 06:59:34.815606 n-d-811748-7 neutron-server[109352]: DEBUG neutron_lib.callbacks.manager [req-8c0edd71-d180-4b0b-a405-2605d2f0999c req-9c310cab-3846-4ddf-80ab-64546cfd2e48 tempest-DeleteServersAdminTestJSON-1087739737 tempest-DeleteServersAdminTestJSON-1087739737-project-admin] Publish callbacks ['neutron.plugins.ml2.plugin.SecurityGroupServerNotifierRpcMixin._notify_sg_on_port_change-1764464', 'neutron.plugins.ml2.ovo_rpc._ObjectChangeHandler.handle_event-135374', 'neutron.api.rpc.agentnotifiers.dhcp_rpc_agent_api.DhcpAgentNotifyAPI._native_event_send_dhcp_notification-528002', 'neutron.db.l3_db.L3RpcNotifierMixin._notify_routers_callback-8751390997854', 'neutron.db.l3_dvrscheduler_db._notify_port_delete-8751390553119'] for port, after_delete {{(pid=109352) _notify_loop /usr/local/lib/python3.8/dist-packages/neutron_lib/callbacks/manager.py:175}}
Nov 03 06:59:34.828948 n-d-811748-7 neutron-server[109354]: DEBUG neutron.plugins.ml2.db [None req-f3c1d602-453c-42b2-9add-671ca953b6bd None None] get_ports_and_sgs() called for port_ids ['d4ffb2da-59f9-4ab5-a47c-8c6bbc2800d2'] {{(pid=109354) get_ports_and_sgs /opt/stack/neutron/neutron/plugins/ml2/db.py:156}}
