Nov 10 22:35:19.750675 n-d-811521-3 neutron-server[102459]: DEBUG neutron.plugins.ml2.db [None req-ecda831e-a8f1-4289-beb8-6a220a64209a None None] For port 67edafac-0d33-4b0b-acfd-7d75ff26cbe5, host n-h1-811521-3, got binding levels [PortBindingLevel(driver='hyperv',host='n-h1-811521-3',level=0,port_id=67edafac-0d33-4b0b-acfd-7d75ff26cbe5,segment=NetworkSegment(4304fb7f-cfad-4d19-b138-5e2b80e48d18),segment_id=4304fb7f-cfad-4d19-b138-5e2b80e48d18)] {{(pid=102459) get_binding_level_objs /opt/stack/neutron/neutron/plugins/ml2/db.py:74}}
Nov 10 22:35:19.765767 n-d-811521-3 neutron-server[102457]: DEBUG neutron_lib.callbacks.manager [None req-3660ecb0-cfd9-410a-a10e-bb639d1dffad admin admin] Publish callbacks ['neutron.plugins.ml2.ovo_rpc._ObjectChangeHandler.handle_event-1585625'] for security_group, after_create {{(pid=102457) _notify_loop /usr/local/lib/python3.8/dist-packages/neutron_lib/callbacks/manager.py:175}}
Nov 10 22:35:19.769465 n-d-811521-3 neutron-server[102457]: INFO neutron.wsgi [req-79f4687f-b443-4877-bb89-4355e0f7b9c8 req-439ccd35-6ed1-450e-897e-a4e2bda091a4 service neutron] 10.222.0.39 "GET /v2.0/floatingips?fixed_ip_address=192.168.233.125&port_id=236a9d5c-4f39-4238-bb6e-98c748ed8e9b HTTP/1.1" status: 200 len: 217 time: 0.1001353
Nov 10 22:35:19.771625 n-d-811521-3 neutron-server[102457]: DEBUG neutron.notifiers.nova [req-d02be145-8005-42f9-bb6a-f62fdd7efe2e req-15961558-6e11-4b69-b0bf-c0137e4d526c service neutron] Ignoring state change previous_port_status: DOWN current_port_status: DOWN port_id ab43c9f0-05e0-4cfb-9ca2-4c9978674b9e {{(pid=102457) record_port_status_changed /opt/stack/neutron/neutron/notifiers/nova.py:224}}
Nov 10 22:35:19.772343 n-d-811521-3 neutron-server[102459]: DEBUG neutron.plugins.ml2.rpc [None req-ecda831e-a8f1-4289-beb8-6a220a64209a None None] Returning: {'device': '67edafac-0d33-4b0b-acfd-7d75ff26cbe5', 'network_id': 'd273266e-9cef-463f-b285-ab354ee987ee', 'port_id': '67edafac-0d33-4b0b-acfd-7d75ff26cbe5', 'mac_address': 'fa:16:3e:8b:1f:6c', 'admin_state_up': True, 'network_type': 'vlan', 'segmentation_id': 96, 'physical_network': 'physnet1', 'mtu': 1500, 'fixed_ips': [{'subnet_id': 'e9362762-cc66-4f37-a25f-354537b89f43', 'ip_address': '192.168.233.160'}], 'device_owner': 'compute:nova', 'allowed_address_pairs': [], 'port_security_enabled': True, 'qos_policy_id': None, 'network_qos_policy_id': None, 'profile': {}, 'propagate_uplink_status': False} {{(pid=102459) _get_device_details /opt/stack/neutron/neutron/plugins/ml2/rpc.py:184}}
Nov 10 22:35:19.812023 n-d-811521-3 neutron-server[102457]: DEBUG neutron_lib.callbacks.manager [req-d02be145-8005-42f9-bb6a-f62fdd7efe2e req-15961558-6e11-4b69-b0bf-c0137e4d526c service neutron] Publish callbacks [] for port, precommit_update {{(pid=102457) _notify_loop /usr/local/lib/python3.8/dist-packages/neutron_lib/callbacks/manager.py:175}}
Nov 10 22:35:19.831816 n-d-811521-3 neutron-server[102459]: DEBUG neutron.api.rpc.handlers.resources_rpc [None req-d97e519d-fd5d-4169-a5c1-6642ac0da1eb None None] Pushing event updated for resources: {'Port': ['ID=5fc4880d-1676-4c50-b49d-1ff423c5fdb3,revision_number=5']} {{(pid=102459) push /opt/stack/neutron/neutron/api/rpc/handlers/resources_rpc.py:237}}
Nov 10 22:35:19.861465 n-d-811521-3 neutron-server[102459]: DEBUG neutron_lib.callbacks.manager [None req-ecda831e-a8f1-4289-beb8-6a220a64209a None None] Publish callbacks ['neutron.plugins.ml2.plugin.SecurityGroupDbMixin._ensure_default_security_group_handler-16151150'] for port, before_update {{(pid=102459) _notify_loop /usr/local/lib/python3.8/dist-packages/neutron_lib/callbacks/manager.py:175}}
Nov 10 22:35:19.871815 n-d-811521-3 neutron-server[102457]: DEBUG neutron.db.provisioning_blocks [req-d02be145-8005-42f9-bb6a-f62fdd7efe2e req-15961558-6e11-4b69-b0bf-c0137e4d526c service neutron] Transition to ACTIVE for port object ab43c9f0-05e0-4cfb-9ca2-4c9978674b9e will not be triggered until provisioned by entity L2. {{(pid=102457) add_provisioning_component /opt/stack/neutron/neutron/db/provisioning_blocks.py:73}}
Nov 10 22:35:19.881322 n-d-811521-3 neutron-server[102457]: INFO neutron.wsgi [None req-3660ecb0-cfd9-410a-a10e-bb639d1dffad admin admin] 10.222.0.25 "GET /v2.0/security-groups?tenant_id=d28c52a228fa44889f3514d23f5acc1e&name=default HTTP/1.1" status: 200 len: 2996 time: 1.3885016
Nov 10 22:35:19.881322 n-d-811521-3 neutron-server[102457]: DEBUG neutron.api.rpc.handlers.resources_rpc [None req-3660ecb0-cfd9-410a-a10e-bb639d1dffad admin admin] Pushing event updated for resources: {'SecurityGroup': ['ID=a45dcc4e-af40-46aa-b7ce-9e13c365aa28,revision_number=1']} {{(pid=102457) push /opt/stack/neutron/neutron/api/rpc/handlers/resources_rpc.py:237}}
Nov 10 22:35:19.883522 n-d-811521-3 neutron-server[102458]: DEBUG neutron.wsgi [-] (102458) accepted ('10.222.0.25', 51100) {{(pid=102458) server /usr/local/lib/python3.8/dist-packages/eventlet/wsgi.py:982}}
Nov 10 22:35:19.887292 n-d-811521-3 neutron-server[102459]: DEBUG neutron.notifiers.nova [None req-ecda831e-a8f1-4289-beb8-6a220a64209a None None] Ignoring state change previous_port_status: DOWN current_port_status: BUILD port_id 67edafac-0d33-4b0b-acfd-7d75ff26cbe5 {{(pid=102459) record_port_status_changed /opt/stack/neutron/neutron/notifiers/nova.py:224}}
Nov 10 22:35:19.888250 n-d-811521-3 neutron-server[102457]: DEBUG neutron_lib.callbacks.manager [req-d02be145-8005-42f9-bb6a-f62fdd7efe2e req-15961558-6e11-4b69-b0bf-c0137e4d526c service neutron] Publish callbacks ['neutron.plugins.ml2.plugin.SecurityGroupServerNotifierRpcMixin._notify_sg_on_port_change-16141013', 'neutron.plugins.ml2.ovo_rpc._ObjectChangeHandler.handle_event-190081', 'neutron.api.rpc.agentnotifiers.dhcp_rpc_agent_api.DhcpAgentNotifyAPI._native_event_send_dhcp_notification-1552039', 'neutron.db.l3_db.L3RpcNotifierMixin._notify_gateway_port_ip_changed-8774139376011', 'neutron.db.l3_dvrscheduler_db._notify_l3_agent_port_update-8774138948738', 'neutron.db.l3_hascheduler_db._notify_l3_agent_ha_port_update-8774138948756'] for port, after_update {{(pid=102457) _notify_loop /usr/local/lib/python3.8/dist-packages/neutron_lib/callbacks/manager.py:175}}
Nov 10 22:35:19.901676 n-d-811521-3 neutron-server[102457]: DEBUG neutron.pecan_wsgi.hooks.policy_enforcement [req-d9a4a843-af0c-42d1-a8bc-740d348a9f7f req-cb3df1d8-9766-4d4a-a258-728f22a620cb tempest-MigrationsAdminTest-249400175 tempest-MigrationsAdminTest-249400175-project] Attributes excluded by policy engine: ['standard_attr_id', 'binding:profile', 'binding:host_id', 'binding:vif_type', 'binding:vif_details'] {{(pid=102457) _exclude_attributes_by_policy /opt/stack/neutron/neutron/pecan_wsgi/hooks/policy_enforcement.py:255}}
Nov 10 22:35:19.909865 n-d-811521-3 neutron-server[102457]: INFO neutron.wsgi [req-d9a4a843-af0c-42d1-a8bc-740d348a9f7f req-cb3df1d8-9766-4d4a-a258-728f22a620cb tempest-MigrationsAdminTest-249400175 tempest-MigrationsAdminTest-249400175-project] 10.222.0.25 "GET /v2.0/ports?device_id=6fee83cf-d8a9-4d87-89b7-bc6e6e762adb HTTP/1.1" status: 200 len: 949 time: 0.2229724
Nov 10 22:35:19.914824 n-d-811521-3 neutron-server[102459]: DEBUG neutron.notifiers.nova [-] Sending events: [{'server_uuid': 'e49cd7ff-5ba0-45c8-8aad-bc1a749c3426', 'name': 'network-vif-plugged', 'status': 'completed', 'tag': '5fc4880d-1676-4c50-b49d-1ff423c5fdb3'}] {{(pid=102459) send_events /opt/stack/neutron/neutron/notifiers/nova.py:262}}
Nov 10 22:35:19.920946 n-d-811521-3 neutron-server[102459]: DEBUG novaclient.v2.client [-] REQ: curl -g -i --cacert "/opt/stack/data/ca-bundle.pem" -X POST http://10.222.0.25/compute/v2.1/os-server-external-events -H "Accept: application/json" -H "Content-Type: application/json" -H "User-Agent: python-novaclient" -H "X-Auth-Token: {SHA256}b8cfe697a4dd751fd05d3cff821ce869770704a9863e2d07eaa4909fbb53eca0" -H "X-OpenStack-Nova-API-Version: 2.1" -H "X-OpenStack-Request-ID: req-96572eaa-0f61-41f9-9b44-acd32ec2d888" -d '{"events": [{"server_uuid": "e49cd7ff-5ba0-45c8-8aad-bc1a749c3426", "name": "network-vif-plugged", "status": "completed", "tag": "5fc4880d-1676-4c50-b49d-1ff423c5fdb3"}]}' {{(pid=102459) _http_log_request /usr/local/lib/python3.8/dist-packages/keystoneauth1/session.py:519}}
Nov 10 22:35:19.965084 n-d-811521-3 neutron-server[102457]: DEBUG neutron.pecan_wsgi.hooks.policy_enforcement [req-79f4687f-b443-4877-bb89-4355e0f7b9c8 req-510f45a3-831d-4646-a627-d95311d8b7e0 service neutron] Attributes excluded by policy engine: ['standard_attr_id', 'shared'] {{(pid=102457) _exclude_attributes_by_policy /opt/stack/neutron/neutron/pecan_wsgi/hooks/policy_enforcement.py:255}}
Nov 10 22:35:19.966502 n-d-811521-3 neutron-server[102457]: INFO neutron.wsgi [req-79f4687f-b443-4877-bb89-4355e0f7b9c8 req-510f45a3-831d-4646-a627-d95311d8b7e0 service neutron] 10.222.0.39 "GET /v2.0/subnets?id=e9362762-cc66-4f37-a25f-354537b89f43 HTTP/1.1" status: 200 len: 843 time: 0.1863704
Nov 10 22:35:20.015955 n-d-811521-3 neutron-server[102459]: DEBUG novaclient.v2.client [-] RESP: [200] Connection: close Content-Length: 183 Content-Type: application/json Date: Wed, 10 Nov 2021 22:35:19 GMT OpenStack-API-Version: compute 2.1 Server: Apache/2.4.41 (Ubuntu) Vary: OpenStack-API-Version,X-OpenStack-Nova-API-Version X-OpenStack-Nova-API-Version: 2.1 x-compute-request-id: req-4d8d081d-6b35-496e-bef1-b06587317df2 x-openstack-request-id: req-4d8d081d-6b35-496e-bef1-b06587317df2 {{(pid=102459) _http_log_response /usr/local/lib/python3.8/dist-packages/keystoneauth1/session.py:550}}
Nov 10 22:35:20.016543 n-d-811521-3 neutron-server[102459]: DEBUG novaclient.v2.client [-] RESP BODY: {"events": [{"server_uuid": "e49cd7ff-5ba0-45c8-8aad-bc1a749c3426", "name": "network-vif-plugged", "status": "completed", "tag": "5fc4880d-1676-4c50-b49d-1ff423c5fdb3", "code": 200}]} {{(pid=102459) _http_log_response /usr/local/lib/python3.8/dist-packages/keystoneauth1/session.py:582}}
Nov 10 22:35:20.016798 n-d-811521-3 neutron-server[102459]: DEBUG novaclient.v2.client [-] POST call to compute for http://10.222.0.25/compute/v2.1/os-server-external-events used request id req-4d8d081d-6b35-496e-bef1-b06587317df2 {{(pid=102459) request /usr/local/lib/python3.8/dist-packages/keystoneauth1/session.py:954}}
Nov 10 22:35:20.017213 n-d-811521-3 neutron-server[102459]: INFO neutron.notifiers.nova [-] Nova event response: {'server_uuid': 'e49cd7ff-5ba0-45c8-8aad-bc1a749c3426', 'name': 'network-vif-plugged', 'status': 'completed', 'tag': '5fc4880d-1676-4c50-b49d-1ff423c5fdb3', 'code': 200}
Nov 10 22:35:20.037008 n-d-811521-3 neutron-server[102459]: DEBUG neutron.plugins.ml2.db [None req-ecda831e-a8f1-4289-beb8-6a220a64209a None None] For port 67edafac-0d33-4b0b-acfd-7d75ff26cbe5, host n-h1-811521-3, got binding levels [PortBindingLevel(driver='hyperv',host='n-h1-811521-3',level=0,port_id=67edafac-0d33-4b0b-acfd-7d75ff26cbe5,segment=NetworkSegment(4304fb7f-cfad-4d19-b138-5e2b80e48d18),segment_id=4304fb7f-cfad-4d19-b138-5e2b80e48d18)] {{(pid=102459) get_binding_level_objs /opt/stack/neutron/neutron/plugins/ml2/db.py:74}}
Nov 10 22:35:20.046999 n-d-811521-3 neutron-server[102459]: DEBUG neutron_lib.callbacks.manager [None req-ecda831e-a8f1-4289-beb8-6a220a64209a None None] Publish callbacks ['neutron.plugins.ml2.plugin.SecurityGroupServerNotifierRpcMixin._notify_sg_on_port_change-16141013', 'neutron.plugins.ml2.ovo_rpc._ObjectChangeHandler.handle_event-190081', 'neutron.api.rpc.agentnotifiers.dhcp_rpc_agent_api.DhcpAgentNotifyAPI._native_event_send_dhcp_notification-1552039', 'neutron.db.l3_db.L3RpcNotifierMixin._notify_gateway_port_ip_changed-8774139376011', 'neutron.db.l3_dvrscheduler_db._notify_l3_agent_port_update-8774138948738', 'neutron.db.l3_hascheduler_db._notify_l3_agent_ha_port_update-8774138948756'] for port, after_update {{(pid=102459) _notify_loop /usr/local/lib/python3.8/dist-packages/neutron_lib/callbacks/manager.py:175}}
Nov 10 22:35:20.053134 n-d-811521-3 neutron-server[102458]: DEBUG neutron_lib.callbacks.manager [None req-3d5074cc-bc12-4572-9116-8ed3687ad472 admin admin] Publish callbacks [] for security_group, before_delete {{(pid=102458) _notify_loop /usr/local/lib/python3.8/dist-packages/neutron_lib/callbacks/manager.py:175}}
Nov 10 22:35:20.066431 n-d-811521-3 neutron-server[102457]: DEBUG neutron.api.rpc.handlers.resources_rpc [None req-15961558-6e11-4b69-b0bf-c0137e4d526c service neutron] Pushing event updated for resources: {'Port': ['ID=ab43c9f0-05e0-4cfb-9ca2-4c9978674b9e,revision_number=2']} {{(pid=102457) push /opt/stack/neutron/neutron/api/rpc/handlers/resources_rpc.py:237}}
Nov 10 22:35:20.122475 n-d-811521-3 neutron-server[102458]: DEBUG neutron_lib.callbacks.manager [None req-3d5074cc-bc12-4572-9116-8ed3687ad472 admin admin] Publish callbacks [] for security_group, precommit_delete {{(pid=102458) _notify_loop /usr/local/lib/python3.8/dist-packages/neutron_lib/callbacks/manager.py:175}}
Nov 10 22:35:20.191662 n-d-811521-3 neutron-server[102457]: INFO neutron.wsgi [req-d9a4a843-af0c-42d1-a8bc-740d348a9f7f req-43b3c452-1036-449a-a1a5-f2e7e01a69c4 tempest-MigrationsAdminTest-249400175 tempest-MigrationsAdminTest-249400175-project] 10.222.0.25 "GET /v2.0/security-groups?id=57fb93d7-6b8f-47e3-8f24-0b8787e3cf05&fields=id&fields=name HTTP/1.1" status: 200 len: 286 time: 0.2808385
Nov 10 22:35:20.194767 n-d-811521-3 neutron-server[102457]: DEBUG neutron.plugins.ml2.managers [req-d02be145-8005-42f9-bb6a-f62fdd7efe2e req-15961558-6e11-4b69-b0bf-c0137e4d526c service neutron] Attempting to bind port ab43c9f0-05e0-4cfb-9ca2-4c9978674b9e on host n-h2-811521-3 for vnic_type normal with profile {{(pid=102457) bind_port /opt/stack/neutron/neutron/plugins/ml2/managers.py:795}}
Nov 10 22:35:20.205506 n-d-811521-3 neutron-server[102457]: DEBUG neutron.plugins.ml2.managers [req-d02be145-8005-42f9-bb6a-f62fdd7efe2e req-15961558-6e11-4b69-b0bf-c0137e4d526c service neutron] Attempting to bind port ab43c9f0-05e0-4cfb-9ca2-4c9978674b9e by drivers openvswitch,hyperv on host n-h2-811521-3 at level 0 using segments [{'id': '05e5578f-25af-44b5-a0b9-06c8b9561ee5', 'network_type': 'vlan', 'physical_network': 'physnet1', 'segmentation_id': 65, 'network_id': '467748e8-9789-4710-9cb5-fcd2081ee7ee'}] {{(pid=102457) _bind_port_level /opt/stack/neutron/neutron/plugins/ml2/managers.py:820}}
Nov 10 22:35:20.206523 n-d-811521-3 neutron-server[102457]: DEBUG neutron.plugins.ml2.drivers.mech_agent [req-d02be145-8005-42f9-bb6a-f62fdd7efe2e req-15961558-6e11-4b69-b0bf-c0137e4d526c service neutron] Attempting to bind port ab43c9f0-05e0-4cfb-9ca2-4c9978674b9e on network 467748e8-9789-4710-9cb5-fcd2081ee7ee {{(pid=102457) bind_port /opt/stack/neutron/neutron/plugins/ml2/drivers/mech_agent.py:91}}
Nov 10 22:35:20.212268 n-d-811521-3 neutron-server[102457]: DEBUG neutron.pecan_wsgi.hooks.policy_enforcement [req-79f4687f-b443-4877-bb89-4355e0f7b9c8 req-5da22fff-8dc3-44ae-8188-e068fc306e1e service neutron] Attributes excluded by policy engine: ['standard_attr_id'] {{(pid=102457) _exclude_attributes_by_policy /opt/stack/neutron/neutron/pecan_wsgi/hooks/policy_enforcement.py:255}}
Nov 10 22:35:20.214024 n-d-811521-3 neutron-server[102457]: INFO neutron.wsgi [req-79f4687f-b443-4877-bb89-4355e0f7b9c8 req-5da22fff-8dc3-44ae-8188-e068fc306e1e service neutron] 10.222.0.39 "GET /v2.0/ports?network_id=d273266e-9cef-463f-b285-ab354ee987ee&device_owner=network%3Adhcp HTTP/1.1" status: 200 len: 1166 time: 0.2311237
Nov 10 22:35:20.229646 n-d-811521-3 neutron-server[102457]: DEBUG neutron.plugins.ml2.drivers.mech_agent [req-d02be145-8005-42f9-bb6a-f62fdd7efe2e req-15961558-6e11-4b69-b0bf-c0137e4d526c service neutron] Port ab43c9f0-05e0-4cfb-9ca2-4c9978674b9e on network 467748e8-9789-4710-9cb5-fcd2081ee7ee not bound, no agent of type Open vSwitch agent registered on host n-h2-811521-3 {{(pid=102457) bind_port /opt/stack/neutron/neutron/plugins/ml2/drivers/mech_agent.py:103}}
Nov 10 22:35:20.230206 n-d-811521-3 neutron-server[102457]: DEBUG neutron.plugins.ml2.drivers.mech_agent [req-d02be145-8005-42f9-bb6a-f62fdd7efe2e req-15961558-6e11-4b69-b0bf-c0137e4d526c service neutron] Attempting to bind port ab43c9f0-05e0-4cfb-9ca2-4c9978674b9e on network 467748e8-9789-4710-9cb5-fcd2081ee7ee {{(pid=102457) bind_port /opt/stack/neutron/neutron/plugins/ml2/drivers/mech_agent.py:91}}
Nov 10 22:35:20.237579 n-d-811521-3 neutron-server[102459]: DEBUG neutron.api.rpc.handlers.resources_rpc [None req-ecda831e-a8f1-4289-beb8-6a220a64209a None None] Pushing event updated for resources: {'Port': ['ID=67edafac-0d33-4b0b-acfd-7d75ff26cbe5,revision_number=4']} {{(pid=102459) push /opt/stack/neutron/neutron/api/rpc/handlers/resources_rpc.py:237}}
Nov 10 22:35:20.272845 n-d-811521-3 neutron-server[102459]: DEBUG neutron.plugins.ml2.db [None req-ecda831e-a8f1-4289-beb8-6a220a64209a None None] get_ports_and_sgs() called for port_ids ['67edafac-0d33-4b0b-acfd-7d75ff26cbe5'] {{(pid=102459) get_ports_and_sgs /opt/stack/neutron/neutron/plugins/ml2/db.py:156}}
Nov 10 22:35:20.303939 n-d-811521-3 neutron-server[102458]: DEBUG neutron.wsgi [-] (102458) accepted ('10.222.0.39', 63969) {{(pid=102458) server /usr/local/lib/python3.8/dist-packages/eventlet/wsgi.py:982}}
Nov 10 22:35:20.326081 n-d-811521-3 neutron-server[102457]: DEBUG neutron.plugins.ml2.drivers.mech_agent [req-d02be145-8005-42f9-bb6a-f62fdd7efe2e req-15961558-6e11-4b69-b0bf-c0137e4d526c service neutron] Checking agent: {'id': 'c8c33a90-3312-4906-a39b-a3651e4e2a84', 'agent_type': 'HyperV agent', 'binary': 'neutron-hyperv-agent', 'topic': 'N/A', 'host': 'n-h2-811521-3', 'admin_state_up': True, 'created_at': datetime.datetime(2021, 11, 10, 22, 32, 14), 'started_at': datetime.datetime(2021, 11, 10, 22, 32, 14), 'heartbeat_timestamp': datetime.datetime(2021, 11, 10, 22, 35, 14), 'description': None, 'resources_synced': None, 'availability_zone': None, 'alive': True, 'configurations': {'vswitch_mappings': {'physnet1$': 'br-data'}}, 'resource_versions': {}} {{(pid=102457) bind_port /opt/stack/neutron/neutron/plugins/ml2/drivers/mech_agent.py:110}}
Nov 10 22:35:20.326447 n-d-811521-3 neutron-server[102457]: DEBUG neutron.plugins.ml2.drivers.mech_agent [req-d02be145-8005-42f9-bb6a-f62fdd7efe2e req-15961558-6e11-4b69-b0bf-c0137e4d526c service neutron] Checking segment: {'id': '05e5578f-25af-44b5-a0b9-06c8b9561ee5', 'network_type': 'vlan', 'physical_network': 'physnet1', 'segmentation_id': 65, 'network_id': '467748e8-9789-4710-9cb5-fcd2081ee7ee'} for mappings: {'physnet1$': 'br-data'} with network types: ['local', 'flat', 'vlan'] {{(pid=102457) check_segment_for_agent /opt/stack/neutron/neutron/plugins/ml2/drivers/mech_agent.py:371}}
Nov 10 22:35:20.326778 n-d-811521-3 neutron-server[102457]: DEBUG neutron.plugins.ml2.drivers.mech_agent [req-d02be145-8005-42f9-bb6a-f62fdd7efe2e req-15961558-6e11-4b69-b0bf-c0137e4d526c service neutron] Bound using segment: {'id': '05e5578f-25af-44b5-a0b9-06c8b9561ee5', 'network_type': 'vlan', 'physical_network': 'physnet1', 'segmentation_id': 65, 'network_id': '467748e8-9789-4710-9cb5-fcd2081ee7ee'} {{(pid=102457) bind_port /opt/stack/neutron/neutron/plugins/ml2/drivers/mech_agent.py:120}}
Nov 10 22:35:20.327221 n-d-811521-3 neutron-server[102457]: DEBUG neutron.plugins.ml2.managers [req-d02be145-8005-42f9-bb6a-f62fdd7efe2e req-15961558-6e11-4b69-b0bf-c0137e4d526c service neutron] Bound port: ab43c9f0-05e0-4cfb-9ca2-4c9978674b9e, host: n-h2-811521-3, vif_type: hyperv, vif_details: {"connectivity": "legacy", "port_filter": false}, binding_levels: [{'bound_driver': 'hyperv', 'bound_segment': {'id': '05e5578f-25af-44b5-a0b9-06c8b9561ee5', 'network_type': 'vlan', 'physical_network': 'physnet1', 'segmentation_id': 65, 'network_id': '467748e8-9789-4710-9cb5-fcd2081ee7ee'}}] {{(pid=102457) _bind_port_level /opt/stack/neutron/neutron/plugins/ml2/managers.py:932}}
Nov 10 22:35:20.327574 n-d-811521-3 neutron-server[102457]: DEBUG neutron_lib.callbacks.manager [req-d02be145-8005-42f9-bb6a-f62fdd7efe2e req-15961558-6e11-4b69-b0bf-c0137e4d526c service neutron] Publish callbacks ['neutron.plugins.ml2.plugin.SecurityGroupDbMixin._ensure_default_security_group_handler-16151150'] for port, before_update {{(pid=102457) _notify_loop /usr/local/lib/python3.8/dist-packages/neutron_lib/callbacks/manager.py:175}}
Nov 10 22:35:20.327852 n-d-811521-3 neutron-server[102458]: DEBUG neutron.pecan_wsgi.hooks.policy_enforcement [req-41bf0528-4b9f-4b6e-ad0a-a0274d04393c req-f0cf23cd-07eb-4622-882d-f07c78b35f06 tempest-VolumesAdminNegativeTest-661611352 tempest-VolumesAdminNegativeTest-661611352-project] Attributes excluded by policy engine: ['standard_attr_id', 'binding:profile', 'binding:host_id', 'binding:vif_type', 'binding:vif_details'] {{(pid=102458) _exclude_attributes_by_policy /opt/stack/neutron/neutron/pecan_wsgi/hooks/policy_enforcement.py:255}}
Nov 10 22:35:20.336692 n-d-811521-3 neutron-server[102458]: INFO neutron.wsgi [req-41bf0528-4b9f-4b6e-ad0a-a0274d04393c req-f0cf23cd-07eb-4622-882d-f07c78b35f06 tempest-VolumesAdminNegativeTest-661611352 tempest-VolumesAdminNegativeTest-661611352-project] 10.222.0.25 "GET /v2.0/ports?device_id=e49cd7ff-5ba0-45c8-8aad-bc1a749c3426 HTTP/1.1" status: 200 len: 945 time: 0.1626418
Nov 10 22:35:20.345407 n-d-811521-3 neutron-server[102458]: DEBUG neutron_lib.callbacks.manager [None req-3d5074cc-bc12-4572-9116-8ed3687ad472 admin admin] Publish callbacks ['neutron.plugins.ml2.ovo_rpc._ObjectChangeHandler.handle_event-1585625'] for security_group, after_delete {{(pid=102458) _notify_loop /usr/local/lib/python3.8/dist-packages/neutron_lib/callbacks/manager.py:175}}
Nov 10 22:35:20.347930 n-d-811521-3 neutron-server[102458]: DEBUG neutron_lib.callbacks.manager [None req-3d5074cc-bc12-4572-9116-8ed3687ad472 admin admin] Publish callbacks [] for security_group, before_response {{(pid=102458) _notify_loop /usr/local/lib/python3.8/dist-packages/neutron_lib/callbacks/manager.py:175}}
Nov 10 22:35:20.357572 n-d-811521-3 neutron-server[102458]: INFO neutron.wsgi [None req-3d5074cc-bc12-4572-9116-8ed3687ad472 admin admin] 10.222.0.25 "DELETE /v2.0/security-groups/a45dcc4e-af40-46aa-b7ce-9e13c365aa28 HTTP/1.1" status: 204 len: 168 time: 0.4725370
Nov 10 22:35:20.397993 n-d-811521-3 neutron-server[102458]: DEBUG neutron.api.rpc.handlers.resources_rpc [None req-3d5074cc-bc12-4572-9116-8ed3687ad472 admin admin] Pushing event deleted for resources: {'SecurityGroup': ['ID=a45dcc4e-af40-46aa-b7ce-9e13c365aa28,revision_number=None']} {{(pid=102458) push /opt/stack/neutron/neutron/api/rpc/handlers/resources_rpc.py:237}}
Nov 10 22:35:20.462568 n-d-811521-3 neutron-server[102458]: INFO neutron.wsgi [req-41bf0528-4b9f-4b6e-ad0a-a0274d04393c req-5fb5f90b-3ca4-4339-a7bd-c62ad943e73d tempest-VolumesAdminNegativeTest-661611352 tempest-VolumesAdminNegativeTest-661611352-project] 10.222.0.25 "GET /v2.0/security-groups?id=af92bf6b-c7f9-419b-9f98-6f2453ca9785&fields=id&fields=name HTTP/1.1" status: 200 len: 286 time: 0.1248794
Nov 10 22:35:20.479134 n-d-811521-3 neutron-server[102458]: DEBUG neutron.pecan_wsgi.hooks.policy_enforcement [req-a5d9a791-1716-4d6b-94ef-50061c95593d req-a0acccca-a212-47b1-9859-4ec14a902ae9 tempest-AggregatesAdminTestJSON-672277261 tempest-AggregatesAdminTestJSON-672277261-project] Attributes excluded by policy engine: ['standard_attr_id', 'binding:profile', 'binding:host_id', 'binding:vif_type', 'binding:vif_details'] {{(pid=102458) _exclude_attributes_by_policy /opt/stack/neutron/neutron/pecan_wsgi/hooks/policy_enforcement.py:255}}
Nov 10 22:35:20.480835 n-d-811521-3 neutron-server[102458]: INFO neutron.wsgi [req-a5d9a791-1716-4d6b-94ef-50061c95593d req-a0acccca-a212-47b1-9859-4ec14a902ae9 tempest-AggregatesAdminTestJSON-672277261 tempest-AggregatesAdminTestJSON-672277261-project] 10.222.0.39 "GET /v2.0/ports?device_id=9744d00d-6c5f-4ddb-b970-53b3dc4bd4ce HTTP/1.1" status: 200 len: 972 time: 0.1753588
Nov 10 22:35:20.672522 n-d-811521-3 neutron-server[102457]: DEBUG neutron.pecan_wsgi.hooks.policy_enforcement [req-2c475793-e981-4c4e-a935-ee998d6d09af req-7f8ed104-01dc-417e-ab60-cd747354ee1c service neutron] Attributes excluded by policy engine: ['standard_attr_id'] {{(pid=102457) _exclude_attributes_by_policy /opt/stack/neutron/neutron/pecan_wsgi/hooks/policy_enforcement.py:255}}
Nov 10 22:35:20.674044 n-d-811521-3 neutron-server[102457]: INFO neutron.wsgi [req-2c475793-e981-4c4e-a935-ee998d6d09af req-7f8ed104-01dc-417e-ab60-cd747354ee1c service neutron] 10.222.0.39 "GET /v2.0/ports?device_id=e49cd7ff-5ba0-45c8-8aad-bc1a749c3426 HTTP/1.1" status: 200 len: 1096 time: 0.3550425
Nov 10 22:35:20.688820 n-d-811521-3 neutron-server[102457]: DEBUG neutron.pecan_wsgi.hooks.policy_enforcement [req-8c93e703-c7ac-4277-87b3-a170c6ea4f73 req-678f76fc-f919-4a5e-8966-776814842c84 tempest-ServersWithSpecificFlavorTestJSON-1044820400 tempest-ServersWithSpecificFlavorTestJSON-1044820400-project] Attributes excluded by policy engine: ['standard_attr_id', 'binding:profile', 'binding:host_id', 'binding:vif_type', 'binding:vif_details'] {{(pid=102457) _exclude_attributes_by_policy /opt/stack/neutron/neutron/pecan_wsgi/hooks/policy_enforcement.py:255}}
Nov 10 22:35:20.696503 n-d-811521-3 neutron-server[102457]: INFO neutron.wsgi [req-8c93e703-c7ac-4277-87b3-a170c6ea4f73 req-678f76fc-f919-4a5e-8966-776814842c84 tempest-ServersWithSpecificFlavorTestJSON-1044820400 tempest-ServersWithSpecificFlavorTestJSON-1044820400-project] 10.222.0.25 "GET /v2.0/ports?device_id=468e13b4-ae10-4525-b73b-50bedc5a899b HTTP/1.1" status: 200 len: 943 time: 0.2475541
Nov 10 22:35:20.713852 n-d-811521-3 neutron-server[102457]: INFO neutron.wsgi [req-79f4687f-b443-4877-bb89-4355e0f7b9c8 req-d35d42cd-3e3a-40c9-bd58-b9e2966944a8 service neutron] 10.222.0.39 "GET /v2.0/networks/d273266e-9cef-463f-b285-ab354ee987ee?fields=segments HTTP/1.1" status: 200 len: 212 time: 0.4889927
Nov 10 22:35:20.714948 n-d-811521-3 neutron-server[102457]: DEBUG neutron.plugins.ml2.db [req-d02be145-8005-42f9-bb6a-f62fdd7efe2e req-15961558-6e11-4b69-b0bf-c0137e4d526c service neutron] For port ab43c9f0-05e0-4cfb-9ca2-4c9978674b9e, host n-h2-811521-3, cleared binding levels {{(pid=102457) clear_binding_levels /opt/stack/neutron/neutron/plugins/ml2/db.py:87}}
Nov 10 22:35:20.765815 n-d-811521-3 neutron-server[102457]: DEBUG neutron.plugins.ml2.db [req-d02be145-8005-42f9-bb6a-f62fdd7efe2e req-15961558-6e11-4b69-b0bf-c0137e4d526c service neutron] For port ab43c9f0-05e0-4cfb-9ca2-4c9978674b9e, host n-h2-811521-3, set binding levels [PortBindingLevel(driver='hyperv',host='n-h2-811521-3',level=0,port_id=ab43c9f0-05e0-4cfb-9ca2-4c9978674b9e,segment=NetworkSegment(05e5578f-25af-44b5-a0b9-06c8b9561ee5),segment_id=05e5578f-25af-44b5-a0b9-06c8b9561ee5)] {{(pid=102457) set_binding_levels /opt/stack/neutron/neutron/plugins/ml2/db.py:59}}
Nov 10 22:35:20.814867 n-d-811521-3 neutron-server[102457]: DEBUG neutron_lib.callbacks.manager [req-d02be145-8005-42f9-bb6a-f62fdd7efe2e req-15961558-6e11-4b69-b0bf-c0137e4d526c service neutron] Publish callbacks ['neutron.plugins.ml2.plugin.SecurityGroupServerNotifierRpcMixin._notify_sg_on_port_change-16141013', 'neutron.plugins.ml2.ovo_rpc._ObjectChangeHandler.handle_event-190081', 'neutron.api.rpc.agentnotifiers.dhcp_rpc_agent_api.DhcpAgentNotifyAPI._native_event_send_dhcp_notification-1552039', 'neutron.db.l3_db.L3RpcNotifierMixin._notify_gateway_port_ip_changed-8774139376011', 'neutron.db.l3_dvrscheduler_db._notify_l3_agent_port_update-8774138948738', 'neutron.db.l3_hascheduler_db._notify_l3_agent_ha_port_update-8774138948756'] for port, after_update {{(pid=102457) _notify_loop /usr/local/lib/python3.8/dist-packages/neutron_lib/callbacks/manager.py:175}}
Nov 10 22:35:20.897478 n-d-811521-3 neutron-server[102457]: INFO neutron.wsgi [req-8c93e703-c7ac-4277-87b3-a170c6ea4f73 req-6c183e08-d45b-4454-8305-9a83d871f068 tempest-ServersWithSpecificFlavorTestJSON-1044820400 tempest-ServersWithSpecificFlavorTestJSON-1044820400-project] 10.222.0.25 "GET /v2.0/security-groups?id=48a88e99-b56c-4e11-9ee6-f4c9d0f66a0a&fields=id&fields=name HTTP/1.1" status: 200 len: 312 time: 0.1913469
Nov 10 22:35:20.904586 n-d-811521-3 neutron-server[102458]: DEBUG neutron.pecan_wsgi.hooks.policy_enforcement [req-b2f4dc13-f67c-4314-bf3a-97b092ddda3b req-9d020f8f-36e6-452d-8bd7-d120400a5235 tempest-ServersAdminTestJSON-1792078149 tempest-ServersAdminTestJSON-1792078149-project] Attributes excluded by policy engine: ['standard_attr_id', 'binding:profile', 'binding:host_id', 'binding:vif_type', 'binding:vif_details'] {{(pid=102458) _exclude_attributes_by_policy /opt/stack/neutron/neutron/pecan_wsgi/hooks/policy_enforcement.py:255}}
Nov 10 22:35:20.915245 n-d-811521-3 neutron-server[102457]: INFO neutron.wsgi [req-2c475793-e981-4c4e-a935-ee998d6d09af req-b920c0ad-15fb-4708-a332-04819b9066f3 service neutron] 10.222.0.39 "GET /v2.0/security-groups?id=af92bf6b-c7f9-419b-9f98-6f2453ca9785&fields=id&fields=name HTTP/1.1" status: 200 len: 286 time: 0.2043419
Nov 10 22:35:20.922840 n-d-811521-3 neutron-server[102458]: INFO neutron.wsgi [req-b2f4dc13-f67c-4314-bf3a-97b092ddda3b req-9d020f8f-36e6-452d-8bd7-d120400a5235 tempest-ServersAdminTestJSON-1792078149 tempest-ServersAdminTestJSON-1792078149-project] 10.222.0.25 "GET /v2.0/ports?device_id=82616a26-5e9c-4cd7-9beb-506bda5f1795 HTTP/1.1" status: 200 len: 948 time: 0.1412387
Nov 10 22:35:20.925077 n-d-811521-3 neutron-server[102457]: DEBUG neutron.pecan_wsgi.hooks.policy_enforcement [req-d02be145-8005-42f9-bb6a-f62fdd7efe2e req-15961558-6e11-4b69-b0bf-c0137e4d526c service neutron] Attributes excluded by policy engine: ['standard_attr_id'] {{(pid=102457) _exclude_attributes_by_policy /opt/stack/neutron/neutron/pecan_wsgi/hooks/policy_enforcement.py:255}}
Nov 10 22:35:20.934819 n-d-811521-3 neutron-server[102457]: DEBUG neutron_lib.callbacks.manager [req-d02be145-8005-42f9-bb6a-f62fdd7efe2e req-15961558-6e11-4b69-b0bf-c0137e4d526c service neutron] Publish callbacks ['neutron.notifiers.nova.Notifier._send_nova_notification-26753', 'neutron.api.rpc.agentnotifiers.dhcp_rpc_agent_api.DhcpAgentNotifyAPI._send_dhcp_notification-1552049'] for port, before_response {{(pid=102457) _notify_loop /usr/local/lib/python3.8/dist-packages/neutron_lib/callbacks/manager.py:175}}
Nov 10 22:35:20.936249 n-d-811521-3 neutron-server[102457]: INFO neutron.wsgi [req-d02be145-8005-42f9-bb6a-f62fdd7efe2e req-15961558-6e11-4b69-b0bf-c0137e4d526c service neutron] 10.222.0.39 "PUT /v2.0/ports/ab43c9f0-05e0-4cfb-9ca2-4c9978674b9e HTTP/1.1" status: 200 len: 1091 time: 2.5318735
Nov 10 22:35:20.940772 n-d-811521-3 neutron-server[102457]: DEBUG neutron.wsgi [-] (102457) accepted ('10.222.0.25', 51136) {{(pid=102457) server /usr/local/lib/python3.8/dist-packages/eventlet/wsgi.py:982}}
Nov 10 22:35:20.983570 n-d-811521-3 neutron-server[102457]: DEBUG neutron_lib.callbacks.manager [None req-078a308f-e2bb-42f4-99b2-e2e556fb2be9 admin admin] Publish callbacks [] for security_group, before_create {{(pid=102457) _notify_loop /usr/local/lib/python3.8/dist-packages/neutron_lib/callbacks/manager.py:175}}
Nov 10 22:35:20.986585 n-d-811521-3 neutron-server[102457]: DEBUG neutron.api.rpc.handlers.resources_rpc [None req-15961558-6e11-4b69-b0bf-c0137e4d526c service neutron] Pushing event updated for resources: {'Port': ['ID=ab43c9f0-05e0-4cfb-9ca2-4c9978674b9e,revision_number=3']} {{(pid=102457) push /opt/stack/neutron/neutron/api/rpc/handlers/resources_rpc.py:237}}
Nov 10 22:35:21.037895 n-d-811521-3 neutron-server[102458]: DEBUG neutron.plugins.ml2.plugin [req-a5d9a791-1716-4d6b-94ef-50061c95593d req-a25bf958-6981-40d1-aa81-879c3711084d tempest-AggregatesAdminTestJSON-672277261 tempest-AggregatesAdminTestJSON-672277261-project] Deleting port 921be05f-6be5-40a6-91bb-5e4e9685e142 {{(pid=102458) _pre_delete_port /opt/stack/neutron/neutron/plugins/ml2/plugin.py:1936}}
Nov 10 22:35:21.037895 n-d-811521-3 neutron-server[102458]: DEBUG neutron_lib.callbacks.manager [req-a5d9a791-1716-4d6b-94ef-50061c95593d req-a25bf958-6981-40d1-aa81-879c3711084d tempest-AggregatesAdminTestJSON-672277261 tempest-AggregatesAdminTestJSON-672277261-project] Publish callbacks ['neutron.db.l3_db.L3_NAT_dbonly_mixin._prevent_l3_port_delete_callback-8774139368879'] for port, before_delete {{(pid=102458) _notify_loop /usr/local/lib/python3.8/dist-packages/neutron_lib/callbacks/manager.py:175}}
Nov 10 22:35:21.045956 n-d-811521-3 neutron-server[102458]: INFO neutron.wsgi [req-b2f4dc13-f67c-4314-bf3a-97b092ddda3b req-89ece6dc-b598-4796-885f-f2e7cb1fc3ee tempest-ServersAdminTestJSON-1792078149 tempest-ServersAdminTestJSON-1792078149-project] 10.222.0.25 "GET /v2.0/security-groups?id=84f7661e-15d4-4b26-8e02-9c3c1ff39ce4&fields=id&fields=name HTTP/1.1" status: 200 len: 286 time: 0.1218777
Nov 10 22:35:21.078057 n-d-811521-3 neutron-server[102457]: INFO neutron.wsgi [req-79f4687f-b443-4877-bb89-4355e0f7b9c8 req-e2b434f1-cfb5-421b-8d98-952bb51696c9 service neutron] 10.222.0.39 "GET /v2.0/networks/d273266e-9cef-463f-b285-ab354ee987ee?fields=provider%3Aphysical_network&fields=provider%3Anetwork_type HTTP/1.1" status: 200 len: 281 time: 0.3433046
Nov 10 22:35:21.120900 n-d-811521-3 neutron-server[102457]: DEBUG neutron.pecan_wsgi.hooks.policy_enforcement [req-38ddf010-b06f-4ea8-9e0e-788fc6cd97e1 req-8b12c832-3379-4883-a82d-d86218e52df9 tempest-AggregatesAdminTestJSON-672277261 tempest-AggregatesAdminTestJSON-672277261-project] Attributes excluded by policy engine: ['standard_attr_id', 'binding:profile', 'binding:host_id', 'binding:vif_type', 'binding:vif_details'] {{(pid=102457) _exclude_attributes_by_policy /opt/stack/neutron/neutron/pecan_wsgi/hooks/policy_enforcement.py:255}}
Nov 10 22:35:21.131979 n-d-811521-3 neutron-server[102457]: INFO neutron.wsgi [req-38ddf010-b06f-4ea8-9e0e-788fc6cd97e1 req-8b12c832-3379-4883-a82d-d86218e52df9 tempest-AggregatesAdminTestJSON-672277261 tempest-AggregatesAdminTestJSON-672277261-project] 10.222.0.25 "GET /v2.0/ports?device_id=9744d00d-6c5f-4ddb-b970-53b3dc4bd4ce HTTP/1.1" status: 200 len: 972 time: 0.1219008
Nov 10 22:35:21.265277 n-d-811521-3 neutron-server[102458]: DEBUG neutron.plugins.ml2.db [req-a5d9a791-1716-4d6b-94ef-50061c95593d req-a25bf958-6981-40d1-aa81-879c3711084d tempest-AggregatesAdminTestJSON-672277261 tempest-AggregatesAdminTestJSON-672277261-project] For port 921be05f-6be5-40a6-91bb-5e4e9685e142, host n-h2-811521-3, got binding levels [PortBindingLevel(driver='hyperv',host='n-h2-811521-3',level=0,port_id=921be05f-6be5-40a6-91bb-5e4e9685e142,segment=NetworkSegment(4304fb7f-cfad-4d19-b138-5e2b80e48d18),segment_id=4304fb7f-cfad-4d19-b138-5e2b80e48d18)] {{(pid=102458) get_binding_level_objs /opt/stack/neutron/neutron/plugins/ml2/db.py:74}}
Nov 10 22:35:21.265660 n-d-811521-3 neutron-server[102458]: DEBUG neutron_lib.callbacks.manager [req-a5d9a791-1716-4d6b-94ef-50061c95593d req-a25bf958-6981-40d1-aa81-879c3711084d tempest-AggregatesAdminTestJSON-672277261 tempest-AggregatesAdminTestJSON-672277261-project] Publish callbacks ['neutron.services.l3_router.l3_router_plugin.L3_NAT_dbonly_mixin._precommit_delete_port_callback-1709056'] for port, precommit_delete {{(pid=102458) _notify_loop /usr/local/lib/python3.8/dist-packages/neutron_lib/callbacks/manager.py:175}}
Nov 10 22:35:21.282514 n-d-811521-3 neutron-server[102458]: DEBUG neutron.plugins.ml2.plugin [req-a5d9a791-1716-4d6b-94ef-50061c95593d req-a25bf958-6981-40d1-aa81-879c3711084d tempest-AggregatesAdminTestJSON-672277261 tempest-AggregatesAdminTestJSON-672277261-project] Calling delete_port for 921be05f-6be5-40a6-91bb-5e4e9685e142 owned by compute:tempest-test_az-1034323663 {{(pid=102458) delete_port /opt/stack/neutron/neutron/plugins/ml2/plugin.py:2014}}
Nov 10 22:35:21.381955 n-d-811521-3 neutron-server[102459]: DEBUG neutron.plugins.ml2.rpc [None req-ecda831e-a8f1-4289-beb8-6a220a64209a None None] Device 67edafac-0d33-4b0b-acfd-7d75ff26cbe5 up at agent hyperv_n-h1-811521-3 {{(pid=102459) update_device_up /opt/stack/neutron/neutron/plugins/ml2/rpc.py:296}}
Nov 10 22:35:21.461802 n-d-811521-3 neutron-server[102459]: DEBUG neutron.db.provisioning_blocks [None req-ecda831e-a8f1-4289-beb8-6a220a64209a None None] Provisioning for port 67edafac-0d33-4b0b-acfd-7d75ff26cbe5 completed by entity L2. {{(pid=102459) provisioning_complete /opt/stack/neutron/neutron/db/provisioning_blocks.py:133}}
Nov 10 22:35:21.468905 n-d-811521-3 neutron-server[102459]: DEBUG neutron.db.provisioning_blocks [None req-ecda831e-a8f1-4289-beb8-6a220a64209a None None] Provisioning complete for port 67edafac-0d33-4b0b-acfd-7d75ff26cbe5 triggered by entity L2. {{(pid=102459) provisioning_complete /opt/stack/neutron/neutron/db/provisioning_blocks.py:139}}
Nov 10 22:35:21.469625 n-d-811521-3 neutron-server[102459]: DEBUG neutron_lib.callbacks.manager [None req-ecda831e-a8f1-4289-beb8-6a220a64209a None None] Publish callbacks ['neutron.plugins.ml2.plugin.Ml2Plugin._port_provisioned-16123174'] for port, provisioning_complete {{(pid=102459) _notify_loop /usr/local/lib/python3.8/dist-packages/neutron_lib/callbacks/manager.py:175}}
Nov 10 22:35:21.484568 n-d-811521-3 neutron-server[102457]: DEBUG neutron_lib.callbacks.manager [None req-078a308f-e2bb-42f4-99b2-e2e556fb2be9 admin admin] Publish callbacks [] for security_group, precommit_create {{(pid=102457) _notify_loop /usr/local/lib/python3.8/dist-packages/neutron_lib/callbacks/manager.py:175}}
Nov 10 22:35:21.506515 n-d-811521-3 neutron-server[102457]: INFO neutron.wsgi [req-38ddf010-b06f-4ea8-9e0e-788fc6cd97e1 req-9bd927f5-a372-4665-bd41-c99ebea1e079 tempest-AggregatesAdminTestJSON-672277261 tempest-AggregatesAdminTestJSON-672277261-project] 10.222.0.25 "GET /v2.0/security-groups?id=a36d5549-f89f-470c-862b-70d825940bd1&fields=id&fields=name HTTP/1.1" status: 200 len: 286 time: 0.3642476
Nov 10 22:35:21.518612 n-d-811521-3 neutron-server[102458]: DEBUG neutron_lib.callbacks.manager [req-a5d9a791-1716-4d6b-94ef-50061c95593d req-a25bf958-6981-40d1-aa81-879c3711084d tempest-AggregatesAdminTestJSON-672277261 tempest-AggregatesAdminTestJSON-672277261-project] Publish callbacks ['neutron.plugins.ml2.plugin.SecurityGroupServerNotifierRpcMixin._notify_sg_on_port_change-16141013', 'neutron.plugins.ml2.ovo_rpc._ObjectChangeHandler.handle_event-190081', 'neutron.api.rpc.agentnotifiers.dhcp_rpc_agent_api.DhcpAgentNotifyAPI._native_event_send_dhcp_notification-1552039', 'neutron.db.l3_db.L3RpcNotifierMixin._notify_routers_callback-8774139375993', 'neutron.db.l3_dvrscheduler_db._notify_port_delete-8774138948729'] for port, after_delete {{(pid=102458) _notify_loop /usr/local/lib/python3.8/dist-packages/neutron_lib/callbacks/manager.py:175}}
Nov 10 22:35:21.535065 n-d-811521-3 neutron-server[102459]: DEBUG neutron.plugins.ml2.db [None req-d97e519d-fd5d-4169-a5c1-6642ac0da1eb None None] get_ports_and_sgs() called for port_ids ['921be05f-6be5-40a6-91bb-5e4e9685e142'] {{(pid=102459) get_ports_and_sgs /opt/stack/neutron/neutron/plugins/ml2/db.py:156}}
Nov 10 22:35:21.541785 n-d-811521-3 neutron-server[102457]: DEBUG neutron_lib.callbacks.manager [None req-078a308f-e2bb-42f4-99b2-e2e556fb2be9 admin admin] Publish callbacks ['neutron.plugins.ml2.ovo_rpc._ObjectChangeHandler.handle_event-1585625'] for security_group, after_create {{(pid=102457) _notify_loop /usr/local/lib/python3.8/dist-packages/neutron_lib/callbacks/manager.py:175}}
Nov 10 22:35:21.562145 n-d-811521-3 neutron-server[102458]: DEBUG neutron.api.rpc.handlers.resources_rpc [None req-a25bf958-6981-40d1-aa81-879c3711084d tempest-AggregatesAdminTestJSON-672277261 tempest-AggregatesAdminTestJSON-672277261-project] Pushing event deleted for resources: {'Port': ['ID=921be05f-6be5-40a6-91bb-5e4e9685e142,revision_number=None']} {{(pid=102458) push /opt/stack/neutron/neutron/api/rpc/handlers/resources_rpc.py:237}}
Nov 10 22:35:21.616025 n-d-811521-3 neutron-server[102457]: DEBUG neutron.notifiers.nova [-] Sending events: [{'name': 'network-changed', 'server_uuid': '468e13b4-ae10-4525-b73b-50bedc5a899b', 'tag': 'ab43c9f0-05e0-4cfb-9ca2-4c9978674b9e'}] {{(pid=102457) send_events /opt/stack/neutron/neutron/notifiers/nova.py:262}}
Nov 10 22:35:21.619302 n-d-811521-3 neutron-server[102457]: DEBUG novaclient.v2.client [-] REQ: curl -g -i --cacert "/opt/stack/data/ca-bundle.pem" -X POST http://10.222.0.25/compute/v2.1/os-server-external-events -H "Accept: application/json" -H "Content-Type: application/json" -H "User-Agent: python-novaclient" -H "X-Auth-Token: {SHA256}8d557fb315da1bc834b0f4d2e149dcca35e468faeaf232655d53be3a343ea646" -H "X-OpenStack-Nova-API-Version: 2.1" -H "X-OpenStack-Request-ID: req-b16c115f-d49e-4b2f-b9f8-35636da332e6" -d '{"events": [{"name": "network-changed", "server_uuid": "468e13b4-ae10-4525-b73b-50bedc5a899b", "tag": "ab43c9f0-05e0-4cfb-9ca2-4c9978674b9e"}]}' {{(pid=102457) _http_log_request /usr/local/lib/python3.8/dist-packages/keystoneauth1/session.py:519}}
Nov 10 22:35:21.625717 n-d-811521-3 neutron-server[102457]: INFO neutron.wsgi [None req-078a308f-e2bb-42f4-99b2-e2e556fb2be9 admin admin] 10.222.0.25 "GET /v2.0/security-groups?tenant_id=9cc2fc0c3c594ba18d18dec0a3cb0669&name=default HTTP/1.1" status: 200 len: 2996 time: 0.6792772
Nov 10 22:35:21.631637 n-d-811521-3 neutron-server[102458]: DEBUG neutron.wsgi [-] (102458) accepted ('10.222.0.25', 51156) {{(pid=102458) server /usr/local/lib/python3.8/dist-packages/eventlet/wsgi.py:982}}
Nov 10 22:35:21.643131 n-d-811521-3 neutron-server[102459]: DEBUG neutron_lib.callbacks.manager [None req-ecda831e-a8f1-4289-beb8-6a220a64209a None None] Publish callbacks ['neutron.plugins.ml2.plugin.SecurityGroupDbMixin._ensure_default_security_group_handler-16151150'] for port, before_update {{(pid=102459) _notify_loop /usr/local/lib/python3.8/dist-packages/neutron_lib/callbacks/manager.py:175}}
Nov 10 22:35:21.669258 n-d-811521-3 neutron-server[102458]: DEBUG neutron.db.l3_dvrscheduler_db [req-a5d9a791-1716-4d6b-94ef-50061c95593d req-a25bf958-6981-40d1-aa81-879c3711084d tempest-AggregatesAdminTestJSON-672277261 tempest-AggregatesAdminTestJSON-672277261-project] No DVR routers for this DVR port 921be05f-6be5-40a6-91bb-5e4e9685e142 on host n-h2-811521-3 {{(pid=102458) get_dvr_routers_to_remove /opt/stack/neutron/neutron/db/l3_dvrscheduler_db.py:214}}
Nov 10 22:35:21.672661 n-d-811521-3 neutron-server[102458]: DEBUG neutron_lib.callbacks.manager [req-a5d9a791-1716-4d6b-94ef-50061c95593d req-a25bf958-6981-40d1-aa81-879c3711084d tempest-AggregatesAdminTestJSON-672277261 tempest-AggregatesAdminTestJSON-672277261-project] Publish callbacks ['neutron.notifiers.nova.Notifier._send_nova_notification-26753'] for port, before_response {{(pid=102458) _notify_loop /usr/local/lib/python3.8/dist-packages/neutron_lib/callbacks/manager.py:175}}
Nov 10 22:35:21.676620 n-d-811521-3 neutron-server[102458]: INFO neutron.wsgi [req-a5d9a791-1716-4d6b-94ef-50061c95593d req-a25bf958-6981-40d1-aa81-879c3711084d tempest-AggregatesAdminTestJSON-672277261 tempest-AggregatesAdminTestJSON-672277261-project] 10.222.0.39 "DELETE /v2.0/ports/921be05f-6be5-40a6-91bb-5e4e9685e142 HTTP/1.1" status: 204 len: 173 time: 1.1885219
Nov 10 22:35:21.699982 n-d-811521-3 neutron-server[102457]: DEBUG neutron.pecan_wsgi.hooks.policy_enforcement [req-d02be145-8005-42f9-bb6a-f62fdd7efe2e req-f04bc5d8-54b6-406e-9232-a630b726799e service neutron] Attributes excluded by policy engine: ['standard_attr_id'] {{(pid=102457) _exclude_attributes_by_policy /opt/stack/neutron/neutron/pecan_wsgi/hooks/policy_enforcement.py:255}}
Nov 10 22:35:21.701612 n-d-811521-3 neutron-server[102457]: INFO neutron.wsgi [req-d02be145-8005-42f9-bb6a-f62fdd7efe2e req-f04bc5d8-54b6-406e-9232-a630b726799e service neutron] 10.222.0.39 "GET /v2.0/ports?tenant_id=b5040f4c886044e4b202a471657c697c&device_id=468e13b4-ae10-4525-b73b-50bedc5a899b HTTP/1.1" status: 200 len: 1094 time: 0.5323355
Nov 10 22:35:21.705897 n-d-811521-3 neutron-server[102457]: DEBUG neutron.pecan_wsgi.hooks.policy_enforcement [req-d185463a-732c-44f5-a468-3d5ffabca53c req-745dd43e-808e-4552-ac86-b7de41128f8f service neutron] Attributes excluded by policy engine: ['standard_attr_id'] {{(pid=102457) _exclude_attributes_by_policy /opt/stack/neutron/neutron/pecan_wsgi/hooks/policy_enforcement.py:255}}
Nov 10 22:35:21.710494 n-d-811521-3 neutron-server[102457]: INFO neutron.wsgi [req-d185463a-732c-44f5-a468-3d5ffabca53c req-745dd43e-808e-4552-ac86-b7de41128f8f service neutron] 10.222.0.39 "GET /v2.0/ports?tenant_id=54b79783c6e249d1b88b11828845c06e&device_id=82616a26-5e9c-4cd7-9beb-506bda5f1795 HTTP/1.1" status: 200 len: 1099 time: 0.5389459
Nov 10 22:35:21.719260 n-d-811521-3 neutron-server[102459]: DEBUG neutron.plugins.ml2.db [None req-ecda831e-a8f1-4289-beb8-6a220a64209a None None] For port 67edafac-0d33-4b0b-acfd-7d75ff26cbe5, host n-h1-811521-3, got binding levels [PortBindingLevel(driver='hyperv',host='n-h1-811521-3',level=0,port_id=67edafac-0d33-4b0b-acfd-7d75ff26cbe5,segment=NetworkSegment(4304fb7f-cfad-4d19-b138-5e2b80e48d18),segment_id=4304fb7f-cfad-4d19-b138-5e2b80e48d18)] {{(pid=102459) get_binding_level_objs /opt/stack/neutron/neutron/plugins/ml2/db.py:74}}
Nov 10 22:35:21.724080 n-d-811521-3 neutron-server[102459]: DEBUG neutron_lib.callbacks.manager [None req-ecda831e-a8f1-4289-beb8-6a220a64209a None None] Publish callbacks ['neutron.plugins.ml2.plugin.SecurityGroupServerNotifierRpcMixin._notify_sg_on_port_change-16141013', 'neutron.plugins.ml2.ovo_rpc._ObjectChangeHandler.handle_event-190081', 'neutron.api.rpc.agentnotifiers.dhcp_rpc_agent_api.DhcpAgentNotifyAPI._native_event_send_dhcp_notification-1552039', 'neutron.db.l3_db.L3RpcNotifierMixin._notify_gateway_port_ip_changed-8774139376011', 'neutron.db.l3_dvrscheduler_db._notify_l3_agent_port_update-8774138948738', 'neutron.db.l3_hascheduler_db._notify_l3_agent_ha_port_update-8774138948756'] for port, after_update {{(pid=102459) _notify_loop /usr/local/lib/python3.8/dist-packages/neutron_lib/callbacks/manager.py:175}}
Nov 10 22:35:21.732072 n-d-811521-3 neutron-server[102458]: DEBUG neutron.notifiers.nova [-] Sending events: [{'server_uuid': '9744d00d-6c5f-4ddb-b970-53b3dc4bd4ce', 'name': 'network-vif-deleted', 'tag': '921be05f-6be5-40a6-91bb-5e4e9685e142'}] {{(pid=102458) send_events /opt/stack/neutron/neutron/notifiers/nova.py:262}}
Nov 10 22:35:21.733918 n-d-811521-3 neutron-server[102458]: DEBUG novaclient.v2.client [-] REQ: curl -g -i --cacert "/opt/stack/data/ca-bundle.pem" -X POST http://10.222.0.25/compute/v2.1/os-server-external-events -H "Accept: application/json" -H "Content-Type: application/json" -H "User-Agent: python-novaclient" -H "X-Auth-Token: {SHA256}9d9243af63208907a64307f2a2a392526ee6431f2eca5b793e8c8dec67824d61" -H "X-OpenStack-Nova-API-Version: 2.1" -H "X-OpenStack-Request-ID: req-9d5e9f9f-a3e8-4c35-921c-e826bbbef0a7" -d '{"events": [{"server_uuid": "9744d00d-6c5f-4ddb-b970-53b3dc4bd4ce", "name": "network-vif-deleted", "tag": "921be05f-6be5-40a6-91bb-5e4e9685e142"}]}' {{(pid=102458) _http_log_request /usr/local/lib/python3.8/dist-packages/keystoneauth1/session.py:519}}
Nov 10 22:35:21.785318 n-d-811521-3 neutron-server[102459]: DEBUG neutron.api.rpc.handlers.resources_rpc [None req-ecda831e-a8f1-4289-beb8-6a220a64209a None None] Pushing event updated for resources: {'Port': ['ID=67edafac-0d33-4b0b-acfd-7d75ff26cbe5,revision_number=5']} {{(pid=102459) push /opt/stack/neutron/neutron/api/rpc/handlers/resources_rpc.py:237}}
Nov 10 22:35:21.794588 n-d-811521-3 neutron-server[102457]: INFO neutron.wsgi [req-d02be145-8005-42f9-bb6a-f62fdd7efe2e req-e4f49e0d-4e82-45f6-b829-7f2b22229933 service neutron] 10.222.0.39 "GET /v2.0/floatingips?fixed_ip_address=172.20.0.7&port_id=ab43c9f0-05e0-4cfb-9ca2-4c9978674b9e HTTP/1.1" status: 200 len: 217 time: 0.0648994
Nov 10 22:35:21.806248 n-d-811521-3 neutron-server[102458]: DEBUG neutron_lib.callbacks.manager [None req-fa217b88-9d98-4231-b615-ccbb62a9707d admin admin] Publish callbacks [] for security_group, before_delete {{(pid=102458) _notify_loop /usr/local/lib/python3.8/dist-packages/neutron_lib/callbacks/manager.py:175}}
Nov 10 22:35:21.808845 n-d-811521-3 neutron-server[102457]: DEBUG neutron.api.rpc.handlers.resources_rpc [None req-078a308f-e2bb-42f4-99b2-e2e556fb2be9 admin admin] Pushing event updated for resources: {'SecurityGroup': ['ID=6094cf8d-0940-4376-bc80-36e0694fb9d5,revision_number=1']} {{(pid=102457) push /opt/stack/neutron/neutron/api/rpc/handlers/resources_rpc.py:237}}
Nov 10 22:35:21.831028 n-d-811521-3 neutron-server[102458]: DEBUG neutron_lib.callbacks.manager [None req-fa217b88-9d98-4231-b615-ccbb62a9707d admin admin] Publish callbacks [] for security_group, precommit_delete {{(pid=102458) _notify_loop /usr/local/lib/python3.8/dist-packages/neutron_lib/callbacks/manager.py:175}}
Nov 10 22:35:21.884320 n-d-811521-3 neutron-server[102458]: DEBUG neutron.wsgi [-] (102458) accepted ('10.222.0.25', 51164) {{(pid=102458) server /usr/local/lib/python3.8/dist-packages/eventlet/wsgi.py:982}}
Nov 10 22:35:21.894611 n-d-811521-3 neutron-server[102458]: DEBUG neutron.pecan_wsgi.hooks.policy_enforcement [req-19eef642-9f4b-491a-bfa7-15931e36c7ee req-8e89972b-ef64-42d4-91ad-c73edc82c145 tempest-MigrationsAdminTest-249400175 tempest-MigrationsAdminTest-249400175-project] Attributes excluded by policy engine: ['standard_attr_id', 'binding:profile', 'binding:host_id', 'binding:vif_type', 'binding:vif_details'] {{(pid=102458) _exclude_attributes_by_policy /opt/stack/neutron/neutron/pecan_wsgi/hooks/policy_enforcement.py:255}}
Nov 10 22:35:21.896479 n-d-811521-3 neutron-server[102458]: INFO neutron.wsgi [req-19eef642-9f4b-491a-bfa7-15931e36c7ee req-8e89972b-ef64-42d4-91ad-c73edc82c145 tempest-MigrationsAdminTest-249400175 tempest-MigrationsAdminTest-249400175-project] 10.222.0.25 "GET /v2.0/ports?device_id=6fee83cf-d8a9-4d87-89b7-bc6e6e762adb HTTP/1.1" status: 200 len: 949 time: 0.2635841
