Nov 10 22:35:37.093791 n-d-811521-3 neutron-server[102457]: DEBUG neutron_lib.callbacks.manager [None req-011f256f-da3b-4424-a3a3-60040cdd3c92 tempest-ServersWithSpecificFlavorTestJSON-1044820400 tempest-ServersWithSpecificFlavorTestJSON-1044820400-project] Publish callbacks [] for floatingip, precommit_update {{(pid=102457) _notify_loop /usr/local/lib/python3.8/dist-packages/neutron_lib/callbacks/manager.py:175}}
Nov 10 22:35:37.098176 n-d-811521-3 neutron-server[102457]: DEBUG neutron_lib.callbacks.manager [None req-011f256f-da3b-4424-a3a3-60040cdd3c92 tempest-ServersWithSpecificFlavorTestJSON-1044820400 tempest-ServersWithSpecificFlavorTestJSON-1044820400-project] Publish callbacks ['neutron.services.l3_router.l3_router_plugin.DVRResourceOperationHandler._create_dvr_floating_gw_port-1704422'] for floatingip, after_update {{(pid=102457) _notify_loop /usr/local/lib/python3.8/dist-packages/neutron_lib/callbacks/manager.py:175}}
Nov 10 22:35:37.117180 n-d-811521-3 neutron-server[102458]: INFO neutron.wsgi [req-7211fccf-1caa-4e95-97ac-06824d116c7b req-711cd899-5205-4c5d-9218-6e7d9353033f tempest-SecurityGroupRulesNegativeTestJSON-1656447832 tempest-SecurityGroupRulesNegativeTestJSON-1656447832-project] 10.222.0.25 "GET /v2.0/security-groups/752ea70d-b89d-42c7-a1e3-9fd79755dc6a HTTP/1.1" status: 200 len: 2422 time: 0.2939196
Nov 10 22:35:37.151851 n-d-811521-3 neutron-server[102459]: DEBUG neutron.db.provisioning_blocks [None req-10ef27b2-ef5d-4243-81b4-6aeac104a31f None None] Provisioning complete for port 4788b5c1-d01d-49d1-bc3a-25d42908ec43 triggered by entity DHCP. {{(pid=102459) provisioning_complete /opt/stack/neutron/neutron/db/provisioning_blocks.py:139}}
Nov 10 22:35:37.152282 n-d-811521-3 neutron-server[102459]: DEBUG neutron_lib.callbacks.manager [None req-10ef27b2-ef5d-4243-81b4-6aeac104a31f None None] Publish callbacks ['neutron.plugins.ml2.plugin.Ml2Plugin._port_provisioned-16123174'] for port, provisioning_complete {{(pid=102459) _notify_loop /usr/local/lib/python3.8/dist-packages/neutron_lib/callbacks/manager.py:175}}
Nov 10 22:35:37.161654 n-d-811521-3 neutron-server[102458]: INFO neutron.wsgi [req-b63323a4-9f3f-4458-a3b5-54cf5049d74b req-d6467489-65b0-4112-845d-dfb0d1e95e7f service neutron] 10.222.0.20 "GET /v2.0/networks/d273266e-9cef-463f-b285-ab354ee987ee?fields=provider%3Aphysical_network&fields=provider%3Anetwork_type HTTP/1.1" status: 200 len: 281 time: 0.4078035
Nov 10 22:35:37.205236 n-d-811521-3 neutron-server[102459]: DEBUG neutron.plugins.ml2.plugin [None req-10ef27b2-ef5d-4243-81b4-6aeac104a31f None None] Port 4788b5c1-d01d-49d1-bc3a-25d42908ec43 cannot update to ACTIVE because it is not bound. {{(pid=102459) _port_provisioned /opt/stack/neutron/neutron/plugins/ml2/plugin.py:342}}
Nov 10 22:35:37.207369 n-d-811521-3 neutron-server[102459]: DEBUG neutron.db.provisioning_blocks [None req-f791eb24-0b88-4a1f-8851-c60be8669874 None None] Provisioning complete for port 3146c5de-6ca8-41c6-846b-c5433a130cd8 triggered by entity L2. {{(pid=102459) provisioning_complete /opt/stack/neutron/neutron/db/provisioning_blocks.py:139}}
Nov 10 22:35:37.207890 n-d-811521-3 neutron-server[102459]: DEBUG neutron_lib.callbacks.manager [None req-f791eb24-0b88-4a1f-8851-c60be8669874 None None] Publish callbacks ['neutron.plugins.ml2.plugin.Ml2Plugin._port_provisioned-16123174'] for port, provisioning_complete {{(pid=102459) _notify_loop /usr/local/lib/python3.8/dist-packages/neutron_lib/callbacks/manager.py:175}}
Nov 10 22:35:37.280338 n-d-811521-3 neutron-server[102458]: DEBUG neutron_lib.callbacks.manager [req-10f50206-3919-4180-a11f-11056124fe1f req-d5d00ce0-7bad-4370-8f28-310f36aba804 tempest-ServersAdminTestJSON-1792078149 tempest-ServersAdminTestJSON-1792078149-project] Publish callbacks [] for port, precommit_create {{(pid=102458) _notify_loop /usr/local/lib/python3.8/dist-packages/neutron_lib/callbacks/manager.py:175}}
Nov 10 22:35:37.325597 n-d-811521-3 neutron-server[102458]: INFO neutron.wsgi [req-f01c9fa2-2c42-4b98-8bba-d75def0c18a0 req-2cf59e28-43b9-4a63-978a-a331c5bc1462 tempest-SecurityGroupRulesNegativeTestJSON-1656447832 tempest-SecurityGroupRulesNegativeTestJSON-1656447832-project] 10.222.0.25 "GET /v2.0/security-group-rules/af2ed6f0-7da2-4449-bba0-55ef71cfbc95 HTTP/1.1" status: 200 len: 778 time: 0.1466670
Nov 10 22:35:37.338291 n-d-811521-3 neutron-server[102457]: INFO neutron.db.l3_db [None req-011f256f-da3b-4424-a3a3-60040cdd3c92 tempest-ServersWithSpecificFlavorTestJSON-1044820400 tempest-ServersWithSpecificFlavorTestJSON-1044820400-project] Floating IP 91791c26-63aa-4537-b532-64e739ad7400 associated. External IP: 172.25.0.244, port: ab43c9f0-05e0-4cfb-9ca2-4c9978674b9e.
Nov 10 22:35:37.350043 n-d-811521-3 neutron-server[102459]: DEBUG neutron_lib.callbacks.manager [None req-f791eb24-0b88-4a1f-8851-c60be8669874 None None] Publish callbacks ['neutron.plugins.ml2.plugin.SecurityGroupDbMixin._ensure_default_security_group_handler-16151150'] for port, before_update {{(pid=102459) _notify_loop /usr/local/lib/python3.8/dist-packages/neutron_lib/callbacks/manager.py:175}}
Nov 10 22:35:37.359448 n-d-811521-3 neutron-server[102458]: DEBUG neutron_lib.callbacks.manager [req-10f50206-3919-4180-a11f-11056124fe1f req-d5d00ce0-7bad-4370-8f28-310f36aba804 tempest-ServersAdminTestJSON-1792078149 tempest-ServersAdminTestJSON-1792078149-project] Publish callbacks ['neutron.plugins.ml2.plugin.SecurityGroupServerNotifierRpcMixin._notify_sg_on_port_change-16141013', 'neutron.plugins.ml2.ovo_rpc._ObjectChangeHandler.handle_event-190081', 'neutron.api.rpc.agentnotifiers.dhcp_rpc_agent_api.DhcpAgentNotifyAPI._native_event_send_dhcp_notification-1552039', 'neutron.db.l3_dvrscheduler_db._notify_l3_agent_new_port-8774138948720'] for port, after_create {{(pid=102458) _notify_loop /usr/local/lib/python3.8/dist-packages/neutron_lib/callbacks/manager.py:175}}
Nov 10 22:35:37.362542 n-d-811521-3 neutron-server[102458]: DEBUG neutron_lib.callbacks.manager [None req-de4d475b-c7ca-4a7a-8526-07ac499fdc61 admin admin] Publish callbacks ['neutron.plugins.ml2.plugin.SecurityGroupDbMixin._ensure_default_security_group_handler-16151150'] for port, before_update {{(pid=102458) _notify_loop /usr/local/lib/python3.8/dist-packages/neutron_lib/callbacks/manager.py:175}}
Nov 10 22:35:37.376283 n-d-811521-3 neutron-server[102459]: DEBUG neutron.plugins.ml2.db [None req-f791eb24-0b88-4a1f-8851-c60be8669874 None None] For port 3146c5de-6ca8-41c6-846b-c5433a130cd8, host n-d-811521-3, got binding levels [PortBindingLevel(driver='openvswitch',host='n-d-811521-3',level=0,port_id=3146c5de-6ca8-41c6-846b-c5433a130cd8,segment=NetworkSegment(8d8568e9-7421-483f-8359-a6c5231b6099),segment_id=8d8568e9-7421-483f-8359-a6c5231b6099)] {{(pid=102459) get_binding_level_objs /opt/stack/neutron/neutron/plugins/ml2/db.py:74}}
Nov 10 22:35:37.386350 n-d-811521-3 neutron-server[102459]: DEBUG neutron.plugins.ml2.db [None req-d97e519d-fd5d-4169-a5c1-6642ac0da1eb None None] get_ports_and_sgs() called for port_ids ['236a9d5c-4f39-4238-bb6e-98c748ed8e9b'] {{(pid=102459) get_ports_and_sgs /opt/stack/neutron/neutron/plugins/ml2/db.py:156}}
Nov 10 22:35:37.454670 n-d-811521-3 neutron-server[102459]: DEBUG neutron.plugins.ml2.db [None req-ecda831e-a8f1-4289-beb8-6a220a64209a None None] get_ports_and_sgs() called for port_ids ['67edafac-0d33-4b0b-acfd-7d75ff26cbe5'] {{(pid=102459) get_ports_and_sgs /opt/stack/neutron/neutron/plugins/ml2/db.py:156}}
Nov 10 22:35:37.523536 n-d-811521-3 neutron-server[102459]: DEBUG neutron_lib.callbacks.manager [None req-f791eb24-0b88-4a1f-8851-c60be8669874 None None] Publish callbacks ['neutron.plugins.ml2.plugin.SecurityGroupServerNotifierRpcMixin._notify_sg_on_port_change-16141013', 'neutron.plugins.ml2.ovo_rpc._ObjectChangeHandler.handle_event-190081', 'neutron.api.rpc.agentnotifiers.dhcp_rpc_agent_api.DhcpAgentNotifyAPI._native_event_send_dhcp_notification-1552039', 'neutron.db.l3_db.L3RpcNotifierMixin._notify_gateway_port_ip_changed-8774139376011', 'neutron.db.l3_dvrscheduler_db._notify_l3_agent_port_update-8774138948738', 'neutron.db.l3_hascheduler_db._notify_l3_agent_ha_port_update-8774138948756'] for port, after_update {{(pid=102459) _notify_loop /usr/local/lib/python3.8/dist-packages/neutron_lib/callbacks/manager.py:175}}
Nov 10 22:35:37.529776 n-d-811521-3 neutron-server[102459]: DEBUG neutron.plugins.ml2.rpc [None req-ecda831e-a8f1-4289-beb8-6a220a64209a None None] Device f2b5813d-c30c-4cdf-81da-d4fa92b3c79e details requested by agent hyperv_n-h1-811521-3 with host n-h1-811521-3 {{(pid=102459) get_device_details /opt/stack/neutron/neutron/plugins/ml2/rpc.py:102}}
Nov 10 22:35:37.555088 n-d-811521-3 neutron-server[102457]: DEBUG neutron.pecan_wsgi.hooks.policy_enforcement [req-0952d2c0-ed37-4710-8ca2-11737356829a req-e8452425-ec23-4f7b-961e-60eaafeca607 tempest-MigrationsAdminTest-249400175 tempest-MigrationsAdminTest-249400175-project] Attributes excluded by policy engine: ['standard_attr_id', 'binding:profile', 'binding:host_id', 'binding:vif_type', 'binding:vif_details'] {{(pid=102457) _exclude_attributes_by_policy /opt/stack/neutron/neutron/pecan_wsgi/hooks/policy_enforcement.py:255}}
Nov 10 22:35:37.564667 n-d-811521-3 neutron-server[102457]: INFO neutron.wsgi [req-0952d2c0-ed37-4710-8ca2-11737356829a req-e8452425-ec23-4f7b-961e-60eaafeca607 tempest-MigrationsAdminTest-249400175 tempest-MigrationsAdminTest-249400175-project] 10.222.0.25 "GET /v2.0/ports?device_id=6fee83cf-d8a9-4d87-89b7-bc6e6e762adb HTTP/1.1" status: 200 len: 949 time: 0.1565030
Nov 10 22:35:37.691509 n-d-811521-3 neutron-server[102457]: INFO neutron.wsgi [req-0952d2c0-ed37-4710-8ca2-11737356829a req-8716bc06-20c8-46c8-beb7-6ae0b5a5529c tempest-MigrationsAdminTest-249400175 tempest-MigrationsAdminTest-249400175-project] 10.222.0.25 "GET /v2.0/security-groups?id=57fb93d7-6b8f-47e3-8f24-0b8787e3cf05&fields=id&fields=name HTTP/1.1" status: 200 len: 286 time: 0.1225321
Nov 10 22:35:37.753841 n-d-811521-3 neutron-server[102459]: DEBUG neutron.api.rpc.handlers.resources_rpc [None req-f791eb24-0b88-4a1f-8851-c60be8669874 None None] Pushing event updated for resources: {'Port': ['ID=3146c5de-6ca8-41c6-846b-c5433a130cd8,revision_number=4']} {{(pid=102459) push /opt/stack/neutron/neutron/api/rpc/handlers/resources_rpc.py:237}}
Nov 10 22:35:37.800215 n-d-811521-3 neutron-server[102458]: INFO neutron.wsgi [req-f01c9fa2-2c42-4b98-8bba-d75def0c18a0 req-d4180d1b-c554-448d-a8bf-a6356a3bd380 tempest-SecurityGroupRulesNegativeTestJSON-1656447832 tempest-SecurityGroupRulesNegativeTestJSON-1656447832-project] 10.222.0.25 "GET /v2.0/security-groups/752ea70d-b89d-42c7-a1e3-9fd79755dc6a HTTP/1.1" status: 200 len: 2422 time: 0.4373341
Nov 10 22:35:37.804804 n-d-811521-3 neutron-server[102458]: DEBUG neutron.scheduler.dhcp_agent_scheduler [req-10f50206-3919-4180-a11f-11056124fe1f req-d5d00ce0-7bad-4370-8f28-310f36aba804 tempest-ServersAdminTestJSON-1792078149 tempest-ServersAdminTestJSON-1792078149-project] Network d273266e-9cef-463f-b285-ab354ee987ee is already hosted by enough agents. {{(pid=102458) _get_dhcp_agents_hosting_network /opt/stack/neutron/neutron/scheduler/dhcp_agent_scheduler.py:275}}
Nov 10 22:35:37.805806 n-d-811521-3 neutron-server[102458]: DEBUG neutron.api.rpc.handlers.resources_rpc [None req-d5d00ce0-7bad-4370-8f28-310f36aba804 tempest-ServersAdminTestJSON-1792078149 tempest-ServersAdminTestJSON-1792078149-project] Pushing event updated for resources: {'Port': ['ID=3849f2cd-84f9-4277-a711-eea1905ebdf8,revision_number=1']} {{(pid=102458) push /opt/stack/neutron/neutron/api/rpc/handlers/resources_rpc.py:237}}
Nov 10 22:35:37.814271 n-d-811521-3 neutron-server[102458]: DEBUG neutron.scheduler.base_scheduler [req-10f50206-3919-4180-a11f-11056124fe1f req-d5d00ce0-7bad-4370-8f28-310f36aba804 tempest-ServersAdminTestJSON-1792078149 tempest-ServersAdminTestJSON-1792078149-project] Resources bound (agent type, host, resource id): {{(pid=102458) schedule /opt/stack/neutron/neutron/scheduler/base_scheduler.py:57}}
Nov 10 22:35:37.818379 n-d-811521-3 neutron-server[102458]: DEBUG neutron.db.l3_dvrscheduler_db [req-10f50206-3919-4180-a11f-11056124fe1f req-d5d00ce0-7bad-4370-8f28-310f36aba804 tempest-ServersAdminTestJSON-1792078149 tempest-ServersAdminTestJSON-1792078149-project] Received port after_create {{(pid=102458) _notify_l3_agent_new_port /opt/stack/neutron/neutron/db/l3_dvrscheduler_db.py:535}}
Nov 10 22:35:37.844200 n-d-811521-3 neutron-server[102458]: DEBUG neutron.pecan_wsgi.hooks.policy_enforcement [req-10f50206-3919-4180-a11f-11056124fe1f req-d5d00ce0-7bad-4370-8f28-310f36aba804 tempest-ServersAdminTestJSON-1792078149 tempest-ServersAdminTestJSON-1792078149-project] Attributes excluded by policy engine: ['standard_attr_id', 'binding:profile', 'binding:host_id', 'binding:vif_type', 'binding:vif_details', 'network'] {{(pid=102458) _exclude_attributes_by_policy /opt/stack/neutron/neutron/pecan_wsgi/hooks/policy_enforcement.py:255}}
Nov 10 22:35:37.844874 n-d-811521-3 neutron-server[102458]: DEBUG neutron_lib.callbacks.manager [req-10f50206-3919-4180-a11f-11056124fe1f req-d5d00ce0-7bad-4370-8f28-310f36aba804 tempest-ServersAdminTestJSON-1792078149 tempest-ServersAdminTestJSON-1792078149-project] Publish callbacks ['neutron.notifiers.nova.Notifier._send_nova_notification-26753'] for port, before_response {{(pid=102458) _notify_loop /usr/local/lib/python3.8/dist-packages/neutron_lib/callbacks/manager.py:175}}
Nov 10 22:35:37.882319 n-d-811521-3 neutron-server[102459]: DEBUG neutron.plugins.ml2.db [None req-ecda831e-a8f1-4289-beb8-6a220a64209a None None] For port f2b5813d-c30c-4cdf-81da-d4fa92b3c79e, host n-h1-811521-3, got binding levels [PortBindingLevel(driver='hyperv',host='n-h1-811521-3',level=0,port_id=f2b5813d-c30c-4cdf-81da-d4fa92b3c79e,segment=NetworkSegment(4304fb7f-cfad-4d19-b138-5e2b80e48d18),segment_id=4304fb7f-cfad-4d19-b138-5e2b80e48d18)] {{(pid=102459) get_binding_level_objs /opt/stack/neutron/neutron/plugins/ml2/db.py:74}}
Nov 10 22:35:37.887475 n-d-811521-3 neutron-server[102457]: DEBUG neutron.scheduler.l3_agent_scheduler [None req-011f256f-da3b-4424-a3a3-60040cdd3c92 tempest-ServersWithSpecificFlavorTestJSON-1044820400 tempest-ServersWithSpecificFlavorTestJSON-1044820400-project] Router 808a0b3c-53d2-4f60-acbe-1681c096b9fc has already been hosted by L3 agent f5cb45bf-3a50-4b00-a884-dda85b7c0053 {{(pid=102457) _get_candidates /opt/stack/neutron/neutron/scheduler/l3_agent_scheduler.py:126}}
Nov 10 22:35:37.918798 n-d-811521-3 neutron-server[102459]: DEBUG neutron.plugins.ml2.rpc [None req-ecda831e-a8f1-4289-beb8-6a220a64209a None None] Returning: {'device': 'f2b5813d-c30c-4cdf-81da-d4fa92b3c79e', 'network_id': 'd273266e-9cef-463f-b285-ab354ee987ee', 'port_id': 'f2b5813d-c30c-4cdf-81da-d4fa92b3c79e', 'mac_address': 'fa:16:3e:e2:7e:af', 'admin_state_up': True, 'network_type': 'vlan', 'segmentation_id': 96, 'physical_network': 'physnet1', 'mtu': 1500, 'fixed_ips': [{'subnet_id': 'e9362762-cc66-4f37-a25f-354537b89f43', 'ip_address': '192.168.233.99'}], 'device_owner': 'compute:nova', 'allowed_address_pairs': [], 'port_security_enabled': True, 'qos_policy_id': None, 'network_qos_policy_id': None, 'profile': {}, 'propagate_uplink_status': False} {{(pid=102459) _get_device_details /opt/stack/neutron/neutron/plugins/ml2/rpc.py:184}}
Nov 10 22:35:37.941695 n-d-811521-3 neutron-server[102458]: INFO neutron.wsgi [req-10f50206-3919-4180-a11f-11056124fe1f req-d5d00ce0-7bad-4370-8f28-310f36aba804 tempest-ServersAdminTestJSON-1792078149 tempest-ServersAdminTestJSON-1792078149-project] 10.222.0.20 "POST /v2.0/ports HTTP/1.1" status: 201 len: 937 time: 2.2823839
Nov 10 22:35:37.953972 n-d-811521-3 neutron-server[102458]: DEBUG neutron.api.v2.base [req-10f50206-3919-4180-a11f-11056124fe1f req-3e2237be-1117-4fc1-ae6b-26c3e17952c4 service neutron] Request body: {'port': {'device_id': '47329a28-82b1-43de-a479-eadd4df264a0', 'device_owner': 'compute:nova', 'binding:host_id': 'n-h1-811521-3'}} {{(pid=102458) prepare_request_body /opt/stack/neutron/neutron/api/v2/base.py:729}}
Nov 10 22:35:37.982169 n-d-811521-3 neutron-server[102458]: DEBUG neutron_lib.callbacks.manager [req-f01c9fa2-2c42-4b98-8bba-d75def0c18a0 req-0f9a0d1c-d808-4714-90f0-bad83a26db02 tempest-SecurityGroupRulesNegativeTestJSON-1656447832 tempest-SecurityGroupRulesNegativeTestJSON-1656447832-project] Publish callbacks [] for security_group_rule, before_delete {{(pid=102458) _notify_loop /usr/local/lib/python3.8/dist-packages/neutron_lib/callbacks/manager.py:175}}
Nov 10 22:35:38.000788 n-d-811521-3 neutron-server[102458]: DEBUG neutron_lib.callbacks.manager [req-f01c9fa2-2c42-4b98-8bba-d75def0c18a0 req-0f9a0d1c-d808-4714-90f0-bad83a26db02 tempest-SecurityGroupRulesNegativeTestJSON-1656447832 tempest-SecurityGroupRulesNegativeTestJSON-1656447832-project] Publish callbacks [] for security_group_rule, precommit_delete {{(pid=102458) _notify_loop /usr/local/lib/python3.8/dist-packages/neutron_lib/callbacks/manager.py:175}}
Nov 10 22:35:38.001100 n-d-811521-3 neutron-server[102459]: DEBUG neutron_lib.callbacks.manager [None req-ecda831e-a8f1-4289-beb8-6a220a64209a None None] Publish callbacks ['neutron.plugins.ml2.plugin.SecurityGroupDbMixin._ensure_default_security_group_handler-16151150'] for port, before_update {{(pid=102459) _notify_loop /usr/local/lib/python3.8/dist-packages/neutron_lib/callbacks/manager.py:175}}
Nov 10 22:35:38.026498 n-d-811521-3 neutron-server[102459]: DEBUG neutron.notifiers.nova [None req-ecda831e-a8f1-4289-beb8-6a220a64209a None None] Ignoring state change previous_port_status: DOWN current_port_status: BUILD port_id f2b5813d-c30c-4cdf-81da-d4fa92b3c79e {{(pid=102459) record_port_status_changed /opt/stack/neutron/neutron/notifiers/nova.py:224}}
Nov 10 22:35:38.053069 n-d-811521-3 neutron-server[102459]: DEBUG neutron.plugins.ml2.db [None req-ecda831e-a8f1-4289-beb8-6a220a64209a None None] For port f2b5813d-c30c-4cdf-81da-d4fa92b3c79e, host n-h1-811521-3, got binding levels [PortBindingLevel(driver='hyperv',host='n-h1-811521-3',level=0,port_id=f2b5813d-c30c-4cdf-81da-d4fa92b3c79e,segment=NetworkSegment(4304fb7f-cfad-4d19-b138-5e2b80e48d18),segment_id=4304fb7f-cfad-4d19-b138-5e2b80e48d18)] {{(pid=102459) get_binding_level_objs /opt/stack/neutron/neutron/plugins/ml2/db.py:74}}
Nov 10 22:35:38.074698 n-d-811521-3 neutron-server[102459]: DEBUG neutron_lib.callbacks.manager [None req-ecda831e-a8f1-4289-beb8-6a220a64209a None None] Publish callbacks ['neutron.plugins.ml2.plugin.SecurityGroupServerNotifierRpcMixin._notify_sg_on_port_change-16141013', 'neutron.plugins.ml2.ovo_rpc._ObjectChangeHandler.handle_event-190081', 'neutron.api.rpc.agentnotifiers.dhcp_rpc_agent_api.DhcpAgentNotifyAPI._native_event_send_dhcp_notification-1552039', 'neutron.db.l3_db.L3RpcNotifierMixin._notify_gateway_port_ip_changed-8774139376011', 'neutron.db.l3_dvrscheduler_db._notify_l3_agent_port_update-8774138948738', 'neutron.db.l3_hascheduler_db._notify_l3_agent_ha_port_update-8774138948756'] for port, after_update {{(pid=102459) _notify_loop /usr/local/lib/python3.8/dist-packages/neutron_lib/callbacks/manager.py:175}}
Nov 10 22:35:38.129429 n-d-811521-3 neutron-server[102457]: DEBUG neutron.pecan_wsgi.hooks.policy_enforcement [req-43f36cdd-9b6d-4f38-bafd-cc753a4c8f58 req-7db394f7-a0c8-430c-bd68-3f65d5d6eafb tempest-ServersAdminTestJSON-1792078149 tempest-ServersAdminTestJSON-1792078149-project] Attributes excluded by policy engine: ['standard_attr_id', 'binding:profile', 'binding:host_id', 'binding:vif_type', 'binding:vif_details'] {{(pid=102457) _exclude_attributes_by_policy /opt/stack/neutron/neutron/pecan_wsgi/hooks/policy_enforcement.py:255}}
Nov 10 22:35:38.131146 n-d-811521-3 neutron-server[102457]: INFO neutron.wsgi [req-43f36cdd-9b6d-4f38-bafd-cc753a4c8f58 req-7db394f7-a0c8-430c-bd68-3f65d5d6eafb tempest-ServersAdminTestJSON-1792078149 tempest-ServersAdminTestJSON-1792078149-project] 10.222.0.25 "GET /v2.0/ports?device_id=47329a28-82b1-43de-a479-eadd4df264a0 HTTP/1.1" status: 200 len: 935 time: 0.2373266
Nov 10 22:35:38.142378 n-d-811521-3 neutron-server[102458]: DEBUG neutron_lib.callbacks.manager [req-10f50206-3919-4180-a11f-11056124fe1f req-3e2237be-1117-4fc1-ae6b-26c3e17952c4 service neutron] Publish callbacks ['neutron.plugins.ml2.plugin.SecurityGroupDbMixin._ensure_default_security_group_handler-16151150'] for port, before_update {{(pid=102458) _notify_loop /usr/local/lib/python3.8/dist-packages/neutron_lib/callbacks/manager.py:175}}
Nov 10 22:35:38.149236 n-d-811521-3 neutron-server[102457]: DEBUG neutron.api.rpc.agentnotifiers.l3_rpc_agent_api [None req-011f256f-da3b-4424-a3a3-60040cdd3c92 tempest-ServersWithSpecificFlavorTestJSON-1044820400 tempest-ServersWithSpecificFlavorTestJSON-1044820400-project] Notify agent at l3_agent.n-d-811521-3 the message routers_updated {{(pid=102457) _agent_notification /opt/stack/neutron/neutron/api/rpc/agentnotifiers/l3_rpc_agent_api.py:65}}
Nov 10 22:35:38.155060 n-d-811521-3 neutron-server[102457]: DEBUG neutron_lib.callbacks.manager [None req-011f256f-da3b-4424-a3a3-60040cdd3c92 tempest-ServersWithSpecificFlavorTestJSON-1044820400 tempest-ServersWithSpecificFlavorTestJSON-1044820400-project] Publish callbacks ['neutron.notifiers.nova.Notifier._send_nova_notification-26753'] for floatingip, before_response {{(pid=102457) _notify_loop /usr/local/lib/python3.8/dist-packages/neutron_lib/callbacks/manager.py:175}}
Nov 10 22:35:38.156361 n-d-811521-3 neutron-server[102458]: DEBUG neutron_lib.callbacks.manager [req-f01c9fa2-2c42-4b98-8bba-d75def0c18a0 req-0f9a0d1c-d808-4714-90f0-bad83a26db02 tempest-SecurityGroupRulesNegativeTestJSON-1656447832 tempest-SecurityGroupRulesNegativeTestJSON-1656447832-project] Publish callbacks ['neutron.plugins.ml2.ovo_rpc._ObjectChangeHandler.handle_event-1585544'] for security_group_rule, after_delete {{(pid=102458) _notify_loop /usr/local/lib/python3.8/dist-packages/neutron_lib/callbacks/manager.py:175}}
Nov 10 22:35:38.167162 n-d-811521-3 neutron-server[102459]: DEBUG neutron.api.rpc.handlers.l3_rpc [None req-08469683-5c88-49f8-860f-014237e0fc3a None None] Sync routers for ids ['808a0b3c-53d2-4f60-acbe-1681c096b9fc'] in n-d-811521-3 {{(pid=102459) sync_routers /opt/stack/neutron/neutron/api/rpc/handlers/l3_rpc.py:125}}
Nov 10 22:35:38.169743 n-d-811521-3 neutron-server[102458]: DEBUG neutron_lib.callbacks.manager [req-f01c9fa2-2c42-4b98-8bba-d75def0c18a0 req-0f9a0d1c-d808-4714-90f0-bad83a26db02 tempest-SecurityGroupRulesNegativeTestJSON-1656447832 tempest-SecurityGroupRulesNegativeTestJSON-1656447832-project] Publish callbacks [] for security_group_rule, before_response {{(pid=102458) _notify_loop /usr/local/lib/python3.8/dist-packages/neutron_lib/callbacks/manager.py:175}}
Nov 10 22:35:38.170837 n-d-811521-3 neutron-server[102458]: INFO neutron.wsgi [req-f01c9fa2-2c42-4b98-8bba-d75def0c18a0 req-0f9a0d1c-d808-4714-90f0-bad83a26db02 tempest-SecurityGroupRulesNegativeTestJSON-1656447832 tempest-SecurityGroupRulesNegativeTestJSON-1656447832-project] 10.222.0.25 "DELETE /v2.0/security-group-rules/af2ed6f0-7da2-4449-bba0-55ef71cfbc95 HTTP/1.1" status: 204 len: 173 time: 0.3622313
Nov 10 22:35:38.196470 n-d-811521-3 neutron-server[102459]: DEBUG neutron.db.l3_dvrscheduler_db [None req-08469683-5c88-49f8-860f-014237e0fc3a None None] Routers {'808a0b3c-53d2-4f60-acbe-1681c096b9fc'} bound to L3 agent in host n-d-811521-3 {{(pid=102459) _get_router_ids_for_agent /opt/stack/neutron/neutron/db/l3_dvrscheduler_db.py:420}}
Nov 10 22:35:38.197523 n-d-811521-3 neutron-server[102459]: DEBUG neutron.db.l3_hamode_db [None req-08469683-5c88-49f8-860f-014237e0fc3a None None] neutron.services.l3_router.l3_router_plugin.L3RouterPlugin method get_ha_sync_data_for_host called with arguments (, 'n-d-811521-3', Agent(admin_state_up=True,agent_type='L3 agent',availability_zone='nova',binary='neutron-l3-agent',configurations={"agent_mode": "legacy", "ex_gw_ports": 3, "extensions": [], "floating_ips": 0, "handle_internal_only_routers": true, "interface_driver": "openvswitch", "interfaces": 3, "log_agent_heartbeats": false, "routers": 3},created_at=2021-11-10T22:24:27Z,description=,heartbeat_timestamp=2021-11-10T22:35:28Z,host='n-d-811521-3',id=f5cb45bf-3a50-4b00-a884-dda85b7c0053,load=0,resource_versions=,resources_synced=,started_at=2021-11-10T22:24:27Z,topic='l3_agent')) {'router_ids': ['808a0b3c-53d2-4f60-acbe-1681c096b9fc'], 'active': True} {{(pid=102459) wrapper /usr/local/lib/python3.8/dist-packages/oslo_log/helpers.py:65}}
Nov 10 22:35:38.200548 n-d-811521-3 neutron-server[102459]: DEBUG neutron.api.rpc.handlers.resources_rpc [None req-ecda831e-a8f1-4289-beb8-6a220a64209a None None] Pushing event updated for resources: {'Port': ['ID=f2b5813d-c30c-4cdf-81da-d4fa92b3c79e,revision_number=4']} {{(pid=102459) push /opt/stack/neutron/neutron/api/rpc/handlers/resources_rpc.py:237}}
Nov 10 22:35:38.223661 n-d-811521-3 neutron-server[102458]: DEBUG neutron.api.rpc.handlers.resources_rpc [None req-0f9a0d1c-d808-4714-90f0-bad83a26db02 tempest-SecurityGroupRulesNegativeTestJSON-1656447832 tempest-SecurityGroupRulesNegativeTestJSON-1656447832-project] Pushing event deleted for resources: {'SecurityGroupRule': ['ID=af2ed6f0-7da2-4449-bba0-55ef71cfbc95,revision_number=None']} {{(pid=102458) push /opt/stack/neutron/neutron/api/rpc/handlers/resources_rpc.py:237}}
Nov 10 22:35:38.237474 n-d-811521-3 neutron-server[102457]: INFO neutron.wsgi [None req-011f256f-da3b-4424-a3a3-60040cdd3c92 tempest-ServersWithSpecificFlavorTestJSON-1044820400 tempest-ServersWithSpecificFlavorTestJSON-1044820400-project] 10.222.0.25 "PUT /v2.0/floatingips/91791c26-63aa-4537-b532-64e739ad7400 HTTP/1.1" status: 200 len: 991 time: 2.6426644
Nov 10 22:35:38.239164 n-d-811521-3 neutron-server[102457]: DEBUG neutron.notifiers.nova [-] Sending events: [{'name': 'network-changed', 'server_uuid': '468e13b4-ae10-4525-b73b-50bedc5a899b', 'tag': 'ab43c9f0-05e0-4cfb-9ca2-4c9978674b9e'}] {{(pid=102457) send_events /opt/stack/neutron/neutron/notifiers/nova.py:262}}
Nov 10 22:35:38.241493 n-d-811521-3 neutron-server[102457]: DEBUG novaclient.v2.client [-] REQ: curl -g -i --cacert "/opt/stack/data/ca-bundle.pem" -X POST http://10.222.0.25/compute/v2.1/os-server-external-events -H "Accept: application/json" -H "Content-Type: application/json" -H "User-Agent: python-novaclient" -H "X-Auth-Token: {SHA256}8d557fb315da1bc834b0f4d2e149dcca35e468faeaf232655d53be3a343ea646" -H "X-OpenStack-Nova-API-Version: 2.1" -H "X-OpenStack-Request-ID: req-7ef9322a-8f00-464d-b139-b9462775f3dd" -d '{"events": [{"name": "network-changed", "server_uuid": "468e13b4-ae10-4525-b73b-50bedc5a899b", "tag": "ab43c9f0-05e0-4cfb-9ca2-4c9978674b9e"}]}' {{(pid=102457) _http_log_request /usr/local/lib/python3.8/dist-packages/keystoneauth1/session.py:519}}
Nov 10 22:35:38.321803 n-d-811521-3 neutron-server[102458]: DEBUG neutron_lib.callbacks.manager [None req-de4d475b-c7ca-4a7a-8526-07ac499fdc61 admin admin] Publish callbacks [] for port, precommit_update {{(pid=102458) _notify_loop /usr/local/lib/python3.8/dist-packages/neutron_lib/callbacks/manager.py:175}}
Nov 10 22:35:38.336903 n-d-811521-3 neutron-server[102458]: DEBUG neutron_lib.callbacks.manager [None req-de4d475b-c7ca-4a7a-8526-07ac499fdc61 admin admin] Publish callbacks ['neutron.plugins.ml2.plugin.SecurityGroupServerNotifierRpcMixin._notify_sg_on_port_change-16141013', 'neutron.plugins.ml2.ovo_rpc._ObjectChangeHandler.handle_event-190081', 'neutron.api.rpc.agentnotifiers.dhcp_rpc_agent_api.DhcpAgentNotifyAPI._native_event_send_dhcp_notification-1552039', 'neutron.db.l3_db.L3RpcNotifierMixin._notify_gateway_port_ip_changed-8774139376011', 'neutron.db.l3_dvrscheduler_db._notify_l3_agent_port_update-8774138948738', 'neutron.db.l3_hascheduler_db._notify_l3_agent_ha_port_update-8774138948756'] for port, after_update {{(pid=102458) _notify_loop /usr/local/lib/python3.8/dist-packages/neutron_lib/callbacks/manager.py:175}}
Nov 10 22:35:38.337666 n-d-811521-3 neutron-server[102458]: DEBUG neutron_lib.callbacks.manager [None req-de4d475b-c7ca-4a7a-8526-07ac499fdc61 admin admin] Publish callbacks ['neutron.api.rpc.agentnotifiers.dhcp_rpc_agent_api.DhcpAgentNotifyAPI._after_router_interface_created-1551957', 'neutron.services.l3_router.l3_router_plugin.DVRResourceOperationHandler._update_snat_v6_addrs_after_intf_update-1704187'] for router_interface, after_create {{(pid=102458) _notify_loop /usr/local/lib/python3.8/dist-packages/neutron_lib/callbacks/manager.py:175}}
Nov 10 22:35:38.338396 n-d-811521-3 neutron-server[102459]: DEBUG neutron.db.provisioning_blocks [None req-e68819af-9de3-45e1-9b39-43a5922552b4 None None] Provisioning complete for port 3849f2cd-84f9-4277-a711-eea1905ebdf8 triggered by entity DHCP. {{(pid=102459) provisioning_complete /opt/stack/neutron/neutron/db/provisioning_blocks.py:139}}
Nov 10 22:35:38.338772 n-d-811521-3 neutron-server[102459]: DEBUG neutron_lib.callbacks.manager [None req-e68819af-9de3-45e1-9b39-43a5922552b4 None None] Publish callbacks ['neutron.plugins.ml2.plugin.Ml2Plugin._port_provisioned-16123174'] for port, provisioning_complete {{(pid=102459) _notify_loop /usr/local/lib/python3.8/dist-packages/neutron_lib/callbacks/manager.py:175}}
Nov 10 22:35:38.372785 n-d-811521-3 neutron-server[102459]: DEBUG neutron.plugins.ml2.db [None req-ecda831e-a8f1-4289-beb8-6a220a64209a None None] get_ports_and_sgs() called for port_ids ['f2b5813d-c30c-4cdf-81da-d4fa92b3c79e'] {{(pid=102459) get_ports_and_sgs /opt/stack/neutron/neutron/plugins/ml2/db.py:156}}
Nov 10 22:35:38.446727 n-d-811521-3 neutron-server[102459]: DEBUG neutron.db.l3_dvr_db [None req-08469683-5c88-49f8-860f-014237e0fc3a None None] Set router 808a0b3c-53d2-4f60-acbe-1681c096b9fc gateway port host: n-d-811521-3 {{(pid=102459) _build_routers_list /opt/stack/neutron/neutron/db/l3_dvr_db.py:906}}
Nov 10 22:35:38.449226 n-d-811521-3 neutron-server[102459]: DEBUG neutron.plugins.ml2.plugin [None req-e68819af-9de3-45e1-9b39-43a5922552b4 None None] Port 3849f2cd-84f9-4277-a711-eea1905ebdf8 cannot update to ACTIVE because it is not bound. {{(pid=102459) _port_provisioned /opt/stack/neutron/neutron/plugins/ml2/plugin.py:342}}
Nov 10 22:35:38.466093 n-d-811521-3 neutron-server[102457]: INFO neutron.wsgi [req-43f36cdd-9b6d-4f38-bafd-cc753a4c8f58 req-8ee3f0bb-2d91-4f7c-bb96-9362c6991e03 tempest-ServersAdminTestJSON-1792078149 tempest-ServersAdminTestJSON-1792078149-project] 10.222.0.25 "GET /v2.0/security-groups?id=84f7661e-15d4-4b26-8e02-9c3c1ff39ce4&fields=id&fields=name HTTP/1.1" status: 200 len: 286 time: 0.3280413
Nov 10 22:35:38.498228 n-d-811521-3 neutron-server[102458]: DEBUG neutron.api.rpc.handlers.resources_rpc [None req-de4d475b-c7ca-4a7a-8526-07ac499fdc61 admin admin] Pushing event updated for resources: {'Port': ['ID=4788b5c1-d01d-49d1-bc3a-25d42908ec43,revision_number=2']} {{(pid=102458) push /opt/stack/neutron/neutron/api/rpc/handlers/resources_rpc.py:237}}
Nov 10 22:35:38.501552 n-d-811521-3 neutron-server[102457]: DEBUG neutron.api.v2.base [req-092ecbeb-9b74-4e87-b742-38d65f8c2a22 req-5866e87e-b841-48b2-ba5c-1bc2b12908a1 tempest-SecurityGroupRulesNegativeTestJSON-1656447832 tempest-SecurityGroupRulesNegativeTestJSON-1656447832-project] Request body: {'security_group': {'name': 'tempest-SecurityGroupRulesNegativeTestJSON-securitygroup-452978656', 'description': 'tempest-description-1500787685'}} {{(pid=102457) prepare_request_body /opt/stack/neutron/neutron/api/v2/base.py:729}}
Nov 10 22:35:38.527480 n-d-811521-3 neutron-server[102457]: DEBUG neutron_lib.callbacks.manager [req-092ecbeb-9b74-4e87-b742-38d65f8c2a22 req-5866e87e-b841-48b2-ba5c-1bc2b12908a1 tempest-SecurityGroupRulesNegativeTestJSON-1656447832 tempest-SecurityGroupRulesNegativeTestJSON-1656447832-project] Publish callbacks [] for security_group, before_create {{(pid=102457) _notify_loop /usr/local/lib/python3.8/dist-packages/neutron_lib/callbacks/manager.py:175}}
Nov 10 22:35:38.530188 n-d-811521-3 neutron-server[102458]: DEBUG neutron.pecan_wsgi.hooks.policy_enforcement [req-98c42fa1-87ca-4982-9844-a5cc9472fef2 req-1abde98c-64cb-4da3-90aa-b5921a674d0c tempest-DeleteServersAdminTestJSON-301063085 tempest-DeleteServersAdminTestJSON-301063085-project] Attributes excluded by policy engine: ['standard_attr_id', 'binding:profile', 'binding:host_id', 'binding:vif_type', 'binding:vif_details'] {{(pid=102458) _exclude_attributes_by_policy /opt/stack/neutron/neutron/pecan_wsgi/hooks/policy_enforcement.py:255}}
Nov 10 22:35:38.531717 n-d-811521-3 neutron-server[102458]: INFO neutron.wsgi [req-98c42fa1-87ca-4982-9844-a5cc9472fef2 req-1abde98c-64cb-4da3-90aa-b5921a674d0c tempest-DeleteServersAdminTestJSON-301063085 tempest-DeleteServersAdminTestJSON-301063085-project] 10.222.0.25 "GET /v2.0/ports?device_id=ad8a7236-0cef-4793-8414-48bafa6ecb66 HTTP/1.1" status: 200 len: 948 time: 0.2171438
Nov 10 22:35:38.599455 n-d-811521-3 neutron-server[102458]: DEBUG neutron.scheduler.dhcp_agent_scheduler [None req-de4d475b-c7ca-4a7a-8526-07ac499fdc61 admin admin] Network dd28e172-b10f-492f-b31e-2bdf72f891de is already hosted by enough agents. {{(pid=102458) _get_dhcp_agents_hosting_network /opt/stack/neutron/neutron/scheduler/dhcp_agent_scheduler.py:275}}
Nov 10 22:35:38.610534 n-d-811521-3 neutron-server[102458]: DEBUG neutron.scheduler.base_scheduler [None req-de4d475b-c7ca-4a7a-8526-07ac499fdc61 admin admin] Resources bound (agent type, host, resource id): {{(pid=102458) schedule /opt/stack/neutron/neutron/scheduler/base_scheduler.py:57}}
Nov 10 22:35:38.633091 n-d-811521-3 neutron-server[102457]: DEBUG neutron_lib.callbacks.manager [req-092ecbeb-9b74-4e87-b742-38d65f8c2a22 req-5866e87e-b841-48b2-ba5c-1bc2b12908a1 tempest-SecurityGroupRulesNegativeTestJSON-1656447832 tempest-SecurityGroupRulesNegativeTestJSON-1656447832-project] Publish callbacks [] for security_group, precommit_create {{(pid=102457) _notify_loop /usr/local/lib/python3.8/dist-packages/neutron_lib/callbacks/manager.py:175}}
Nov 10 22:35:38.640457 n-d-811521-3 neutron-server[102457]: DEBUG neutron_lib.callbacks.manager [req-092ecbeb-9b74-4e87-b742-38d65f8c2a22 req-5866e87e-b841-48b2-ba5c-1bc2b12908a1 tempest-SecurityGroupRulesNegativeTestJSON-1656447832 tempest-SecurityGroupRulesNegativeTestJSON-1656447832-project] Publish callbacks ['neutron.plugins.ml2.ovo_rpc._ObjectChangeHandler.handle_event-1585625'] for security_group, after_create {{(pid=102457) _notify_loop /usr/local/lib/python3.8/dist-packages/neutron_lib/callbacks/manager.py:175}}
Nov 10 22:35:38.647270 n-d-811521-3 neutron-server[102458]: INFO neutron.wsgi [req-98c42fa1-87ca-4982-9844-a5cc9472fef2 req-dbe1cab1-34c2-4815-84f0-ea5f96580b29 tempest-DeleteServersAdminTestJSON-301063085 tempest-DeleteServersAdminTestJSON-301063085-project] 10.222.0.25 "GET /v2.0/security-groups?id=6fa7c1c4-42c9-4a69-a469-7bf42357c7db&fields=id&fields=name HTTP/1.1" status: 200 len: 286 time: 0.1039219
Nov 10 22:35:38.713010 n-d-811521-3 neutron-server[102457]: DEBUG neutron_lib.callbacks.manager [req-092ecbeb-9b74-4e87-b742-38d65f8c2a22 req-5866e87e-b841-48b2-ba5c-1bc2b12908a1 tempest-SecurityGroupRulesNegativeTestJSON-1656447832 tempest-SecurityGroupRulesNegativeTestJSON-1656447832-project] Publish callbacks [] for security_group, before_response {{(pid=102457) _notify_loop /usr/local/lib/python3.8/dist-packages/neutron_lib/callbacks/manager.py:175}}
Nov 10 22:35:38.734861 n-d-811521-3 neutron-server[102457]: INFO neutron.wsgi [req-092ecbeb-9b74-4e87-b742-38d65f8c2a22 req-5866e87e-b841-48b2-ba5c-1bc2b12908a1 tempest-SecurityGroupRulesNegativeTestJSON-1656447832 tempest-SecurityGroupRulesNegativeTestJSON-1656447832-project] 10.222.0.25 "POST /v2.0/security-groups HTTP/1.1" status: 201 len: 1834 time: 0.2377963
Nov 10 22:35:38.738266 n-d-811521-3 neutron-server[102457]: DEBUG neutron.api.rpc.handlers.resources_rpc [None req-5866e87e-b841-48b2-ba5c-1bc2b12908a1 tempest-SecurityGroupRulesNegativeTestJSON-1656447832 tempest-SecurityGroupRulesNegativeTestJSON-1656447832-project] Pushing event updated for resources: {'SecurityGroup': ['ID=fa74cd07-ae1f-4ba4-86ac-f76594293510,revision_number=1']} {{(pid=102457) push /opt/stack/neutron/neutron/api/rpc/handlers/resources_rpc.py:237}}
Nov 10 22:35:38.794855 n-d-811521-3 neutron-server[102457]: DEBUG novaclient.v2.client [-] RESP: [200] Connection: close Content-Length: 179 Content-Type: application/json Date: Wed, 10 Nov 2021 22:35:38 GMT OpenStack-API-Version: compute 2.1 Server: Apache/2.4.41 (Ubuntu) Vary: OpenStack-API-Version,X-OpenStack-Nova-API-Version X-OpenStack-Nova-API-Version: 2.1 x-compute-request-id: req-e1b9d245-a69a-4999-9d9e-6200c4cd6ff7 x-openstack-request-id: req-e1b9d245-a69a-4999-9d9e-6200c4cd6ff7 {{(pid=102457) _http_log_response /usr/local/lib/python3.8/dist-packages/keystoneauth1/session.py:550}}
Nov 10 22:35:38.795318 n-d-811521-3 neutron-server[102457]: DEBUG novaclient.v2.client [-] RESP BODY: {"events": [{"name": "network-changed", "server_uuid": "468e13b4-ae10-4525-b73b-50bedc5a899b", "tag": "ab43c9f0-05e0-4cfb-9ca2-4c9978674b9e", "status": "completed", "code": 200}]} {{(pid=102457) _http_log_response /usr/local/lib/python3.8/dist-packages/keystoneauth1/session.py:582}}
Nov 10 22:35:38.795726 n-d-811521-3 neutron-server[102457]: DEBUG novaclient.v2.client [-] POST call to compute for http://10.222.0.25/compute/v2.1/os-server-external-events used request id req-e1b9d245-a69a-4999-9d9e-6200c4cd6ff7 {{(pid=102457) request /usr/local/lib/python3.8/dist-packages/keystoneauth1/session.py:954}}
Nov 10 22:35:38.796264 n-d-811521-3 neutron-server[102457]: INFO neutron.notifiers.nova [-] Nova event response: {'name': 'network-changed', 'server_uuid': '468e13b4-ae10-4525-b73b-50bedc5a899b', 'tag': 'ab43c9f0-05e0-4cfb-9ca2-4c9978674b9e', 'status': 'completed', 'code': 200}
Nov 10 22:35:38.815160 n-d-811521-3 neutron-server[102458]: DEBUG neutron.notifiers.nova [req-10f50206-3919-4180-a11f-11056124fe1f req-3e2237be-1117-4fc1-ae6b-26c3e17952c4 service neutron] Ignoring state change previous_port_status: DOWN current_port_status: DOWN port_id 3849f2cd-84f9-4277-a711-eea1905ebdf8 {{(pid=102458) record_port_status_changed /opt/stack/neutron/neutron/notifiers/nova.py:224}}
Nov 10 22:35:38.829930 n-d-811521-3 neutron-server[102458]: DEBUG neutron_lib.callbacks.manager [req-10f50206-3919-4180-a11f-11056124fe1f req-3e2237be-1117-4fc1-ae6b-26c3e17952c4 service neutron] Publish callbacks [] for port, precommit_update {{(pid=102458) _notify_loop /usr/local/lib/python3.8/dist-packages/neutron_lib/callbacks/manager.py:175}}
Nov 10 22:35:38.853544 n-d-811521-3 neutron-server[102458]: DEBUG neutron.db.provisioning_blocks [req-10f50206-3919-4180-a11f-11056124fe1f req-3e2237be-1117-4fc1-ae6b-26c3e17952c4 service neutron] Transition to ACTIVE for port object 3849f2cd-84f9-4277-a711-eea1905ebdf8 will not be triggered until provisioned by entity L2. {{(pid=102458) add_provisioning_component /opt/stack/neutron/neutron/db/provisioning_blocks.py:73}}
Nov 10 22:35:38.859015 n-d-811521-3 neutron-server[102458]: DEBUG neutron_lib.callbacks.manager [req-10f50206-3919-4180-a11f-11056124fe1f req-3e2237be-1117-4fc1-ae6b-26c3e17952c4 service neutron] Publish callbacks ['neutron.plugins.ml2.plugin.SecurityGroupServerNotifierRpcMixin._notify_sg_on_port_change-16141013', 'neutron.plugins.ml2.ovo_rpc._ObjectChangeHandler.handle_event-190081', 'neutron.api.rpc.agentnotifiers.dhcp_rpc_agent_api.DhcpAgentNotifyAPI._native_event_send_dhcp_notification-1552039', 'neutron.db.l3_db.L3RpcNotifierMixin._notify_gateway_port_ip_changed-8774139376011', 'neutron.db.l3_dvrscheduler_db._notify_l3_agent_port_update-8774138948738', 'neutron.db.l3_hascheduler_db._notify_l3_agent_ha_port_update-8774138948756'] for port, after_update {{(pid=102458) _notify_loop /usr/local/lib/python3.8/dist-packages/neutron_lib/callbacks/manager.py:175}}
Nov 10 22:35:38.880904 n-d-811521-3 neutron-server[102458]: DEBUG neutron.scheduler.l3_agent_scheduler [None req-de4d475b-c7ca-4a7a-8526-07ac499fdc61 admin admin] Router 3475f203-952f-4fc5-9877-85514c749c8a has already been hosted by L3 agent f5cb45bf-3a50-4b00-a884-dda85b7c0053 {{(pid=102458) _get_candidates /opt/stack/neutron/neutron/scheduler/l3_agent_scheduler.py:126}}
Nov 10 22:35:38.930339 n-d-811521-3 neutron-server[102457]: DEBUG neutron.pecan_wsgi.hooks.policy_enforcement [req-7ef9322a-8f00-464d-b139-b9462775f3dd req-fade078b-371e-482a-a343-0f7689fc9739 service neutron] Attributes excluded by policy engine: ['standard_attr_id'] {{(pid=102457) _exclude_attributes_by_policy /opt/stack/neutron/neutron/pecan_wsgi/hooks/policy_enforcement.py:255}}
Nov 10 22:35:38.931881 n-d-811521-3 neutron-server[102457]: INFO neutron.wsgi [req-7ef9322a-8f00-464d-b139-b9462775f3dd req-fade078b-371e-482a-a343-0f7689fc9739 service neutron] 10.222.0.39 "GET /v2.0/ports?tenant_id=b5040f4c886044e4b202a471657c697c&device_id=468e13b4-ae10-4525-b73b-50bedc5a899b HTTP/1.1" status: 200 len: 1096 time: 0.1074996
Nov 10 22:35:38.991056 n-d-811521-3 neutron-server[102459]: DEBUG neutron.db.l3_hamode_db [None req-08469683-5c88-49f8-860f-014237e0fc3a None None] neutron.services.l3_router.l3_router_plugin.L3RouterPlugin method _process_sync_ha_data called with arguments (, [{'id': '808a0b3c-53d2-4f60-acbe-1681c096b9fc', 'name': 'tempest-ServersWithSpecificFlavorTestJSON-1199379752-router', 'tenant_id': 'b5040f4c886044e4b202a471657c697c', 'admin_state_up': True, 'status': 'ACTIVE', 'external_gateway_info': {'network_id': '716153aa-6cd9-4dad-866c-3e2bc69e9d8b', 'external_fixed_ips': [{'subnet_id': '54131733-ba83-4b7c-b87d-a1c4ad22a488', 'ip_address': '172.25.0.155'}], 'enable_snat': True}, 'gw_port_id': '400c59dd-1b3b-4731-bb11-2fdd4d5c2a9d', 'description': '', 'availability_zones': ['nova'], 'distributed': False, 'ha': False, 'ha_vr_id': 0, 'availability_zone_hints': [], 'routes': [], 'flavor_id': None, 'tags': [], 'created_at': '2021-11-10T22:34:42Z', 'updated_at': '2021-11-10T22:34:50Z', 'revision_number': 4, 'project_id': 'b5040f4c886044e4b202a471657c697c', 'gw_port': {'id': '400c59dd-1b3b-4731-bb11-2fdd4d5c2a9d', 'name': '', 'network_id': '716153aa-6cd9-4dad-866c-3e2bc69e9d8b', 'tenant_id': '', 'mac_address': 'fa:16:3e:7a:ee:af', 'admin_state_up': True, 'status': 'ACTIVE', 'device_id': '808a0b3c-53d2-4f60-acbe-1681c096b9fc', 'device_owner': 'network:router_gateway', 'standard_attr_id': 137, 'fixed_ips': [{'subnet_id': '54131733-ba83-4b7c-b87d-a1c4ad22a488', 'ip_address': '172.25.0.155', 'prefixlen': 24}], 'allowed_address_pairs': [], 'extra_dhcp_opts': [], 'security_groups': [], 'description': '', 'binding:vnic_type': 'normal', 'binding:profile': {}, 'binding:host_id': 'n-d-811521-3', 'binding:vif_type': 'ovs', 'binding:vif_details': {'connectivity': 'l2', 'port_filter': True, 'ovs_hybrid_plug': False, 'datapath_type': 'system', 'bridge_name': 'br-int'}, 'port_security_enabled': False, 'tags': [], 'created_at': '2021-11-10T22:34:44Z', 'updated_at': '2021-11-10T22:34:53Z', 'revision_number': 4, 'project_id': '', 'subnets': [{'id': '54131733-ba83-4b7c-b87d-a1c4ad22a488', 'cidr': '172.25.0.0/24', 'gateway_ip': '172.25.0.1', 'dns_nameservers': [], 'ipv6_ra_mode': None, 'subnetpool_id': None}], 'extra_subnets': [], 'address_scopes': {4: None, 6: None}, 'mtu': 1500}, 'enable_snat': True, 'gw_port_host': 'n-d-811521-3', '_floatingips': [{'id': '91791c26-63aa-4537-b532-64e739ad7400', 'tenant_id': 'b5040f4c886044e4b202a471657c697c', 'floating_ip_address': '172.25.0.244', 'floating_network_id': '716153aa-6cd9-4dad-866c-3e2bc69e9d8b', 'router_id': '808a0b3c-53d2-4f60-acbe-1681c096b9fc', 'port_id': 'ab43c9f0-05e0-4cfb-9ca2-4c9978674b9e', 'fixed_ip_address': '172.20.0.7', 'status': 'DOWN', 'standard_attr_id': 286, 'description': '', 'qos_policy_id': None, 'port_details': {'name': '', 'network_id': '467748e8-9789-4710-9cb5-fcd2081ee7ee', 'mac_address': 'fa:16:3e:0a:18:df', 'admin_state_up': True, 'status': 'ACTIVE', 'device_id': '468e13b4-ae10-4525-b73b-50bedc5a899b', 'device_owner': 'compute:nova'}, 'dns_domain': '', 'dns_name': '', 'tags': [], 'created_at': '2021-11-10T22:35:10Z', 'updated_at': '2021-11-10T22:35:36Z', 'revision_number': 1, 'project_id': 'b5040f4c886044e4b202a471657c697c', 'fixed_ip_address_scope': None}], '_interfaces': [{'id': '4340eb06-b5c6-48de-b394-9c811c7d4701', 'name': '', 'network_id': '467748e8-9789-4710-9cb5-fcd2081ee7ee', 'tenant_id': 'b5040f4c886044e4b202a471657c697c', 'mac_address': 'fa:16:3e:b4:4c:af', 'admin_state_up': True, 'status': 'ACTIVE', 'device_id': '808a0b3c-53d2-4f60-acbe-1681c096b9fc', 'device_owner': 'network:router_interface', 'standard_attr_id': 173, 'fixed_ips': [{'subnet_id': '4ed97bbf-a67c-4595-8aee-92b77e33d734', 'ip_address': '172.20.0.1', 'prefixlen': 28}], 'allowed_address_pairs': [], 'extra_dhcp_opts': [], 'security_groups': [], 'description': '', 'binding:vnic_type': 'normal', 'binding:profile': {}, 'binding:host_id': 'n-d-811521-3', 'binding:vif_type': 'ovs', 'binding:vif_details': {'connectivity': 'l2', 'port_filter': True, 'ovs_hybrid_plug': False, 'datapath_type': 'system', 'bridge_name': 'br-int'}, 'port_security_enabled': False, 'tags': [], 'created_at': '2021-11-10T22:34:49Z', 'updated_at': '2021-11-10T22:34:54Z', 'revision_number': 5, 'project_id': 'b5040f4c886044e4b202a471657c697c', 'subnets': [{'id': '4ed97bbf-a67c-4595-8aee-92b77e33d734', 'cidr': '172.20.0.0/28', 'gateway_ip': '172.20.0.1', 'dns_nameservers': [], 'ipv6_ra_mode': None, 'subnetpool_id': None}], 'extra_subnets': [], 'address_scopes': {4: None, 6: None}, 'mtu': 1500}]}], 'n-d-811521-3', False) {} {{(pid=102459) wrapper /usr/local/lib/python3.8/dist-packages/oslo_log/helpers.py:65}}
Nov 10 22:35:38.994658 n-d-811521-3 neutron-server[102459]: DEBUG neutron.plugins.ml2.rpc [None req-f791eb24-0b88-4a1f-8851-c60be8669874 None None] Device 3146c5de-6ca8-41c6-846b-c5433a130cd8 up at agent ovs-agent-n-d-811521-3 {{(pid=102459) update_device_up /opt/stack/neutron/neutron/plugins/ml2/rpc.py:296}}
Nov 10 22:35:39.038539 n-d-811521-3 neutron-server[102458]: INFO neutron.wsgi [req-d00099be-9d2f-47d4-a4bd-38f8853ea7df req-abddca9f-94b5-4799-bde0-4d66d9037903 tempest-SecurityGroupRulesNegativeTestJSON-1656447832 tempest-SecurityGroupRulesNegativeTestJSON-1656447832-project] 10.222.0.25 "GET /v2.0/security-groups/fa74cd07-ae1f-4ba4-86ac-f76594293510 HTTP/1.1" status: 200 len: 1829 time: 0.1258614
Nov 10 22:35:39.092053 n-d-811521-3 neutron-server[102458]: DEBUG neutron.api.rpc.handlers.resources_rpc [None req-3e2237be-1117-4fc1-ae6b-26c3e17952c4 service neutron] Pushing event updated for resources: {'Port': ['ID=3849f2cd-84f9-4277-a711-eea1905ebdf8,revision_number=2']} {{(pid=102458) push /opt/stack/neutron/neutron/api/rpc/handlers/resources_rpc.py:237}}
Nov 10 22:35:39.105230 n-d-811521-3 neutron-server[102457]: DEBUG neutron.pecan_wsgi.hooks.policy_enforcement [req-7ef9322a-8f00-464d-b139-b9462775f3dd req-bc2a7f25-73cc-49ac-8a9d-54d1c4bd9307 service neutron] Attributes excluded by policy engine: ['standard_attr_id', 'vlan_transparent'] {{(pid=102457) _exclude_attributes_by_policy /opt/stack/neutron/neutron/pecan_wsgi/hooks/policy_enforcement.py:255}}
Nov 10 22:35:39.106740 n-d-811521-3 neutron-server[102457]: INFO neutron.wsgi [req-7ef9322a-8f00-464d-b139-b9462775f3dd req-bc2a7f25-73cc-49ac-8a9d-54d1c4bd9307 service neutron] 10.222.0.39 "GET /v2.0/networks?id=467748e8-9789-4710-9cb5-fcd2081ee7ee HTTP/1.1" status: 200 len: 924 time: 0.1573441
Nov 10 22:35:39.192591 n-d-811521-3 neutron-server[102459]: DEBUG neutron.api.rpc.handlers.l3_rpc [None req-08469683-5c88-49f8-860f-014237e0fc3a None None] Checking router: 808a0b3c-53d2-4f60-acbe-1681c096b9fc for host: n-d-811521-3 {{(pid=102459) _ensure_host_set_on_ports /opt/stack/neutron/neutron/api/rpc/handlers/l3_rpc.py:155}}
Nov 10 22:35:39.207818 n-d-811521-3 neutron-server[102457]: DEBUG neutron.pecan_wsgi.hooks.policy_enforcement [req-1bb4f37d-2f5f-46b5-af9a-ba7cbae3386d req-1091619b-4d36-436a-b1b1-1881eb517d0f tempest-MigrationsAdminTest-249400175 tempest-MigrationsAdminTest-249400175-project] Attributes excluded by policy engine: ['standard_attr_id', 'binding:profile', 'binding:host_id', 'binding:vif_type', 'binding:vif_details'] {{(pid=102457) _exclude_attributes_by_policy /opt/stack/neutron/neutron/pecan_wsgi/hooks/policy_enforcement.py:255}}
Nov 10 22:35:39.209949 n-d-811521-3 neutron-server[102457]: INFO neutron.wsgi [req-1bb4f37d-2f5f-46b5-af9a-ba7cbae3386d req-1091619b-4d36-436a-b1b1-1881eb517d0f tempest-MigrationsAdminTest-249400175 tempest-MigrationsAdminTest-249400175-project] 10.222.0.25 "GET /v2.0/ports?device_id=6fee83cf-d8a9-4d87-89b7-bc6e6e762adb HTTP/1.1" status: 200 len: 949 time: 0.1899118
Nov 10 22:35:39.216666 n-d-811521-3 neutron-server[102458]: DEBUG neutron.api.v2.base [req-28d2c527-e207-4450-ab03-098b22a0a6d3 req-c1ea1bbd-588a-46b8-9195-1b932f6a8e14 tempest-SecurityGroupRulesNegativeTestJSON-1656447832 tempest-SecurityGroupRulesNegativeTestJSON-1656447832-project] Request body: {'security_group': {'name': 'tempest-SecurityGroupRulesNegativeTestJSON-securitygroup-1140627493', 'description': 'tempest-description-1269849421'}} {{(pid=102458) prepare_request_body /opt/stack/neutron/neutron/api/v2/base.py:729}}
Nov 10 22:35:39.221189 n-d-811521-3 neutron-server[102459]: DEBUG neutron.db.l3_dvrscheduler_db [None req-08469683-5c88-49f8-860f-014237e0fc3a None None] Routers {'808a0b3c-53d2-4f60-acbe-1681c096b9fc'} bound to L3 agent in host n-d-811521-3 {{(pid=102459) _get_router_ids_for_agent /opt/stack/neutron/neutron/db/l3_dvrscheduler_db.py:420}}
