Sep 29 19:01:16.696734 n-d-811447-2 devstack@placement-api.service[102285]: [pid: 102285|app: 0|req: 16/33] 10.222.0.24 () {58 vars in 1274 bytes} [Wed Sep 29 19:01:16 2021] GET /placement/resource_providers?name=n-h1-811447-2 => generated 440 bytes in 15 msecs (HTTP/1.1 200) 6 headers in 224 bytes (1 switches on core 0)
Sep 29 19:01:16.700496 n-d-811447-2 devstack@placement-api.service[102286]: DEBUG placement.requestlog [req-743c331f-8172-40d5-99a7-1e7dc5ae9ee4 req-2e1bc94b-9ca5-449b-a6c9-1c4a46d93118 None None] Starting request: 10.222.0.24 "GET /placement/resource_providers/d957e886-3459-42a7-9897-dc714576245a/aggregates" {{(pid=102286) __call__ /opt/stack/placement/placement/requestlog.py:55}}
Sep 29 19:01:16.715509 n-d-811447-2 devstack@placement-api.service[102286]: INFO placement.requestlog [req-743c331f-8172-40d5-99a7-1e7dc5ae9ee4 req-2e1bc94b-9ca5-449b-a6c9-1c4a46d93118 service placement] 10.222.0.24 "GET /placement/resource_providers/d957e886-3459-42a7-9897-dc714576245a/aggregates" status: 200 len: 91 microversion: 1.19
Sep 29 19:01:16.715845 n-d-811447-2 devstack@placement-api.service[102286]: [pid: 102286|app: 0|req: 18/34] 10.222.0.24 () {60 vars in 1425 bytes} [Wed Sep 29 19:01:16 2021] GET /placement/resource_providers/d957e886-3459-42a7-9897-dc714576245a/aggregates => generated 91 bytes in 16 msecs (HTTP/1.1 200) 8 headers in 295 bytes (1 switches on core 0)
Sep 29 19:01:16.723842 n-d-811447-2 devstack@placement-api.service[102285]: DEBUG placement.requestlog [req-743c331f-8172-40d5-99a7-1e7dc5ae9ee4 req-6d1570ff-aabe-4292-be21-89e36026e4ec None None] Starting request: 10.222.0.24 "PUT /placement/resource_providers/d957e886-3459-42a7-9897-dc714576245a/aggregates" {{(pid=102285) __call__ /opt/stack/placement/placement/requestlog.py:55}}
Sep 29 19:01:16.742655 n-d-811447-2 devstack@placement-api.service[102285]: DEBUG placement.objects.resource_provider [req-743c331f-8172-40d5-99a7-1e7dc5ae9ee4 req-6d1570ff-aabe-4292-be21-89e36026e4ec service placement] Setting aggregates for provider d957e886-3459-42a7-9897-dc714576245a. Successfully disassociated aggregate 2ed952a0-d329-42a0-86aa-78f77779ef26. {{(pid=102285) _set_aggregates /opt/stack/placement/placement/objects/resource_provider.py:403}}
Sep 29 19:01:16.837693 n-d-811447-2 devstack@placement-api.service[102285]: INFO placement.requestlog [req-743c331f-8172-40d5-99a7-1e7dc5ae9ee4 req-6d1570ff-aabe-4292-be21-89e36026e4ec service placement] 10.222.0.24 "PUT /placement/resource_providers/d957e886-3459-42a7-9897-dc714576245a/aggregates" status: 200 len: 53 microversion: 1.19
Sep 29 19:01:16.838132 n-d-811447-2 devstack@placement-api.service[102285]: [pid: 102285|app: 0|req: 17/35] 10.222.0.24 () {64 vars in 1477 bytes} [Wed Sep 29 19:01:16 2021] PUT /placement/resource_providers/d957e886-3459-42a7-9897-dc714576245a/aggregates => generated 53 bytes in 115 msecs (HTTP/1.1 200) 8 headers in 295 bytes (1 switches on core 0)
Sep 29 19:01:17.466023 n-d-811447-2 devstack@placement-api.service[102286]: DEBUG placement.requestlog [req-44c67dd3-41cb-44bd-8a91-3912f742a953 req-cefda079-49ee-4879-a576-fa4fe24ff5d8 None None] Starting request: 10.222.0.24 "GET /placement/resource_providers?name=n-h1-811447-2" {{(pid=102286) __call__ /opt/stack/placement/placement/requestlog.py:55}}
Sep 29 19:01:17.491153 n-d-811447-2 devstack@placement-api.service[102286]: INFO placement.requestlog [req-44c67dd3-41cb-44bd-8a91-3912f742a953 req-cefda079-49ee-4879-a576-fa4fe24ff5d8 service placement] 10.222.0.24 "GET /placement/resource_providers?name=n-h1-811447-2" status: 200 len: 440 microversion: 1.0
Sep 29 19:01:17.499975 n-d-811447-2 devstack@placement-api.service[102286]: [pid: 102286|app: 0|req: 19/36] 10.222.0.24 () {58 vars in 1274 bytes} [Wed Sep 29 19:01:17 2021] GET /placement/resource_providers?name=n-h1-811447-2 => generated 440 bytes in 34 msecs (HTTP/1.1 200) 6 headers in 224 bytes (2 switches on core 0)
Sep 29 19:01:17.500630 n-d-811447-2 devstack@placement-api.service[102285]: DEBUG placement.requestlog [req-44c67dd3-41cb-44bd-8a91-3912f742a953 req-27a5bef2-27e3-46c1-901e-6529ddf8d524 None None] Starting request: 10.222.0.24 "GET /placement/resource_providers/d957e886-3459-42a7-9897-dc714576245a/aggregates" {{(pid=102285) __call__ /opt/stack/placement/placement/requestlog.py:55}}
Sep 29 19:01:17.517034 n-d-811447-2 devstack@placement-api.service[102285]: INFO placement.requestlog [req-44c67dd3-41cb-44bd-8a91-3912f742a953 req-27a5bef2-27e3-46c1-901e-6529ddf8d524 service placement] 10.222.0.24 "GET /placement/resource_providers/d957e886-3459-42a7-9897-dc714576245a/aggregates" status: 200 len: 53 microversion: 1.19
Sep 29 19:01:17.523035 n-d-811447-2 devstack@placement-api.service[102285]: [pid: 102285|app: 0|req: 18/37] 10.222.0.24 () {60 vars in 1425 bytes} [Wed Sep 29 19:01:17 2021] GET /placement/resource_providers/d957e886-3459-42a7-9897-dc714576245a/aggregates => generated 53 bytes in 23 msecs (HTTP/1.1 200) 8 headers in 295 bytes (2 switches on core 0)
Sep 29 19:01:17.524715 n-d-811447-2 devstack@placement-api.service[102286]: DEBUG placement.requestlog [req-44c67dd3-41cb-44bd-8a91-3912f742a953 req-b53a957b-d972-414c-be09-4918cf4ecdc3 None None] Starting request: 10.222.0.24 "PUT /placement/resource_providers/d957e886-3459-42a7-9897-dc714576245a/aggregates" {{(pid=102286) __call__ /opt/stack/placement/placement/requestlog.py:55}}
Sep 29 19:01:17.540026 n-d-811447-2 devstack@placement-api.service[102286]: DEBUG placement.objects.resource_provider [req-44c67dd3-41cb-44bd-8a91-3912f742a953 req-b53a957b-d972-414c-be09-4918cf4ecdc3 service placement] _ensure_aggregate() did not find aggregate 7e3b00c9-0e01-4b3b-bfe7-8dfec5a07b24. Attempting to create it. {{(pid=102286) _ensure_aggregate /opt/stack/placement/placement/objects/resource_provider.py:320}}
Sep 29 19:01:17.541612 n-d-811447-2 devstack@placement-api.service[102286]: DEBUG placement.objects.resource_provider [req-44c67dd3-41cb-44bd-8a91-3912f742a953 req-b53a957b-d972-414c-be09-4918cf4ecdc3 service placement] _ensure_aggregate() created new aggregate 7e3b00c9-0e01-4b3b-bfe7-8dfec5a07b24 (id=3). {{(pid=102286) _ensure_aggregate /opt/stack/placement/placement/objects/resource_provider.py:326}}
Sep 29 19:01:17.544080 n-d-811447-2 devstack@placement-api.service[102286]: DEBUG placement.objects.resource_provider [req-44c67dd3-41cb-44bd-8a91-3912f742a953 req-b53a957b-d972-414c-be09-4918cf4ecdc3 service placement] Setting aggregates for provider d957e886-3459-42a7-9897-dc714576245a. Successfully associated aggregate 7e3b00c9-0e01-4b3b-bfe7-8dfec5a07b24. {{(pid=102286) _set_aggregates /opt/stack/placement/placement/objects/resource_provider.py:388}}
Sep 29 19:01:17.619891 n-d-811447-2 devstack@placement-api.service[102286]: INFO placement.requestlog [req-44c67dd3-41cb-44bd-8a91-3912f742a953 req-b53a957b-d972-414c-be09-4918cf4ecdc3 service placement] 10.222.0.24 "PUT /placement/resource_providers/d957e886-3459-42a7-9897-dc714576245a/aggregates" status: 200 len: 91 microversion: 1.19
Sep 29 19:01:17.620154 n-d-811447-2 devstack@placement-api.service[102286]: [pid: 102286|app: 0|req: 20/38] 10.222.0.24 () {64 vars in 1477 bytes} [Wed Sep 29 19:01:17 2021] PUT /placement/resource_providers/d957e886-3459-42a7-9897-dc714576245a/aggregates => generated 91 bytes in 96 msecs (HTTP/1.1 200) 8 headers in 295 bytes (1 switches on core 0)
Sep 29 19:01:20.524216 n-d-811447-2 devstack@placement-api.service[102285]: DEBUG placement.requestlog [req-d16a9f6e-50ff-4a6e-a813-ad460ad811f8 req-8dbc1338-956d-489c-9f31-c732ab4a9e1b None None] Starting request: 10.222.0.24 "GET /placement/allocation_candidates?limit=1000&member_of=in%3A7e3b00c9-0e01-4b3b-bfe7-8dfec5a07b24&resources=DISK_GB%3A1%2CMEMORY_MB%3A1024%2CVCPU%3A1&root_required=%21COMPUTE_STATUS_DISABLED" {{(pid=102285) __call__ /opt/stack/placement/placement/requestlog.py:55}}
Sep 29 19:01:20.982790 n-d-811447-2 devstack@placement-api.service[102285]: DEBUG placement.objects.research_context [req-d16a9f6e-50ff-4a6e-a813-ad460ad811f8 req-8dbc1338-956d-489c-9f31-c732ab4a9e1b service placement] getting providers with 1 DISK_GB {{(pid=102285) __init__ /opt/stack/placement/placement/objects/research_context.py:126}}
Sep 29 19:01:20.992775 n-d-811447-2 devstack@placement-api.service[102285]: DEBUG placement.objects.research_context [req-d16a9f6e-50ff-4a6e-a813-ad460ad811f8 req-8dbc1338-956d-489c-9f31-c732ab4a9e1b service placement] getting providers with 1024 MEMORY_MB {{(pid=102285) __init__ /opt/stack/placement/placement/objects/research_context.py:126}}
Sep 29 19:01:21.002347 n-d-811447-2 devstack@placement-api.service[102285]: DEBUG placement.objects.research_context [req-d16a9f6e-50ff-4a6e-a813-ad460ad811f8 req-8dbc1338-956d-489c-9f31-c732ab4a9e1b service placement] getting providers with 1 VCPU {{(pid=102285) __init__ /opt/stack/placement/placement/objects/research_context.py:126}}
Sep 29 19:01:21.012394 n-d-811447-2 devstack@placement-api.service[102285]: DEBUG placement.objects.research_context [req-d16a9f6e-50ff-4a6e-a813-ad460ad811f8 req-8dbc1338-956d-489c-9f31-c732ab4a9e1b service placement] found 1 providers after applying required aggregates filter ([{'7e3b00c9-0e01-4b3b-bfe7-8dfec5a07b24'}]) {{(pid=102285) get_provider_ids_for_traits_and_aggs /opt/stack/placement/placement/objects/research_context.py:1070}}
Sep 29 19:01:21.013086 n-d-811447-2 devstack@placement-api.service[102285]: DEBUG placement.objects.research_context [req-d16a9f6e-50ff-4a6e-a813-ad460ad811f8 req-8dbc1338-956d-489c-9f31-c732ab4a9e1b service placement] found 2 providers with available 1 DISK_GB {{(pid=102285) get_provider_ids_matching /opt/stack/placement/placement/objects/research_context.py:549}}
Sep 29 19:01:21.013858 n-d-811447-2 devstack@placement-api.service[102285]: DEBUG placement.objects.research_context [req-d16a9f6e-50ff-4a6e-a813-ad460ad811f8 req-8dbc1338-956d-489c-9f31-c732ab4a9e1b service placement] found 1 providers after applying initial aggregate and trait filters {{(pid=102285) get_provider_ids_matching /opt/stack/placement/placement/objects/research_context.py:561}}
Sep 29 19:01:21.014320 n-d-811447-2 devstack@placement-api.service[102285]: DEBUG placement.objects.research_context [req-d16a9f6e-50ff-4a6e-a813-ad460ad811f8 req-8dbc1338-956d-489c-9f31-c732ab4a9e1b service placement] found 2 providers with available 1024 MEMORY_MB {{(pid=102285) get_provider_ids_matching /opt/stack/placement/placement/objects/research_context.py:549}}
Sep 29 19:01:21.014782 n-d-811447-2 devstack@placement-api.service[102285]: DEBUG placement.objects.research_context [req-d16a9f6e-50ff-4a6e-a813-ad460ad811f8 req-8dbc1338-956d-489c-9f31-c732ab4a9e1b service placement] found 1 providers after filtering by previous result {{(pid=102285) get_provider_ids_matching /opt/stack/placement/placement/objects/research_context.py:580}}
Sep 29 19:01:21.015250 n-d-811447-2 devstack@placement-api.service[102285]: DEBUG placement.objects.research_context [req-d16a9f6e-50ff-4a6e-a813-ad460ad811f8 req-8dbc1338-956d-489c-9f31-c732ab4a9e1b service placement] found 2 providers with available 1 VCPU {{(pid=102285) get_provider_ids_matching /opt/stack/placement/placement/objects/research_context.py:549}}
Sep 29 19:01:21.015747 n-d-811447-2 devstack@placement-api.service[102285]: DEBUG placement.objects.research_context [req-d16a9f6e-50ff-4a6e-a813-ad460ad811f8 req-8dbc1338-956d-489c-9f31-c732ab4a9e1b service placement] found 1 providers after filtering by previous result {{(pid=102285) get_provider_ids_matching /opt/stack/placement/placement/objects/research_context.py:580}}
Sep 29 19:01:21.039490 n-d-811447-2 devstack@placement-api.service[102285]: DEBUG placement.objects.allocation_candidate [req-d16a9f6e-50ff-4a6e-a813-ad460ad811f8 req-8dbc1338-956d-489c-9f31-c732ab4a9e1b service placement] RequestGroup(use_same_provider=False, resources={DISK_GB:1, MEMORY_MB:1024, VCPU:1}, traits=[], aggregates=[[7e3b00c9-0e01-4b3b-bfe7-8dfec5a07b24]]) (suffix '') returned 1 matches {{(pid=102285) _get_by_requests /opt/stack/placement/placement/objects/allocation_candidate.py:145}}
Sep 29 19:01:21.044247 n-d-811447-2 devstack@placement-api.service[102285]: DEBUG placement.objects.allocation_candidate [req-d16a9f6e-50ff-4a6e-a813-ad460ad811f8 req-8dbc1338-956d-489c-9f31-c732ab4a9e1b service placement] Merging candidates yields 1 allocation requests and 1 provider summaries {{(pid=102285) _merge_candidates /opt/stack/placement/placement/objects/allocation_candidate.py:783}}
Sep 29 19:01:21.044247 n-d-811447-2 devstack@placement-api.service[102285]: INFO placement.requestlog [req-d16a9f6e-50ff-4a6e-a813-ad460ad811f8 req-8dbc1338-956d-489c-9f31-c732ab4a9e1b service placement] 10.222.0.24 "GET /placement/allocation_candidates?limit=1000&member_of=in%3A7e3b00c9-0e01-4b3b-bfe7-8dfec5a07b24&resources=DISK_GB%3A1%2CMEMORY_MB%3A1024%2CVCPU%3A1&root_required=%21COMPUTE_STATUS_DISABLED" status: 200 len: 676 microversion: 1.36
Sep 29 19:01:21.044247 n-d-811447-2 devstack@placement-api.service[102285]: [pid: 102285|app: 0|req: 19/39] 10.222.0.24 () {60 vars in 1610 bytes} [Wed Sep 29 19:01:20 2021] GET /placement/allocation_candidates?limit=1000&member_of=in%3A7e3b00c9-0e01-4b3b-bfe7-8dfec5a07b24&resources=DISK_GB%3A1%2CMEMORY_MB%3A1024%2CVCPU%3A1&root_required=%21COMPUTE_STATUS_DISABLED => generated 676 bytes in 519 msecs (HTTP/1.1 200) 8 headers in 296 bytes (1 switches on core 0)
Sep 29 19:01:21.242008 n-d-811447-2 devstack@placement-api.service[102286]: DEBUG placement.requestlog [req-d16a9f6e-50ff-4a6e-a813-ad460ad811f8 req-84e0e95a-f242-4ecb-aa25-86eb24887441 None None] Starting request: 10.222.0.24 "GET /placement/allocations/07f4de85-2137-4347-8e1f-663538d0b076" {{(pid=102286) __call__ /opt/stack/placement/placement/requestlog.py:55}}
Sep 29 19:01:21.257118 n-d-811447-2 devstack@placement-api.service[102286]: INFO placement.requestlog [req-d16a9f6e-50ff-4a6e-a813-ad460ad811f8 req-84e0e95a-f242-4ecb-aa25-86eb24887441 service placement] 10.222.0.24 "GET /placement/allocations/07f4de85-2137-4347-8e1f-663538d0b076" status: 200 len: 19 microversion: 1.28
Sep 29 19:01:21.264036 n-d-811447-2 devstack@placement-api.service[102285]: DEBUG placement.requestlog [req-d16a9f6e-50ff-4a6e-a813-ad460ad811f8 req-436c393c-feae-4333-b2d2-2958fc07c094 None None] Starting request: 10.222.0.24 "PUT /placement/allocations/07f4de85-2137-4347-8e1f-663538d0b076" {{(pid=102285) __call__ /opt/stack/placement/placement/requestlog.py:55}}
Sep 29 19:01:21.278239 n-d-811447-2 devstack@placement-api.service[102286]: [pid: 102286|app: 0|req: 21/40] 10.222.0.24 () {60 vars in 1380 bytes} [Wed Sep 29 19:01:21 2021] GET /placement/allocations/07f4de85-2137-4347-8e1f-663538d0b076 => generated 19 bytes in 36 msecs (HTTP/1.1 200) 8 headers in 295 bytes (1 switches on core 0)
Sep 29 19:01:21.626291 n-d-811447-2 devstack@placement-api.service[102285]: DEBUG placement.handlers.allocation [req-d16a9f6e-50ff-4a6e-a813-ad460ad811f8 req-436c393c-feae-4333-b2d2-2958fc07c094 service placement] Successfully wrote allocations [, , ] {{(pid=102285) _update_consumers_and_create_allocations /opt/stack/placement/placement/handlers/allocation.py:462}}
Sep 29 19:01:21.706053 n-d-811447-2 devstack@placement-api.service[102285]: INFO placement.requestlog [req-d16a9f6e-50ff-4a6e-a813-ad460ad811f8 req-436c393c-feae-4333-b2d2-2958fc07c094 service placement] 10.222.0.24 "PUT /placement/allocations/07f4de85-2137-4347-8e1f-663538d0b076" status: 204 len: 0 microversion: 1.36
Sep 29 19:01:21.706984 n-d-811447-2 devstack@placement-api.service[102285]: [pid: 102285|app: 0|req: 20/41] 10.222.0.24 () {64 vars in 1433 bytes} [Wed Sep 29 19:01:21 2021] PUT /placement/allocations/07f4de85-2137-4347-8e1f-663538d0b076 => generated 0 bytes in 443 msecs (HTTP/1.1 204) 5 headers in 199 bytes (2 switches on core 0)
Sep 29 19:01:23.366736 n-d-811447-2 devstack@placement-api.service[102286]: DEBUG placement.requestlog [req-d16a9f6e-50ff-4a6e-a813-ad460ad811f8 req-196ad6a7-a101-40de-a7fe-f528c6f1a42b None None] Starting request: 10.222.0.48 "GET /placement/allocations/07f4de85-2137-4347-8e1f-663538d0b076" {{(pid=102286) __call__ /opt/stack/placement/placement/requestlog.py:55}}
Sep 29 19:01:23.397067 n-d-811447-2 devstack@placement-api.service[102286]: INFO placement.requestlog [req-d16a9f6e-50ff-4a6e-a813-ad460ad811f8 req-196ad6a7-a101-40de-a7fe-f528c6f1a42b service placement] 10.222.0.48 "GET /placement/allocations/07f4de85-2137-4347-8e1f-663538d0b076" status: 200 len: 258 microversion: 1.28
Sep 29 19:01:23.397626 n-d-811447-2 devstack@placement-api.service[102286]: [pid: 102286|app: 0|req: 22/42] 10.222.0.48 () {60 vars in 1377 bytes} [Wed Sep 29 19:01:23 2021] GET /placement/allocations/07f4de85-2137-4347-8e1f-663538d0b076 => generated 258 bytes in 31 msecs (HTTP/1.1 200) 8 headers in 296 bytes (1 switches on core 0)
Sep 29 19:01:37.774158 n-d-811447-2 devstack@placement-api.service[102285]: DEBUG placement.requestlog [req-f2eb18e3-6adc-4c7c-8c1e-79537f293db5 req-d3aa0da7-4ab6-41d6-847e-91b065da1614 None None] Starting request: 10.222.0.24 "GET /placement/allocation_candidates?limit=1000&resources=DISK_GB%3A1%2CMEMORY_MB%3A1024%2CVCPU%3A1&root_required=%21COMPUTE_STATUS_DISABLED" {{(pid=102285) __call__ /opt/stack/placement/placement/requestlog.py:55}}
Sep 29 19:01:37.814478 n-d-811447-2 devstack@placement-api.service[102285]: DEBUG placement.objects.research_context [req-f2eb18e3-6adc-4c7c-8c1e-79537f293db5 req-d3aa0da7-4ab6-41d6-847e-91b065da1614 service placement] getting providers with 1 DISK_GB {{(pid=102285) __init__ /opt/stack/placement/placement/objects/research_context.py:126}}
Sep 29 19:01:37.823170 n-d-811447-2 devstack@placement-api.service[102285]: DEBUG placement.objects.research_context [req-f2eb18e3-6adc-4c7c-8c1e-79537f293db5 req-d3aa0da7-4ab6-41d6-847e-91b065da1614 service placement] getting providers with 1024 MEMORY_MB {{(pid=102285) __init__ /opt/stack/placement/placement/objects/research_context.py:126}}
Sep 29 19:01:37.829442 n-d-811447-2 devstack@placement-api.service[102285]: DEBUG placement.objects.research_context [req-f2eb18e3-6adc-4c7c-8c1e-79537f293db5 req-d3aa0da7-4ab6-41d6-847e-91b065da1614 service placement] getting providers with 1 VCPU {{(pid=102285) __init__ /opt/stack/placement/placement/objects/research_context.py:126}}
Sep 29 19:01:37.835510 n-d-811447-2 devstack@placement-api.service[102285]: DEBUG placement.objects.research_context [req-f2eb18e3-6adc-4c7c-8c1e-79537f293db5 req-d3aa0da7-4ab6-41d6-847e-91b065da1614 service placement] found 2 providers with available 1 DISK_GB {{(pid=102285) get_provider_ids_matching /opt/stack/placement/placement/objects/research_context.py:549}}
Sep 29 19:01:37.835822 n-d-811447-2 devstack@placement-api.service[102285]: DEBUG placement.objects.research_context [req-f2eb18e3-6adc-4c7c-8c1e-79537f293db5 req-d3aa0da7-4ab6-41d6-847e-91b065da1614 service placement] found 2 providers with available 1024 MEMORY_MB {{(pid=102285) get_provider_ids_matching /opt/stack/placement/placement/objects/research_context.py:549}}
Sep 29 19:01:37.836098 n-d-811447-2 devstack@placement-api.service[102285]: DEBUG placement.objects.research_context [req-f2eb18e3-6adc-4c7c-8c1e-79537f293db5 req-d3aa0da7-4ab6-41d6-847e-91b065da1614 service placement] found 2 providers after filtering by previous result {{(pid=102285) get_provider_ids_matching /opt/stack/placement/placement/objects/research_context.py:580}}
Sep 29 19:01:37.836360 n-d-811447-2 devstack@placement-api.service[102285]: DEBUG placement.objects.research_context [req-f2eb18e3-6adc-4c7c-8c1e-79537f293db5 req-d3aa0da7-4ab6-41d6-847e-91b065da1614 service placement] found 2 providers with available 1 VCPU {{(pid=102285) get_provider_ids_matching /opt/stack/placement/placement/objects/research_context.py:549}}
Sep 29 19:01:37.836626 n-d-811447-2 devstack@placement-api.service[102285]: DEBUG placement.objects.research_context [req-f2eb18e3-6adc-4c7c-8c1e-79537f293db5 req-d3aa0da7-4ab6-41d6-847e-91b065da1614 service placement] found 2 providers after filtering by previous result {{(pid=102285) get_provider_ids_matching /opt/stack/placement/placement/objects/research_context.py:580}}
Sep 29 19:01:37.848850 n-d-811447-2 devstack@placement-api.service[102285]: DEBUG placement.objects.allocation_candidate [req-f2eb18e3-6adc-4c7c-8c1e-79537f293db5 req-d3aa0da7-4ab6-41d6-847e-91b065da1614 service placement] RequestGroup(use_same_provider=False, resources={DISK_GB:1, MEMORY_MB:1024, VCPU:1}, traits=[], aggregates=[]) (suffix '') returned 2 matches {{(pid=102285) _get_by_requests /opt/stack/placement/placement/objects/allocation_candidate.py:145}}
Sep 29 19:01:37.850207 n-d-811447-2 devstack@placement-api.service[102285]: DEBUG placement.objects.allocation_candidate [req-f2eb18e3-6adc-4c7c-8c1e-79537f293db5 req-d3aa0da7-4ab6-41d6-847e-91b065da1614 service placement] Merging candidates yields 2 allocation requests and 2 provider summaries {{(pid=102285) _merge_candidates /opt/stack/placement/placement/objects/allocation_candidate.py:783}}
Sep 29 19:01:37.852065 n-d-811447-2 devstack@placement-api.service[102285]: INFO placement.requestlog [req-f2eb18e3-6adc-4c7c-8c1e-79537f293db5 req-d3aa0da7-4ab6-41d6-847e-91b065da1614 service placement] 10.222.0.24 "GET /placement/allocation_candidates?limit=1000&resources=DISK_GB%3A1%2CMEMORY_MB%3A1024%2CVCPU%3A1&root_required=%21COMPUTE_STATUS_DISABLED" status: 200 len: 1306 microversion: 1.36
Sep 29 19:01:37.852700 n-d-811447-2 devstack@placement-api.service[102285]: [pid: 102285|app: 0|req: 21/43] 10.222.0.24 () {60 vars in 1506 bytes} [Wed Sep 29 19:01:37 2021] GET /placement/allocation_candidates?limit=1000&resources=DISK_GB%3A1%2CMEMORY_MB%3A1024%2CVCPU%3A1&root_required=%21COMPUTE_STATUS_DISABLED => generated 1306 bytes in 80 msecs (HTTP/1.1 200) 8 headers in 297 bytes (1 switches on core 0)
Sep 29 19:01:37.987883 n-d-811447-2 devstack@placement-api.service[102286]: DEBUG placement.requestlog [req-f2eb18e3-6adc-4c7c-8c1e-79537f293db5 req-2623be4e-bbae-4719-8754-78d77bbf281e None None] Starting request: 10.222.0.24 "GET /placement/allocations/b4d5c2a5-fd21-4a6a-beab-65618d62deb7" {{(pid=102286) __call__ /opt/stack/placement/placement/requestlog.py:55}}
Sep 29 19:01:37.999094 n-d-811447-2 devstack@placement-api.service[102286]: INFO placement.requestlog [req-f2eb18e3-6adc-4c7c-8c1e-79537f293db5 req-2623be4e-bbae-4719-8754-78d77bbf281e service placement] 10.222.0.24 "GET /placement/allocations/b4d5c2a5-fd21-4a6a-beab-65618d62deb7" status: 200 len: 19 microversion: 1.28
Sep 29 19:01:37.999315 n-d-811447-2 devstack@placement-api.service[102286]: [pid: 102286|app: 0|req: 23/44] 10.222.0.24 () {60 vars in 1380 bytes} [Wed Sep 29 19:01:37 2021] GET /placement/allocations/b4d5c2a5-fd21-4a6a-beab-65618d62deb7 => generated 19 bytes in 12 msecs (HTTP/1.1 200) 8 headers in 295 bytes (1 switches on core 0)
Sep 29 19:01:38.007092 n-d-811447-2 devstack@placement-api.service[102285]: DEBUG placement.requestlog [req-f2eb18e3-6adc-4c7c-8c1e-79537f293db5 req-4ba604ba-6659-4770-9c51-8ea6547e7988 None None] Starting request: 10.222.0.24 "PUT /placement/allocations/b4d5c2a5-fd21-4a6a-beab-65618d62deb7" {{(pid=102285) __call__ /opt/stack/placement/placement/requestlog.py:55}}
Sep 29 19:01:38.316901 n-d-811447-2 devstack@placement-api.service[102285]: DEBUG placement.handlers.allocation [req-f2eb18e3-6adc-4c7c-8c1e-79537f293db5 req-4ba604ba-6659-4770-9c51-8ea6547e7988 service placement] Successfully wrote allocations [, , ] {{(pid=102285) _update_consumers_and_create_allocations /opt/stack/placement/placement/handlers/allocation.py:462}}
Sep 29 19:01:38.390781 n-d-811447-2 devstack@placement-api.service[102285]: INFO placement.requestlog [req-f2eb18e3-6adc-4c7c-8c1e-79537f293db5 req-4ba604ba-6659-4770-9c51-8ea6547e7988 service placement] 10.222.0.24 "PUT /placement/allocations/b4d5c2a5-fd21-4a6a-beab-65618d62deb7" status: 204 len: 0 microversion: 1.36
Sep 29 19:01:38.391725 n-d-811447-2 devstack@placement-api.service[102285]: [pid: 102285|app: 0|req: 22/45] 10.222.0.24 () {64 vars in 1433 bytes} [Wed Sep 29 19:01:38 2021] PUT /placement/allocations/b4d5c2a5-fd21-4a6a-beab-65618d62deb7 => generated 0 bytes in 385 msecs (HTTP/1.1 204) 5 headers in 199 bytes (1 switches on core 0)
Sep 29 19:01:39.735343 n-d-811447-2 devstack@placement-api.service[102286]: DEBUG placement.requestlog [req-f2eb18e3-6adc-4c7c-8c1e-79537f293db5 req-cfaa0680-c5a2-4539-8a60-1d8fbdc01fd5 None None] Starting request: 10.222.0.26 "GET /placement/allocations/b4d5c2a5-fd21-4a6a-beab-65618d62deb7" {{(pid=102286) __call__ /opt/stack/placement/placement/requestlog.py:55}}
Sep 29 19:01:39.767443 n-d-811447-2 devstack@placement-api.service[102286]: INFO placement.requestlog [req-f2eb18e3-6adc-4c7c-8c1e-79537f293db5 req-cfaa0680-c5a2-4539-8a60-1d8fbdc01fd5 service placement] 10.222.0.26 "GET /placement/allocations/b4d5c2a5-fd21-4a6a-beab-65618d62deb7" status: 200 len: 258 microversion: 1.28
Sep 29 19:01:39.768926 n-d-811447-2 devstack@placement-api.service[102286]: [pid: 102286|app: 0|req: 24/46] 10.222.0.26 () {60 vars in 1377 bytes} [Wed Sep 29 19:01:39 2021] GET /placement/allocations/b4d5c2a5-fd21-4a6a-beab-65618d62deb7 => generated 258 bytes in 34 msecs (HTTP/1.1 200) 8 headers in 296 bytes (1 switches on core 0)
Sep 29 19:01:41.789255 n-d-811447-2 devstack@placement-api.service[102285]: DEBUG placement.requestlog [req-b3fc5362-49b1-4fff-b73a-85a0ede43922 req-929a0787-664e-41d3-99a6-54944dc1c282 None None] Starting request: 10.222.0.24 "GET /placement/allocation_candidates?limit=1000&resources=DISK_GB%3A1%2CMEMORY_MB%3A1024%2CVCPU%3A1&root_required=%21COMPUTE_STATUS_DISABLED" {{(pid=102285) __call__ /opt/stack/placement/placement/requestlog.py:55}}
Sep 29 19:01:41.822442 n-d-811447-2 devstack@placement-api.service[102285]: DEBUG placement.objects.research_context [req-b3fc5362-49b1-4fff-b73a-85a0ede43922 req-929a0787-664e-41d3-99a6-54944dc1c282 service placement] getting providers with 1 DISK_GB {{(pid=102285) __init__ /opt/stack/placement/placement/objects/research_context.py:126}}
Sep 29 19:01:41.830272 n-d-811447-2 devstack@placement-api.service[102285]: DEBUG placement.objects.research_context [req-b3fc5362-49b1-4fff-b73a-85a0ede43922 req-929a0787-664e-41d3-99a6-54944dc1c282 service placement] getting providers with 1024 MEMORY_MB {{(pid=102285) __init__ /opt/stack/placement/placement/objects/research_context.py:126}}
Sep 29 19:01:41.847289 n-d-811447-2 devstack@placement-api.service[102285]: DEBUG placement.objects.research_context [req-b3fc5362-49b1-4fff-b73a-85a0ede43922 req-929a0787-664e-41d3-99a6-54944dc1c282 service placement] getting providers with 1 VCPU {{(pid=102285) __init__ /opt/stack/placement/placement/objects/research_context.py:126}}
Sep 29 19:01:41.856800 n-d-811447-2 devstack@placement-api.service[102285]: DEBUG placement.objects.research_context [req-b3fc5362-49b1-4fff-b73a-85a0ede43922 req-929a0787-664e-41d3-99a6-54944dc1c282 service placement] found 2 providers with available 1 DISK_GB {{(pid=102285) get_provider_ids_matching /opt/stack/placement/placement/objects/research_context.py:549}}
Sep 29 19:01:41.859290 n-d-811447-2 devstack@placement-api.service[102285]: DEBUG placement.objects.research_context [req-b3fc5362-49b1-4fff-b73a-85a0ede43922 req-929a0787-664e-41d3-99a6-54944dc1c282 service placement] found 2 providers with available 1024 MEMORY_MB {{(pid=102285) get_provider_ids_matching /opt/stack/placement/placement/objects/research_context.py:549}}
Sep 29 19:01:41.859290 n-d-811447-2 devstack@placement-api.service[102285]: DEBUG placement.objects.research_context [req-b3fc5362-49b1-4fff-b73a-85a0ede43922 req-929a0787-664e-41d3-99a6-54944dc1c282 service placement] found 2 providers after filtering by previous result {{(pid=102285) get_provider_ids_matching /opt/stack/placement/placement/objects/research_context.py:580}}
Sep 29 19:01:41.859290 n-d-811447-2 devstack@placement-api.service[102285]: DEBUG placement.objects.research_context [req-b3fc5362-49b1-4fff-b73a-85a0ede43922 req-929a0787-664e-41d3-99a6-54944dc1c282 service placement] found 2 providers with available 1 VCPU {{(pid=102285) get_provider_ids_matching /opt/stack/placement/placement/objects/research_context.py:549}}
Sep 29 19:01:41.859290 n-d-811447-2 devstack@placement-api.service[102285]: DEBUG placement.objects.research_context [req-b3fc5362-49b1-4fff-b73a-85a0ede43922 req-929a0787-664e-41d3-99a6-54944dc1c282 service placement] found 2 providers after filtering by previous result {{(pid=102285) get_provider_ids_matching /opt/stack/placement/placement/objects/research_context.py:580}}
Sep 29 19:01:41.874437 n-d-811447-2 devstack@placement-api.service[102285]: DEBUG placement.objects.allocation_candidate [req-b3fc5362-49b1-4fff-b73a-85a0ede43922 req-929a0787-664e-41d3-99a6-54944dc1c282 service placement] RequestGroup(use_same_provider=False, resources={DISK_GB:1, MEMORY_MB:1024, VCPU:1}, traits=[], aggregates=[]) (suffix '') returned 2 matches {{(pid=102285) _get_by_requests /opt/stack/placement/placement/objects/allocation_candidate.py:145}}
Sep 29 19:01:41.875168 n-d-811447-2 devstack@placement-api.service[102285]: DEBUG placement.objects.allocation_candidate [req-b3fc5362-49b1-4fff-b73a-85a0ede43922 req-929a0787-664e-41d3-99a6-54944dc1c282 service placement] Merging candidates yields 2 allocation requests and 2 provider summaries {{(pid=102285) _merge_candidates /opt/stack/placement/placement/objects/allocation_candidate.py:783}}
Sep 29 19:01:41.878035 n-d-811447-2 devstack@placement-api.service[102285]: INFO placement.requestlog [req-b3fc5362-49b1-4fff-b73a-85a0ede43922 req-929a0787-664e-41d3-99a6-54944dc1c282 service placement] 10.222.0.24 "GET /placement/allocation_candidates?limit=1000&resources=DISK_GB%3A1%2CMEMORY_MB%3A1024%2CVCPU%3A1&root_required=%21COMPUTE_STATUS_DISABLED" status: 200 len: 1309 microversion: 1.36
Sep 29 19:01:41.883090 n-d-811447-2 devstack@placement-api.service[102285]: [pid: 102285|app: 0|req: 23/47] 10.222.0.24 () {60 vars in 1506 bytes} [Wed Sep 29 19:01:41 2021] GET /placement/allocation_candidates?limit=1000&resources=DISK_GB%3A1%2CMEMORY_MB%3A1024%2CVCPU%3A1&root_required=%21COMPUTE_STATUS_DISABLED => generated 1309 bytes in 95 msecs (HTTP/1.1 200) 8 headers in 297 bytes (1 switches on core 0)
Sep 29 19:01:41.981231 n-d-811447-2 devstack@placement-api.service[102286]: DEBUG placement.requestlog [req-b3fc5362-49b1-4fff-b73a-85a0ede43922 req-f35a539d-1314-44a5-a5b3-8d4daaeccf39 None None] Starting request: 10.222.0.24 "GET /placement/allocations/e1788413-0a7b-4011-8108-99fb51937c0a" {{(pid=102286) __call__ /opt/stack/placement/placement/requestlog.py:55}}
Sep 29 19:01:41.999708 n-d-811447-2 devstack@placement-api.service[102286]: INFO placement.requestlog [req-b3fc5362-49b1-4fff-b73a-85a0ede43922 req-f35a539d-1314-44a5-a5b3-8d4daaeccf39 service placement] 10.222.0.24 "GET /placement/allocations/e1788413-0a7b-4011-8108-99fb51937c0a" status: 200 len: 19 microversion: 1.28
Sep 29 19:01:41.999931 n-d-811447-2 devstack@placement-api.service[102286]: [pid: 102286|app: 0|req: 25/48] 10.222.0.24 () {60 vars in 1380 bytes} [Wed Sep 29 19:01:41 2021] GET /placement/allocations/e1788413-0a7b-4011-8108-99fb51937c0a => generated 19 bytes in 19 msecs (HTTP/1.1 200) 8 headers in 295 bytes (1 switches on core 0)
Sep 29 19:01:42.007791 n-d-811447-2 devstack@placement-api.service[102285]: DEBUG placement.requestlog [req-b3fc5362-49b1-4fff-b73a-85a0ede43922 req-e908fc62-37bd-436d-85ee-59e2de0e4ad1 None None] Starting request: 10.222.0.24 "PUT /placement/allocations/e1788413-0a7b-4011-8108-99fb51937c0a" {{(pid=102285) __call__ /opt/stack/placement/placement/requestlog.py:55}}
Sep 29 19:01:42.348616 n-d-811447-2 devstack@placement-api.service[102285]: DEBUG placement.handlers.allocation [req-b3fc5362-49b1-4fff-b73a-85a0ede43922 req-e908fc62-37bd-436d-85ee-59e2de0e4ad1 service placement] Successfully wrote allocations [, , ] {{(pid=102285) _update_consumers_and_create_allocations /opt/stack/placement/placement/handlers/allocation.py:462}}
Sep 29 19:01:42.442025 n-d-811447-2 devstack@placement-api.service[102285]: INFO placement.requestlog [req-b3fc5362-49b1-4fff-b73a-85a0ede43922 req-e908fc62-37bd-436d-85ee-59e2de0e4ad1 service placement] 10.222.0.24 "PUT /placement/allocations/e1788413-0a7b-4011-8108-99fb51937c0a" status: 204 len: 0 microversion: 1.36
Sep 29 19:01:42.442368 n-d-811447-2 devstack@placement-api.service[102285]: [pid: 102285|app: 0|req: 24/49] 10.222.0.24 () {64 vars in 1433 bytes} [Wed Sep 29 19:01:42 2021] PUT /placement/allocations/e1788413-0a7b-4011-8108-99fb51937c0a => generated 0 bytes in 435 msecs (HTTP/1.1 204) 5 headers in 199 bytes (1 switches on core 0)
Sep 29 19:01:43.622857 n-d-811447-2 devstack@placement-api.service[102286]: DEBUG placement.requestlog [req-b3fc5362-49b1-4fff-b73a-85a0ede43922 req-081cbc6b-b3b8-4802-ac78-f55619d3775e None None] Starting request: 10.222.0.48 "GET /placement/allocations/e1788413-0a7b-4011-8108-99fb51937c0a" {{(pid=102286) __call__ /opt/stack/placement/placement/requestlog.py:55}}
Sep 29 19:01:43.653297 n-d-811447-2 devstack@placement-api.service[102286]: INFO placement.requestlog [req-b3fc5362-49b1-4fff-b73a-85a0ede43922 req-081cbc6b-b3b8-4802-ac78-f55619d3775e service placement] 10.222.0.48 "GET /placement/allocations/e1788413-0a7b-4011-8108-99fb51937c0a" status: 200 len: 258 microversion: 1.28
Sep 29 19:01:43.653525 n-d-811447-2 devstack@placement-api.service[102286]: [pid: 102286|app: 0|req: 26/50] 10.222.0.48 () {60 vars in 1377 bytes} [Wed Sep 29 19:01:43 2021] GET /placement/allocations/e1788413-0a7b-4011-8108-99fb51937c0a => generated 258 bytes in 31 msecs (HTTP/1.1 200) 8 headers in 296 bytes (1 switches on core 0)
Sep 29 19:01:51.460991 n-d-811447-2 devstack@placement-api.service[102285]: DEBUG placement.requestlog [None req-14212da8-d8ed-4b64-a955-a80ce63a0d2c None None] Starting request: 10.222.0.24 "GET /placement/" {{(pid=102285) __call__ /opt/stack/placement/placement/requestlog.py:55}}
Sep 29 19:01:51.462167 n-d-811447-2 devstack@placement-api.service[102285]: INFO placement.requestlog [None req-14212da8-d8ed-4b64-a955-a80ce63a0d2c None None] 10.222.0.24 "GET /placement/" status: 200 len: 136 microversion: 1.0
Sep 29 19:01:51.462614 n-d-811447-2 devstack@placement-api.service[102285]: [pid: 102285|app: 0|req: 25/51] 10.222.0.24 () {54 vars in 907 bytes} [Wed Sep 29 19:01:51 2021] GET /placement => generated 136 bytes in 2 msecs (HTTP/1.1 200) 6 headers in 224 bytes (1 switches on core 0)
Sep 29 19:01:51.473384 n-d-811447-2 devstack@placement-api.service[102286]: DEBUG placement.requestlog [req-92a5c516-3323-4519-9adc-36494e9a6e23 req-67379e79-e03f-4d9d-82ac-911f0a37f037 None None] Starting request: 10.222.0.24 "GET /placement/resource_providers?name=n-h1-811447-2" {{(pid=102286) __call__ /opt/stack/placement/placement/requestlog.py:55}}
Sep 29 19:01:51.547654 n-d-811447-2 devstack@placement-api.service[102286]: INFO placement.requestlog [req-92a5c516-3323-4519-9adc-36494e9a6e23 req-67379e79-e03f-4d9d-82ac-911f0a37f037 service placement] 10.222.0.24 "GET /placement/resource_providers?name=n-h1-811447-2" status: 200 len: 440 microversion: 1.0
Sep 29 19:01:51.547875 n-d-811447-2 devstack@placement-api.service[102286]: [pid: 102286|app: 0|req: 27/52] 10.222.0.24 () {58 vars in 1274 bytes} [Wed Sep 29 19:01:51 2021] GET /placement/resource_providers?name=n-h1-811447-2 => generated 440 bytes in 75 msecs (HTTP/1.1 200) 6 headers in 224 bytes (1 switches on core 0)
Sep 29 19:01:51.558644 n-d-811447-2 devstack@placement-api.service[102285]: DEBUG placement.requestlog [req-92a5c516-3323-4519-9adc-36494e9a6e23 req-ebfdcd71-74d3-4e18-b93d-9706b998c596 None None] Starting request: 10.222.0.24 "GET /placement/resource_providers/d957e886-3459-42a7-9897-dc714576245a/aggregates" {{(pid=102285) __call__ /opt/stack/placement/placement/requestlog.py:55}}
Sep 29 19:01:51.577175 n-d-811447-2 devstack@placement-api.service[102285]: INFO placement.requestlog [req-92a5c516-3323-4519-9adc-36494e9a6e23 req-ebfdcd71-74d3-4e18-b93d-9706b998c596 service placement] 10.222.0.24 "GET /placement/resource_providers/d957e886-3459-42a7-9897-dc714576245a/aggregates" status: 200 len: 91 microversion: 1.19
Sep 29 19:01:51.577919 n-d-811447-2 devstack@placement-api.service[102285]: [pid: 102285|app: 0|req: 26/53] 10.222.0.24 () {60 vars in 1425 bytes} [Wed Sep 29 19:01:51 2021] GET /placement/resource_providers/d957e886-3459-42a7-9897-dc714576245a/aggregates => generated 91 bytes in 19 msecs (HTTP/1.1 200) 8 headers in 295 bytes (1 switches on core 0)
Sep 29 19:01:51.587045 n-d-811447-2 devstack@placement-api.service[102286]: DEBUG placement.requestlog [req-92a5c516-3323-4519-9adc-36494e9a6e23 req-8659d80e-72a9-4f97-8187-68a6bd423581 None None] Starting request: 10.222.0.24 "PUT /placement/resource_providers/d957e886-3459-42a7-9897-dc714576245a/aggregates" {{(pid=102286) __call__ /opt/stack/placement/placement/requestlog.py:55}}
Sep 29 19:01:51.610003 n-d-811447-2 devstack@placement-api.service[102286]: DEBUG placement.objects.resource_provider [req-92a5c516-3323-4519-9adc-36494e9a6e23 req-8659d80e-72a9-4f97-8187-68a6bd423581 service placement] Setting aggregates for provider d957e886-3459-42a7-9897-dc714576245a. Successfully disassociated aggregate 7e3b00c9-0e01-4b3b-bfe7-8dfec5a07b24. {{(pid=102286) _set_aggregates /opt/stack/placement/placement/objects/resource_provider.py:403}}
Sep 29 19:01:51.717336 n-d-811447-2 devstack@placement-api.service[102286]: INFO placement.requestlog [req-92a5c516-3323-4519-9adc-36494e9a6e23 req-8659d80e-72a9-4f97-8187-68a6bd423581 service placement] 10.222.0.24 "PUT /placement/resource_providers/d957e886-3459-42a7-9897-dc714576245a/aggregates" status: 200 len: 54 microversion: 1.19
Sep 29 19:01:51.717654 n-d-811447-2 devstack@placement-api.service[102286]: [pid: 102286|app: 0|req: 28/54] 10.222.0.24 () {64 vars in 1477 bytes} [Wed Sep 29 19:01:51 2021] PUT /placement/resource_providers/d957e886-3459-42a7-9897-dc714576245a/aggregates => generated 54 bytes in 131 msecs (HTTP/1.1 200) 8 headers in 295 bytes (2 switches on core 0)
Sep 29 19:01:53.371511 n-d-811447-2 devstack@placement-api.service[102285]: DEBUG placement.requestlog [req-596d3fe2-59fd-4763-ac30-f9804a057727 req-59e09204-a588-4b5f-8b82-2643c5676236 None None] Starting request: 10.222.0.24 "GET /placement/allocation_candidates?limit=1000&resources=DISK_GB%3A1%2CMEMORY_MB%3A1024%2CVCPU%3A1&root_required=%21COMPUTE_STATUS_DISABLED" {{(pid=102285) __call__ /opt/stack/placement/placement/requestlog.py:55}}
Sep 29 19:01:53.443763 n-d-811447-2 devstack@placement-api.service[102285]: DEBUG placement.objects.research_context [req-596d3fe2-59fd-4763-ac30-f9804a057727 req-59e09204-a588-4b5f-8b82-2643c5676236 service placement] getting providers with 1 DISK_GB {{(pid=102285) __init__ /opt/stack/placement/placement/objects/research_context.py:126}}
Sep 29 19:01:53.478820 n-d-811447-2 devstack@placement-api.service[102285]: DEBUG placement.objects.research_context [req-596d3fe2-59fd-4763-ac30-f9804a057727 req-59e09204-a588-4b5f-8b82-2643c5676236 service placement] getting providers with 1024 MEMORY_MB {{(pid=102285) __init__ /opt/stack/placement/placement/objects/research_context.py:126}}
Sep 29 19:01:53.486355 n-d-811447-2 devstack@placement-api.service[102285]: DEBUG placement.objects.research_context [req-596d3fe2-59fd-4763-ac30-f9804a057727 req-59e09204-a588-4b5f-8b82-2643c5676236 service placement] getting providers with 1 VCPU {{(pid=102285) __init__ /opt/stack/placement/placement/objects/research_context.py:126}}
Sep 29 19:01:53.490795 n-d-811447-2 devstack@placement-api.service[102286]: DEBUG placement.requestlog [req-4ebdbdf3-e56f-4717-bd71-226d16881fd5 req-b31f1082-b075-400c-8a25-780c1f15dab5 None None] Starting request: 10.222.0.24 "GET /placement/resource_providers?name=n-h1-811447-2" {{(pid=102286) __call__ /opt/stack/placement/placement/requestlog.py:55}}
Sep 29 19:01:53.515698 n-d-811447-2 devstack@placement-api.service[102285]: DEBUG placement.objects.research_context [req-596d3fe2-59fd-4763-ac30-f9804a057727 req-59e09204-a588-4b5f-8b82-2643c5676236 service placement] found 2 providers with available 1 DISK_GB {{(pid=102285) get_provider_ids_matching /opt/stack/placement/placement/objects/research_context.py:549}}
Sep 29 19:01:53.516163 n-d-811447-2 devstack@placement-api.service[102285]: DEBUG placement.objects.research_context [req-596d3fe2-59fd-4763-ac30-f9804a057727 req-59e09204-a588-4b5f-8b82-2643c5676236 service placement] found 2 providers with available 1024 MEMORY_MB {{(pid=102285) get_provider_ids_matching /opt/stack/placement/placement/objects/research_context.py:549}}
Sep 29 19:01:53.516655 n-d-811447-2 devstack@placement-api.service[102285]: DEBUG placement.objects.research_context [req-596d3fe2-59fd-4763-ac30-f9804a057727 req-59e09204-a588-4b5f-8b82-2643c5676236 service placement] found 2 providers after filtering by previous result {{(pid=102285) get_provider_ids_matching /opt/stack/placement/placement/objects/research_context.py:580}}
Sep 29 19:01:53.517060 n-d-811447-2 devstack@placement-api.service[102285]: DEBUG placement.objects.research_context [req-596d3fe2-59fd-4763-ac30-f9804a057727 req-59e09204-a588-4b5f-8b82-2643c5676236 service placement] found 2 providers with available 1 VCPU {{(pid=102285) get_provider_ids_matching /opt/stack/placement/placement/objects/research_context.py:549}}
Sep 29 19:01:53.517509 n-d-811447-2 devstack@placement-api.service[102285]: DEBUG placement.objects.research_context [req-596d3fe2-59fd-4763-ac30-f9804a057727 req-59e09204-a588-4b5f-8b82-2643c5676236 service placement] found 2 providers after filtering by previous result {{(pid=102285) get_provider_ids_matching /opt/stack/placement/placement/objects/research_context.py:580}}
Sep 29 19:01:53.532274 n-d-811447-2 devstack@placement-api.service[102285]: DEBUG placement.objects.allocation_candidate [req-596d3fe2-59fd-4763-ac30-f9804a057727 req-59e09204-a588-4b5f-8b82-2643c5676236 service placement] RequestGroup(use_same_provider=False, resources={DISK_GB:1, MEMORY_MB:1024, VCPU:1}, traits=[], aggregates=[]) (suffix '') returned 2 matches {{(pid=102285) _get_by_requests /opt/stack/placement/placement/objects/allocation_candidate.py:145}}
Sep 29 19:01:53.532832 n-d-811447-2 devstack@placement-api.service[102285]: DEBUG placement.objects.allocation_candidate [req-596d3fe2-59fd-4763-ac30-f9804a057727 req-59e09204-a588-4b5f-8b82-2643c5676236 service placement] Merging candidates yields 2 allocation requests and 2 provider summaries {{(pid=102285) _merge_candidates /opt/stack/placement/placement/objects/allocation_candidate.py:783}}
Sep 29 19:01:53.533994 n-d-811447-2 devstack@placement-api.service[102286]: INFO placement.requestlog [req-4ebdbdf3-e56f-4717-bd71-226d16881fd5 req-b31f1082-b075-400c-8a25-780c1f15dab5 service placement] 10.222.0.24 "GET /placement/resource_providers?name=n-h1-811447-2" status: 200 len: 441 microversion: 1.0
Sep 29 19:01:53.534418 n-d-811447-2 devstack@placement-api.service[102286]: [pid: 102286|app: 0|req: 29/55] 10.222.0.24 () {58 vars in 1274 bytes} [Wed Sep 29 19:01:53 2021] GET /placement/resource_providers?name=n-h1-811447-2 => generated 441 bytes in 44 msecs (HTTP/1.1 200) 6 headers in 224 bytes (1 switches on core 0)
Sep 29 19:01:53.542382 n-d-811447-2 devstack@placement-api.service[102286]: DEBUG placement.requestlog [req-4ebdbdf3-e56f-4717-bd71-226d16881fd5 req-92fc14d4-5ab0-44e6-b8eb-83e2e549f895 None None] Starting request: 10.222.0.24 "GET /placement/resource_providers/d957e886-3459-42a7-9897-dc714576245a/aggregates" {{(pid=102286) __call__ /opt/stack/placement/placement/requestlog.py:55}}
Sep 29 19:01:53.543105 n-d-811447-2 devstack@placement-api.service[102285]: INFO placement.requestlog [req-596d3fe2-59fd-4763-ac30-f9804a057727 req-59e09204-a588-4b5f-8b82-2643c5676236 service placement] 10.222.0.24 "GET /placement/allocation_candidates?limit=1000&resources=DISK_GB%3A1%2CMEMORY_MB%3A1024%2CVCPU%3A1&root_required=%21COMPUTE_STATUS_DISABLED" status: 200 len: 1309 microversion: 1.36
Sep 29 19:01:53.555269 n-d-811447-2 devstack@placement-api.service[102285]: [pid: 102285|app: 0|req: 27/56] 10.222.0.24 () {60 vars in 1506 bytes} [Wed Sep 29 19:01:53 2021] GET /placement/allocation_candidates?limit=1000&resources=DISK_GB%3A1%2CMEMORY_MB%3A1024%2CVCPU%3A1&root_required=%21COMPUTE_STATUS_DISABLED => generated 1309 bytes in 184 msecs (HTTP/1.1 200) 8 headers in 297 bytes (1 switches on core 0)
Sep 29 19:01:53.559243 n-d-811447-2 devstack@placement-api.service[102286]: INFO placement.requestlog [req-4ebdbdf3-e56f-4717-bd71-226d16881fd5 req-92fc14d4-5ab0-44e6-b8eb-83e2e549f895 service placement] 10.222.0.24 "GET /placement/resource_providers/d957e886-3459-42a7-9897-dc714576245a/aggregates" status: 200 len: 54 microversion: 1.19
Sep 29 19:01:53.559788 n-d-811447-2 devstack@placement-api.service[102286]: [pid: 102286|app: 0|req: 30/57] 10.222.0.24 () {60 vars in 1425 bytes} [Wed Sep 29 19:01:53 2021] GET /placement/resource_providers/d957e886-3459-42a7-9897-dc714576245a/aggregates => generated 54 bytes in 17 msecs (HTTP/1.1 200) 8 headers in 295 bytes (2 switches on core 0)
Sep 29 19:01:53.566776 n-d-811447-2 devstack@placement-api.service[102285]: DEBUG placement.requestlog [req-4ebdbdf3-e56f-4717-bd71-226d16881fd5 req-2f915cd4-5932-4aed-9750-e719ae83dfd3 None None] Starting request: 10.222.0.24 "PUT /placement/resource_providers/d957e886-3459-42a7-9897-dc714576245a/aggregates" {{(pid=102285) __call__ /opt/stack/placement/placement/requestlog.py:55}}
Sep 29 19:01:53.605828 n-d-811447-2 devstack@placement-api.service[102285]: DEBUG placement.objects.resource_provider [req-4ebdbdf3-e56f-4717-bd71-226d16881fd5 req-2f915cd4-5932-4aed-9750-e719ae83dfd3 service placement] _ensure_aggregate() did not find aggregate 5dfeee95-bf5a-4caf-9dcc-3c954c84cee3. Attempting to create it. {{(pid=102285) _ensure_aggregate /opt/stack/placement/placement/objects/resource_provider.py:320}}
Sep 29 19:01:53.605828 n-d-811447-2 devstack@placement-api.service[102285]: DEBUG placement.objects.resource_provider [req-4ebdbdf3-e56f-4717-bd71-226d16881fd5 req-2f915cd4-5932-4aed-9750-e719ae83dfd3 service placement] _ensure_aggregate() created new aggregate 5dfeee95-bf5a-4caf-9dcc-3c954c84cee3 (id=4). {{(pid=102285) _ensure_aggregate /opt/stack/placement/placement/objects/resource_provider.py:326}}
Sep 29 19:01:53.605828 n-d-811447-2 devstack@placement-api.service[102285]: DEBUG placement.objects.resource_provider [req-4ebdbdf3-e56f-4717-bd71-226d16881fd5 req-2f915cd4-5932-4aed-9750-e719ae83dfd3 service placement] Setting aggregates for provider d957e886-3459-42a7-9897-dc714576245a. Successfully associated aggregate 5dfeee95-bf5a-4caf-9dcc-3c954c84cee3. {{(pid=102285) _set_aggregates /opt/stack/placement/placement/objects/resource_provider.py:388}}
Sep 29 19:01:53.625300 n-d-811447-2 devstack@placement-api.service[102286]: DEBUG placement.requestlog [req-596d3fe2-59fd-4763-ac30-f9804a057727 req-4302a863-60fa-4c44-90bd-4de272a3778e None None] Starting request: 10.222.0.24 "GET /placement/allocations/998031a0-4aef-4139-aee6-3a221d609313" {{(pid=102286) __call__ /opt/stack/placement/placement/requestlog.py:55}}
Sep 29 19:01:53.638215 n-d-811447-2 devstack@placement-api.service[102286]: INFO placement.requestlog [req-596d3fe2-59fd-4763-ac30-f9804a057727 req-4302a863-60fa-4c44-90bd-4de272a3778e service placement] 10.222.0.24 "GET /placement/allocations/998031a0-4aef-4139-aee6-3a221d609313" status: 200 len: 19 microversion: 1.28
Sep 29 19:01:53.642669 n-d-811447-2 devstack@placement-api.service[102286]: [pid: 102286|app: 0|req: 31/58] 10.222.0.24 () {60 vars in 1380 bytes} [Wed Sep 29 19:01:53 2021] GET /placement/allocations/998031a0-4aef-4139-aee6-3a221d609313 => generated 19 bytes in 17 msecs (HTTP/1.1 200) 8 headers in 295 bytes (2 switches on core 0)
Sep 29 19:01:53.644712 n-d-811447-2 devstack@placement-api.service[102286]: DEBUG placement.requestlog [req-596d3fe2-59fd-4763-ac30-f9804a057727 req-3c9a6a87-5a5e-41a2-ad6e-1365e5653261 None None] Starting request: 10.222.0.24 "PUT /placement/allocations/998031a0-4aef-4139-aee6-3a221d609313" {{(pid=102286) __call__ /opt/stack/placement/placement/requestlog.py:55}}
Sep 29 19:01:53.722301 n-d-811447-2 devstack@placement-api.service[102285]: INFO placement.requestlog [req-4ebdbdf3-e56f-4717-bd71-226d16881fd5 req-2f915cd4-5932-4aed-9750-e719ae83dfd3 service placement] 10.222.0.24 "PUT /placement/resource_providers/d957e886-3459-42a7-9897-dc714576245a/aggregates" status: 200 len: 92 microversion: 1.19
Sep 29 19:01:53.724670 n-d-811447-2 devstack@placement-api.service[102285]: [pid: 102285|app: 0|req: 28/59] 10.222.0.24 () {64 vars in 1477 bytes} [Wed Sep 29 19:01:53 2021] PUT /placement/resource_providers/d957e886-3459-42a7-9897-dc714576245a/aggregates => generated 92 bytes in 157 msecs (HTTP/1.1 200) 8 headers in 295 bytes (1 switches on core 0)
Sep 29 19:01:53.840216 n-d-811447-2 devstack@placement-api.service[102285]: DEBUG placement.requestlog [req-e97379b1-8acd-45c6-a3e2-813a3cfd2b1e req-216521d4-0c19-4f78-b3b2-880bbdd9f928 None None] Starting request: 10.222.0.24 "GET /placement/resource_providers?name=n-h1-811447-2" {{(pid=102285) __call__ /opt/stack/placement/placement/requestlog.py:55}}
Sep 29 19:01:53.864702 n-d-811447-2 devstack@placement-api.service[102285]: INFO placement.requestlog [req-e97379b1-8acd-45c6-a3e2-813a3cfd2b1e req-216521d4-0c19-4f78-b3b2-880bbdd9f928 service placement] 10.222.0.24 "GET /placement/resource_providers?name=n-h1-811447-2" status: 200 len: 441 microversion: 1.0
Sep 29 19:01:53.867981 n-d-811447-2 devstack@placement-api.service[102285]: [pid: 102285|app: 0|req: 29/60] 10.222.0.24 () {58 vars in 1274 bytes} [Wed Sep 29 19:01:53 2021] GET /placement/resource_providers?name=n-h1-811447-2 => generated 441 bytes in 28 msecs (HTTP/1.1 200) 6 headers in 224 bytes (2 switches on core 0)
