Sep 29 19:29:15.097754 n-d-811173-1 devstack@placement-api.service[95235]: DEBUG placement.requestlog [req-8560cf4b-21e2-41e4-a064-e1577e18fc74 req-080cfc7a-ffc6-4a98-8aa2-2db21079e9c9 None None] Starting request: 10.222.0.37 "GET /placement/allocations/d3ee04cf-2de6-428d-bf3a-573053acd144" {{(pid=95235) __call__ /opt/stack/placement/placement/requestlog.py:55}}
Sep 29 19:29:15.100469 n-d-811173-1 devstack@placement-api.service[95234]: DEBUG placement.objects.research_context [req-44b4c40a-cce5-4e68-ba6a-e0f95ba6c5c9 req-11c3c003-b46d-467c-ba8f-1cff51a4a716 service placement] getting providers with 1 VCPU {{(pid=95234) __init__ /opt/stack/placement/placement/objects/research_context.py:126}}
Sep 29 19:29:15.106708 n-d-811173-1 devstack@placement-api.service[95234]: DEBUG placement.objects.research_context [req-44b4c40a-cce5-4e68-ba6a-e0f95ba6c5c9 req-11c3c003-b46d-467c-ba8f-1cff51a4a716 service placement] found 2 providers with available 1 DISK_GB {{(pid=95234) get_provider_ids_matching /opt/stack/placement/placement/objects/research_context.py:549}}
Sep 29 19:29:15.107278 n-d-811173-1 devstack@placement-api.service[95234]: DEBUG placement.objects.research_context [req-44b4c40a-cce5-4e68-ba6a-e0f95ba6c5c9 req-11c3c003-b46d-467c-ba8f-1cff51a4a716 service placement] found 2 providers with available 1024 MEMORY_MB {{(pid=95234) get_provider_ids_matching /opt/stack/placement/placement/objects/research_context.py:549}}
Sep 29 19:29:15.107783 n-d-811173-1 devstack@placement-api.service[95234]: DEBUG placement.objects.research_context [req-44b4c40a-cce5-4e68-ba6a-e0f95ba6c5c9 req-11c3c003-b46d-467c-ba8f-1cff51a4a716 service placement] found 2 providers after filtering by previous result {{(pid=95234) get_provider_ids_matching /opt/stack/placement/placement/objects/research_context.py:580}}
Sep 29 19:29:15.108259 n-d-811173-1 devstack@placement-api.service[95234]: DEBUG placement.objects.research_context [req-44b4c40a-cce5-4e68-ba6a-e0f95ba6c5c9 req-11c3c003-b46d-467c-ba8f-1cff51a4a716 service placement] found 2 providers with available 1 VCPU {{(pid=95234) get_provider_ids_matching /opt/stack/placement/placement/objects/research_context.py:549}}
Sep 29 19:29:15.108779 n-d-811173-1 devstack@placement-api.service[95234]: DEBUG placement.objects.research_context [req-44b4c40a-cce5-4e68-ba6a-e0f95ba6c5c9 req-11c3c003-b46d-467c-ba8f-1cff51a4a716 service placement] found 2 providers after filtering by previous result {{(pid=95234) get_provider_ids_matching /opt/stack/placement/placement/objects/research_context.py:580}}
Sep 29 19:29:15.109618 n-d-811173-1 devstack@placement-api.service[95235]: INFO placement.requestlog [req-8560cf4b-21e2-41e4-a064-e1577e18fc74 req-080cfc7a-ffc6-4a98-8aa2-2db21079e9c9 service placement] 10.222.0.37 "GET /placement/allocations/d3ee04cf-2de6-428d-bf3a-573053acd144" status: 200 len: 19 microversion: 1.28
Sep 29 19:29:15.110230 n-d-811173-1 devstack@placement-api.service[95235]: [pid: 95235|app: 0|req: 482/961] 10.222.0.37 () {60 vars in 1380 bytes} [Wed Sep 29 19:29:15 2021] GET /placement/allocations/d3ee04cf-2de6-428d-bf3a-573053acd144 => generated 19 bytes in 12 msecs (HTTP/1.1 200) 8 headers in 295 bytes (1 switches on core 0)
Sep 29 19:29:15.117049 n-d-811173-1 devstack@placement-api.service[95235]: DEBUG placement.requestlog [req-8560cf4b-21e2-41e4-a064-e1577e18fc74 req-dc6eee3c-d689-4923-99f9-855bc9c9951a None None] Starting request: 10.222.0.37 "PUT /placement/allocations/d3ee04cf-2de6-428d-bf3a-573053acd144" {{(pid=95235) __call__ /opt/stack/placement/placement/requestlog.py:55}}
Sep 29 19:29:15.123929 n-d-811173-1 devstack@placement-api.service[95234]: DEBUG placement.objects.allocation_candidate [req-44b4c40a-cce5-4e68-ba6a-e0f95ba6c5c9 req-11c3c003-b46d-467c-ba8f-1cff51a4a716 service placement] RequestGroup(use_same_provider=False, resources={DISK_GB:1, MEMORY_MB:1024, VCPU:1}, traits=[], aggregates=[]) (suffix '') returned 2 matches {{(pid=95234) _get_by_requests /opt/stack/placement/placement/objects/allocation_candidate.py:145}}
Sep 29 19:29:15.124303 n-d-811173-1 devstack@placement-api.service[95234]: DEBUG placement.objects.allocation_candidate [req-44b4c40a-cce5-4e68-ba6a-e0f95ba6c5c9 req-11c3c003-b46d-467c-ba8f-1cff51a4a716 service placement] Merging candidates yields 2 allocation requests and 2 provider summaries {{(pid=95234) _merge_candidates /opt/stack/placement/placement/objects/allocation_candidate.py:783}}
Sep 29 19:29:15.125911 n-d-811173-1 devstack@placement-api.service[95234]: INFO placement.requestlog [req-44b4c40a-cce5-4e68-ba6a-e0f95ba6c5c9 req-11c3c003-b46d-467c-ba8f-1cff51a4a716 service placement] 10.222.0.37 "GET /placement/allocation_candidates?limit=1000&resources=DISK_GB%3A1%2CMEMORY_MB%3A1024%2CVCPU%3A1&root_required=%21COMPUTE_STATUS_DISABLED" status: 200 len: 1309 microversion: 1.36
Sep 29 19:29:15.126474 n-d-811173-1 devstack@placement-api.service[95234]: [pid: 95234|app: 0|req: 480/962] 10.222.0.37 () {60 vars in 1506 bytes} [Wed Sep 29 19:29:15 2021] GET /placement/allocation_candidates?limit=1000&resources=DISK_GB%3A1%2CMEMORY_MB%3A1024%2CVCPU%3A1&root_required=%21COMPUTE_STATUS_DISABLED => generated 1309 bytes in 88 msecs (HTTP/1.1 200) 8 headers in 297 bytes (1 switches on core 0)
Sep 29 19:29:15.181369 n-d-811173-1 devstack@placement-api.service[95234]: DEBUG placement.requestlog [req-44b4c40a-cce5-4e68-ba6a-e0f95ba6c5c9 req-6683d500-e2dd-4ca9-a7cd-ca2f19cda041 None None] Starting request: 10.222.0.37 "GET /placement/allocations/0f1c3b19-e648-43bb-a514-fc86df70ef85" {{(pid=95234) __call__ /opt/stack/placement/placement/requestlog.py:55}}
Sep 29 19:29:15.192111 n-d-811173-1 devstack@placement-api.service[95234]: INFO placement.requestlog [req-44b4c40a-cce5-4e68-ba6a-e0f95ba6c5c9 req-6683d500-e2dd-4ca9-a7cd-ca2f19cda041 service placement] 10.222.0.37 "GET /placement/allocations/0f1c3b19-e648-43bb-a514-fc86df70ef85" status: 200 len: 19 microversion: 1.28
Sep 29 19:29:15.192733 n-d-811173-1 devstack@placement-api.service[95234]: [pid: 95234|app: 0|req: 481/963] 10.222.0.37 () {60 vars in 1380 bytes} [Wed Sep 29 19:29:15 2021] GET /placement/allocations/0f1c3b19-e648-43bb-a514-fc86df70ef85 => generated 19 bytes in 12 msecs (HTTP/1.1 200) 8 headers in 295 bytes (1 switches on core 0)
Sep 29 19:29:15.210139 n-d-811173-1 devstack@placement-api.service[95234]: DEBUG placement.requestlog [req-44b4c40a-cce5-4e68-ba6a-e0f95ba6c5c9 req-76441542-aec4-4c41-9b2a-a3ce1cea1a60 None None] Starting request: 10.222.0.37 "PUT /placement/allocations/0f1c3b19-e648-43bb-a514-fc86df70ef85" {{(pid=95234) __call__ /opt/stack/placement/placement/requestlog.py:55}}
Sep 29 19:29:15.212918 n-d-811173-1 devstack@placement-api.service[95235]: DEBUG placement.handlers.allocation [req-8560cf4b-21e2-41e4-a064-e1577e18fc74 req-dc6eee3c-d689-4923-99f9-855bc9c9951a service placement] Successfully wrote allocations [, , ] {{(pid=95235) _update_consumers_and_create_allocations /opt/stack/placement/placement/handlers/allocation.py:462}}
Sep 29 19:29:15.217890 n-d-811173-1 devstack@placement-api.service[95235]: INFO placement.requestlog [req-8560cf4b-21e2-41e4-a064-e1577e18fc74 req-dc6eee3c-d689-4923-99f9-855bc9c9951a service placement] 10.222.0.37 "PUT /placement/allocations/d3ee04cf-2de6-428d-bf3a-573053acd144" status: 204 len: 0 microversion: 1.36
Sep 29 19:29:15.218930 n-d-811173-1 devstack@placement-api.service[95235]: [pid: 95235|app: 0|req: 483/964] 10.222.0.37 () {64 vars in 1433 bytes} [Wed Sep 29 19:29:15 2021] PUT /placement/allocations/d3ee04cf-2de6-428d-bf3a-573053acd144 => generated 0 bytes in 102 msecs (HTTP/1.1 204) 5 headers in 199 bytes (1 switches on core 0)
Sep 29 19:29:15.300179 n-d-811173-1 devstack@placement-api.service[95234]: DEBUG placement.handlers.allocation [req-44b4c40a-cce5-4e68-ba6a-e0f95ba6c5c9 req-76441542-aec4-4c41-9b2a-a3ce1cea1a60 service placement] Successfully wrote allocations [, , ] {{(pid=95234) _update_consumers_and_create_allocations /opt/stack/placement/placement/handlers/allocation.py:462}}
Sep 29 19:29:15.305138 n-d-811173-1 devstack@placement-api.service[95234]: INFO placement.requestlog [req-44b4c40a-cce5-4e68-ba6a-e0f95ba6c5c9 req-76441542-aec4-4c41-9b2a-a3ce1cea1a60 service placement] 10.222.0.37 "PUT /placement/allocations/0f1c3b19-e648-43bb-a514-fc86df70ef85" status: 204 len: 0 microversion: 1.36
Sep 29 19:29:15.305646 n-d-811173-1 devstack@placement-api.service[95234]: [pid: 95234|app: 0|req: 482/965] 10.222.0.37 () {64 vars in 1433 bytes} [Wed Sep 29 19:29:15 2021] PUT /placement/allocations/0f1c3b19-e648-43bb-a514-fc86df70ef85 => generated 0 bytes in 96 msecs (HTTP/1.1 204) 5 headers in 199 bytes (2 switches on core 0)
Sep 29 19:29:15.529393 n-d-811173-1 devstack@placement-api.service[95235]: DEBUG placement.requestlog [req-8560cf4b-21e2-41e4-a064-e1577e18fc74 req-f7226849-0702-4bb6-984d-7a2fd9b80053 None None] Starting request: 10.222.0.36 "GET /placement/allocations/d3ee04cf-2de6-428d-bf3a-573053acd144" {{(pid=95235) __call__ /opt/stack/placement/placement/requestlog.py:55}}
Sep 29 19:29:15.545178 n-d-811173-1 devstack@placement-api.service[95235]: INFO placement.requestlog [req-8560cf4b-21e2-41e4-a064-e1577e18fc74 req-f7226849-0702-4bb6-984d-7a2fd9b80053 service placement] 10.222.0.36 "GET /placement/allocations/d3ee04cf-2de6-428d-bf3a-573053acd144" status: 200 len: 259 microversion: 1.28
Sep 29 19:29:15.545507 n-d-811173-1 devstack@placement-api.service[95235]: [pid: 95235|app: 0|req: 484/966] 10.222.0.36 () {60 vars in 1377 bytes} [Wed Sep 29 19:29:15 2021] GET /placement/allocations/d3ee04cf-2de6-428d-bf3a-573053acd144 => generated 259 bytes in 16 msecs (HTTP/1.1 200) 8 headers in 296 bytes (1 switches on core 0)
Sep 29 19:29:15.626529 n-d-811173-1 devstack@placement-api.service[95234]: DEBUG placement.requestlog [req-44b4c40a-cce5-4e68-ba6a-e0f95ba6c5c9 req-c0f74ec8-83cd-4278-a63a-6559ef2dfeca None None] Starting request: 10.222.0.36 "GET /placement/allocations/0f1c3b19-e648-43bb-a514-fc86df70ef85" {{(pid=95234) __call__ /opt/stack/placement/placement/requestlog.py:55}}
Sep 29 19:29:15.645505 n-d-811173-1 devstack@placement-api.service[95234]: INFO placement.requestlog [req-44b4c40a-cce5-4e68-ba6a-e0f95ba6c5c9 req-c0f74ec8-83cd-4278-a63a-6559ef2dfeca service placement] 10.222.0.36 "GET /placement/allocations/0f1c3b19-e648-43bb-a514-fc86df70ef85" status: 200 len: 259 microversion: 1.28
Sep 29 19:29:15.646012 n-d-811173-1 devstack@placement-api.service[95234]: [pid: 95234|app: 0|req: 483/967] 10.222.0.36 () {60 vars in 1377 bytes} [Wed Sep 29 19:29:15 2021] GET /placement/allocations/0f1c3b19-e648-43bb-a514-fc86df70ef85 => generated 259 bytes in 20 msecs (HTTP/1.1 200) 8 headers in 296 bytes (1 switches on core 0)
Sep 29 19:29:24.931935 n-d-811173-1 devstack@placement-api.service[95235]: DEBUG placement.requestlog [req-f272716d-bbac-4afb-aa7a-f24192166ea0 req-b326420d-4a6d-4f37-a716-4d7d21e89290 None None] Starting request: 10.222.0.37 "GET /placement/allocation_candidates?limit=1000&resources=DISK_GB%3A1%2CMEMORY_MB%3A1024%2CVCPU%3A1&root_required=%21COMPUTE_STATUS_DISABLED" {{(pid=95235) __call__ /opt/stack/placement/placement/requestlog.py:55}}
Sep 29 19:29:24.963678 n-d-811173-1 devstack@placement-api.service[95235]: DEBUG placement.objects.research_context [req-f272716d-bbac-4afb-aa7a-f24192166ea0 req-b326420d-4a6d-4f37-a716-4d7d21e89290 service placement] getting providers with 1 DISK_GB {{(pid=95235) __init__ /opt/stack/placement/placement/objects/research_context.py:126}}
Sep 29 19:29:24.969472 n-d-811173-1 devstack@placement-api.service[95235]: DEBUG placement.objects.research_context [req-f272716d-bbac-4afb-aa7a-f24192166ea0 req-b326420d-4a6d-4f37-a716-4d7d21e89290 service placement] getting providers with 1024 MEMORY_MB {{(pid=95235) __init__ /opt/stack/placement/placement/objects/research_context.py:126}}
Sep 29 19:29:24.975581 n-d-811173-1 devstack@placement-api.service[95235]: DEBUG placement.objects.research_context [req-f272716d-bbac-4afb-aa7a-f24192166ea0 req-b326420d-4a6d-4f37-a716-4d7d21e89290 service placement] getting providers with 1 VCPU {{(pid=95235) __init__ /opt/stack/placement/placement/objects/research_context.py:126}}
Sep 29 19:29:24.981593 n-d-811173-1 devstack@placement-api.service[95235]: DEBUG placement.objects.research_context [req-f272716d-bbac-4afb-aa7a-f24192166ea0 req-b326420d-4a6d-4f37-a716-4d7d21e89290 service placement] found 2 providers with available 1 DISK_GB {{(pid=95235) get_provider_ids_matching /opt/stack/placement/placement/objects/research_context.py:549}}
Sep 29 19:29:24.981936 n-d-811173-1 devstack@placement-api.service[95235]: DEBUG placement.objects.research_context [req-f272716d-bbac-4afb-aa7a-f24192166ea0 req-b326420d-4a6d-4f37-a716-4d7d21e89290 service placement] found 2 providers with available 1024 MEMORY_MB {{(pid=95235) get_provider_ids_matching /opt/stack/placement/placement/objects/research_context.py:549}}
Sep 29 19:29:24.982216 n-d-811173-1 devstack@placement-api.service[95235]: DEBUG placement.objects.research_context [req-f272716d-bbac-4afb-aa7a-f24192166ea0 req-b326420d-4a6d-4f37-a716-4d7d21e89290 service placement] found 2 providers after filtering by previous result {{(pid=95235) get_provider_ids_matching /opt/stack/placement/placement/objects/research_context.py:580}}
Sep 29 19:29:24.982473 n-d-811173-1 devstack@placement-api.service[95235]: DEBUG placement.objects.research_context [req-f272716d-bbac-4afb-aa7a-f24192166ea0 req-b326420d-4a6d-4f37-a716-4d7d21e89290 service placement] found 2 providers with available 1 VCPU {{(pid=95235) get_provider_ids_matching /opt/stack/placement/placement/objects/research_context.py:549}}
Sep 29 19:29:24.982734 n-d-811173-1 devstack@placement-api.service[95235]: DEBUG placement.objects.research_context [req-f272716d-bbac-4afb-aa7a-f24192166ea0 req-b326420d-4a6d-4f37-a716-4d7d21e89290 service placement] found 2 providers after filtering by previous result {{(pid=95235) get_provider_ids_matching /opt/stack/placement/placement/objects/research_context.py:580}}
Sep 29 19:29:24.992799 n-d-811173-1 devstack@placement-api.service[95235]: DEBUG placement.objects.allocation_candidate [req-f272716d-bbac-4afb-aa7a-f24192166ea0 req-b326420d-4a6d-4f37-a716-4d7d21e89290 service placement] RequestGroup(use_same_provider=False, resources={DISK_GB:1, MEMORY_MB:1024, VCPU:1}, traits=[], aggregates=[]) (suffix '') returned 2 matches {{(pid=95235) _get_by_requests /opt/stack/placement/placement/objects/allocation_candidate.py:145}}
Sep 29 19:29:24.993174 n-d-811173-1 devstack@placement-api.service[95235]: DEBUG placement.objects.allocation_candidate [req-f272716d-bbac-4afb-aa7a-f24192166ea0 req-b326420d-4a6d-4f37-a716-4d7d21e89290 service placement] Merging candidates yields 2 allocation requests and 2 provider summaries {{(pid=95235) _merge_candidates /opt/stack/placement/placement/objects/allocation_candidate.py:783}}
Sep 29 19:29:24.994726 n-d-811173-1 devstack@placement-api.service[95235]: INFO placement.requestlog [req-f272716d-bbac-4afb-aa7a-f24192166ea0 req-b326420d-4a6d-4f37-a716-4d7d21e89290 service placement] 10.222.0.37 "GET /placement/allocation_candidates?limit=1000&resources=DISK_GB%3A1%2CMEMORY_MB%3A1024%2CVCPU%3A1&root_required=%21COMPUTE_STATUS_DISABLED" status: 200 len: 1309 microversion: 1.36
Sep 29 19:29:24.994909 n-d-811173-1 devstack@placement-api.service[95235]: [pid: 95235|app: 0|req: 485/968] 10.222.0.37 () {60 vars in 1506 bytes} [Wed Sep 29 19:29:24 2021] GET /placement/allocation_candidates?limit=1000&resources=DISK_GB%3A1%2CMEMORY_MB%3A1024%2CVCPU%3A1&root_required=%21COMPUTE_STATUS_DISABLED => generated 1309 bytes in 64 msecs (HTTP/1.1 200) 8 headers in 297 bytes (1 switches on core 0)
Sep 29 19:29:25.038794 n-d-811173-1 devstack@placement-api.service[95234]: DEBUG placement.requestlog [req-f272716d-bbac-4afb-aa7a-f24192166ea0 req-944e394b-536c-4823-b200-88f6afbf86be None None] Starting request: 10.222.0.37 "GET /placement/allocations/96af7b21-7dd9-45a9-bd33-7373952a9490" {{(pid=95234) __call__ /opt/stack/placement/placement/requestlog.py:55}}
Sep 29 19:29:25.049912 n-d-811173-1 devstack@placement-api.service[95234]: INFO placement.requestlog [req-f272716d-bbac-4afb-aa7a-f24192166ea0 req-944e394b-536c-4823-b200-88f6afbf86be service placement] 10.222.0.37 "GET /placement/allocations/96af7b21-7dd9-45a9-bd33-7373952a9490" status: 200 len: 19 microversion: 1.28
Sep 29 19:29:25.050184 n-d-811173-1 devstack@placement-api.service[95234]: [pid: 95234|app: 0|req: 484/969] 10.222.0.37 () {60 vars in 1380 bytes} [Wed Sep 29 19:29:25 2021] GET /placement/allocations/96af7b21-7dd9-45a9-bd33-7373952a9490 => generated 19 bytes in 12 msecs (HTTP/1.1 200) 8 headers in 295 bytes (1 switches on core 0)
Sep 29 19:29:25.055971 n-d-811173-1 devstack@placement-api.service[95235]: DEBUG placement.requestlog [req-f272716d-bbac-4afb-aa7a-f24192166ea0 req-06958eae-7dc5-46ab-bb57-07bb6892c151 None None] Starting request: 10.222.0.37 "PUT /placement/allocations/96af7b21-7dd9-45a9-bd33-7373952a9490" {{(pid=95235) __call__ /opt/stack/placement/placement/requestlog.py:55}}
Sep 29 19:29:25.123986 n-d-811173-1 devstack@placement-api.service[95235]: DEBUG placement.handlers.allocation [req-f272716d-bbac-4afb-aa7a-f24192166ea0 req-06958eae-7dc5-46ab-bb57-07bb6892c151 service placement] Successfully wrote allocations [, , ] {{(pid=95235) _update_consumers_and_create_allocations /opt/stack/placement/placement/handlers/allocation.py:462}}
Sep 29 19:29:25.127815 n-d-811173-1 devstack@placement-api.service[95235]: INFO placement.requestlog [req-f272716d-bbac-4afb-aa7a-f24192166ea0 req-06958eae-7dc5-46ab-bb57-07bb6892c151 service placement] 10.222.0.37 "PUT /placement/allocations/96af7b21-7dd9-45a9-bd33-7373952a9490" status: 204 len: 0 microversion: 1.36
Sep 29 19:29:25.136497 n-d-811173-1 devstack@placement-api.service[95235]: [pid: 95235|app: 0|req: 486/970] 10.222.0.37 () {64 vars in 1433 bytes} [Wed Sep 29 19:29:25 2021] PUT /placement/allocations/96af7b21-7dd9-45a9-bd33-7373952a9490 => generated 0 bytes in 73 msecs (HTTP/1.1 204) 5 headers in 199 bytes (2 switches on core 0)
Sep 29 19:29:25.489717 n-d-811173-1 devstack@placement-api.service[95234]: DEBUG placement.requestlog [req-f272716d-bbac-4afb-aa7a-f24192166ea0 req-b933ea59-2774-4b5e-97bb-cc9e765b1947 None None] Starting request: 10.222.0.53 "GET /placement/allocations/96af7b21-7dd9-45a9-bd33-7373952a9490" {{(pid=95234) __call__ /opt/stack/placement/placement/requestlog.py:55}}
Sep 29 19:29:25.504841 n-d-811173-1 devstack@placement-api.service[95234]: INFO placement.requestlog [req-f272716d-bbac-4afb-aa7a-f24192166ea0 req-b933ea59-2774-4b5e-97bb-cc9e765b1947 service placement] 10.222.0.53 "GET /placement/allocations/96af7b21-7dd9-45a9-bd33-7373952a9490" status: 200 len: 260 microversion: 1.28
Sep 29 19:29:25.505098 n-d-811173-1 devstack@placement-api.service[95234]: [pid: 95234|app: 0|req: 485/971] 10.222.0.53 () {60 vars in 1377 bytes} [Wed Sep 29 19:29:25 2021] GET /placement/allocations/96af7b21-7dd9-45a9-bd33-7373952a9490 => generated 260 bytes in 16 msecs (HTTP/1.1 200) 8 headers in 296 bytes (1 switches on core 0)
Sep 29 19:29:31.963758 n-d-811173-1 devstack@placement-api.service[95235]: DEBUG placement.requestlog [req-579d7058-3521-4fb6-836e-9f34392796ef req-35bffb74-ce3e-4000-95f7-0afc8437d1a9 None None] Starting request: 10.222.0.37 "GET /placement/allocation_candidates?limit=1000&resources=DISK_GB%3A1%2CMEMORY_MB%3A1024%2CVCPU%3A1&root_required=%21COMPUTE_STATUS_DISABLED" {{(pid=95235) __call__ /opt/stack/placement/placement/requestlog.py:55}}
Sep 29 19:29:32.046446 n-d-811173-1 devstack@placement-api.service[95234]: DEBUG placement.requestlog [req-e223a558-d453-4904-958c-dbadbb048e18 req-6ee879f1-ce4d-4d27-927f-49e9a5b28b8f None None] Starting request: 10.222.0.37 "DELETE /placement/allocations/77cbe42c-4823-486b-be19-72b9c1abd6fe" {{(pid=95234) __call__ /opt/stack/placement/placement/requestlog.py:55}}
Sep 29 19:29:32.067028 n-d-811173-1 devstack@placement-api.service[95235]: DEBUG placement.objects.research_context [req-579d7058-3521-4fb6-836e-9f34392796ef req-35bffb74-ce3e-4000-95f7-0afc8437d1a9 service placement] getting providers with 1 DISK_GB {{(pid=95235) __init__ /opt/stack/placement/placement/objects/research_context.py:126}}
Sep 29 19:29:32.072501 n-d-811173-1 devstack@placement-api.service[95235]: DEBUG placement.objects.research_context [req-579d7058-3521-4fb6-836e-9f34392796ef req-35bffb74-ce3e-4000-95f7-0afc8437d1a9 service placement] getting providers with 1024 MEMORY_MB {{(pid=95235) __init__ /opt/stack/placement/placement/objects/research_context.py:126}}
Sep 29 19:29:32.077459 n-d-811173-1 devstack@placement-api.service[95235]: DEBUG placement.objects.research_context [req-579d7058-3521-4fb6-836e-9f34392796ef req-35bffb74-ce3e-4000-95f7-0afc8437d1a9 service placement] getting providers with 1 VCPU {{(pid=95235) __init__ /opt/stack/placement/placement/objects/research_context.py:126}}
Sep 29 19:29:32.083406 n-d-811173-1 devstack@placement-api.service[95235]: DEBUG placement.objects.research_context [req-579d7058-3521-4fb6-836e-9f34392796ef req-35bffb74-ce3e-4000-95f7-0afc8437d1a9 service placement] found 2 providers with available 1 DISK_GB {{(pid=95235) get_provider_ids_matching /opt/stack/placement/placement/objects/research_context.py:549}}
Sep 29 19:29:32.083676 n-d-811173-1 devstack@placement-api.service[95235]: DEBUG placement.objects.research_context [req-579d7058-3521-4fb6-836e-9f34392796ef req-35bffb74-ce3e-4000-95f7-0afc8437d1a9 service placement] found 2 providers with available 1024 MEMORY_MB {{(pid=95235) get_provider_ids_matching /opt/stack/placement/placement/objects/research_context.py:549}}
Sep 29 19:29:32.083940 n-d-811173-1 devstack@placement-api.service[95235]: DEBUG placement.objects.research_context [req-579d7058-3521-4fb6-836e-9f34392796ef req-35bffb74-ce3e-4000-95f7-0afc8437d1a9 service placement] found 2 providers after filtering by previous result {{(pid=95235) get_provider_ids_matching /opt/stack/placement/placement/objects/research_context.py:580}}
Sep 29 19:29:32.084209 n-d-811173-1 devstack@placement-api.service[95235]: DEBUG placement.objects.research_context [req-579d7058-3521-4fb6-836e-9f34392796ef req-35bffb74-ce3e-4000-95f7-0afc8437d1a9 service placement] found 2 providers with available 1 VCPU {{(pid=95235) get_provider_ids_matching /opt/stack/placement/placement/objects/research_context.py:549}}
Sep 29 19:29:32.084468 n-d-811173-1 devstack@placement-api.service[95235]: DEBUG placement.objects.research_context [req-579d7058-3521-4fb6-836e-9f34392796ef req-35bffb74-ce3e-4000-95f7-0afc8437d1a9 service placement] found 2 providers after filtering by previous result {{(pid=95235) get_provider_ids_matching /opt/stack/placement/placement/objects/research_context.py:580}}
Sep 29 19:29:32.094269 n-d-811173-1 devstack@placement-api.service[95235]: DEBUG placement.objects.allocation_candidate [req-579d7058-3521-4fb6-836e-9f34392796ef req-35bffb74-ce3e-4000-95f7-0afc8437d1a9 service placement] RequestGroup(use_same_provider=False, resources={DISK_GB:1, MEMORY_MB:1024, VCPU:1}, traits=[], aggregates=[]) (suffix '') returned 2 matches {{(pid=95235) _get_by_requests /opt/stack/placement/placement/objects/allocation_candidate.py:145}}
Sep 29 19:29:32.094567 n-d-811173-1 devstack@placement-api.service[95235]: DEBUG placement.objects.allocation_candidate [req-579d7058-3521-4fb6-836e-9f34392796ef req-35bffb74-ce3e-4000-95f7-0afc8437d1a9 service placement] Merging candidates yields 2 allocation requests and 2 provider summaries {{(pid=95235) _merge_candidates /opt/stack/placement/placement/objects/allocation_candidate.py:783}}
Sep 29 19:29:32.096096 n-d-811173-1 devstack@placement-api.service[95235]: INFO placement.requestlog [req-579d7058-3521-4fb6-836e-9f34392796ef req-35bffb74-ce3e-4000-95f7-0afc8437d1a9 service placement] 10.222.0.37 "GET /placement/allocation_candidates?limit=1000&resources=DISK_GB%3A1%2CMEMORY_MB%3A1024%2CVCPU%3A1&root_required=%21COMPUTE_STATUS_DISABLED" status: 200 len: 1309 microversion: 1.36
Sep 29 19:29:32.096634 n-d-811173-1 devstack@placement-api.service[95235]: [pid: 95235|app: 0|req: 487/972] 10.222.0.37 () {60 vars in 1506 bytes} [Wed Sep 29 19:29:31 2021] GET /placement/allocation_candidates?limit=1000&resources=DISK_GB%3A1%2CMEMORY_MB%3A1024%2CVCPU%3A1&root_required=%21COMPUTE_STATUS_DISABLED => generated 1309 bytes in 133 msecs (HTTP/1.1 200) 8 headers in 297 bytes (1 switches on core 0)
Sep 29 19:29:32.142387 n-d-811173-1 devstack@placement-api.service[95235]: DEBUG placement.requestlog [req-579d7058-3521-4fb6-836e-9f34392796ef req-6dd684d4-f6e8-4853-9e6b-141232d21a9c None None] Starting request: 10.222.0.37 "GET /placement/allocations/77cbe42c-4823-486b-be19-72b9c1abd6fe" {{(pid=95235) __call__ /opt/stack/placement/placement/requestlog.py:55}}
Sep 29 19:29:32.152755 n-d-811173-1 devstack@placement-api.service[95235]: INFO placement.requestlog [req-579d7058-3521-4fb6-836e-9f34392796ef req-6dd684d4-f6e8-4853-9e6b-141232d21a9c service placement] 10.222.0.37 "GET /placement/allocations/77cbe42c-4823-486b-be19-72b9c1abd6fe" status: 200 len: 19 microversion: 1.28
Sep 29 19:29:32.152969 n-d-811173-1 devstack@placement-api.service[95235]: [pid: 95235|app: 0|req: 488/973] 10.222.0.37 () {60 vars in 1380 bytes} [Wed Sep 29 19:29:32 2021] GET /placement/allocations/77cbe42c-4823-486b-be19-72b9c1abd6fe => generated 19 bytes in 13 msecs (HTTP/1.1 200) 8 headers in 295 bytes (1 switches on core 0)
Sep 29 19:29:32.158975 n-d-811173-1 devstack@placement-api.service[95235]: DEBUG placement.requestlog [req-579d7058-3521-4fb6-836e-9f34392796ef req-edb4ca9f-46a8-4381-83bb-a013500b0328 None None] Starting request: 10.222.0.37 "PUT /placement/allocations/77cbe42c-4823-486b-be19-72b9c1abd6fe" {{(pid=95235) __call__ /opt/stack/placement/placement/requestlog.py:55}}
Sep 29 19:29:32.182994 n-d-811173-1 devstack@placement-api.service[95234]: DEBUG placement.wsgi_wrapper [req-e223a558-d453-4904-958c-dbadbb048e18 req-6ee879f1-ce4d-4d27-927f-49e9a5b28b8f service placement] Placement API returning an error response: No allocations for consumer '77cbe42c-4823-486b-be19-72b9c1abd6fe' {{(pid=95234) call_func /opt/stack/placement/placement/wsgi_wrapper.py:31}}
Sep 29 19:29:32.184044 n-d-811173-1 devstack@placement-api.service[95234]: INFO placement.requestlog [req-e223a558-d453-4904-958c-dbadbb048e18 req-6ee879f1-ce4d-4d27-927f-49e9a5b28b8f service placement] 10.222.0.37 "DELETE /placement/allocations/77cbe42c-4823-486b-be19-72b9c1abd6fe" status: 404 len: 228 microversion: 1.0
Sep 29 19:29:32.184329 n-d-811173-1 devstack@placement-api.service[95234]: [pid: 95234|app: 0|req: 486/974] 10.222.0.37 () {60 vars in 1349 bytes} [Wed Sep 29 19:29:32 2021] DELETE /placement/allocations/77cbe42c-4823-486b-be19-72b9c1abd6fe => generated 228 bytes in 138 msecs (HTTP/1.1 404) 6 headers in 231 bytes (2 switches on core 0)
Sep 29 19:29:32.207972 n-d-811173-1 devstack@placement-api.service[95235]: DEBUG placement.handlers.allocation [req-579d7058-3521-4fb6-836e-9f34392796ef req-edb4ca9f-46a8-4381-83bb-a013500b0328 service placement] Successfully wrote allocations [, , ] {{(pid=95235) _update_consumers_and_create_allocations /opt/stack/placement/placement/handlers/allocation.py:462}}
Sep 29 19:29:32.210820 n-d-811173-1 devstack@placement-api.service[95235]: INFO placement.requestlog [req-579d7058-3521-4fb6-836e-9f34392796ef req-edb4ca9f-46a8-4381-83bb-a013500b0328 service placement] 10.222.0.37 "PUT /placement/allocations/77cbe42c-4823-486b-be19-72b9c1abd6fe" status: 204 len: 0 microversion: 1.36
Sep 29 19:29:32.211167 n-d-811173-1 devstack@placement-api.service[95235]: [pid: 95235|app: 0|req: 489/975] 10.222.0.37 () {64 vars in 1433 bytes} [Wed Sep 29 19:29:32 2021] PUT /placement/allocations/77cbe42c-4823-486b-be19-72b9c1abd6fe => generated 0 bytes in 52 msecs (HTTP/1.1 204) 5 headers in 199 bytes (2 switches on core 0)
Sep 29 19:29:32.248281 n-d-811173-1 devstack@placement-api.service[95234]: DEBUG placement.requestlog [req-579d7058-3521-4fb6-836e-9f34392796ef req-6773215b-d99a-49d1-abcb-c1e4ff6507f1 None None] Starting request: 10.222.0.37 "DELETE /placement/allocations/77cbe42c-4823-486b-be19-72b9c1abd6fe" {{(pid=95234) __call__ /opt/stack/placement/placement/requestlog.py:55}}
Sep 29 19:29:32.346141 n-d-811173-1 devstack@placement-api.service[95234]: DEBUG placement.handlers.allocation [req-579d7058-3521-4fb6-836e-9f34392796ef req-6773215b-d99a-49d1-abcb-c1e4ff6507f1 service placement] Successfully deleted allocations [, , ] {{(pid=95234) delete_allocations /opt/stack/placement/placement/handlers/allocation.py:627}}
Sep 29 19:29:32.346953 n-d-811173-1 devstack@placement-api.service[95234]: INFO placement.requestlog [req-579d7058-3521-4fb6-836e-9f34392796ef req-6773215b-d99a-49d1-abcb-c1e4ff6507f1 service placement] 10.222.0.37 "DELETE /placement/allocations/77cbe42c-4823-486b-be19-72b9c1abd6fe" status: 204 len: 0 microversion: 1.0
Sep 29 19:29:32.347481 n-d-811173-1 devstack@placement-api.service[95234]: [pid: 95234|app: 0|req: 487/976] 10.222.0.37 () {60 vars in 1358 bytes} [Wed Sep 29 19:29:32 2021] DELETE /placement/allocations/77cbe42c-4823-486b-be19-72b9c1abd6fe => generated 0 bytes in 99 msecs (HTTP/1.1 204) 5 headers in 198 bytes (1 switches on core 0)
Sep 29 19:29:33.254821 n-d-811173-1 devstack@placement-api.service[95235]: DEBUG placement.requestlog [req-3a5c2a5a-78c9-4025-8073-841d5b0fbc19 req-27963648-c376-4865-8afb-90f63ce10677 None None] Starting request: 10.222.0.37 "GET /placement/allocation_candidates?limit=1000&resources=DISK_GB%3A1%2CMEMORY_MB%3A1024%2CVCPU%3A1&root_required=%21COMPUTE_STATUS_DISABLED" {{(pid=95235) __call__ /opt/stack/placement/placement/requestlog.py:55}}
Sep 29 19:29:33.287201 n-d-811173-1 devstack@placement-api.service[95235]: DEBUG placement.objects.research_context [req-3a5c2a5a-78c9-4025-8073-841d5b0fbc19 req-27963648-c376-4865-8afb-90f63ce10677 service placement] getting providers with 1 DISK_GB {{(pid=95235) __init__ /opt/stack/placement/placement/objects/research_context.py:126}}
Sep 29 19:29:33.293202 n-d-811173-1 devstack@placement-api.service[95235]: DEBUG placement.objects.research_context [req-3a5c2a5a-78c9-4025-8073-841d5b0fbc19 req-27963648-c376-4865-8afb-90f63ce10677 service placement] getting providers with 1024 MEMORY_MB {{(pid=95235) __init__ /opt/stack/placement/placement/objects/research_context.py:126}}
Sep 29 19:29:33.303174 n-d-811173-1 devstack@placement-api.service[95235]: DEBUG placement.objects.research_context [req-3a5c2a5a-78c9-4025-8073-841d5b0fbc19 req-27963648-c376-4865-8afb-90f63ce10677 service placement] getting providers with 1 VCPU {{(pid=95235) __init__ /opt/stack/placement/placement/objects/research_context.py:126}}
Sep 29 19:29:33.309302 n-d-811173-1 devstack@placement-api.service[95235]: DEBUG placement.objects.research_context [req-3a5c2a5a-78c9-4025-8073-841d5b0fbc19 req-27963648-c376-4865-8afb-90f63ce10677 service placement] found 2 providers with available 1 DISK_GB {{(pid=95235) get_provider_ids_matching /opt/stack/placement/placement/objects/research_context.py:549}}
Sep 29 19:29:33.309571 n-d-811173-1 devstack@placement-api.service[95235]: DEBUG placement.objects.research_context [req-3a5c2a5a-78c9-4025-8073-841d5b0fbc19 req-27963648-c376-4865-8afb-90f63ce10677 service placement] found 2 providers with available 1024 MEMORY_MB {{(pid=95235) get_provider_ids_matching /opt/stack/placement/placement/objects/research_context.py:549}}
Sep 29 19:29:33.310040 n-d-811173-1 devstack@placement-api.service[95235]: DEBUG placement.objects.research_context [req-3a5c2a5a-78c9-4025-8073-841d5b0fbc19 req-27963648-c376-4865-8afb-90f63ce10677 service placement] found 2 providers after filtering by previous result {{(pid=95235) get_provider_ids_matching /opt/stack/placement/placement/objects/research_context.py:580}}
Sep 29 19:29:33.310462 n-d-811173-1 devstack@placement-api.service[95235]: DEBUG placement.objects.research_context [req-3a5c2a5a-78c9-4025-8073-841d5b0fbc19 req-27963648-c376-4865-8afb-90f63ce10677 service placement] found 2 providers with available 1 VCPU {{(pid=95235) get_provider_ids_matching /opt/stack/placement/placement/objects/research_context.py:549}}
Sep 29 19:29:33.310887 n-d-811173-1 devstack@placement-api.service[95235]: DEBUG placement.objects.research_context [req-3a5c2a5a-78c9-4025-8073-841d5b0fbc19 req-27963648-c376-4865-8afb-90f63ce10677 service placement] found 2 providers after filtering by previous result {{(pid=95235) get_provider_ids_matching /opt/stack/placement/placement/objects/research_context.py:580}}
Sep 29 19:29:33.322219 n-d-811173-1 devstack@placement-api.service[95235]: DEBUG placement.objects.allocation_candidate [req-3a5c2a5a-78c9-4025-8073-841d5b0fbc19 req-27963648-c376-4865-8afb-90f63ce10677 service placement] RequestGroup(use_same_provider=False, resources={DISK_GB:1, MEMORY_MB:1024, VCPU:1}, traits=[], aggregates=[]) (suffix '') returned 2 matches {{(pid=95235) _get_by_requests /opt/stack/placement/placement/objects/allocation_candidate.py:145}}
Sep 29 19:29:33.322583 n-d-811173-1 devstack@placement-api.service[95235]: DEBUG placement.objects.allocation_candidate [req-3a5c2a5a-78c9-4025-8073-841d5b0fbc19 req-27963648-c376-4865-8afb-90f63ce10677 service placement] Merging candidates yields 2 allocation requests and 2 provider summaries {{(pid=95235) _merge_candidates /opt/stack/placement/placement/objects/allocation_candidate.py:783}}
Sep 29 19:29:33.324081 n-d-811173-1 devstack@placement-api.service[95235]: INFO placement.requestlog [req-3a5c2a5a-78c9-4025-8073-841d5b0fbc19 req-27963648-c376-4865-8afb-90f63ce10677 service placement] 10.222.0.37 "GET /placement/allocation_candidates?limit=1000&resources=DISK_GB%3A1%2CMEMORY_MB%3A1024%2CVCPU%3A1&root_required=%21COMPUTE_STATUS_DISABLED" status: 200 len: 1309 microversion: 1.36
Sep 29 19:29:33.324320 n-d-811173-1 devstack@placement-api.service[95235]: [pid: 95235|app: 0|req: 490/977] 10.222.0.37 () {60 vars in 1506 bytes} [Wed Sep 29 19:29:33 2021] GET /placement/allocation_candidates?limit=1000&resources=DISK_GB%3A1%2CMEMORY_MB%3A1024%2CVCPU%3A1&root_required=%21COMPUTE_STATUS_DISABLED => generated 1309 bytes in 70 msecs (HTTP/1.1 200) 8 headers in 297 bytes (1 switches on core 0)
Sep 29 19:29:33.367147 n-d-811173-1 devstack@placement-api.service[95234]: DEBUG placement.requestlog [req-3a5c2a5a-78c9-4025-8073-841d5b0fbc19 req-cc230a97-a75e-461f-a718-dacfec084eed None None] Starting request: 10.222.0.37 "GET /placement/allocations/b33dc458-b535-470f-a320-8dfed7a81439" {{(pid=95234) __call__ /opt/stack/placement/placement/requestlog.py:55}}
Sep 29 19:29:33.378364 n-d-811173-1 devstack@placement-api.service[95234]: INFO placement.requestlog [req-3a5c2a5a-78c9-4025-8073-841d5b0fbc19 req-cc230a97-a75e-461f-a718-dacfec084eed service placement] 10.222.0.37 "GET /placement/allocations/b33dc458-b535-470f-a320-8dfed7a81439" status: 200 len: 19 microversion: 1.28
Sep 29 19:29:33.378891 n-d-811173-1 devstack@placement-api.service[95234]: [pid: 95234|app: 0|req: 488/978] 10.222.0.37 () {60 vars in 1380 bytes} [Wed Sep 29 19:29:33 2021] GET /placement/allocations/b33dc458-b535-470f-a320-8dfed7a81439 => generated 19 bytes in 12 msecs (HTTP/1.1 200) 8 headers in 295 bytes (1 switches on core 0)
Sep 29 19:29:33.384399 n-d-811173-1 devstack@placement-api.service[95235]: DEBUG placement.requestlog [req-3a5c2a5a-78c9-4025-8073-841d5b0fbc19 req-4e71bf03-db32-4620-a9a6-1daf84ef6c9f None None] Starting request: 10.222.0.37 "PUT /placement/allocations/b33dc458-b535-470f-a320-8dfed7a81439" {{(pid=95235) __call__ /opt/stack/placement/placement/requestlog.py:55}}
Sep 29 19:29:33.432161 n-d-811173-1 devstack@placement-api.service[95235]: DEBUG placement.handlers.allocation [req-3a5c2a5a-78c9-4025-8073-841d5b0fbc19 req-4e71bf03-db32-4620-a9a6-1daf84ef6c9f service placement] Successfully wrote allocations [, , ] {{(pid=95235) _update_consumers_and_create_allocations /opt/stack/placement/placement/handlers/allocation.py:462}}
Sep 29 19:29:33.435522 n-d-811173-1 devstack@placement-api.service[95235]: INFO placement.requestlog [req-3a5c2a5a-78c9-4025-8073-841d5b0fbc19 req-4e71bf03-db32-4620-a9a6-1daf84ef6c9f service placement] 10.222.0.37 "PUT /placement/allocations/b33dc458-b535-470f-a320-8dfed7a81439" status: 204 len: 0 microversion: 1.36
Sep 29 19:29:33.435782 n-d-811173-1 devstack@placement-api.service[95235]: [pid: 95235|app: 0|req: 491/979] 10.222.0.37 () {64 vars in 1433 bytes} [Wed Sep 29 19:29:33 2021] PUT /placement/allocations/b33dc458-b535-470f-a320-8dfed7a81439 => generated 0 bytes in 52 msecs (HTTP/1.1 204) 5 headers in 199 bytes (2 switches on core 0)
Sep 29 19:29:33.702681 n-d-811173-1 devstack@placement-api.service[95234]: DEBUG placement.requestlog [req-3a5c2a5a-78c9-4025-8073-841d5b0fbc19 req-825f8ab3-2ddc-4b14-ad15-6f31018a810e None None] Starting request: 10.222.0.53 "GET /placement/allocations/b33dc458-b535-470f-a320-8dfed7a81439" {{(pid=95234) __call__ /opt/stack/placement/placement/requestlog.py:55}}
Sep 29 19:29:33.717046 n-d-811173-1 devstack@placement-api.service[95234]: INFO placement.requestlog [req-3a5c2a5a-78c9-4025-8073-841d5b0fbc19 req-825f8ab3-2ddc-4b14-ad15-6f31018a810e service placement] 10.222.0.53 "GET /placement/allocations/b33dc458-b535-470f-a320-8dfed7a81439" status: 200 len: 260 microversion: 1.28
Sep 29 19:29:33.717412 n-d-811173-1 devstack@placement-api.service[95234]: [pid: 95234|app: 0|req: 489/980] 10.222.0.53 () {60 vars in 1377 bytes} [Wed Sep 29 19:29:33 2021] GET /placement/allocations/b33dc458-b535-470f-a320-8dfed7a81439 => generated 260 bytes in 15 msecs (HTTP/1.1 200) 8 headers in 296 bytes (1 switches on core 0)
Sep 29 19:29:34.026927 n-d-811173-1 devstack@placement-api.service[95235]: DEBUG placement.requestlog [req-e20de1a6-77bc-4522-b47a-57a5c5859306 req-4fc460bd-f599-4d6e-bd08-c4b3be9261ee None None] Starting request: 10.222.0.36 "DELETE /placement/allocations/d3ee04cf-2de6-428d-bf3a-573053acd144" {{(pid=95235) __call__ /opt/stack/placement/placement/requestlog.py:55}}
Sep 29 19:29:34.055062 n-d-811173-1 devstack@placement-api.service[95235]: DEBUG placement.handlers.allocation [req-e20de1a6-77bc-4522-b47a-57a5c5859306 req-4fc460bd-f599-4d6e-bd08-c4b3be9261ee service placement] Successfully deleted allocations [, , ] {{(pid=95235) delete_allocations /opt/stack/placement/placement/handlers/allocation.py:627}}
Sep 29 19:29:34.056079 n-d-811173-1 devstack@placement-api.service[95235]: INFO placement.requestlog [req-e20de1a6-77bc-4522-b47a-57a5c5859306 req-4fc460bd-f599-4d6e-bd08-c4b3be9261ee service placement] 10.222.0.36 "DELETE /placement/allocations/d3ee04cf-2de6-428d-bf3a-573053acd144" status: 204 len: 0 microversion: 1.0
Sep 29 19:29:34.056325 n-d-811173-1 devstack@placement-api.service[95235]: [pid: 95235|app: 0|req: 492/981] 10.222.0.36 () {60 vars in 1355 bytes} [Wed Sep 29 19:29:34 2021] DELETE /placement/allocations/d3ee04cf-2de6-428d-bf3a-573053acd144 => generated 0 bytes in 30 msecs (HTTP/1.1 204) 5 headers in 198 bytes (1 switches on core 0)
Sep 29 19:29:46.502717 n-d-811173-1 devstack@placement-api.service[95234]: DEBUG placement.requestlog [req-97b7320b-db61-48dc-9fe7-7bb2a98f2c69 req-8ff61106-6b58-48b9-baa3-0c329ddfff20 None None] Starting request: 10.222.0.53 "DELETE /placement/allocations/b33dc458-b535-470f-a320-8dfed7a81439" {{(pid=95234) __call__ /opt/stack/placement/placement/requestlog.py:55}}
Sep 29 19:29:46.527919 n-d-811173-1 devstack@placement-api.service[95234]: DEBUG placement.handlers.allocation [req-97b7320b-db61-48dc-9fe7-7bb2a98f2c69 req-8ff61106-6b58-48b9-baa3-0c329ddfff20 service placement] Successfully deleted allocations [, , ] {{(pid=95234) delete_allocations /opt/stack/placement/placement/handlers/allocation.py:627}}
Sep 29 19:29:46.528312 n-d-811173-1 devstack@placement-api.service[95234]: INFO placement.requestlog [req-97b7320b-db61-48dc-9fe7-7bb2a98f2c69 req-8ff61106-6b58-48b9-baa3-0c329ddfff20 service placement] 10.222.0.53 "DELETE /placement/allocations/b33dc458-b535-470f-a320-8dfed7a81439" status: 204 len: 0 microversion: 1.0
Sep 29 19:29:46.528860 n-d-811173-1 devstack@placement-api.service[95234]: [pid: 95234|app: 0|req: 490/982] 10.222.0.53 () {60 vars in 1355 bytes} [Wed Sep 29 19:29:46 2021] DELETE /placement/allocations/b33dc458-b535-470f-a320-8dfed7a81439 => generated 0 bytes in 26 msecs (HTTP/1.1 204) 5 headers in 198 bytes (2 switches on core 0)
Sep 29 19:29:47.621607 n-d-811173-1 devstack@placement-api.service[95235]: DEBUG placement.requestlog [req-94e81daf-ec3c-4be7-8d6d-c501f8e31217 req-0bbdfa5e-fba7-4e88-a5e6-3c6f543006d1 None None] Starting request: 10.222.0.37 "GET /placement/allocation_candidates?limit=1000&resources=DISK_GB%3A1%2CMEMORY_MB%3A1024%2CVCPU%3A1&root_required=%21COMPUTE_STATUS_DISABLED" {{(pid=95235) __call__ /opt/stack/placement/placement/requestlog.py:55}}
Sep 29 19:29:47.653541 n-d-811173-1 devstack@placement-api.service[95235]: DEBUG placement.objects.research_context [req-94e81daf-ec3c-4be7-8d6d-c501f8e31217 req-0bbdfa5e-fba7-4e88-a5e6-3c6f543006d1 service placement] getting providers with 1 DISK_GB {{(pid=95235) __init__ /opt/stack/placement/placement/objects/research_context.py:126}}
Sep 29 19:29:47.660153 n-d-811173-1 devstack@placement-api.service[95235]: DEBUG placement.objects.research_context [req-94e81daf-ec3c-4be7-8d6d-c501f8e31217 req-0bbdfa5e-fba7-4e88-a5e6-3c6f543006d1 service placement] getting providers with 1024 MEMORY_MB {{(pid=95235) __init__ /opt/stack/placement/placement/objects/research_context.py:126}}
Sep 29 19:29:47.668135 n-d-811173-1 devstack@placement-api.service[95235]: DEBUG placement.objects.research_context [req-94e81daf-ec3c-4be7-8d6d-c501f8e31217 req-0bbdfa5e-fba7-4e88-a5e6-3c6f543006d1 service placement] getting providers with 1 VCPU {{(pid=95235) __init__ /opt/stack/placement/placement/objects/research_context.py:126}}
Sep 29 19:29:47.674255 n-d-811173-1 devstack@placement-api.service[95235]: DEBUG placement.objects.research_context [req-94e81daf-ec3c-4be7-8d6d-c501f8e31217 req-0bbdfa5e-fba7-4e88-a5e6-3c6f543006d1 service placement] found 2 providers with available 1 DISK_GB {{(pid=95235) get_provider_ids_matching /opt/stack/placement/placement/objects/research_context.py:549}}
Sep 29 19:29:47.674536 n-d-811173-1 devstack@placement-api.service[95235]: DEBUG placement.objects.research_context [req-94e81daf-ec3c-4be7-8d6d-c501f8e31217 req-0bbdfa5e-fba7-4e88-a5e6-3c6f543006d1 service placement] found 2 providers with available 1024 MEMORY_MB {{(pid=95235) get_provider_ids_matching /opt/stack/placement/placement/objects/research_context.py:549}}
Sep 29 19:29:47.674814 n-d-811173-1 devstack@placement-api.service[95235]: DEBUG placement.objects.research_context [req-94e81daf-ec3c-4be7-8d6d-c501f8e31217 req-0bbdfa5e-fba7-4e88-a5e6-3c6f543006d1 service placement] found 2 providers after filtering by previous result {{(pid=95235) get_provider_ids_matching /opt/stack/placement/placement/objects/research_context.py:580}}
Sep 29 19:29:47.675070 n-d-811173-1 devstack@placement-api.service[95235]: DEBUG placement.objects.research_context [req-94e81daf-ec3c-4be7-8d6d-c501f8e31217 req-0bbdfa5e-fba7-4e88-a5e6-3c6f543006d1 service placement] found 2 providers with available 1 VCPU {{(pid=95235) get_provider_ids_matching /opt/stack/placement/placement/objects/research_context.py:549}}
Sep 29 19:29:47.675329 n-d-811173-1 devstack@placement-api.service[95235]: DEBUG placement.objects.research_context [req-94e81daf-ec3c-4be7-8d6d-c501f8e31217 req-0bbdfa5e-fba7-4e88-a5e6-3c6f543006d1 service placement] found 2 providers after filtering by previous result {{(pid=95235) get_provider_ids_matching /opt/stack/placement/placement/objects/research_context.py:580}}
Sep 29 19:29:47.695682 n-d-811173-1 devstack@placement-api.service[95235]: DEBUG placement.objects.allocation_candidate [req-94e81daf-ec3c-4be7-8d6d-c501f8e31217 req-0bbdfa5e-fba7-4e88-a5e6-3c6f543006d1 service placement] RequestGroup(use_same_provider=False, resources={DISK_GB:1, MEMORY_MB:1024, VCPU:1}, traits=[], aggregates=[]) (suffix '') returned 2 matches {{(pid=95235) _get_by_requests /opt/stack/placement/placement/objects/allocation_candidate.py:145}}
Sep 29 19:29:47.697105 n-d-811173-1 devstack@placement-api.service[95235]: DEBUG placement.objects.allocation_candidate [req-94e81daf-ec3c-4be7-8d6d-c501f8e31217 req-0bbdfa5e-fba7-4e88-a5e6-3c6f543006d1 service placement] Merging candidates yields 2 allocation requests and 2 provider summaries {{(pid=95235) _merge_candidates /opt/stack/placement/placement/objects/allocation_candidate.py:783}}
Sep 29 19:29:47.698542 n-d-811173-1 devstack@placement-api.service[95235]: INFO placement.requestlog [req-94e81daf-ec3c-4be7-8d6d-c501f8e31217 req-0bbdfa5e-fba7-4e88-a5e6-3c6f543006d1 service placement] 10.222.0.37 "GET /placement/allocation_candidates?limit=1000&resources=DISK_GB%3A1%2CMEMORY_MB%3A1024%2CVCPU%3A1&root_required=%21COMPUTE_STATUS_DISABLED" status: 200 len: 1309 microversion: 1.36
Sep 29 19:29:47.699195 n-d-811173-1 devstack@placement-api.service[95235]: [pid: 95235|app: 0|req: 493/983] 10.222.0.37 () {60 vars in 1506 bytes} [Wed Sep 29 19:29:47 2021] GET /placement/allocation_candidates?limit=1000&resources=DISK_GB%3A1%2CMEMORY_MB%3A1024%2CVCPU%3A1&root_required=%21COMPUTE_STATUS_DISABLED => generated 1309 bytes in 78 msecs (HTTP/1.1 200) 8 headers in 297 bytes (1 switches on core 0)
Sep 29 19:29:47.748370 n-d-811173-1 devstack@placement-api.service[95234]: DEBUG placement.requestlog [req-94e81daf-ec3c-4be7-8d6d-c501f8e31217 req-d9aaaa36-78d4-4525-a574-0e23291bde35 None None] Starting request: 10.222.0.37 "GET /placement/allocations/1f5a9981-c1a3-4f95-9ca1-71740bdfa33f" {{(pid=95234) __call__ /opt/stack/placement/placement/requestlog.py:55}}
Sep 29 19:29:47.759122 n-d-811173-1 devstack@placement-api.service[95234]: INFO placement.requestlog [req-94e81daf-ec3c-4be7-8d6d-c501f8e31217 req-d9aaaa36-78d4-4525-a574-0e23291bde35 service placement] 10.222.0.37 "GET /placement/allocations/1f5a9981-c1a3-4f95-9ca1-71740bdfa33f" status: 200 len: 19 microversion: 1.28
Sep 29 19:29:47.759628 n-d-811173-1 devstack@placement-api.service[95234]: [pid: 95234|app: 0|req: 491/984] 10.222.0.37 () {60 vars in 1380 bytes} [Wed Sep 29 19:29:47 2021] GET /placement/allocations/1f5a9981-c1a3-4f95-9ca1-71740bdfa33f => generated 19 bytes in 12 msecs (HTTP/1.1 200) 8 headers in 295 bytes (1 switches on core 0)
Sep 29 19:29:47.768784 n-d-811173-1 devstack@placement-api.service[95235]: DEBUG placement.requestlog [req-94e81daf-ec3c-4be7-8d6d-c501f8e31217 req-87f80b36-ca1c-4cae-a091-9a8a0e7ecf10 None None] Starting request: 10.222.0.37 "PUT /placement/allocations/1f5a9981-c1a3-4f95-9ca1-71740bdfa33f" {{(pid=95235) __call__ /opt/stack/placement/placement/requestlog.py:55}}
Sep 29 19:29:47.826072 n-d-811173-1 devstack@placement-api.service[95235]: DEBUG placement.handlers.allocation [req-94e81daf-ec3c-4be7-8d6d-c501f8e31217 req-87f80b36-ca1c-4cae-a091-9a8a0e7ecf10 service placement] Successfully wrote allocations [, , ] {{(pid=95235) _update_consumers_and_create_allocations /opt/stack/placement/placement/handlers/allocation.py:462}}
Sep 29 19:29:47.831709 n-d-811173-1 devstack@placement-api.service[95235]: INFO placement.requestlog [req-94e81daf-ec3c-4be7-8d6d-c501f8e31217 req-87f80b36-ca1c-4cae-a091-9a8a0e7ecf10 service placement] 10.222.0.37 "PUT /placement/allocations/1f5a9981-c1a3-4f95-9ca1-71740bdfa33f" status: 204 len: 0 microversion: 1.36
Sep 29 19:29:47.832488 n-d-811173-1 devstack@placement-api.service[95235]: [pid: 95235|app: 0|req: 494/985] 10.222.0.37 () {64 vars in 1433 bytes} [Wed Sep 29 19:29:47 2021] PUT /placement/allocations/1f5a9981-c1a3-4f95-9ca1-71740bdfa33f => generated 0 bytes in 64 msecs (HTTP/1.1 204) 5 headers in 199 bytes (1 switches on core 0)
Sep 29 19:29:48.134710 n-d-811173-1 devstack@placement-api.service[95234]: DEBUG placement.requestlog [req-94e81daf-ec3c-4be7-8d6d-c501f8e31217 req-d40b1fe2-8c98-4c17-85d3-0dcc0e0b7d3d None None] Starting request: 10.222.0.36 "GET /placement/allocations/1f5a9981-c1a3-4f95-9ca1-71740bdfa33f" {{(pid=95234) __call__ /opt/stack/placement/placement/requestlog.py:55}}
Sep 29 19:29:48.151272 n-d-811173-1 devstack@placement-api.service[95234]: INFO placement.requestlog [req-94e81daf-ec3c-4be7-8d6d-c501f8e31217 req-d40b1fe2-8c98-4c17-85d3-0dcc0e0b7d3d service placement] 10.222.0.36 "GET /placement/allocations/1f5a9981-c1a3-4f95-9ca1-71740bdfa33f" status: 200 len: 259 microversion: 1.28
Sep 29 19:29:48.151647 n-d-811173-1 devstack@placement-api.service[95234]: [pid: 95234|app: 0|req: 492/986] 10.222.0.36 () {60 vars in 1377 bytes} [Wed Sep 29 19:29:48 2021] GET /placement/allocations/1f5a9981-c1a3-4f95-9ca1-71740bdfa33f => generated 259 bytes in 17 msecs (HTTP/1.1 200) 8 headers in 296 bytes (1 switches on core 0)
Sep 29 19:30:02.073950 n-d-811173-1 devstack@placement-api.service[95235]: DEBUG placement.requestlog [req-97bcda3b-6048-4e96-b8f9-5424237baad8 req-3a20e65f-9c60-4a47-8ffc-1c946a9df85c None None] Starting request: 10.222.0.36 "DELETE /placement/allocations/1f5a9981-c1a3-4f95-9ca1-71740bdfa33f" {{(pid=95235) __call__ /opt/stack/placement/placement/requestlog.py:55}}
Sep 29 19:30:02.103737 n-d-811173-1 devstack@placement-api.service[95235]: DEBUG placement.handlers.allocation [req-97bcda3b-6048-4e96-b8f9-5424237baad8 req-3a20e65f-9c60-4a47-8ffc-1c946a9df85c service placement] Successfully deleted allocations [, , ] {{(pid=95235) delete_allocations /opt/stack/placement/placement/handlers/allocation.py:627}}
Sep 29 19:30:02.104319 n-d-811173-1 devstack@placement-api.service[95235]: INFO placement.requestlog [req-97bcda3b-6048-4e96-b8f9-5424237baad8 req-3a20e65f-9c60-4a47-8ffc-1c946a9df85c service placement] 10.222.0.36 "DELETE /placement/allocations/1f5a9981-c1a3-4f95-9ca1-71740bdfa33f" status: 204 len: 0 microversion: 1.0
