Sep 29 19:07:32.499184 n-d-811173-1 cinder-volume[102782]: DEBUG cinder.coordination [None req-cc6435ed-6b14-467c-baae-83391df09683 tempest-VolumesSnapshotTestJSON-2139057708 None] Lock "b'cinder-1b33603a-2115-4a6c-affe-76ca025bc421-delete_snapshot'" released by "delete_snapshot" :: held 1.160s {{(pid=102782) _synchronized /opt/stack/cinder/cinder/coordination.py:193}}
Sep 29 19:07:33.473332 n-d-811173-1 cinder-volume[102782]: DEBUG cinder.coordination [None req-cc3f6e97-211d-494f-8ec3-c00612bca049 tempest-VolumesSnapshotTestJSON-2139057708 None] Lock "b'cinder-869b8900-b654-473c-8ad4-c70cba4254c4-delete_snapshot'" acquired by "delete_snapshot" :: waited 0.010s {{(pid=102782) _synchronized /opt/stack/cinder/cinder/coordination.py:181}}
Sep 29 19:07:33.475425 n-d-811173-1 cinder-volume[102782]: DEBUG oslo_concurrency.processutils [None req-cc3f6e97-211d-494f-8ec3-c00612bca049 tempest-VolumesSnapshotTestJSON-2139057708 None] Running cmd (subprocess): sudo cinder-rootwrap /etc/cinder/rootwrap.conf env LC_ALL=C lvs --noheadings --unit=g -o vg_name,name,size --nosuffix --readonly stack-volumes-lvmdriver-1/_snapshot-869b8900-b654-473c-8ad4-c70cba4254c4 {{(pid=102782) execute /usr/local/lib/python3.8/dist-packages/oslo_concurrency/processutils.py:384}}
Sep 29 19:07:33.500140 n-d-811173-1 sudo[117310]: ubuntu : TTY=unknown ; PWD=/ ; USER=root ; COMMAND=/usr/local/bin/cinder-rootwrap /etc/cinder/rootwrap.conf env LC_ALL=C lvs --noheadings --unit=g -o vg_name,name,size --nosuffix --readonly stack-volumes-lvmdriver-1/_snapshot-869b8900-b654-473c-8ad4-c70cba4254c4
Sep 29 19:07:33.501034 n-d-811173-1 sudo[117310]: pam_unix(sudo:session): session opened for user root by (uid=0)
Sep 29 19:07:33.941051 n-d-811173-1 sudo[117310]: pam_unix(sudo:session): session closed for user root
Sep 29 19:07:33.943338 n-d-811173-1 cinder-volume[102782]: DEBUG oslo_concurrency.processutils [None req-cc3f6e97-211d-494f-8ec3-c00612bca049 tempest-VolumesSnapshotTestJSON-2139057708 None] CMD "sudo cinder-rootwrap /etc/cinder/rootwrap.conf env LC_ALL=C lvs --noheadings --unit=g -o vg_name,name,size --nosuffix --readonly stack-volumes-lvmdriver-1/_snapshot-869b8900-b654-473c-8ad4-c70cba4254c4" returned: 0 in 0.467s {{(pid=102782) execute /usr/local/lib/python3.8/dist-packages/oslo_concurrency/processutils.py:422}}
Sep 29 19:07:33.945697 n-d-811173-1 cinder-volume[102782]: DEBUG oslo_concurrency.processutils [None req-cc3f6e97-211d-494f-8ec3-c00612bca049 tempest-VolumesSnapshotTestJSON-2139057708 None] Running cmd (subprocess): sudo cinder-rootwrap /etc/cinder/rootwrap.conf lvremove --config activation { retry_deactivation = 1} -f stack-volumes-lvmdriver-1/_snapshot-869b8900-b654-473c-8ad4-c70cba4254c4 {{(pid=102782) execute /usr/local/lib/python3.8/dist-packages/oslo_concurrency/processutils.py:384}}
Sep 29 19:07:33.967909 n-d-811173-1 sudo[117313]: ubuntu : TTY=unknown ; PWD=/ ; USER=root ; COMMAND=/usr/local/bin/cinder-rootwrap /etc/cinder/rootwrap.conf lvremove --config activation { retry_deactivation = 1} -f stack-volumes-lvmdriver-1/_snapshot-869b8900-b654-473c-8ad4-c70cba4254c4
Sep 29 19:07:33.969404 n-d-811173-1 sudo[117313]: pam_unix(sudo:session): session opened for user root by (uid=0)
Sep 29 19:07:34.682162 n-d-811173-1 sudo[117313]: pam_unix(sudo:session): session closed for user root
Sep 29 19:07:34.684525 n-d-811173-1 cinder-volume[102782]: DEBUG oslo_concurrency.processutils [None req-cc3f6e97-211d-494f-8ec3-c00612bca049 tempest-VolumesSnapshotTestJSON-2139057708 None] CMD "sudo cinder-rootwrap /etc/cinder/rootwrap.conf lvremove --config activation { retry_deactivation = 1} -f stack-volumes-lvmdriver-1/_snapshot-869b8900-b654-473c-8ad4-c70cba4254c4" returned: 0 in 0.738s {{(pid=102782) execute /usr/local/lib/python3.8/dist-packages/oslo_concurrency/processutils.py:422}}
Sep 29 19:07:34.781700 n-d-811173-1 cinder-volume[102782]: DEBUG cinder.quota [None req-cc3f6e97-211d-494f-8ec3-c00612bca049 tempest-VolumesSnapshotTestJSON-2139057708 None] Created reservations ['6f6fbd0d-3389-4006-a79d-15fd4f81ecf0', '276ae46f-939a-4428-a026-4611047f035e', '46094ecd-44bd-4c9f-8866-4bcec47d280e', '164d9cea-df86-4272-be57-3b144a936ecb'] {{(pid=102782) reserve /opt/stack/cinder/cinder/quota.py:755}}
Sep 29 19:07:34.868373 n-d-811173-1 cinder-volume[102782]: INFO cinder.volume.manager [None req-cc3f6e97-211d-494f-8ec3-c00612bca049 tempest-VolumesSnapshotTestJSON-2139057708 None] Delete snapshot completed successfully.
Sep 29 19:07:34.877517 n-d-811173-1 cinder-volume[102782]: DEBUG cinder.coordination [None req-cc3f6e97-211d-494f-8ec3-c00612bca049 tempest-VolumesSnapshotTestJSON-2139057708 None] Lock "b'cinder-869b8900-b654-473c-8ad4-c70cba4254c4-delete_snapshot'" released by "delete_snapshot" :: held 1.404s {{(pid=102782) _synchronized /opt/stack/cinder/cinder/coordination.py:193}}
Sep 29 19:07:35.736606 n-d-811173-1 cinder-volume[102782]: DEBUG cinder.coordination [None req-31103063-4580-44e3-bb1f-82bbc6b5b02d tempest-VolumesSnapshotTestJSON-2139057708 None] Lock "b'cinder-7b95c58b-205a-40ef-bfb7-1a5dc7db9321-delete_snapshot'" acquired by "delete_snapshot" :: waited 0.016s {{(pid=102782) _synchronized /opt/stack/cinder/cinder/coordination.py:181}}
Sep 29 19:07:35.746003 n-d-811173-1 cinder-volume[102782]: DEBUG oslo_concurrency.processutils [None req-31103063-4580-44e3-bb1f-82bbc6b5b02d tempest-VolumesSnapshotTestJSON-2139057708 None] Running cmd (subprocess): sudo cinder-rootwrap /etc/cinder/rootwrap.conf env LC_ALL=C lvs --noheadings --unit=g -o vg_name,name,size --nosuffix --readonly stack-volumes-lvmdriver-1/_snapshot-7b95c58b-205a-40ef-bfb7-1a5dc7db9321 {{(pid=102782) execute /usr/local/lib/python3.8/dist-packages/oslo_concurrency/processutils.py:384}}
Sep 29 19:07:35.826144 n-d-811173-1 sudo[117376]: ubuntu : TTY=unknown ; PWD=/ ; USER=root ; COMMAND=/usr/local/bin/cinder-rootwrap /etc/cinder/rootwrap.conf env LC_ALL=C lvs --noheadings --unit=g -o vg_name,name,size --nosuffix --readonly stack-volumes-lvmdriver-1/_snapshot-7b95c58b-205a-40ef-bfb7-1a5dc7db9321
Sep 29 19:07:35.827998 n-d-811173-1 sudo[117376]: pam_unix(sudo:session): session opened for user root by (uid=0)
Sep 29 19:07:36.671664 n-d-811173-1 sudo[117376]: pam_unix(sudo:session): session closed for user root
Sep 29 19:07:36.675044 n-d-811173-1 cinder-volume[102782]: DEBUG oslo_concurrency.processutils [None req-31103063-4580-44e3-bb1f-82bbc6b5b02d tempest-VolumesSnapshotTestJSON-2139057708 None] CMD "sudo cinder-rootwrap /etc/cinder/rootwrap.conf env LC_ALL=C lvs --noheadings --unit=g -o vg_name,name,size --nosuffix --readonly stack-volumes-lvmdriver-1/_snapshot-7b95c58b-205a-40ef-bfb7-1a5dc7db9321" returned: 0 in 0.930s {{(pid=102782) execute /usr/local/lib/python3.8/dist-packages/oslo_concurrency/processutils.py:422}}
Sep 29 19:07:36.677323 n-d-811173-1 cinder-volume[102782]: DEBUG oslo_concurrency.processutils [None req-31103063-4580-44e3-bb1f-82bbc6b5b02d tempest-VolumesSnapshotTestJSON-2139057708 None] Running cmd (subprocess): sudo cinder-rootwrap /etc/cinder/rootwrap.conf lvremove --config activation { retry_deactivation = 1} -f stack-volumes-lvmdriver-1/_snapshot-7b95c58b-205a-40ef-bfb7-1a5dc7db9321 {{(pid=102782) execute /usr/local/lib/python3.8/dist-packages/oslo_concurrency/processutils.py:384}}
Sep 29 19:07:36.748422 n-d-811173-1 sudo[117379]: ubuntu : TTY=unknown ; PWD=/ ; USER=root ; COMMAND=/usr/local/bin/cinder-rootwrap /etc/cinder/rootwrap.conf lvremove --config activation { retry_deactivation = 1} -f stack-volumes-lvmdriver-1/_snapshot-7b95c58b-205a-40ef-bfb7-1a5dc7db9321
Sep 29 19:07:36.751510 n-d-811173-1 sudo[117379]: pam_unix(sudo:session): session opened for user root by (uid=0)
Sep 29 19:07:37.630246 n-d-811173-1 sudo[117379]: pam_unix(sudo:session): session closed for user root
Sep 29 19:07:37.632546 n-d-811173-1 cinder-volume[102782]: DEBUG oslo_concurrency.processutils [None req-31103063-4580-44e3-bb1f-82bbc6b5b02d tempest-VolumesSnapshotTestJSON-2139057708 None] CMD "sudo cinder-rootwrap /etc/cinder/rootwrap.conf lvremove --config activation { retry_deactivation = 1} -f stack-volumes-lvmdriver-1/_snapshot-7b95c58b-205a-40ef-bfb7-1a5dc7db9321" returned: 0 in 0.955s {{(pid=102782) execute /usr/local/lib/python3.8/dist-packages/oslo_concurrency/processutils.py:422}}
Sep 29 19:07:37.697621 n-d-811173-1 cinder-volume[102782]: DEBUG cinder.quota [None req-31103063-4580-44e3-bb1f-82bbc6b5b02d tempest-VolumesSnapshotTestJSON-2139057708 None] Created reservations ['7b10be0f-b161-444f-a0f7-08159abd701a', '5193de4f-7c8b-47c2-9478-5e301f72026b', '9fa8f72f-5a49-4b27-a810-aa66f50e8eec', 'ae4837b7-4920-4c1b-b861-053a0f4e0fe2'] {{(pid=102782) reserve /opt/stack/cinder/cinder/quota.py:755}}
Sep 29 19:07:37.758593 n-d-811173-1 cinder-volume[102782]: INFO cinder.volume.manager [None req-31103063-4580-44e3-bb1f-82bbc6b5b02d tempest-VolumesSnapshotTestJSON-2139057708 None] Delete snapshot completed successfully.
Sep 29 19:07:37.770411 n-d-811173-1 cinder-volume[102782]: DEBUG cinder.coordination [None req-31103063-4580-44e3-bb1f-82bbc6b5b02d tempest-VolumesSnapshotTestJSON-2139057708 None] Lock "b'cinder-7b95c58b-205a-40ef-bfb7-1a5dc7db9321-delete_snapshot'" released by "delete_snapshot" :: held 2.034s {{(pid=102782) _synchronized /opt/stack/cinder/cinder/coordination.py:193}}
Sep 29 19:07:38.684337 n-d-811173-1 cinder-volume[102782]: DEBUG oslo_concurrency.lockutils [req-3b00504b-00a5-4e18-8aa0-ec4deec1e3ab req-d926cc42-5255-477a-b54e-befe3e773ca4 tempest-VolumesSnapshotTestJSON-2139057708 None] Lock "lioadm" acquired by "cinder.volume.targets.lio.LioAdm._execute" :: waited 0.001s {{(pid=102782) inner /usr/local/lib/python3.8/dist-packages/oslo_concurrency/lockutils.py:355}}
Sep 29 19:07:38.686274 n-d-811173-1 cinder-volume[102782]: DEBUG oslo_concurrency.processutils [req-3b00504b-00a5-4e18-8aa0-ec4deec1e3ab req-d926cc42-5255-477a-b54e-befe3e773ca4 tempest-VolumesSnapshotTestJSON-2139057708 None] Running cmd (subprocess): sudo cinder-rootwrap /etc/cinder/rootwrap.conf cinder-rtstool delete-initiator iqn.2010-10.org.openstack:volume-8e6652ae-8b9c-492a-8e40-004bb0b1006e iqn.1991-05.com.microsoft:n-h1-811173-1.cbci-811173-1.local {{(pid=102782) execute /usr/local/lib/python3.8/dist-packages/oslo_concurrency/processutils.py:384}}
Sep 29 19:07:38.729821 n-d-811173-1 sudo[117425]: ubuntu : TTY=unknown ; PWD=/ ; USER=root ; COMMAND=/usr/local/bin/cinder-rootwrap /etc/cinder/rootwrap.conf cinder-rtstool delete-initiator iqn.2010-10.org.openstack:volume-8e6652ae-8b9c-492a-8e40-004bb0b1006e iqn.1991-05.com.microsoft:n-h1-811173-1.cbci-811173-1.local
Sep 29 19:07:38.731648 n-d-811173-1 sudo[117425]: pam_unix(sudo:session): session opened for user root by (uid=0)
Sep 29 19:07:39.749525 n-d-811173-1 sudo[117425]: pam_unix(sudo:session): session closed for user root
Sep 29 19:07:39.753325 n-d-811173-1 cinder-volume[102782]: DEBUG oslo_concurrency.processutils [req-3b00504b-00a5-4e18-8aa0-ec4deec1e3ab req-d926cc42-5255-477a-b54e-befe3e773ca4 tempest-VolumesSnapshotTestJSON-2139057708 None] CMD "sudo cinder-rootwrap /etc/cinder/rootwrap.conf cinder-rtstool delete-initiator iqn.2010-10.org.openstack:volume-8e6652ae-8b9c-492a-8e40-004bb0b1006e iqn.1991-05.com.microsoft:n-h1-811173-1.cbci-811173-1.local" returned: 0 in 1.066s {{(pid=102782) execute /usr/local/lib/python3.8/dist-packages/oslo_concurrency/processutils.py:422}}
Sep 29 19:07:39.754708 n-d-811173-1 cinder-volume[102782]: DEBUG oslo_concurrency.lockutils [req-3b00504b-00a5-4e18-8aa0-ec4deec1e3ab req-d926cc42-5255-477a-b54e-befe3e773ca4 tempest-VolumesSnapshotTestJSON-2139057708 None] Lock "lioadm" released by "cinder.volume.targets.lio.LioAdm._execute" :: held 1.071s {{(pid=102782) inner /usr/local/lib/python3.8/dist-packages/oslo_concurrency/lockutils.py:367}}
Sep 29 19:07:39.755762 n-d-811173-1 cinder-volume[102782]: DEBUG oslo_concurrency.lockutils [req-3b00504b-00a5-4e18-8aa0-ec4deec1e3ab req-d926cc42-5255-477a-b54e-befe3e773ca4 tempest-VolumesSnapshotTestJSON-2139057708 None] Lock "lioadm" acquired by "cinder.volume.targets.lio.LioAdm._execute" :: waited 0.000s {{(pid=102782) inner /usr/local/lib/python3.8/dist-packages/oslo_concurrency/lockutils.py:355}}
Sep 29 19:07:39.756803 n-d-811173-1 cinder-volume[102782]: DEBUG oslo_concurrency.processutils [req-3b00504b-00a5-4e18-8aa0-ec4deec1e3ab req-d926cc42-5255-477a-b54e-befe3e773ca4 tempest-VolumesSnapshotTestJSON-2139057708 None] Running cmd (subprocess): sudo cinder-rootwrap /etc/cinder/rootwrap.conf cinder-rtstool save {{(pid=102782) execute /usr/local/lib/python3.8/dist-packages/oslo_concurrency/processutils.py:384}}
Sep 29 19:07:39.778024 n-d-811173-1 sudo[117430]: ubuntu : TTY=unknown ; PWD=/ ; USER=root ; COMMAND=/usr/local/bin/cinder-rootwrap /etc/cinder/rootwrap.conf cinder-rtstool save
Sep 29 19:07:39.778964 n-d-811173-1 sudo[117430]: pam_unix(sudo:session): session opened for user root by (uid=0)
Sep 29 19:07:40.784871 n-d-811173-1 sudo[117430]: pam_unix(sudo:session): session closed for user root
Sep 29 19:07:40.787129 n-d-811173-1 cinder-volume[102782]: DEBUG oslo_concurrency.processutils [req-3b00504b-00a5-4e18-8aa0-ec4deec1e3ab req-d926cc42-5255-477a-b54e-befe3e773ca4 tempest-VolumesSnapshotTestJSON-2139057708 None] CMD "sudo cinder-rootwrap /etc/cinder/rootwrap.conf cinder-rtstool save" returned: 0 in 1.030s {{(pid=102782) execute /usr/local/lib/python3.8/dist-packages/oslo_concurrency/processutils.py:422}}
Sep 29 19:07:40.788959 n-d-811173-1 cinder-volume[102782]: DEBUG oslo_concurrency.lockutils [req-3b00504b-00a5-4e18-8aa0-ec4deec1e3ab req-d926cc42-5255-477a-b54e-befe3e773ca4 tempest-VolumesSnapshotTestJSON-2139057708 None] Lock "lioadm" released by "cinder.volume.targets.lio.LioAdm._execute" :: held 1.033s {{(pid=102782) inner /usr/local/lib/python3.8/dist-packages/oslo_concurrency/lockutils.py:367}}
Sep 29 19:07:40.790821 n-d-811173-1 cinder-volume[102782]: INFO cinder.volume.manager [req-3b00504b-00a5-4e18-8aa0-ec4deec1e3ab req-d926cc42-5255-477a-b54e-befe3e773ca4 tempest-VolumesSnapshotTestJSON-2139057708 None] Terminate volume connection completed successfully.
Sep 29 19:07:40.791464 n-d-811173-1 cinder-volume[102782]: DEBUG cinder.volume.manager [req-3b00504b-00a5-4e18-8aa0-ec4deec1e3ab req-d926cc42-5255-477a-b54e-befe3e773ca4 tempest-VolumesSnapshotTestJSON-2139057708 None] Deleting attachment f94fed0a-f43a-4aea-845e-0aea9d215b6b. {{(pid=102782) attachment_delete /opt/stack/cinder/cinder/volume/manager.py:4944}}
Sep 29 19:07:40.792900 n-d-811173-1 cinder-volume[102782]: DEBUG oslo_concurrency.lockutils [req-3b00504b-00a5-4e18-8aa0-ec4deec1e3ab req-d926cc42-5255-477a-b54e-befe3e773ca4 tempest-VolumesSnapshotTestJSON-2139057708 None] Lock "lioadm" acquired by "cinder.volume.targets.lio.LioAdm._execute" :: waited 0.000s {{(pid=102782) inner /usr/local/lib/python3.8/dist-packages/oslo_concurrency/lockutils.py:355}}
Sep 29 19:07:40.793863 n-d-811173-1 cinder-volume[102782]: DEBUG oslo_concurrency.processutils [req-3b00504b-00a5-4e18-8aa0-ec4deec1e3ab req-d926cc42-5255-477a-b54e-befe3e773ca4 tempest-VolumesSnapshotTestJSON-2139057708 None] Running cmd (subprocess): sudo cinder-rootwrap /etc/cinder/rootwrap.conf cinder-rtstool get-targets {{(pid=102782) execute /usr/local/lib/python3.8/dist-packages/oslo_concurrency/processutils.py:384}}
Sep 29 19:07:40.815041 n-d-811173-1 sudo[117436]: ubuntu : TTY=unknown ; PWD=/ ; USER=root ; COMMAND=/usr/local/bin/cinder-rootwrap /etc/cinder/rootwrap.conf cinder-rtstool get-targets
Sep 29 19:07:40.817105 n-d-811173-1 sudo[117436]: pam_unix(sudo:session): session opened for user root by (uid=0)
Sep 29 19:07:41.860992 n-d-811173-1 sudo[117436]: pam_unix(sudo:session): session closed for user root
Sep 29 19:07:41.864443 n-d-811173-1 cinder-volume[102782]: DEBUG oslo_concurrency.processutils [req-3b00504b-00a5-4e18-8aa0-ec4deec1e3ab req-d926cc42-5255-477a-b54e-befe3e773ca4 tempest-VolumesSnapshotTestJSON-2139057708 None] CMD "sudo cinder-rootwrap /etc/cinder/rootwrap.conf cinder-rtstool get-targets" returned: 0 in 1.070s {{(pid=102782) execute /usr/local/lib/python3.8/dist-packages/oslo_concurrency/processutils.py:422}}
Sep 29 19:07:41.866122 n-d-811173-1 cinder-volume[102782]: DEBUG oslo_concurrency.lockutils [req-3b00504b-00a5-4e18-8aa0-ec4deec1e3ab req-d926cc42-5255-477a-b54e-befe3e773ca4 tempest-VolumesSnapshotTestJSON-2139057708 None] Lock "lioadm" released by "cinder.volume.targets.lio.LioAdm._execute" :: held 1.073s {{(pid=102782) inner /usr/local/lib/python3.8/dist-packages/oslo_concurrency/lockutils.py:367}}
Sep 29 19:07:41.866759 n-d-811173-1 cinder-volume[102782]: INFO cinder.volume.targets.lio [req-3b00504b-00a5-4e18-8aa0-ec4deec1e3ab req-d926cc42-5255-477a-b54e-befe3e773ca4 tempest-VolumesSnapshotTestJSON-2139057708 None] Removing iscsi_target: 8e6652ae-8b9c-492a-8e40-004bb0b1006e
Sep 29 19:07:41.868212 n-d-811173-1 cinder-volume[102782]: DEBUG oslo_concurrency.lockutils [req-3b00504b-00a5-4e18-8aa0-ec4deec1e3ab req-d926cc42-5255-477a-b54e-befe3e773ca4 tempest-VolumesSnapshotTestJSON-2139057708 None] Lock "lioadm" acquired by "cinder.volume.targets.lio.LioAdm._execute" :: waited 0.001s {{(pid=102782) inner /usr/local/lib/python3.8/dist-packages/oslo_concurrency/lockutils.py:355}}
Sep 29 19:07:41.873349 n-d-811173-1 cinder-volume[102782]: DEBUG oslo_concurrency.processutils [req-3b00504b-00a5-4e18-8aa0-ec4deec1e3ab req-d926cc42-5255-477a-b54e-befe3e773ca4 tempest-VolumesSnapshotTestJSON-2139057708 None] Running cmd (subprocess): sudo cinder-rootwrap /etc/cinder/rootwrap.conf cinder-rtstool delete iqn.2010-10.org.openstack:volume-8e6652ae-8b9c-492a-8e40-004bb0b1006e {{(pid=102782) execute /usr/local/lib/python3.8/dist-packages/oslo_concurrency/processutils.py:384}}
Sep 29 19:07:41.913813 n-d-811173-1 sudo[117441]: ubuntu : TTY=unknown ; PWD=/ ; USER=root ; COMMAND=/usr/local/bin/cinder-rootwrap /etc/cinder/rootwrap.conf cinder-rtstool delete iqn.2010-10.org.openstack:volume-8e6652ae-8b9c-492a-8e40-004bb0b1006e
Sep 29 19:07:41.919015 n-d-811173-1 sudo[117441]: pam_unix(sudo:session): session opened for user root by (uid=0)
Sep 29 19:07:43.088162 n-d-811173-1 sudo[117441]: pam_unix(sudo:session): session closed for user root
Sep 29 19:07:43.091470 n-d-811173-1 cinder-volume[102782]: DEBUG oslo_concurrency.processutils [req-3b00504b-00a5-4e18-8aa0-ec4deec1e3ab req-d926cc42-5255-477a-b54e-befe3e773ca4 tempest-VolumesSnapshotTestJSON-2139057708 None] CMD "sudo cinder-rootwrap /etc/cinder/rootwrap.conf cinder-rtstool delete iqn.2010-10.org.openstack:volume-8e6652ae-8b9c-492a-8e40-004bb0b1006e" returned: 0 in 1.217s {{(pid=102782) execute /usr/local/lib/python3.8/dist-packages/oslo_concurrency/processutils.py:422}}
Sep 29 19:07:43.093152 n-d-811173-1 cinder-volume[102782]: DEBUG oslo_concurrency.lockutils [req-3b00504b-00a5-4e18-8aa0-ec4deec1e3ab req-d926cc42-5255-477a-b54e-befe3e773ca4 tempest-VolumesSnapshotTestJSON-2139057708 None] Lock "lioadm" released by "cinder.volume.targets.lio.LioAdm._execute" :: held 1.225s {{(pid=102782) inner /usr/local/lib/python3.8/dist-packages/oslo_concurrency/lockutils.py:367}}
Sep 29 19:07:43.094322 n-d-811173-1 cinder-volume[102782]: DEBUG oslo_concurrency.lockutils [req-3b00504b-00a5-4e18-8aa0-ec4deec1e3ab req-d926cc42-5255-477a-b54e-befe3e773ca4 tempest-VolumesSnapshotTestJSON-2139057708 None] Lock "lioadm" acquired by "cinder.volume.targets.lio.LioAdm._execute" :: waited 0.000s {{(pid=102782) inner /usr/local/lib/python3.8/dist-packages/oslo_concurrency/lockutils.py:355}}
Sep 29 19:07:43.095332 n-d-811173-1 cinder-volume[102782]: DEBUG oslo_concurrency.processutils [req-3b00504b-00a5-4e18-8aa0-ec4deec1e3ab req-d926cc42-5255-477a-b54e-befe3e773ca4 tempest-VolumesSnapshotTestJSON-2139057708 None] Running cmd (subprocess): sudo cinder-rootwrap /etc/cinder/rootwrap.conf cinder-rtstool save {{(pid=102782) execute /usr/local/lib/python3.8/dist-packages/oslo_concurrency/processutils.py:384}}
Sep 29 19:07:43.120294 n-d-811173-1 sudo[117446]: ubuntu : TTY=unknown ; PWD=/ ; USER=root ; COMMAND=/usr/local/bin/cinder-rootwrap /etc/cinder/rootwrap.conf cinder-rtstool save
Sep 29 19:07:43.121277 n-d-811173-1 sudo[117446]: pam_unix(sudo:session): session opened for user root by (uid=0)
Sep 29 19:07:44.173868 n-d-811173-1 sudo[117446]: pam_unix(sudo:session): session closed for user root
Sep 29 19:07:44.176855 n-d-811173-1 cinder-volume[102782]: DEBUG oslo_concurrency.processutils [req-3b00504b-00a5-4e18-8aa0-ec4deec1e3ab req-d926cc42-5255-477a-b54e-befe3e773ca4 tempest-VolumesSnapshotTestJSON-2139057708 None] CMD "sudo cinder-rootwrap /etc/cinder/rootwrap.conf cinder-rtstool save" returned: 0 in 1.081s {{(pid=102782) execute /usr/local/lib/python3.8/dist-packages/oslo_concurrency/processutils.py:422}}
Sep 29 19:07:44.178571 n-d-811173-1 cinder-volume[102782]: DEBUG oslo_concurrency.lockutils [req-3b00504b-00a5-4e18-8aa0-ec4deec1e3ab req-d926cc42-5255-477a-b54e-befe3e773ca4 tempest-VolumesSnapshotTestJSON-2139057708 None] Lock "lioadm" released by "cinder.volume.targets.lio.LioAdm._execute" :: held 1.084s {{(pid=102782) inner /usr/local/lib/python3.8/dist-packages/oslo_concurrency/lockutils.py:367}}
Sep 29 19:07:47.652146 n-d-811173-1 cinder-volume[102782]: DEBUG oslo_service.periodic_task [None req-2453e685-5d0a-4b87-bc70-1833061d32f9 None None] Running periodic task VolumeManager.publish_service_capabilities {{(pid=102782) run_periodic_tasks /usr/local/lib/python3.8/dist-packages/oslo_service/periodic_task.py:210}}
Sep 29 19:07:47.653373 n-d-811173-1 cinder-volume[102782]: DEBUG cinder.volume.drivers.lvm [None req-2453e685-5d0a-4b87-bc70-1833061d32f9 None None] Updating volume stats {{(pid=102782) _update_volume_stats /opt/stack/cinder/cinder/volume/drivers/lvm.py:213}}
Sep 29 19:07:47.655201 n-d-811173-1 cinder-volume[102782]: DEBUG oslo_concurrency.processutils [None req-2453e685-5d0a-4b87-bc70-1833061d32f9 None None] Running cmd (subprocess): sudo cinder-rootwrap /etc/cinder/rootwrap.conf env LC_ALL=C vgs --noheadings --unit=g -o name,size,free,lv_count,uuid --separator : --nosuffix stack-volumes-lvmdriver-1 {{(pid=102782) execute /usr/local/lib/python3.8/dist-packages/oslo_concurrency/processutils.py:384}}
Sep 29 19:07:47.709074 n-d-811173-1 sudo[117452]: ubuntu : TTY=unknown ; PWD=/ ; USER=root ; COMMAND=/usr/local/bin/cinder-rootwrap /etc/cinder/rootwrap.conf env LC_ALL=C vgs --noheadings --unit=g -o name,size,free,lv_count,uuid --separator : --nosuffix stack-volumes-lvmdriver-1
Sep 29 19:07:47.711921 n-d-811173-1 sudo[117452]: pam_unix(sudo:session): session opened for user root by (uid=0)
Sep 29 19:07:48.783237 n-d-811173-1 sudo[117452]: pam_unix(sudo:session): session closed for user root
Sep 29 19:07:48.785467 n-d-811173-1 cinder-volume[102782]: DEBUG oslo_concurrency.processutils [None req-2453e685-5d0a-4b87-bc70-1833061d32f9 None None] CMD "sudo cinder-rootwrap /etc/cinder/rootwrap.conf env LC_ALL=C vgs --noheadings --unit=g -o name,size,free,lv_count,uuid --separator : --nosuffix stack-volumes-lvmdriver-1" returned: 0 in 1.131s {{(pid=102782) execute /usr/local/lib/python3.8/dist-packages/oslo_concurrency/processutils.py:422}}
Sep 29 19:07:48.787793 n-d-811173-1 cinder-volume[102782]: DEBUG oslo_concurrency.processutils [None req-2453e685-5d0a-4b87-bc70-1833061d32f9 None None] Running cmd (subprocess): sudo cinder-rootwrap /etc/cinder/rootwrap.conf env LC_ALL=C lvs --noheadings --unit=g -o vg_name,name,size --nosuffix --readonly stack-volumes-lvmdriver-1 {{(pid=102782) execute /usr/local/lib/python3.8/dist-packages/oslo_concurrency/processutils.py:384}}
Sep 29 19:07:48.810199 n-d-811173-1 sudo[117458]: ubuntu : TTY=unknown ; PWD=/ ; USER=root ; COMMAND=/usr/local/bin/cinder-rootwrap /etc/cinder/rootwrap.conf env LC_ALL=C lvs --noheadings --unit=g -o vg_name,name,size --nosuffix --readonly stack-volumes-lvmdriver-1
Sep 29 19:07:48.811596 n-d-811173-1 sudo[117458]: pam_unix(sudo:session): session opened for user root by (uid=0)
Sep 29 19:07:49.313786 n-d-811173-1 sudo[117458]: pam_unix(sudo:session): session closed for user root
Sep 29 19:07:49.315643 n-d-811173-1 cinder-volume[102782]: DEBUG oslo_concurrency.processutils [None req-2453e685-5d0a-4b87-bc70-1833061d32f9 None None] CMD "sudo cinder-rootwrap /etc/cinder/rootwrap.conf env LC_ALL=C lvs --noheadings --unit=g -o vg_name,name,size --nosuffix --readonly stack-volumes-lvmdriver-1" returned: 0 in 0.528s {{(pid=102782) execute /usr/local/lib/python3.8/dist-packages/oslo_concurrency/processutils.py:422}}
Sep 29 19:07:49.317717 n-d-811173-1 cinder-volume[102782]: DEBUG cinder.manager [None req-2453e685-5d0a-4b87-bc70-1833061d32f9 None None] Notifying Schedulers of capabilities ... {{(pid=102782) _publish_service_capabilities /opt/stack/cinder/cinder/manager.py:202}}
Sep 29 19:07:49.701608 n-d-811173-1 cinder-volume[102782]: DEBUG oslo_concurrency.processutils [None req-4dbf8b31-f898-45a7-a405-0ec5d45b07d7 tempest-VolumesSnapshotTestJSON-2139057708 None] Running cmd (subprocess): sudo cinder-rootwrap /etc/cinder/rootwrap.conf env LC_ALL=C lvs --noheadings --unit=g -o vg_name,name,size --nosuffix --readonly stack-volumes-lvmdriver-1/volume-63502b8a-6a72-48d1-a51d-92dd8c68ee42 {{(pid=102782) execute /usr/local/lib/python3.8/dist-packages/oslo_concurrency/processutils.py:384}}
Sep 29 19:07:49.725526 n-d-811173-1 sudo[117461]: ubuntu : TTY=unknown ; PWD=/ ; USER=root ; COMMAND=/usr/local/bin/cinder-rootwrap /etc/cinder/rootwrap.conf env LC_ALL=C lvs --noheadings --unit=g -o vg_name,name,size --nosuffix --readonly stack-volumes-lvmdriver-1/volume-63502b8a-6a72-48d1-a51d-92dd8c68ee42
Sep 29 19:07:49.727285 n-d-811173-1 sudo[117461]: pam_unix(sudo:session): session opened for user root by (uid=0)
Sep 29 19:07:50.328110 n-d-811173-1 sudo[117461]: pam_unix(sudo:session): session closed for user root
Sep 29 19:07:50.331100 n-d-811173-1 cinder-volume[102782]: DEBUG oslo_concurrency.processutils [None req-4dbf8b31-f898-45a7-a405-0ec5d45b07d7 tempest-VolumesSnapshotTestJSON-2139057708 None] CMD "sudo cinder-rootwrap /etc/cinder/rootwrap.conf env LC_ALL=C lvs --noheadings --unit=g -o vg_name,name,size --nosuffix --readonly stack-volumes-lvmdriver-1/volume-63502b8a-6a72-48d1-a51d-92dd8c68ee42" returned: 0 in 0.629s {{(pid=102782) execute /usr/local/lib/python3.8/dist-packages/oslo_concurrency/processutils.py:422}}
Sep 29 19:07:50.333419 n-d-811173-1 cinder-volume[102782]: DEBUG oslo_concurrency.processutils [None req-4dbf8b31-f898-45a7-a405-0ec5d45b07d7 tempest-VolumesSnapshotTestJSON-2139057708 None] Running cmd (subprocess): sudo cinder-rootwrap /etc/cinder/rootwrap.conf env LC_ALL=C lvcreate --name _snapshot-01aecd82-b2c1-41e9-a2d1-67e96a047a32 --snapshot stack-volumes-lvmdriver-1/volume-63502b8a-6a72-48d1-a51d-92dd8c68ee42 -L 1.00g {{(pid=102782) execute /usr/local/lib/python3.8/dist-packages/oslo_concurrency/processutils.py:384}}
Sep 29 19:07:50.374426 n-d-811173-1 sudo[117464]: ubuntu : TTY=unknown ; PWD=/ ; USER=root ; COMMAND=/usr/local/bin/cinder-rootwrap /etc/cinder/rootwrap.conf env LC_ALL=C lvcreate --name _snapshot-01aecd82-b2c1-41e9-a2d1-67e96a047a32 --snapshot stack-volumes-lvmdriver-1/volume-63502b8a-6a72-48d1-a51d-92dd8c68ee42 -L 1.00g
Sep 29 19:07:50.379871 n-d-811173-1 sudo[117464]: pam_unix(sudo:session): session opened for user root by (uid=0)
Sep 29 19:07:51.373010 n-d-811173-1 sudo[117464]: pam_unix(sudo:session): session closed for user root
Sep 29 19:07:51.375545 n-d-811173-1 cinder-volume[102782]: DEBUG oslo_concurrency.processutils [None req-4dbf8b31-f898-45a7-a405-0ec5d45b07d7 tempest-VolumesSnapshotTestJSON-2139057708 None] CMD "sudo cinder-rootwrap /etc/cinder/rootwrap.conf env LC_ALL=C lvcreate --name _snapshot-01aecd82-b2c1-41e9-a2d1-67e96a047a32 --snapshot stack-volumes-lvmdriver-1/volume-63502b8a-6a72-48d1-a51d-92dd8c68ee42 -L 1.00g" returned: 0 in 1.042s {{(pid=102782) execute /usr/local/lib/python3.8/dist-packages/oslo_concurrency/processutils.py:422}}
Sep 29 19:07:51.400246 n-d-811173-1 cinder-volume[102782]: INFO cinder.volume.manager [None req-4dbf8b31-f898-45a7-a405-0ec5d45b07d7 tempest-VolumesSnapshotTestJSON-2139057708 None] Create snapshot completed successfully
Sep 29 19:07:52.001922 n-d-811173-1 cinder-volume[102782]: DEBUG cinder.coordination [None req-9330ed8b-904d-456b-9f0f-b97a517dd087 tempest-VolumesSnapshotTestJSON-2139057708 None] Lock "b'cinder-01aecd82-b2c1-41e9-a2d1-67e96a047a32-delete_snapshot'" acquired by "delete_snapshot" :: waited 0.014s {{(pid=102782) _synchronized /opt/stack/cinder/cinder/coordination.py:181}}
Sep 29 19:07:52.003998 n-d-811173-1 cinder-volume[102782]: DEBUG oslo_concurrency.processutils [None req-9330ed8b-904d-456b-9f0f-b97a517dd087 tempest-VolumesSnapshotTestJSON-2139057708 None] Running cmd (subprocess): sudo cinder-rootwrap /etc/cinder/rootwrap.conf env LC_ALL=C lvs --noheadings --unit=g -o vg_name,name,size --nosuffix --readonly stack-volumes-lvmdriver-1/_snapshot-01aecd82-b2c1-41e9-a2d1-67e96a047a32 {{(pid=102782) execute /usr/local/lib/python3.8/dist-packages/oslo_concurrency/processutils.py:384}}
Sep 29 19:07:52.050317 n-d-811173-1 sudo[117579]: ubuntu : TTY=unknown ; PWD=/ ; USER=root ; COMMAND=/usr/local/bin/cinder-rootwrap /etc/cinder/rootwrap.conf env LC_ALL=C lvs --noheadings --unit=g -o vg_name,name,size --nosuffix --readonly stack-volumes-lvmdriver-1/_snapshot-01aecd82-b2c1-41e9-a2d1-67e96a047a32
Sep 29 19:07:52.052253 n-d-811173-1 sudo[117579]: pam_unix(sudo:session): session opened for user root by (uid=0)
Sep 29 19:07:52.684156 n-d-811173-1 sudo[117579]: pam_unix(sudo:session): session closed for user root
Sep 29 19:07:52.692638 n-d-811173-1 cinder-volume[102782]: DEBUG oslo_concurrency.processutils [None req-9330ed8b-904d-456b-9f0f-b97a517dd087 tempest-VolumesSnapshotTestJSON-2139057708 None] CMD "sudo cinder-rootwrap /etc/cinder/rootwrap.conf env LC_ALL=C lvs --noheadings --unit=g -o vg_name,name,size --nosuffix --readonly stack-volumes-lvmdriver-1/_snapshot-01aecd82-b2c1-41e9-a2d1-67e96a047a32" returned: 0 in 0.682s {{(pid=102782) execute /usr/local/lib/python3.8/dist-packages/oslo_concurrency/processutils.py:422}}
Sep 29 19:07:52.692638 n-d-811173-1 cinder-volume[102782]: DEBUG oslo_concurrency.processutils [None req-9330ed8b-904d-456b-9f0f-b97a517dd087 tempest-VolumesSnapshotTestJSON-2139057708 None] Running cmd (subprocess): sudo cinder-rootwrap /etc/cinder/rootwrap.conf lvremove --config activation { retry_deactivation = 1} -f stack-volumes-lvmdriver-1/_snapshot-01aecd82-b2c1-41e9-a2d1-67e96a047a32 {{(pid=102782) execute /usr/local/lib/python3.8/dist-packages/oslo_concurrency/processutils.py:384}}
Sep 29 19:07:52.714295 n-d-811173-1 sudo[117582]: ubuntu : TTY=unknown ; PWD=/ ; USER=root ; COMMAND=/usr/local/bin/cinder-rootwrap /etc/cinder/rootwrap.conf lvremove --config activation { retry_deactivation = 1} -f stack-volumes-lvmdriver-1/_snapshot-01aecd82-b2c1-41e9-a2d1-67e96a047a32
Sep 29 19:07:52.715097 n-d-811173-1 sudo[117582]: pam_unix(sudo:session): session opened for user root by (uid=0)
Sep 29 19:07:53.525202 n-d-811173-1 sudo[117582]: pam_unix(sudo:session): session closed for user root
Sep 29 19:07:53.528064 n-d-811173-1 cinder-volume[102782]: DEBUG oslo_concurrency.processutils [None req-9330ed8b-904d-456b-9f0f-b97a517dd087 tempest-VolumesSnapshotTestJSON-2139057708 None] CMD "sudo cinder-rootwrap /etc/cinder/rootwrap.conf lvremove --config activation { retry_deactivation = 1} -f stack-volumes-lvmdriver-1/_snapshot-01aecd82-b2c1-41e9-a2d1-67e96a047a32" returned: 0 in 0.839s {{(pid=102782) execute /usr/local/lib/python3.8/dist-packages/oslo_concurrency/processutils.py:422}}
Sep 29 19:07:53.584917 n-d-811173-1 cinder-volume[102782]: DEBUG cinder.quota [None req-9330ed8b-904d-456b-9f0f-b97a517dd087 tempest-VolumesSnapshotTestJSON-2139057708 None] Created reservations ['8ea697c3-8356-4241-9313-b91f6787faee', 'f2c7ff08-2547-4e4a-8d75-fde0a2464fde', 'c30bc0f0-6068-4f15-99f1-c4e53f5bc2f3', '6f04f132-68fc-40a5-b482-1d7c8c59c990'] {{(pid=102782) reserve /opt/stack/cinder/cinder/quota.py:755}}
Sep 29 19:07:53.662502 n-d-811173-1 cinder-volume[102782]: INFO cinder.volume.manager [None req-9330ed8b-904d-456b-9f0f-b97a517dd087 tempest-VolumesSnapshotTestJSON-2139057708 None] Delete snapshot completed successfully.
Sep 29 19:07:53.671830 n-d-811173-1 cinder-volume[102782]: DEBUG cinder.coordination [None req-9330ed8b-904d-456b-9f0f-b97a517dd087 tempest-VolumesSnapshotTestJSON-2139057708 None] Lock "b'cinder-01aecd82-b2c1-41e9-a2d1-67e96a047a32-delete_snapshot'" released by "delete_snapshot" :: held 1.674s {{(pid=102782) _synchronized /opt/stack/cinder/cinder/coordination.py:193}}
Sep 29 19:07:53.722726 n-d-811173-1 cinder-volume[102782]: DEBUG cinder.volume.flows.manager.create_volume [None req-4558e31e-e53d-48ba-9f10-eaa357980f61 tempest-LiveAutoBlockMigrationV225Test-715996098 None] Volume reschedule parameters: True retry: {'num_attempts': 1, 'backends': ['n-d-811173-1@lvmdriver-1#lvmdriver-1'], 'hosts': ['n-d-811173-1@lvmdriver-1#lvmdriver-1']} {{(pid=102782) get_flow /opt/stack/cinder/cinder/volume/flows/manager/create_volume.py:1348}}
Sep 29 19:07:53.726919 n-d-811173-1 cinder-volume[102782]: WARNING stevedore.named [None req-4558e31e-e53d-48ba-9f10-eaa357980f61 tempest-LiveAutoBlockMigrationV225Test-715996098 None] Could not load cinder.keymgr.conf_key_mgr.ConfKeyManager
Sep 29 19:07:53.727415 n-d-811173-1 cinder-volume[102782]: WARNING castellan.key_manager [None req-4558e31e-e53d-48ba-9f10-eaa357980f61 tempest-LiveAutoBlockMigrationV225Test-715996098 None] Deprecation Warning : cinder.keymgr.conf_key_mgr.ConfKeyManager is not a stevedore based driver, trying to load it as a class: stevedore.exception.NoMatches: No 'castellan.drivers' driver found, looking for 'cinder.keymgr.conf_key_mgr.ConfKeyManager'
Sep 29 19:07:53.740628 n-d-811173-1 cinder-volume[102782]: DEBUG cinder.volume.manager [None req-4558e31e-e53d-48ba-9f10-eaa357980f61 tempest-LiveAutoBlockMigrationV225Test-715996098 None] Flow 'volume_create_manager' (dfaae772-370f-452e-9409-4323a6bc9377) transitioned into state 'RUNNING' from state 'PENDING' {{(pid=102782) _flow_receiver /usr/local/lib/python3.8/dist-packages/taskflow/listeners/logging.py:141}}
Sep 29 19:07:53.744336 n-d-811173-1 cinder-volume[102782]: DEBUG cinder.volume.manager [None req-4558e31e-e53d-48ba-9f10-eaa357980f61 tempest-LiveAutoBlockMigrationV225Test-715996098 None] Task 'cinder.volume.flows.manager.create_volume.ExtractVolumeRefTask;volume:create' (ee37c249-d7d4-4256-aaa1-d8e87f8f0cec) transitioned into state 'RUNNING' from state 'PENDING' {{(pid=102782) _task_receiver /usr/local/lib/python3.8/dist-packages/taskflow/listeners/logging.py:190}}
Sep 29 19:07:53.751790 n-d-811173-1 cinder-volume[102782]: DEBUG oslo_db.sqlalchemy.engines [None req-4558e31e-e53d-48ba-9f10-eaa357980f61 tempest-LiveAutoBlockMigrationV225Test-715996098 None] MySQL server mode set to STRICT_TRANS_TABLES,STRICT_ALL_TABLES,NO_ZERO_IN_DATE,NO_ZERO_DATE,ERROR_FOR_DIVISION_BY_ZERO,TRADITIONAL,NO_ENGINE_SUBSTITUTION {{(pid=102782) _check_effective_sql_mode /usr/local/lib/python3.8/dist-packages/oslo_db/sqlalchemy/engines.py:314}}
Sep 29 19:07:53.764309 n-d-811173-1 cinder-volume[102782]: DEBUG cinder.volume.manager [None req-4558e31e-e53d-48ba-9f10-eaa357980f61 tempest-LiveAutoBlockMigrationV225Test-715996098 None] Task 'cinder.volume.flows.manager.create_volume.ExtractVolumeRefTask;volume:create' (ee37c249-d7d4-4256-aaa1-d8e87f8f0cec) transitioned into state 'SUCCESS' from state 'RUNNING' with result 'Volume(_name_id=None,admin_metadata=,attach_status='detached',availability_zone='nova',bootable=False,cluster=,cluster_name=None,consistencygroup=,consistencygroup_id=None,created_at=2021-09-29T19:07:53Z,deleted=False,deleted_at=None,display_description=None,display_name='tempest-LiveAutoBlockMigrationV225Test-volume-66968543',ec2_id=None,encryption_key_id=None,glance_metadata=,group=,group_id=None,host='n-d-811173-1@lvmdriver-1#lvmdriver-1',id=94223d4c-4ea1-4614-b9a4-72fe3529d922,launched_at=None,metadata={},migration_status=None,multiattach=False,previous_status=None,project_id='b3422187a04941759a009d61ed973bf3',provider_auth=None,provider_geometry=None,provider_id=None,provider_location=None,replication_driver_data=None,replication_extended_status=None,replication_status=None,scheduled_at=2021-09-29T19:07:54Z,service_uuid=None,shared_targets=True,size=1,snapshot_id=None,snapshots=,source_volid=None,status='creating',terminated_at=None,updated_at=2021-09-29T19:07:54Z,use_quota=True,user_id='00354487ff854a72b9b40a39b2b2da5e',volume_attachment=,volume_type=VolumeType(710a69da-41b0-4fd5-a9e1-de99d65c8046),volume_type_id=710a69da-41b0-4fd5-a9e1-de99d65c8046)' {{(pid=102782) _task_receiver /usr/local/lib/python3.8/dist-packages/taskflow/listeners/logging.py:178}}
Sep 29 19:07:53.767289 n-d-811173-1 cinder-volume[102782]: DEBUG cinder.volume.manager [None req-4558e31e-e53d-48ba-9f10-eaa357980f61 tempest-LiveAutoBlockMigrationV225Test-715996098 None] Task 'cinder.volume.flows.manager.create_volume.OnFailureRescheduleTask;volume:create' (95911fc0-32f8-407a-805a-8a9be79ce97d) transitioned into state 'RUNNING' from state 'PENDING' {{(pid=102782) _task_receiver /usr/local/lib/python3.8/dist-packages/taskflow/listeners/logging.py:190}}
Sep 29 19:07:53.769373 n-d-811173-1 cinder-volume[102782]: DEBUG cinder.volume.manager [None req-4558e31e-e53d-48ba-9f10-eaa357980f61 tempest-LiveAutoBlockMigrationV225Test-715996098 None] Task 'cinder.volume.flows.manager.create_volume.OnFailureRescheduleTask;volume:create' (95911fc0-32f8-407a-805a-8a9be79ce97d) transitioned into state 'SUCCESS' from state 'RUNNING' with result 'None' {{(pid=102782) _task_receiver /usr/local/lib/python3.8/dist-packages/taskflow/listeners/logging.py:178}}
Sep 29 19:07:53.771779 n-d-811173-1 cinder-volume[102782]: DEBUG cinder.volume.manager [None req-4558e31e-e53d-48ba-9f10-eaa357980f61 tempest-LiveAutoBlockMigrationV225Test-715996098 None] Task 'cinder.volume.flows.manager.create_volume.ExtractVolumeSpecTask;volume:create' (0984befb-7e07-4389-809e-06b88b0335d1) transitioned into state 'RUNNING' from state 'PENDING' {{(pid=102782) _task_receiver /usr/local/lib/python3.8/dist-packages/taskflow/listeners/logging.py:190}}
Sep 29 19:07:53.774287 n-d-811173-1 cinder-volume[102782]: DEBUG cinder.volume.manager [None req-4558e31e-e53d-48ba-9f10-eaa357980f61 tempest-LiveAutoBlockMigrationV225Test-715996098 None] Task 'cinder.volume.flows.manager.create_volume.ExtractVolumeSpecTask;volume:create' (0984befb-7e07-4389-809e-06b88b0335d1) transitioned into state 'SUCCESS' from state 'RUNNING' with result '{'status': 'creating', 'type': 'raw', 'volume_id': '94223d4c-4ea1-4614-b9a4-72fe3529d922', 'volume_name': 'volume-94223d4c-4ea1-4614-b9a4-72fe3529d922', 'volume_size': 1}' {{(pid=102782) _task_receiver /usr/local/lib/python3.8/dist-packages/taskflow/listeners/logging.py:178}}
Sep 29 19:07:53.776665 n-d-811173-1 cinder-volume[102782]: DEBUG cinder.volume.manager [None req-4558e31e-e53d-48ba-9f10-eaa357980f61 tempest-LiveAutoBlockMigrationV225Test-715996098 None] Task 'cinder.volume.flows.manager.create_volume.NotifyVolumeActionTask;volume:create, create.start' (2e304fec-4aa4-4153-9d12-e84846f53e8f) transitioned into state 'RUNNING' from state 'PENDING' {{(pid=102782) _task_receiver /usr/local/lib/python3.8/dist-packages/taskflow/listeners/logging.py:190}}
Sep 29 19:07:53.778641 n-d-811173-1 cinder-volume[102782]: DEBUG cinder.volume.manager [None req-4558e31e-e53d-48ba-9f10-eaa357980f61 tempest-LiveAutoBlockMigrationV225Test-715996098 None] Task 'cinder.volume.flows.manager.create_volume.NotifyVolumeActionTask;volume:create, create.start' (2e304fec-4aa4-4153-9d12-e84846f53e8f) transitioned into state 'SUCCESS' from state 'RUNNING' with result 'None' {{(pid=102782) _task_receiver /usr/local/lib/python3.8/dist-packages/taskflow/listeners/logging.py:178}}
Sep 29 19:07:53.780786 n-d-811173-1 cinder-volume[102782]: DEBUG cinder.volume.manager [None req-4558e31e-e53d-48ba-9f10-eaa357980f61 tempest-LiveAutoBlockMigrationV225Test-715996098 None] Task 'cinder.volume.flows.manager.create_volume.CreateVolumeFromSpecTask;volume:create' (5d01231e-e02f-4eff-b81e-0ab832aa5129) transitioned into state 'RUNNING' from state 'PENDING' {{(pid=102782) _task_receiver /usr/local/lib/python3.8/dist-packages/taskflow/listeners/logging.py:190}}
Sep 29 19:07:53.781560 n-d-811173-1 cinder-volume[102782]: INFO cinder.volume.flows.manager.create_volume [None req-4558e31e-e53d-48ba-9f10-eaa357980f61 tempest-LiveAutoBlockMigrationV225Test-715996098 None] Volume 94223d4c-4ea1-4614-b9a4-72fe3529d922: being created as raw with specification: {'status': 'creating', 'volume_name': 'volume-94223d4c-4ea1-4614-b9a4-72fe3529d922', 'volume_size': 1}
Sep 29 19:07:53.782705 n-d-811173-1 cinder-volume[102782]: DEBUG oslo_concurrency.processutils [None req-4558e31e-e53d-48ba-9f10-eaa357980f61 tempest-LiveAutoBlockMigrationV225Test-715996098 None] Running cmd (subprocess): sudo cinder-rootwrap /etc/cinder/rootwrap.conf env LC_ALL=C lvcreate -n volume-94223d4c-4ea1-4614-b9a4-72fe3529d922 stack-volumes-lvmdriver-1 -L 1g {{(pid=102782) execute /usr/local/lib/python3.8/dist-packages/oslo_concurrency/processutils.py:384}}
Sep 29 19:07:53.800825 n-d-811173-1 sudo[117648]: ubuntu : TTY=unknown ; PWD=/ ; USER=root ; COMMAND=/usr/local/bin/cinder-rootwrap /etc/cinder/rootwrap.conf env LC_ALL=C lvcreate -n volume-94223d4c-4ea1-4614-b9a4-72fe3529d922 stack-volumes-lvmdriver-1 -L 1g
Sep 29 19:07:53.801615 n-d-811173-1 sudo[117648]: pam_unix(sudo:session): session opened for user root by (uid=0)
Sep 29 19:07:54.266065 n-d-811173-1 cinder-volume[102782]: DEBUG oslo_concurrency.processutils [None req-2335521b-9cad-45bc-ab31-9f619acf7aa5 tempest-VolumesSnapshotTestJSON-2139057708 None] Running cmd (subprocess): sudo cinder-rootwrap /etc/cinder/rootwrap.conf env LC_ALL=C lvs --noheadings --unit=g -o vg_name,name,size --nosuffix --readonly stack-volumes-lvmdriver-1/volume-63502b8a-6a72-48d1-a51d-92dd8c68ee42 {{(pid=102782) execute /usr/local/lib/python3.8/dist-packages/oslo_concurrency/processutils.py:384}}
Sep 29 19:07:54.289949 n-d-811173-1 sudo[117679]: ubuntu : TTY=unknown ; PWD=/ ; USER=root ; COMMAND=/usr/local/bin/cinder-rootwrap /etc/cinder/rootwrap.conf env LC_ALL=C lvs --noheadings --unit=g -o vg_name,name,size --nosuffix --readonly stack-volumes-lvmdriver-1/volume-63502b8a-6a72-48d1-a51d-92dd8c68ee42
Sep 29 19:07:54.290757 n-d-811173-1 sudo[117679]: pam_unix(sudo:session): session opened for user root by (uid=0)
Sep 29 19:07:54.296622 n-d-811173-1 sudo[117648]: pam_unix(sudo:session): session closed for user root
Sep 29 19:07:54.302118 n-d-811173-1 cinder-volume[102782]: DEBUG oslo_concurrency.processutils [None req-4558e31e-e53d-48ba-9f10-eaa357980f61 tempest-LiveAutoBlockMigrationV225Test-715996098 None] CMD "sudo cinder-rootwrap /etc/cinder/rootwrap.conf env LC_ALL=C lvcreate -n volume-94223d4c-4ea1-4614-b9a4-72fe3529d922 stack-volumes-lvmdriver-1 -L 1g" returned: 0 in 0.517s {{(pid=102782) execute /usr/local/lib/python3.8/dist-packages/oslo_concurrency/processutils.py:422}}
Sep 29 19:07:54.303559 n-d-811173-1 cinder-volume[102782]: DEBUG cinder.volume.manager [None req-4558e31e-e53d-48ba-9f10-eaa357980f61 tempest-LiveAutoBlockMigrationV225Test-715996098 None] Task 'cinder.volume.flows.manager.create_volume.CreateVolumeFromSpecTask;volume:create' (5d01231e-e02f-4eff-b81e-0ab832aa5129) transitioned into state 'SUCCESS' from state 'RUNNING' with result '{'status': 'creating', 'volume_name': 'volume-94223d4c-4ea1-4614-b9a4-72fe3529d922', 'volume_size': 1}' {{(pid=102782) _task_receiver /usr/local/lib/python3.8/dist-packages/taskflow/listeners/logging.py:178}}
Sep 29 19:07:54.306092 n-d-811173-1 cinder-volume[102782]: DEBUG cinder.volume.manager [None req-4558e31e-e53d-48ba-9f10-eaa357980f61 tempest-LiveAutoBlockMigrationV225Test-715996098 None] Task 'cinder.volume.flows.manager.create_volume.CreateVolumeOnFinishTask;volume:create, create.end' (13e3ce58-ad78-4ecb-99d4-9dceeaec71a9) transitioned into state 'RUNNING' from state 'PENDING' {{(pid=102782) _task_receiver /usr/local/lib/python3.8/dist-packages/taskflow/listeners/logging.py:190}}
Sep 29 19:07:54.318412 n-d-811173-1 cinder-volume[102782]: INFO cinder.volume.flows.manager.create_volume [None req-4558e31e-e53d-48ba-9f10-eaa357980f61 tempest-LiveAutoBlockMigrationV225Test-715996098 None] Volume volume-94223d4c-4ea1-4614-b9a4-72fe3529d922 (94223d4c-4ea1-4614-b9a4-72fe3529d922): created successfully
Sep 29 19:07:54.321680 n-d-811173-1 cinder-volume[102782]: DEBUG cinder.volume.manager [None req-4558e31e-e53d-48ba-9f10-eaa357980f61 tempest-LiveAutoBlockMigrationV225Test-715996098 None] Task 'cinder.volume.flows.manager.create_volume.CreateVolumeOnFinishTask;volume:create, create.end' (13e3ce58-ad78-4ecb-99d4-9dceeaec71a9) transitioned into state 'SUCCESS' from state 'RUNNING' with result 'None' {{(pid=102782) _task_receiver /usr/local/lib/python3.8/dist-packages/taskflow/listeners/logging.py:178}}
Sep 29 19:07:54.327867 n-d-811173-1 cinder-volume[102782]: DEBUG cinder.volume.manager [None req-4558e31e-e53d-48ba-9f10-eaa357980f61 tempest-LiveAutoBlockMigrationV225Test-715996098 None] Flow 'volume_create_manager' (dfaae772-370f-452e-9409-4323a6bc9377) transitioned into state 'SUCCESS' from state 'RUNNING' {{(pid=102782) _flow_receiver /usr/local/lib/python3.8/dist-packages/taskflow/listeners/logging.py:141}}
Sep 29 19:07:54.337069 n-d-811173-1 cinder-volume[102782]: INFO cinder.volume.manager [None req-4558e31e-e53d-48ba-9f10-eaa357980f61 tempest-LiveAutoBlockMigrationV225Test-715996098 None] Created volume successfully.
Sep 29 19:07:54.703932 n-d-811173-1 sudo[117679]: pam_unix(sudo:session): session closed for user root
Sep 29 19:07:54.706050 n-d-811173-1 cinder-volume[102782]: DEBUG oslo_concurrency.processutils [None req-2335521b-9cad-45bc-ab31-9f619acf7aa5 tempest-VolumesSnapshotTestJSON-2139057708 None] CMD "sudo cinder-rootwrap /etc/cinder/rootwrap.conf env LC_ALL=C lvs --noheadings --unit=g -o vg_name,name,size --nosuffix --readonly stack-volumes-lvmdriver-1/volume-63502b8a-6a72-48d1-a51d-92dd8c68ee42" returned: 0 in 0.440s {{(pid=102782) execute /usr/local/lib/python3.8/dist-packages/oslo_concurrency/processutils.py:422}}
Sep 29 19:07:54.707377 n-d-811173-1 cinder-volume[102782]: DEBUG oslo_concurrency.processutils [None req-2335521b-9cad-45bc-ab31-9f619acf7aa5 tempest-VolumesSnapshotTestJSON-2139057708 None] Running cmd (subprocess): sudo cinder-rootwrap /etc/cinder/rootwrap.conf env LC_ALL=C lvcreate --name _snapshot-b69b4d65-6cad-4cd0-b9c1-4a3af1cb290c --snapshot stack-volumes-lvmdriver-1/volume-63502b8a-6a72-48d1-a51d-92dd8c68ee42 -L 1.00g {{(pid=102782) execute /usr/local/lib/python3.8/dist-packages/oslo_concurrency/processutils.py:384}}
Sep 29 19:07:54.726154 n-d-811173-1 sudo[117682]: ubuntu : TTY=unknown ; PWD=/ ; USER=root ; COMMAND=/usr/local/bin/cinder-rootwrap /etc/cinder/rootwrap.conf env LC_ALL=C lvcreate --name _snapshot-b69b4d65-6cad-4cd0-b9c1-4a3af1cb290c --snapshot stack-volumes-lvmdriver-1/volume-63502b8a-6a72-48d1-a51d-92dd8c68ee42 -L 1.00g
Sep 29 19:07:54.726994 n-d-811173-1 sudo[117682]: pam_unix(sudo:session): session opened for user root by (uid=0)
Sep 29 19:07:55.426353 n-d-811173-1 cinder-volume[102782]: DEBUG oslo_concurrency.processutils [req-8d326cd5-a1e4-4165-a9ec-48cc23816591 req-6cddd115-487b-4381-bcd2-9933e1ec78fa tempest-LiveAutoBlockMigrationV225Test-715996098 None] Running cmd (subprocess): sudo cinder-rootwrap /etc/cinder/rootwrap.conf lvchange -a y --yes -K stack-volumes-lvmdriver-1/volume-94223d4c-4ea1-4614-b9a4-72fe3529d922 {{(pid=102782) execute /usr/local/lib/python3.8/dist-packages/oslo_concurrency/processutils.py:384}}
Sep 29 19:07:55.428020 n-d-811173-1 sudo[117682]: pam_unix(sudo:session): session closed for user root
Sep 29 19:07:55.441903 n-d-811173-1 cinder-volume[102782]: DEBUG oslo_concurrency.processutils [None req-2335521b-9cad-45bc-ab31-9f619acf7aa5 tempest-VolumesSnapshotTestJSON-2139057708 None] CMD "sudo cinder-rootwrap /etc/cinder/rootwrap.conf env LC_ALL=C lvcreate --name _snapshot-b69b4d65-6cad-4cd0-b9c1-4a3af1cb290c --snapshot stack-volumes-lvmdriver-1/volume-63502b8a-6a72-48d1-a51d-92dd8c68ee42 -L 1.00g" returned: 0 in 0.734s {{(pid=102782) execute /usr/local/lib/python3.8/dist-packages/oslo_concurrency/processutils.py:422}}
Sep 29 19:07:55.445583 n-d-811173-1 sudo[117794]: ubuntu : TTY=unknown ; PWD=/ ; USER=root ; COMMAND=/usr/local/bin/cinder-rootwrap /etc/cinder/rootwrap.conf lvchange -a y --yes -K stack-volumes-lvmdriver-1/volume-94223d4c-4ea1-4614-b9a4-72fe3529d922
Sep 29 19:07:55.446459 n-d-811173-1 sudo[117794]: pam_unix(sudo:session): session opened for user root by (uid=0)
Sep 29 19:07:55.465977 n-d-811173-1 cinder-volume[102782]: INFO cinder.volume.manager [None req-2335521b-9cad-45bc-ab31-9f619acf7aa5 tempest-VolumesSnapshotTestJSON-2139057708 None] Create snapshot completed successfully
Sep 29 19:07:55.871382 n-d-811173-1 sudo[117794]: pam_unix(sudo:session): session closed for user root
Sep 29 19:07:55.873141 n-d-811173-1 cinder-volume[102782]: DEBUG oslo_concurrency.processutils [req-8d326cd5-a1e4-4165-a9ec-48cc23816591 req-6cddd115-487b-4381-bcd2-9933e1ec78fa tempest-LiveAutoBlockMigrationV225Test-715996098 None] CMD "sudo cinder-rootwrap /etc/cinder/rootwrap.conf lvchange -a y --yes -K stack-volumes-lvmdriver-1/volume-94223d4c-4ea1-4614-b9a4-72fe3529d922" returned: 0 in 0.447s {{(pid=102782) execute /usr/local/lib/python3.8/dist-packages/oslo_concurrency/processutils.py:422}}
Sep 29 19:07:55.885179 n-d-811173-1 cinder-volume[102782]: INFO cinder.volume.targets.lio [req-8d326cd5-a1e4-4165-a9ec-48cc23816591 req-6cddd115-487b-4381-bcd2-9933e1ec78fa tempest-LiveAutoBlockMigrationV225Test-715996098 None] Creating iscsi_target for volume: volume-94223d4c-4ea1-4614-b9a4-72fe3529d922
