Sep 24 19:00:43.315200 n-d-810951-2 devstack@placement-api.service[101706]: DEBUG placement.handlers.allocation [req-9aa446ea-5b0d-4266-b5d7-fba7e8f321d3 req-72ff9d8b-ab86-4e09-ae79-354fa1913c1b service placement] Successfully wrote allocations [, , ] {{(pid=101706) _update_consumers_and_create_allocations /opt/stack/placement/placement/handlers/allocation.py:462}}
Sep 24 19:00:43.323119 n-d-810951-2 devstack@placement-api.service[101706]: INFO placement.requestlog [req-9aa446ea-5b0d-4266-b5d7-fba7e8f321d3 req-72ff9d8b-ab86-4e09-ae79-354fa1913c1b service placement] 10.222.0.67 "PUT /placement/allocations/a0872e94-04a0-464f-b836-dcb5301a8e37" status: 204 len: 0 microversion: 1.36
Sep 24 19:00:43.324935 n-d-810951-2 devstack@placement-api.service[101706]: [pid: 101706|app: 0|req: 329/658] 10.222.0.67 () {64 vars in 1434 bytes} [Fri Sep 24 19:00:43 2021] PUT /placement/allocations/a0872e94-04a0-464f-b836-dcb5301a8e37 => generated 0 bytes in 194 msecs (HTTP/1.1 204) 5 headers in 199 bytes (1 switches on core 0)
Sep 24 19:00:43.919091 n-d-810951-2 devstack@placement-api.service[101705]: DEBUG placement.requestlog [req-9aa446ea-5b0d-4266-b5d7-fba7e8f321d3 req-a802985c-ee13-449f-bc79-e178098b3804 None None] Starting request: 10.222.0.10 "GET /placement/allocations/a0872e94-04a0-464f-b836-dcb5301a8e37" {{(pid=101705) __call__ /opt/stack/placement/placement/requestlog.py:55}}
Sep 24 19:00:43.947278 n-d-810951-2 devstack@placement-api.service[101705]: INFO placement.requestlog [req-9aa446ea-5b0d-4266-b5d7-fba7e8f321d3 req-a802985c-ee13-449f-bc79-e178098b3804 service placement] 10.222.0.10 "GET /placement/allocations/a0872e94-04a0-464f-b836-dcb5301a8e37" status: 200 len: 259 microversion: 1.28
Sep 24 19:00:43.947954 n-d-810951-2 devstack@placement-api.service[101705]: [pid: 101705|app: 0|req: 330/659] 10.222.0.10 () {60 vars in 1378 bytes} [Fri Sep 24 19:00:43 2021] GET /placement/allocations/a0872e94-04a0-464f-b836-dcb5301a8e37 => generated 259 bytes in 29 msecs (HTTP/1.1 200) 8 headers in 296 bytes (1 switches on core 0)
Sep 24 19:00:45.438927 n-d-810951-2 devstack@placement-api.service[101706]: DEBUG placement.requestlog [req-dc759890-1792-4de3-b065-047a4f26e1ed req-a105fb2f-93a2-49b0-b69c-de2c184c4421 None None] Starting request: 10.222.0.38 "GET /placement/resource_providers/48bccc7d-041a-44f5-b318-16c758ec21cc/allocations" {{(pid=101706) __call__ /opt/stack/placement/placement/requestlog.py:55}}
Sep 24 19:00:45.490550 n-d-810951-2 devstack@placement-api.service[101706]: INFO placement.requestlog [req-dc759890-1792-4de3-b065-047a4f26e1ed req-a105fb2f-93a2-49b0-b69c-de2c184c4421 service placement] 10.222.0.38 "GET /placement/resource_providers/48bccc7d-041a-44f5-b318-16c758ec21cc/allocations" status: 200 len: 558 microversion: 1.0
Sep 24 19:00:45.492375 n-d-810951-2 devstack@placement-api.service[101706]: [pid: 101706|app: 0|req: 330/660] 10.222.0.38 () {58 vars in 1391 bytes} [Fri Sep 24 19:00:45 2021] GET /placement/resource_providers/48bccc7d-041a-44f5-b318-16c758ec21cc/allocations => generated 558 bytes in 54 msecs (HTTP/1.1 200) 6 headers in 224 bytes (1 switches on core 0)
Sep 24 19:00:46.163267 n-d-810951-2 devstack@placement-api.service[101705]: DEBUG placement.requestlog [req-e004bfc1-0e79-43e9-9899-a6d78de950e5 req-a061cedb-7b55-4a26-b6b9-872b6a4bb63e None None] Starting request: 10.222.0.10 "GET /placement/resource_providers/312c204b-d08a-4447-9320-4efd30f17522/allocations" {{(pid=101705) __call__ /opt/stack/placement/placement/requestlog.py:55}}
Sep 24 19:00:46.200229 n-d-810951-2 devstack@placement-api.service[101705]: INFO placement.requestlog [req-e004bfc1-0e79-43e9-9899-a6d78de950e5 req-a061cedb-7b55-4a26-b6b9-872b6a4bb63e service placement] 10.222.0.10 "GET /placement/resource_providers/312c204b-d08a-4447-9320-4efd30f17522/allocations" status: 200 len: 746 microversion: 1.0
Sep 24 19:00:46.201055 n-d-810951-2 devstack@placement-api.service[101705]: [pid: 101705|app: 0|req: 331/661] 10.222.0.10 () {58 vars in 1391 bytes} [Fri Sep 24 19:00:46 2021] GET /placement/resource_providers/312c204b-d08a-4447-9320-4efd30f17522/allocations => generated 746 bytes in 39 msecs (HTTP/1.1 200) 6 headers in 224 bytes (1 switches on core 0)
Sep 24 19:00:56.108200 n-d-810951-2 devstack@placement-api.service[101706]: DEBUG placement.requestlog [req-024b9c8a-a383-4711-8382-2f9fa58fa27b req-3ea15dd4-f071-427b-9939-bca10d5a13ff None None] Starting request: 10.222.0.38 "DELETE /placement/allocations/884c4b5e-a123-4ad4-b235-d65fbfa8445d" {{(pid=101706) __call__ /opt/stack/placement/placement/requestlog.py:55}}
Sep 24 19:00:56.240193 n-d-810951-2 devstack@placement-api.service[101706]: DEBUG placement.handlers.allocation [req-024b9c8a-a383-4711-8382-2f9fa58fa27b req-3ea15dd4-f071-427b-9939-bca10d5a13ff service placement] Successfully deleted allocations [, , ] {{(pid=101706) delete_allocations /opt/stack/placement/placement/handlers/allocation.py:627}}
Sep 24 19:00:56.240685 n-d-810951-2 devstack@placement-api.service[101706]: INFO placement.requestlog [req-024b9c8a-a383-4711-8382-2f9fa58fa27b req-3ea15dd4-f071-427b-9939-bca10d5a13ff service placement] 10.222.0.38 "DELETE /placement/allocations/884c4b5e-a123-4ad4-b235-d65fbfa8445d" status: 204 len: 0 microversion: 1.0
Sep 24 19:00:56.241177 n-d-810951-2 devstack@placement-api.service[101706]: [pid: 101706|app: 0|req: 331/662] 10.222.0.38 () {60 vars in 1356 bytes} [Fri Sep 24 19:00:56 2021] DELETE /placement/allocations/884c4b5e-a123-4ad4-b235-d65fbfa8445d => generated 0 bytes in 133 msecs (HTTP/1.1 204) 5 headers in 198 bytes (1 switches on core 0)
Sep 24 19:01:05.199270 n-d-810951-2 devstack@placement-api.service[101705]: DEBUG placement.requestlog [req-0b2c49ee-0a1d-4d33-890b-6487100ca59c req-87e133de-0c67-4861-9b9d-b72ff0431720 None None] Starting request: 10.222.0.38 "DELETE /placement/allocations/4068117b-02e4-482c-9f1d-e8bf91b0f135" {{(pid=101705) __call__ /opt/stack/placement/placement/requestlog.py:55}}
Sep 24 19:01:05.253513 n-d-810951-2 devstack@placement-api.service[101705]: DEBUG placement.handlers.allocation [req-0b2c49ee-0a1d-4d33-890b-6487100ca59c req-87e133de-0c67-4861-9b9d-b72ff0431720 service placement] Successfully deleted allocations [, , ] {{(pid=101705) delete_allocations /opt/stack/placement/placement/handlers/allocation.py:627}}
Sep 24 19:01:05.254163 n-d-810951-2 devstack@placement-api.service[101705]: INFO placement.requestlog [req-0b2c49ee-0a1d-4d33-890b-6487100ca59c req-87e133de-0c67-4861-9b9d-b72ff0431720 service placement] 10.222.0.38 "DELETE /placement/allocations/4068117b-02e4-482c-9f1d-e8bf91b0f135" status: 204 len: 0 microversion: 1.0
Sep 24 19:01:05.254981 n-d-810951-2 devstack@placement-api.service[101705]: [pid: 101705|app: 0|req: 332/663] 10.222.0.38 () {60 vars in 1356 bytes} [Fri Sep 24 19:01:05 2021] DELETE /placement/allocations/4068117b-02e4-482c-9f1d-e8bf91b0f135 => generated 0 bytes in 56 msecs (HTTP/1.1 204) 5 headers in 198 bytes (1 switches on core 0)
Sep 24 19:01:06.064376 n-d-810951-2 devstack@placement-api.service[101706]: DEBUG placement.requestlog [req-ab37218b-bf7a-4675-8693-ea50bfdee593 req-415b1454-f944-4ab9-aab8-c60358995940 None None] Starting request: 10.222.0.10 "DELETE /placement/allocations/bbb7680b-191c-47fa-8c54-f8d8157a0014" {{(pid=101706) __call__ /opt/stack/placement/placement/requestlog.py:55}}
Sep 24 19:01:06.115936 n-d-810951-2 devstack@placement-api.service[101706]: DEBUG placement.handlers.allocation [req-ab37218b-bf7a-4675-8693-ea50bfdee593 req-415b1454-f944-4ab9-aab8-c60358995940 service placement] Successfully deleted allocations [, , ] {{(pid=101706) delete_allocations /opt/stack/placement/placement/handlers/allocation.py:627}}
Sep 24 19:01:06.116495 n-d-810951-2 devstack@placement-api.service[101706]: INFO placement.requestlog [req-ab37218b-bf7a-4675-8693-ea50bfdee593 req-415b1454-f944-4ab9-aab8-c60358995940 service placement] 10.222.0.10 "DELETE /placement/allocations/bbb7680b-191c-47fa-8c54-f8d8157a0014" status: 204 len: 0 microversion: 1.0
Sep 24 19:01:06.117219 n-d-810951-2 devstack@placement-api.service[101706]: [pid: 101706|app: 0|req: 332/664] 10.222.0.10 () {60 vars in 1356 bytes} [Fri Sep 24 19:01:06 2021] DELETE /placement/allocations/bbb7680b-191c-47fa-8c54-f8d8157a0014 => generated 0 bytes in 53 msecs (HTTP/1.1 204) 5 headers in 198 bytes (1 switches on core 0)
Sep 24 19:01:07.021778 n-d-810951-2 devstack@placement-api.service[101705]: DEBUG placement.requestlog [req-ce077f9e-6b84-45ef-adac-60f97a685dee req-3d75b9c9-2e59-4923-8712-410a2c6e6dcf None None] Starting request: 10.222.0.38 "DELETE /placement/allocations/4efb875d-2638-46d8-b36a-5bc393eaf1b1" {{(pid=101705) __call__ /opt/stack/placement/placement/requestlog.py:55}}
Sep 24 19:01:07.061649 n-d-810951-2 devstack@placement-api.service[101706]: DEBUG placement.requestlog [req-8420d53f-249d-4c44-ba3d-245e4be4d2af req-3663f904-8075-43d2-9746-be576a597b47 None None] Starting request: 10.222.0.10 "DELETE /placement/allocations/a0872e94-04a0-464f-b836-dcb5301a8e37" {{(pid=101706) __call__ /opt/stack/placement/placement/requestlog.py:55}}
Sep 24 19:01:07.093743 n-d-810951-2 devstack@placement-api.service[101705]: DEBUG placement.handlers.allocation [req-ce077f9e-6b84-45ef-adac-60f97a685dee req-3d75b9c9-2e59-4923-8712-410a2c6e6dcf service placement] Successfully deleted allocations [, , ] {{(pid=101705) delete_allocations /opt/stack/placement/placement/handlers/allocation.py:627}}
Sep 24 19:01:07.094243 n-d-810951-2 devstack@placement-api.service[101705]: INFO placement.requestlog [req-ce077f9e-6b84-45ef-adac-60f97a685dee req-3d75b9c9-2e59-4923-8712-410a2c6e6dcf service placement] 10.222.0.38 "DELETE /placement/allocations/4efb875d-2638-46d8-b36a-5bc393eaf1b1" status: 204 len: 0 microversion: 1.0
Sep 24 19:01:07.094506 n-d-810951-2 devstack@placement-api.service[101705]: [pid: 101705|app: 0|req: 333/665] 10.222.0.38 () {60 vars in 1356 bytes} [Fri Sep 24 19:01:07 2021] DELETE /placement/allocations/4efb875d-2638-46d8-b36a-5bc393eaf1b1 => generated 0 bytes in 73 msecs (HTTP/1.1 204) 5 headers in 198 bytes (2 switches on core 0)
Sep 24 19:01:07.251610 n-d-810951-2 devstack@placement-api.service[101706]: DEBUG placement.handlers.allocation [req-8420d53f-249d-4c44-ba3d-245e4be4d2af req-3663f904-8075-43d2-9746-be576a597b47 service placement] Successfully deleted allocations [, , ] {{(pid=101706) delete_allocations /opt/stack/placement/placement/handlers/allocation.py:627}}
Sep 24 19:01:07.256610 n-d-810951-2 devstack@placement-api.service[101706]: INFO placement.requestlog [req-8420d53f-249d-4c44-ba3d-245e4be4d2af req-3663f904-8075-43d2-9746-be576a597b47 service placement] 10.222.0.10 "DELETE /placement/allocations/a0872e94-04a0-464f-b836-dcb5301a8e37" status: 204 len: 0 microversion: 1.0
Sep 24 19:01:07.258330 n-d-810951-2 devstack@placement-api.service[101706]: [pid: 101706|app: 0|req: 333/666] 10.222.0.10 () {60 vars in 1356 bytes} [Fri Sep 24 19:01:07 2021] DELETE /placement/allocations/a0872e94-04a0-464f-b836-dcb5301a8e37 => generated 0 bytes in 197 msecs (HTTP/1.1 204) 5 headers in 198 bytes (1 switches on core 0)
Sep 24 19:01:15.644117 n-d-810951-2 devstack@placement-api.service[101705]: DEBUG placement.requestlog [req-ac3177dd-a63b-4150-a106-23b7314b59cc req-4a7e7d36-37c7-45ce-be07-8510109d83d5 None None] Starting request: 10.222.0.67 "GET /placement/allocation_candidates?limit=1000&resources=DISK_GB%3A1%2CMEMORY_MB%3A1024%2CVCPU%3A1&root_required=%21COMPUTE_STATUS_DISABLED" {{(pid=101705) __call__ /opt/stack/placement/placement/requestlog.py:55}}
Sep 24 19:01:15.703274 n-d-810951-2 devstack@placement-api.service[101705]: DEBUG placement.objects.research_context [req-ac3177dd-a63b-4150-a106-23b7314b59cc req-4a7e7d36-37c7-45ce-be07-8510109d83d5 service placement] getting providers with 1 DISK_GB {{(pid=101705) __init__ /opt/stack/placement/placement/objects/research_context.py:126}}
Sep 24 19:01:15.758695 n-d-810951-2 devstack@placement-api.service[101705]: DEBUG placement.objects.research_context [req-ac3177dd-a63b-4150-a106-23b7314b59cc req-4a7e7d36-37c7-45ce-be07-8510109d83d5 service placement] getting providers with 1024 MEMORY_MB {{(pid=101705) __init__ /opt/stack/placement/placement/objects/research_context.py:126}}
Sep 24 19:01:15.787794 n-d-810951-2 devstack@placement-api.service[101705]: DEBUG placement.objects.research_context [req-ac3177dd-a63b-4150-a106-23b7314b59cc req-4a7e7d36-37c7-45ce-be07-8510109d83d5 service placement] getting providers with 1 VCPU {{(pid=101705) __init__ /opt/stack/placement/placement/objects/research_context.py:126}}
Sep 24 19:01:15.809292 n-d-810951-2 devstack@placement-api.service[101705]: DEBUG placement.objects.research_context [req-ac3177dd-a63b-4150-a106-23b7314b59cc req-4a7e7d36-37c7-45ce-be07-8510109d83d5 service placement] found 2 providers with available 1 DISK_GB {{(pid=101705) get_provider_ids_matching /opt/stack/placement/placement/objects/research_context.py:549}}
Sep 24 19:01:15.817460 n-d-810951-2 devstack@placement-api.service[101705]: DEBUG placement.objects.research_context [req-ac3177dd-a63b-4150-a106-23b7314b59cc req-4a7e7d36-37c7-45ce-be07-8510109d83d5 service placement] found 2 providers with available 1024 MEMORY_MB {{(pid=101705) get_provider_ids_matching /opt/stack/placement/placement/objects/research_context.py:549}}
Sep 24 19:01:15.818074 n-d-810951-2 devstack@placement-api.service[101705]: DEBUG placement.objects.research_context [req-ac3177dd-a63b-4150-a106-23b7314b59cc req-4a7e7d36-37c7-45ce-be07-8510109d83d5 service placement] found 2 providers after filtering by previous result {{(pid=101705) get_provider_ids_matching /opt/stack/placement/placement/objects/research_context.py:580}}
Sep 24 19:01:15.819246 n-d-810951-2 devstack@placement-api.service[101705]: DEBUG placement.objects.research_context [req-ac3177dd-a63b-4150-a106-23b7314b59cc req-4a7e7d36-37c7-45ce-be07-8510109d83d5 service placement] found 2 providers with available 1 VCPU {{(pid=101705) get_provider_ids_matching /opt/stack/placement/placement/objects/research_context.py:549}}
Sep 24 19:01:15.819557 n-d-810951-2 devstack@placement-api.service[101705]: DEBUG placement.objects.research_context [req-ac3177dd-a63b-4150-a106-23b7314b59cc req-4a7e7d36-37c7-45ce-be07-8510109d83d5 service placement] found 2 providers after filtering by previous result {{(pid=101705) get_provider_ids_matching /opt/stack/placement/placement/objects/research_context.py:580}}
Sep 24 19:01:15.849518 n-d-810951-2 devstack@placement-api.service[101705]: DEBUG placement.objects.allocation_candidate [req-ac3177dd-a63b-4150-a106-23b7314b59cc req-4a7e7d36-37c7-45ce-be07-8510109d83d5 service placement] RequestGroup(use_same_provider=False, resources={DISK_GB:1, MEMORY_MB:1024, VCPU:1}, traits=[], aggregates=[]) (suffix '') returned 2 matches {{(pid=101705) _get_by_requests /opt/stack/placement/placement/objects/allocation_candidate.py:145}}
Sep 24 19:01:15.849917 n-d-810951-2 devstack@placement-api.service[101705]: DEBUG placement.objects.allocation_candidate [req-ac3177dd-a63b-4150-a106-23b7314b59cc req-4a7e7d36-37c7-45ce-be07-8510109d83d5 service placement] Merging candidates yields 2 allocation requests and 2 provider summaries {{(pid=101705) _merge_candidates /opt/stack/placement/placement/objects/allocation_candidate.py:783}}
Sep 24 19:01:15.861708 n-d-810951-2 devstack@placement-api.service[101705]: INFO placement.requestlog [req-ac3177dd-a63b-4150-a106-23b7314b59cc req-4a7e7d36-37c7-45ce-be07-8510109d83d5 service placement] 10.222.0.67 "GET /placement/allocation_candidates?limit=1000&resources=DISK_GB%3A1%2CMEMORY_MB%3A1024%2CVCPU%3A1&root_required=%21COMPUTE_STATUS_DISABLED" status: 200 len: 1309 microversion: 1.36
Sep 24 19:01:15.862405 n-d-810951-2 devstack@placement-api.service[101705]: [pid: 101705|app: 0|req: 334/667] 10.222.0.67 () {60 vars in 1507 bytes} [Fri Sep 24 19:01:15 2021] GET /placement/allocation_candidates?limit=1000&resources=DISK_GB%3A1%2CMEMORY_MB%3A1024%2CVCPU%3A1&root_required=%21COMPUTE_STATUS_DISABLED => generated 1309 bytes in 219 msecs (HTTP/1.1 200) 8 headers in 297 bytes (2 switches on core 0)
Sep 24 19:01:16.068396 n-d-810951-2 devstack@placement-api.service[101706]: DEBUG placement.requestlog [req-ac3177dd-a63b-4150-a106-23b7314b59cc req-0bd17ea8-9a73-4c3b-8775-0f659f6f49cd None None] Starting request: 10.222.0.67 "GET /placement/allocations/fda4403f-4118-4392-94c3-ca4b77c4d759" {{(pid=101706) __call__ /opt/stack/placement/placement/requestlog.py:55}}
Sep 24 19:01:16.105598 n-d-810951-2 devstack@placement-api.service[101706]: INFO placement.requestlog [req-ac3177dd-a63b-4150-a106-23b7314b59cc req-0bd17ea8-9a73-4c3b-8775-0f659f6f49cd service placement] 10.222.0.67 "GET /placement/allocations/fda4403f-4118-4392-94c3-ca4b77c4d759" status: 200 len: 19 microversion: 1.28
Sep 24 19:01:16.106999 n-d-810951-2 devstack@placement-api.service[101706]: [pid: 101706|app: 0|req: 334/668] 10.222.0.67 () {60 vars in 1381 bytes} [Fri Sep 24 19:01:16 2021] GET /placement/allocations/fda4403f-4118-4392-94c3-ca4b77c4d759 => generated 19 bytes in 39 msecs (HTTP/1.1 200) 8 headers in 295 bytes (2 switches on core 0)
Sep 24 19:01:16.115858 n-d-810951-2 devstack@placement-api.service[101705]: DEBUG placement.requestlog [req-ac3177dd-a63b-4150-a106-23b7314b59cc req-1ff4f986-24fe-4a0d-a30d-1f37cf820438 None None] Starting request: 10.222.0.67 "PUT /placement/allocations/fda4403f-4118-4392-94c3-ca4b77c4d759" {{(pid=101705) __call__ /opt/stack/placement/placement/requestlog.py:55}}
Sep 24 19:01:16.241351 n-d-810951-2 devstack@placement-api.service[101705]: DEBUG placement.handlers.allocation [req-ac3177dd-a63b-4150-a106-23b7314b59cc req-1ff4f986-24fe-4a0d-a30d-1f37cf820438 service placement] Successfully wrote allocations [, , ] {{(pid=101705) _update_consumers_and_create_allocations /opt/stack/placement/placement/handlers/allocation.py:462}}
Sep 24 19:01:16.246218 n-d-810951-2 devstack@placement-api.service[101705]: INFO placement.requestlog [req-ac3177dd-a63b-4150-a106-23b7314b59cc req-1ff4f986-24fe-4a0d-a30d-1f37cf820438 service placement] 10.222.0.67 "PUT /placement/allocations/fda4403f-4118-4392-94c3-ca4b77c4d759" status: 204 len: 0 microversion: 1.36
Sep 24 19:01:16.247471 n-d-810951-2 devstack@placement-api.service[101705]: [pid: 101705|app: 0|req: 335/669] 10.222.0.67 () {64 vars in 1434 bytes} [Fri Sep 24 19:01:16 2021] PUT /placement/allocations/fda4403f-4118-4392-94c3-ca4b77c4d759 => generated 0 bytes in 132 msecs (HTTP/1.1 204) 5 headers in 199 bytes (2 switches on core 0)
Sep 24 19:01:16.838998 n-d-810951-2 devstack@placement-api.service[101706]: DEBUG placement.requestlog [req-ac3177dd-a63b-4150-a106-23b7314b59cc req-baae1675-926f-43cd-aa47-bb564c256180 None None] Starting request: 10.222.0.10 "GET /placement/allocations/fda4403f-4118-4392-94c3-ca4b77c4d759" {{(pid=101706) __call__ /opt/stack/placement/placement/requestlog.py:55}}
Sep 24 19:01:16.867340 n-d-810951-2 devstack@placement-api.service[101706]: INFO placement.requestlog [req-ac3177dd-a63b-4150-a106-23b7314b59cc req-baae1675-926f-43cd-aa47-bb564c256180 service placement] 10.222.0.10 "GET /placement/allocations/fda4403f-4118-4392-94c3-ca4b77c4d759" status: 200 len: 259 microversion: 1.28
Sep 24 19:01:16.867837 n-d-810951-2 devstack@placement-api.service[101706]: [pid: 101706|app: 0|req: 335/670] 10.222.0.10 () {60 vars in 1378 bytes} [Fri Sep 24 19:01:16 2021] GET /placement/allocations/fda4403f-4118-4392-94c3-ca4b77c4d759 => generated 259 bytes in 29 msecs (HTTP/1.1 200) 8 headers in 296 bytes (1 switches on core 0)
Sep 24 19:01:17.136584 n-d-810951-2 devstack@placement-api.service[101705]: DEBUG placement.requestlog [req-c32e3ce5-88ca-407b-b630-2c2f433fd5e0 req-1162d333-e681-4f97-af5a-e7d98799de49 None None] Starting request: 10.222.0.67 "GET /placement/allocation_candidates?limit=1000&resources=DISK_GB%3A1%2CMEMORY_MB%3A1024%2CVCPU%3A1&root_required=%21COMPUTE_STATUS_DISABLED" {{(pid=101705) __call__ /opt/stack/placement/placement/requestlog.py:55}}
Sep 24 19:01:17.224396 n-d-810951-2 devstack@placement-api.service[101705]: DEBUG placement.objects.research_context [req-c32e3ce5-88ca-407b-b630-2c2f433fd5e0 req-1162d333-e681-4f97-af5a-e7d98799de49 service placement] getting providers with 1 DISK_GB {{(pid=101705) __init__ /opt/stack/placement/placement/objects/research_context.py:126}}
Sep 24 19:01:17.233845 n-d-810951-2 devstack@placement-api.service[101705]: DEBUG placement.objects.research_context [req-c32e3ce5-88ca-407b-b630-2c2f433fd5e0 req-1162d333-e681-4f97-af5a-e7d98799de49 service placement] getting providers with 1024 MEMORY_MB {{(pid=101705) __init__ /opt/stack/placement/placement/objects/research_context.py:126}}
Sep 24 19:01:17.265822 n-d-810951-2 devstack@placement-api.service[101705]: DEBUG placement.objects.research_context [req-c32e3ce5-88ca-407b-b630-2c2f433fd5e0 req-1162d333-e681-4f97-af5a-e7d98799de49 service placement] getting providers with 1 VCPU {{(pid=101705) __init__ /opt/stack/placement/placement/objects/research_context.py:126}}
Sep 24 19:01:17.282108 n-d-810951-2 devstack@placement-api.service[101705]: DEBUG placement.objects.research_context [req-c32e3ce5-88ca-407b-b630-2c2f433fd5e0 req-1162d333-e681-4f97-af5a-e7d98799de49 service placement] found 2 providers with available 1 DISK_GB {{(pid=101705) get_provider_ids_matching /opt/stack/placement/placement/objects/research_context.py:549}}
Sep 24 19:01:17.282652 n-d-810951-2 devstack@placement-api.service[101705]: DEBUG placement.objects.research_context [req-c32e3ce5-88ca-407b-b630-2c2f433fd5e0 req-1162d333-e681-4f97-af5a-e7d98799de49 service placement] found 2 providers with available 1024 MEMORY_MB {{(pid=101705) get_provider_ids_matching /opt/stack/placement/placement/objects/research_context.py:549}}
Sep 24 19:01:17.283129 n-d-810951-2 devstack@placement-api.service[101705]: DEBUG placement.objects.research_context [req-c32e3ce5-88ca-407b-b630-2c2f433fd5e0 req-1162d333-e681-4f97-af5a-e7d98799de49 service placement] found 2 providers after filtering by previous result {{(pid=101705) get_provider_ids_matching /opt/stack/placement/placement/objects/research_context.py:580}}
Sep 24 19:01:17.286327 n-d-810951-2 devstack@placement-api.service[101705]: DEBUG placement.objects.research_context [req-c32e3ce5-88ca-407b-b630-2c2f433fd5e0 req-1162d333-e681-4f97-af5a-e7d98799de49 service placement] found 2 providers with available 1 VCPU {{(pid=101705) get_provider_ids_matching /opt/stack/placement/placement/objects/research_context.py:549}}
Sep 24 19:01:17.286825 n-d-810951-2 devstack@placement-api.service[101705]: DEBUG placement.objects.research_context [req-c32e3ce5-88ca-407b-b630-2c2f433fd5e0 req-1162d333-e681-4f97-af5a-e7d98799de49 service placement] found 2 providers after filtering by previous result {{(pid=101705) get_provider_ids_matching /opt/stack/placement/placement/objects/research_context.py:580}}
Sep 24 19:01:17.323854 n-d-810951-2 devstack@placement-api.service[101705]: DEBUG placement.objects.allocation_candidate [req-c32e3ce5-88ca-407b-b630-2c2f433fd5e0 req-1162d333-e681-4f97-af5a-e7d98799de49 service placement] RequestGroup(use_same_provider=False, resources={DISK_GB:1, MEMORY_MB:1024, VCPU:1}, traits=[], aggregates=[]) (suffix '') returned 2 matches {{(pid=101705) _get_by_requests /opt/stack/placement/placement/objects/allocation_candidate.py:145}}
Sep 24 19:01:17.324589 n-d-810951-2 devstack@placement-api.service[101705]: DEBUG placement.objects.allocation_candidate [req-c32e3ce5-88ca-407b-b630-2c2f433fd5e0 req-1162d333-e681-4f97-af5a-e7d98799de49 service placement] Merging candidates yields 2 allocation requests and 2 provider summaries {{(pid=101705) _merge_candidates /opt/stack/placement/placement/objects/allocation_candidate.py:783}}
Sep 24 19:01:17.326666 n-d-810951-2 devstack@placement-api.service[101705]: INFO placement.requestlog [req-c32e3ce5-88ca-407b-b630-2c2f433fd5e0 req-1162d333-e681-4f97-af5a-e7d98799de49 service placement] 10.222.0.67 "GET /placement/allocation_candidates?limit=1000&resources=DISK_GB%3A1%2CMEMORY_MB%3A1024%2CVCPU%3A1&root_required=%21COMPUTE_STATUS_DISABLED" status: 200 len: 1309 microversion: 1.36
Sep 24 19:01:17.333183 n-d-810951-2 devstack@placement-api.service[101705]: [pid: 101705|app: 0|req: 336/671] 10.222.0.67 () {60 vars in 1507 bytes} [Fri Sep 24 19:01:17 2021] GET /placement/allocation_candidates?limit=1000&resources=DISK_GB%3A1%2CMEMORY_MB%3A1024%2CVCPU%3A1&root_required=%21COMPUTE_STATUS_DISABLED => generated 1309 bytes in 197 msecs (HTTP/1.1 200) 8 headers in 297 bytes (1 switches on core 0)
Sep 24 19:01:17.518268 n-d-810951-2 devstack@placement-api.service[101706]: DEBUG placement.requestlog [req-c32e3ce5-88ca-407b-b630-2c2f433fd5e0 req-8b3cd71f-0bdb-42a8-a2d3-5c1050fa8f40 None None] Starting request: 10.222.0.67 "GET /placement/allocations/70e80a08-dfca-4677-8c21-2ed701427e96" {{(pid=101706) __call__ /opt/stack/placement/placement/requestlog.py:55}}
Sep 24 19:01:17.538939 n-d-810951-2 devstack@placement-api.service[101706]: INFO placement.requestlog [req-c32e3ce5-88ca-407b-b630-2c2f433fd5e0 req-8b3cd71f-0bdb-42a8-a2d3-5c1050fa8f40 service placement] 10.222.0.67 "GET /placement/allocations/70e80a08-dfca-4677-8c21-2ed701427e96" status: 200 len: 19 microversion: 1.28
Sep 24 19:01:17.539557 n-d-810951-2 devstack@placement-api.service[101706]: [pid: 101706|app: 0|req: 336/672] 10.222.0.67 () {60 vars in 1381 bytes} [Fri Sep 24 19:01:17 2021] GET /placement/allocations/70e80a08-dfca-4677-8c21-2ed701427e96 => generated 19 bytes in 22 msecs (HTTP/1.1 200) 8 headers in 295 bytes (1 switches on core 0)
Sep 24 19:01:17.555237 n-d-810951-2 devstack@placement-api.service[101705]: DEBUG placement.requestlog [req-c32e3ce5-88ca-407b-b630-2c2f433fd5e0 req-d272e59b-631f-4ea6-bfaf-30f7dcaf04bf None None] Starting request: 10.222.0.67 "PUT /placement/allocations/70e80a08-dfca-4677-8c21-2ed701427e96" {{(pid=101705) __call__ /opt/stack/placement/placement/requestlog.py:55}}
Sep 24 19:01:17.659789 n-d-810951-2 devstack@placement-api.service[101705]: DEBUG placement.handlers.allocation [req-c32e3ce5-88ca-407b-b630-2c2f433fd5e0 req-d272e59b-631f-4ea6-bfaf-30f7dcaf04bf service placement] Successfully wrote allocations [, , ] {{(pid=101705) _update_consumers_and_create_allocations /opt/stack/placement/placement/handlers/allocation.py:462}}
Sep 24 19:01:17.666603 n-d-810951-2 devstack@placement-api.service[101705]: INFO placement.requestlog [req-c32e3ce5-88ca-407b-b630-2c2f433fd5e0 req-d272e59b-631f-4ea6-bfaf-30f7dcaf04bf service placement] 10.222.0.67 "PUT /placement/allocations/70e80a08-dfca-4677-8c21-2ed701427e96" status: 204 len: 0 microversion: 1.36
Sep 24 19:01:17.667545 n-d-810951-2 devstack@placement-api.service[101705]: [pid: 101705|app: 0|req: 337/673] 10.222.0.67 () {64 vars in 1434 bytes} [Fri Sep 24 19:01:17 2021] PUT /placement/allocations/70e80a08-dfca-4677-8c21-2ed701427e96 => generated 0 bytes in 113 msecs (HTTP/1.1 204) 5 headers in 199 bytes (1 switches on core 0)
Sep 24 19:01:18.268793 n-d-810951-2 devstack@placement-api.service[101706]: DEBUG placement.requestlog [req-c32e3ce5-88ca-407b-b630-2c2f433fd5e0 req-868249d9-43ec-4454-a3b3-b16f1c066838 None None] Starting request: 10.222.0.38 "GET /placement/allocations/70e80a08-dfca-4677-8c21-2ed701427e96" {{(pid=101706) __call__ /opt/stack/placement/placement/requestlog.py:55}}
Sep 24 19:01:18.296756 n-d-810951-2 devstack@placement-api.service[101706]: INFO placement.requestlog [req-c32e3ce5-88ca-407b-b630-2c2f433fd5e0 req-868249d9-43ec-4454-a3b3-b16f1c066838 service placement] 10.222.0.38 "GET /placement/allocations/70e80a08-dfca-4677-8c21-2ed701427e96" status: 200 len: 259 microversion: 1.28
Sep 24 19:01:18.297321 n-d-810951-2 devstack@placement-api.service[101706]: [pid: 101706|app: 0|req: 337/674] 10.222.0.38 () {60 vars in 1378 bytes} [Fri Sep 24 19:01:18 2021] GET /placement/allocations/70e80a08-dfca-4677-8c21-2ed701427e96 => generated 259 bytes in 29 msecs (HTTP/1.1 200) 8 headers in 296 bytes (1 switches on core 0)
Sep 24 19:01:21.628912 n-d-810951-2 devstack@placement-api.service[101705]: DEBUG placement.requestlog [req-37d7e531-7350-4dca-af4a-aed5bbdbae21 req-067340d9-8480-44ef-b35d-3cc26b696564 None None] Starting request: 10.222.0.67 "GET /placement/allocation_candidates?limit=1000&resources=DISK_GB%3A1%2CMEMORY_MB%3A1024%2CVCPU%3A1&root_required=%21COMPUTE_STATUS_DISABLED" {{(pid=101705) __call__ /opt/stack/placement/placement/requestlog.py:55}}
Sep 24 19:01:21.725713 n-d-810951-2 devstack@placement-api.service[101705]: DEBUG placement.objects.research_context [req-37d7e531-7350-4dca-af4a-aed5bbdbae21 req-067340d9-8480-44ef-b35d-3cc26b696564 service placement] getting providers with 1 DISK_GB {{(pid=101705) __init__ /opt/stack/placement/placement/objects/research_context.py:126}}
Sep 24 19:01:21.743444 n-d-810951-2 devstack@placement-api.service[101705]: DEBUG placement.objects.research_context [req-37d7e531-7350-4dca-af4a-aed5bbdbae21 req-067340d9-8480-44ef-b35d-3cc26b696564 service placement] getting providers with 1024 MEMORY_MB {{(pid=101705) __init__ /opt/stack/placement/placement/objects/research_context.py:126}}
Sep 24 19:01:21.763385 n-d-810951-2 devstack@placement-api.service[101705]: DEBUG placement.objects.research_context [req-37d7e531-7350-4dca-af4a-aed5bbdbae21 req-067340d9-8480-44ef-b35d-3cc26b696564 service placement] getting providers with 1 VCPU {{(pid=101705) __init__ /opt/stack/placement/placement/objects/research_context.py:126}}
Sep 24 19:01:21.803923 n-d-810951-2 devstack@placement-api.service[101705]: DEBUG placement.objects.research_context [req-37d7e531-7350-4dca-af4a-aed5bbdbae21 req-067340d9-8480-44ef-b35d-3cc26b696564 service placement] found 2 providers with available 1 DISK_GB {{(pid=101705) get_provider_ids_matching /opt/stack/placement/placement/objects/research_context.py:549}}
Sep 24 19:01:21.804396 n-d-810951-2 devstack@placement-api.service[101705]: DEBUG placement.objects.research_context [req-37d7e531-7350-4dca-af4a-aed5bbdbae21 req-067340d9-8480-44ef-b35d-3cc26b696564 service placement] found 2 providers with available 1024 MEMORY_MB {{(pid=101705) get_provider_ids_matching /opt/stack/placement/placement/objects/research_context.py:549}}
Sep 24 19:01:21.804809 n-d-810951-2 devstack@placement-api.service[101705]: DEBUG placement.objects.research_context [req-37d7e531-7350-4dca-af4a-aed5bbdbae21 req-067340d9-8480-44ef-b35d-3cc26b696564 service placement] found 2 providers after filtering by previous result {{(pid=101705) get_provider_ids_matching /opt/stack/placement/placement/objects/research_context.py:580}}
Sep 24 19:01:21.805221 n-d-810951-2 devstack@placement-api.service[101705]: DEBUG placement.objects.research_context [req-37d7e531-7350-4dca-af4a-aed5bbdbae21 req-067340d9-8480-44ef-b35d-3cc26b696564 service placement] found 2 providers with available 1 VCPU {{(pid=101705) get_provider_ids_matching /opt/stack/placement/placement/objects/research_context.py:549}}
Sep 24 19:01:21.805763 n-d-810951-2 devstack@placement-api.service[101705]: DEBUG placement.objects.research_context [req-37d7e531-7350-4dca-af4a-aed5bbdbae21 req-067340d9-8480-44ef-b35d-3cc26b696564 service placement] found 2 providers after filtering by previous result {{(pid=101705) get_provider_ids_matching /opt/stack/placement/placement/objects/research_context.py:580}}
Sep 24 19:01:21.840511 n-d-810951-2 devstack@placement-api.service[101705]: DEBUG placement.objects.allocation_candidate [req-37d7e531-7350-4dca-af4a-aed5bbdbae21 req-067340d9-8480-44ef-b35d-3cc26b696564 service placement] RequestGroup(use_same_provider=False, resources={DISK_GB:1, MEMORY_MB:1024, VCPU:1}, traits=[], aggregates=[]) (suffix '') returned 2 matches {{(pid=101705) _get_by_requests /opt/stack/placement/placement/objects/allocation_candidate.py:145}}
Sep 24 19:01:21.841008 n-d-810951-2 devstack@placement-api.service[101705]: DEBUG placement.objects.allocation_candidate [req-37d7e531-7350-4dca-af4a-aed5bbdbae21 req-067340d9-8480-44ef-b35d-3cc26b696564 service placement] Merging candidates yields 2 allocation requests and 2 provider summaries {{(pid=101705) _merge_candidates /opt/stack/placement/placement/objects/allocation_candidate.py:783}}
Sep 24 19:01:21.848999 n-d-810951-2 devstack@placement-api.service[101705]: INFO placement.requestlog [req-37d7e531-7350-4dca-af4a-aed5bbdbae21 req-067340d9-8480-44ef-b35d-3cc26b696564 service placement] 10.222.0.67 "GET /placement/allocation_candidates?limit=1000&resources=DISK_GB%3A1%2CMEMORY_MB%3A1024%2CVCPU%3A1&root_required=%21COMPUTE_STATUS_DISABLED" status: 200 len: 1309 microversion: 1.36
Sep 24 19:01:21.849245 n-d-810951-2 devstack@placement-api.service[101705]: [pid: 101705|app: 0|req: 338/675] 10.222.0.67 () {60 vars in 1507 bytes} [Fri Sep 24 19:01:21 2021] GET /placement/allocation_candidates?limit=1000&resources=DISK_GB%3A1%2CMEMORY_MB%3A1024%2CVCPU%3A1&root_required=%21COMPUTE_STATUS_DISABLED => generated 1309 bytes in 221 msecs (HTTP/1.1 200) 8 headers in 297 bytes (1 switches on core 0)
Sep 24 19:01:21.983123 n-d-810951-2 devstack@placement-api.service[101706]: DEBUG placement.requestlog [req-37d7e531-7350-4dca-af4a-aed5bbdbae21 req-09f1cfca-294c-4bff-b85d-393f91e93dfd None None] Starting request: 10.222.0.67 "GET /placement/allocations/fc76a398-189c-4545-8239-d2ec2ab4879d" {{(pid=101706) __call__ /opt/stack/placement/placement/requestlog.py:55}}
Sep 24 19:01:21.999596 n-d-810951-2 devstack@placement-api.service[101706]: INFO placement.requestlog [req-37d7e531-7350-4dca-af4a-aed5bbdbae21 req-09f1cfca-294c-4bff-b85d-393f91e93dfd service placement] 10.222.0.67 "GET /placement/allocations/fc76a398-189c-4545-8239-d2ec2ab4879d" status: 200 len: 19 microversion: 1.28
Sep 24 19:01:22.001622 n-d-810951-2 devstack@placement-api.service[101706]: [pid: 101706|app: 0|req: 338/676] 10.222.0.67 () {60 vars in 1381 bytes} [Fri Sep 24 19:01:21 2021] GET /placement/allocations/fc76a398-189c-4545-8239-d2ec2ab4879d => generated 19 bytes in 19 msecs (HTTP/1.1 200) 8 headers in 295 bytes (1 switches on core 0)
Sep 24 19:01:22.008087 n-d-810951-2 devstack@placement-api.service[101705]: DEBUG placement.requestlog [req-37d7e531-7350-4dca-af4a-aed5bbdbae21 req-36679405-fdfb-4c80-8bd5-e778683968a8 None None] Starting request: 10.222.0.67 "PUT /placement/allocations/fc76a398-189c-4545-8239-d2ec2ab4879d" {{(pid=101705) __call__ /opt/stack/placement/placement/requestlog.py:55}}
Sep 24 19:01:22.133714 n-d-810951-2 devstack@placement-api.service[101705]: DEBUG placement.handlers.allocation [req-37d7e531-7350-4dca-af4a-aed5bbdbae21 req-36679405-fdfb-4c80-8bd5-e778683968a8 service placement] Successfully wrote allocations [, , ] {{(pid=101705) _update_consumers_and_create_allocations /opt/stack/placement/placement/handlers/allocation.py:462}}
Sep 24 19:01:22.143281 n-d-810951-2 devstack@placement-api.service[101705]: INFO placement.requestlog [req-37d7e531-7350-4dca-af4a-aed5bbdbae21 req-36679405-fdfb-4c80-8bd5-e778683968a8 service placement] 10.222.0.67 "PUT /placement/allocations/fc76a398-189c-4545-8239-d2ec2ab4879d" status: 204 len: 0 microversion: 1.36
Sep 24 19:01:22.144225 n-d-810951-2 devstack@placement-api.service[101705]: [pid: 101705|app: 0|req: 339/677] 10.222.0.67 () {64 vars in 1434 bytes} [Fri Sep 24 19:01:22 2021] PUT /placement/allocations/fc76a398-189c-4545-8239-d2ec2ab4879d => generated 0 bytes in 136 msecs (HTTP/1.1 204) 5 headers in 199 bytes (1 switches on core 0)
Sep 24 19:01:22.804571 n-d-810951-2 devstack@placement-api.service[101706]: DEBUG placement.requestlog [req-37d7e531-7350-4dca-af4a-aed5bbdbae21 req-f4089e28-2295-4def-931c-ad58cf4fa76a None None] Starting request: 10.222.0.10 "GET /placement/allocations/fc76a398-189c-4545-8239-d2ec2ab4879d" {{(pid=101706) __call__ /opt/stack/placement/placement/requestlog.py:55}}
Sep 24 19:01:22.832384 n-d-810951-2 devstack@placement-api.service[101706]: INFO placement.requestlog [req-37d7e531-7350-4dca-af4a-aed5bbdbae21 req-f4089e28-2295-4def-931c-ad58cf4fa76a service placement] 10.222.0.10 "GET /placement/allocations/fc76a398-189c-4545-8239-d2ec2ab4879d" status: 200 len: 259 microversion: 1.28
Sep 24 19:01:22.833436 n-d-810951-2 devstack@placement-api.service[101706]: [pid: 101706|app: 0|req: 339/678] 10.222.0.10 () {60 vars in 1378 bytes} [Fri Sep 24 19:01:22 2021] GET /placement/allocations/fc76a398-189c-4545-8239-d2ec2ab4879d => generated 259 bytes in 29 msecs (HTTP/1.1 200) 8 headers in 296 bytes (1 switches on core 0)
Sep 24 19:01:23.357034 n-d-810951-2 devstack@placement-api.service[101705]: DEBUG placement.requestlog [req-61ea2340-48d7-4791-a87c-0423de69cb4c req-530e27f3-bd62-4af2-a27e-0298b614a875 None None] Starting request: 10.222.0.67 "GET /placement/allocation_candidates?limit=1000&resources=DISK_GB%3A1%2CMEMORY_MB%3A1024%2CVCPU%3A1&root_required=%21COMPUTE_STATUS_DISABLED" {{(pid=101705) __call__ /opt/stack/placement/placement/requestlog.py:55}}
Sep 24 19:01:23.422601 n-d-810951-2 devstack@placement-api.service[101705]: DEBUG placement.objects.research_context [req-61ea2340-48d7-4791-a87c-0423de69cb4c req-530e27f3-bd62-4af2-a27e-0298b614a875 service placement] getting providers with 1 DISK_GB {{(pid=101705) __init__ /opt/stack/placement/placement/objects/research_context.py:126}}
Sep 24 19:01:23.433939 n-d-810951-2 devstack@placement-api.service[101705]: DEBUG placement.objects.research_context [req-61ea2340-48d7-4791-a87c-0423de69cb4c req-530e27f3-bd62-4af2-a27e-0298b614a875 service placement] getting providers with 1024 MEMORY_MB {{(pid=101705) __init__ /opt/stack/placement/placement/objects/research_context.py:126}}
Sep 24 19:01:23.445731 n-d-810951-2 devstack@placement-api.service[101705]: DEBUG placement.objects.research_context [req-61ea2340-48d7-4791-a87c-0423de69cb4c req-530e27f3-bd62-4af2-a27e-0298b614a875 service placement] getting providers with 1 VCPU {{(pid=101705) __init__ /opt/stack/placement/placement/objects/research_context.py:126}}
Sep 24 19:01:23.459993 n-d-810951-2 devstack@placement-api.service[101705]: DEBUG placement.objects.research_context [req-61ea2340-48d7-4791-a87c-0423de69cb4c req-530e27f3-bd62-4af2-a27e-0298b614a875 service placement] found 2 providers with available 1 DISK_GB {{(pid=101705) get_provider_ids_matching /opt/stack/placement/placement/objects/research_context.py:549}}
Sep 24 19:01:23.460501 n-d-810951-2 devstack@placement-api.service[101705]: DEBUG placement.objects.research_context [req-61ea2340-48d7-4791-a87c-0423de69cb4c req-530e27f3-bd62-4af2-a27e-0298b614a875 service placement] found 2 providers with available 1024 MEMORY_MB {{(pid=101705) get_provider_ids_matching /opt/stack/placement/placement/objects/research_context.py:549}}
Sep 24 19:01:23.460940 n-d-810951-2 devstack@placement-api.service[101705]: DEBUG placement.objects.research_context [req-61ea2340-48d7-4791-a87c-0423de69cb4c req-530e27f3-bd62-4af2-a27e-0298b614a875 service placement] found 2 providers after filtering by previous result {{(pid=101705) get_provider_ids_matching /opt/stack/placement/placement/objects/research_context.py:580}}
Sep 24 19:01:23.461392 n-d-810951-2 devstack@placement-api.service[101705]: DEBUG placement.objects.research_context [req-61ea2340-48d7-4791-a87c-0423de69cb4c req-530e27f3-bd62-4af2-a27e-0298b614a875 service placement] found 2 providers with available 1 VCPU {{(pid=101705) get_provider_ids_matching /opt/stack/placement/placement/objects/research_context.py:549}}
Sep 24 19:01:23.461837 n-d-810951-2 devstack@placement-api.service[101705]: DEBUG placement.objects.research_context [req-61ea2340-48d7-4791-a87c-0423de69cb4c req-530e27f3-bd62-4af2-a27e-0298b614a875 service placement] found 2 providers after filtering by previous result {{(pid=101705) get_provider_ids_matching /opt/stack/placement/placement/objects/research_context.py:580}}
Sep 24 19:01:23.477171 n-d-810951-2 devstack@placement-api.service[101705]: DEBUG placement.objects.allocation_candidate [req-61ea2340-48d7-4791-a87c-0423de69cb4c req-530e27f3-bd62-4af2-a27e-0298b614a875 service placement] RequestGroup(use_same_provider=False, resources={DISK_GB:1, MEMORY_MB:1024, VCPU:1}, traits=[], aggregates=[]) (suffix '') returned 2 matches {{(pid=101705) _get_by_requests /opt/stack/placement/placement/objects/allocation_candidate.py:145}}
Sep 24 19:01:23.477813 n-d-810951-2 devstack@placement-api.service[101705]: DEBUG placement.objects.allocation_candidate [req-61ea2340-48d7-4791-a87c-0423de69cb4c req-530e27f3-bd62-4af2-a27e-0298b614a875 service placement] Merging candidates yields 2 allocation requests and 2 provider summaries {{(pid=101705) _merge_candidates /opt/stack/placement/placement/objects/allocation_candidate.py:783}}
Sep 24 19:01:23.480319 n-d-810951-2 devstack@placement-api.service[101705]: INFO placement.requestlog [req-61ea2340-48d7-4791-a87c-0423de69cb4c req-530e27f3-bd62-4af2-a27e-0298b614a875 service placement] 10.222.0.67 "GET /placement/allocation_candidates?limit=1000&resources=DISK_GB%3A1%2CMEMORY_MB%3A1024%2CVCPU%3A1&root_required=%21COMPUTE_STATUS_DISABLED" status: 200 len: 1309 microversion: 1.36
Sep 24 19:01:23.480747 n-d-810951-2 devstack@placement-api.service[101705]: [pid: 101705|app: 0|req: 340/679] 10.222.0.67 () {60 vars in 1507 bytes} [Fri Sep 24 19:01:23 2021] GET /placement/allocation_candidates?limit=1000&resources=DISK_GB%3A1%2CMEMORY_MB%3A1024%2CVCPU%3A1&root_required=%21COMPUTE_STATUS_DISABLED => generated 1309 bytes in 124 msecs (HTTP/1.1 200) 8 headers in 297 bytes (1 switches on core 0)
Sep 24 19:01:23.546609 n-d-810951-2 devstack@placement-api.service[101706]: DEBUG placement.requestlog [req-61ea2340-48d7-4791-a87c-0423de69cb4c req-ca4c4da1-eeed-4da9-a60b-b12f3fe163b6 None None] Starting request: 10.222.0.67 "GET /placement/allocations/97e9cea7-0ed2-411a-95ad-e00142c7ea40" {{(pid=101706) __call__ /opt/stack/placement/placement/requestlog.py:55}}
Sep 24 19:01:23.563595 n-d-810951-2 devstack@placement-api.service[101706]: INFO placement.requestlog [req-61ea2340-48d7-4791-a87c-0423de69cb4c req-ca4c4da1-eeed-4da9-a60b-b12f3fe163b6 service placement] 10.222.0.67 "GET /placement/allocations/97e9cea7-0ed2-411a-95ad-e00142c7ea40" status: 200 len: 19 microversion: 1.28
Sep 24 19:01:23.571603 n-d-810951-2 devstack@placement-api.service[101706]: [pid: 101706|app: 0|req: 340/680] 10.222.0.67 () {60 vars in 1381 bytes} [Fri Sep 24 19:01:23 2021] GET /placement/allocations/97e9cea7-0ed2-411a-95ad-e00142c7ea40 => generated 19 bytes in 26 msecs (HTTP/1.1 200) 8 headers in 295 bytes (1 switches on core 0)
Sep 24 19:01:23.575778 n-d-810951-2 devstack@placement-api.service[101705]: DEBUG placement.requestlog [req-61ea2340-48d7-4791-a87c-0423de69cb4c req-fbda174e-8a02-4785-986e-2ae89c9dfdea None None] Starting request: 10.222.0.67 "PUT /placement/allocations/97e9cea7-0ed2-411a-95ad-e00142c7ea40" {{(pid=101705) __call__ /opt/stack/placement/placement/requestlog.py:55}}
Sep 24 19:01:23.644176 n-d-810951-2 devstack@placement-api.service[101705]: DEBUG placement.handlers.allocation [req-61ea2340-48d7-4791-a87c-0423de69cb4c req-fbda174e-8a02-4785-986e-2ae89c9dfdea service placement] Successfully wrote allocations [, , ] {{(pid=101705) _update_consumers_and_create_allocations /opt/stack/placement/placement/handlers/allocation.py:462}}
Sep 24 19:01:23.653317 n-d-810951-2 devstack@placement-api.service[101705]: INFO placement.requestlog [req-61ea2340-48d7-4791-a87c-0423de69cb4c req-fbda174e-8a02-4785-986e-2ae89c9dfdea service placement] 10.222.0.67 "PUT /placement/allocations/97e9cea7-0ed2-411a-95ad-e00142c7ea40" status: 204 len: 0 microversion: 1.36
Sep 24 19:01:23.671267 n-d-810951-2 devstack@placement-api.service[101705]: [pid: 101705|app: 0|req: 341/681] 10.222.0.67 () {64 vars in 1434 bytes} [Fri Sep 24 19:01:23 2021] PUT /placement/allocations/97e9cea7-0ed2-411a-95ad-e00142c7ea40 => generated 0 bytes in 80 msecs (HTTP/1.1 204) 5 headers in 199 bytes (1 switches on core 0)
Sep 24 19:01:24.203313 n-d-810951-2 devstack@placement-api.service[101706]: DEBUG placement.requestlog [req-61ea2340-48d7-4791-a87c-0423de69cb4c req-25a79783-e57b-4c0e-a1cc-4c0a7ee6ad3e None None] Starting request: 10.222.0.38 "GET /placement/allocations/97e9cea7-0ed2-411a-95ad-e00142c7ea40" {{(pid=101706) __call__ /opt/stack/placement/placement/requestlog.py:55}}
Sep 24 19:01:24.253778 n-d-810951-2 devstack@placement-api.service[101706]: INFO placement.requestlog [req-61ea2340-48d7-4791-a87c-0423de69cb4c req-25a79783-e57b-4c0e-a1cc-4c0a7ee6ad3e service placement] 10.222.0.38 "GET /placement/allocations/97e9cea7-0ed2-411a-95ad-e00142c7ea40" status: 200 len: 259 microversion: 1.28
Sep 24 19:01:24.254277 n-d-810951-2 devstack@placement-api.service[101706]: [pid: 101706|app: 0|req: 341/682] 10.222.0.38 () {60 vars in 1378 bytes} [Fri Sep 24 19:01:24 2021] GET /placement/allocations/97e9cea7-0ed2-411a-95ad-e00142c7ea40 => generated 259 bytes in 53 msecs (HTTP/1.1 200) 8 headers in 296 bytes (1 switches on core 0)
Sep 24 19:01:27.572708 n-d-810951-2 devstack@placement-api.service[101705]: DEBUG placement.requestlog [req-2a855975-d598-427c-aff7-2d2777392b9a req-4e522978-8019-419b-bcbd-e90e9bd84b2b None None] Starting request: 10.222.0.67 "GET /placement/allocation_candidates?limit=1000&resources=DISK_GB%3A1%2CMEMORY_MB%3A1024%2CVCPU%3A1&root_required=%21COMPUTE_STATUS_DISABLED" {{(pid=101705) __call__ /opt/stack/placement/placement/requestlog.py:55}}
Sep 24 19:01:27.661854 n-d-810951-2 devstack@placement-api.service[101705]: DEBUG placement.objects.research_context [req-2a855975-d598-427c-aff7-2d2777392b9a req-4e522978-8019-419b-bcbd-e90e9bd84b2b service placement] getting providers with 1 DISK_GB {{(pid=101705) __init__ /opt/stack/placement/placement/objects/research_context.py:126}}
Sep 24 19:01:27.683287 n-d-810951-2 devstack@placement-api.service[101705]: DEBUG placement.objects.research_context [req-2a855975-d598-427c-aff7-2d2777392b9a req-4e522978-8019-419b-bcbd-e90e9bd84b2b service placement] getting providers with 1024 MEMORY_MB {{(pid=101705) __init__ /opt/stack/placement/placement/objects/research_context.py:126}}
Sep 24 19:01:27.690131 n-d-810951-2 devstack@placement-api.service[101705]: DEBUG placement.objects.research_context [req-2a855975-d598-427c-aff7-2d2777392b9a req-4e522978-8019-419b-bcbd-e90e9bd84b2b service placement] getting providers with 1 VCPU {{(pid=101705) __init__ /opt/stack/placement/placement/objects/research_context.py:126}}
Sep 24 19:01:27.712177 n-d-810951-2 devstack@placement-api.service[101705]: DEBUG placement.objects.research_context [req-2a855975-d598-427c-aff7-2d2777392b9a req-4e522978-8019-419b-bcbd-e90e9bd84b2b service placement] found 2 providers with available 1 DISK_GB {{(pid=101705) get_provider_ids_matching /opt/stack/placement/placement/objects/research_context.py:549}}
Sep 24 19:01:27.712719 n-d-810951-2 devstack@placement-api.service[101705]: DEBUG placement.objects.research_context [req-2a855975-d598-427c-aff7-2d2777392b9a req-4e522978-8019-419b-bcbd-e90e9bd84b2b service placement] found 2 providers with available 1024 MEMORY_MB {{(pid=101705) get_provider_ids_matching /opt/stack/placement/placement/objects/research_context.py:549}}
Sep 24 19:01:27.713323 n-d-810951-2 devstack@placement-api.service[101705]: DEBUG placement.objects.research_context [req-2a855975-d598-427c-aff7-2d2777392b9a req-4e522978-8019-419b-bcbd-e90e9bd84b2b service placement] found 2 providers after filtering by previous result {{(pid=101705) get_provider_ids_matching /opt/stack/placement/placement/objects/research_context.py:580}}
Sep 24 19:01:27.713758 n-d-810951-2 devstack@placement-api.service[101705]: DEBUG placement.objects.research_context [req-2a855975-d598-427c-aff7-2d2777392b9a req-4e522978-8019-419b-bcbd-e90e9bd84b2b service placement] found 2 providers with available 1 VCPU {{(pid=101705) get_provider_ids_matching /opt/stack/placement/placement/objects/research_context.py:549}}
Sep 24 19:01:27.714169 n-d-810951-2 devstack@placement-api.service[101705]: DEBUG placement.objects.research_context [req-2a855975-d598-427c-aff7-2d2777392b9a req-4e522978-8019-419b-bcbd-e90e9bd84b2b service placement] found 2 providers after filtering by previous result {{(pid=101705) get_provider_ids_matching /opt/stack/placement/placement/objects/research_context.py:580}}
Sep 24 19:01:27.734107 n-d-810951-2 devstack@placement-api.service[101705]: DEBUG placement.objects.allocation_candidate [req-2a855975-d598-427c-aff7-2d2777392b9a req-4e522978-8019-419b-bcbd-e90e9bd84b2b service placement] RequestGroup(use_same_provider=False, resources={DISK_GB:1, MEMORY_MB:1024, VCPU:1}, traits=[], aggregates=[]) (suffix '') returned 2 matches {{(pid=101705) _get_by_requests /opt/stack/placement/placement/objects/allocation_candidate.py:145}}
Sep 24 19:01:27.735310 n-d-810951-2 devstack@placement-api.service[101705]: DEBUG placement.objects.allocation_candidate [req-2a855975-d598-427c-aff7-2d2777392b9a req-4e522978-8019-419b-bcbd-e90e9bd84b2b service placement] Merging candidates yields 2 allocation requests and 2 provider summaries {{(pid=101705) _merge_candidates /opt/stack/placement/placement/objects/allocation_candidate.py:783}}
Sep 24 19:01:27.740068 n-d-810951-2 devstack@placement-api.service[101705]: INFO placement.requestlog [req-2a855975-d598-427c-aff7-2d2777392b9a req-4e522978-8019-419b-bcbd-e90e9bd84b2b service placement] 10.222.0.67 "GET /placement/allocation_candidates?limit=1000&resources=DISK_GB%3A1%2CMEMORY_MB%3A1024%2CVCPU%3A1&root_required=%21COMPUTE_STATUS_DISABLED" status: 200 len: 1309 microversion: 1.36
Sep 24 19:01:27.740371 n-d-810951-2 devstack@placement-api.service[101705]: [pid: 101705|app: 0|req: 342/683] 10.222.0.67 () {60 vars in 1507 bytes} [Fri Sep 24 19:01:27 2021] GET /placement/allocation_candidates?limit=1000&resources=DISK_GB%3A1%2CMEMORY_MB%3A1024%2CVCPU%3A1&root_required=%21COMPUTE_STATUS_DISABLED => generated 1309 bytes in 168 msecs (HTTP/1.1 200) 8 headers in 297 bytes (1 switches on core 0)
