Nov 10 18:32:54.574993 n-d-810915-2 devstack@placement-api.service[84040]: [pid: 84040|app: 0|req: 197/390] 10.222.0.79 () {60 vars in 1377 bytes} [Wed Nov 10 18:32:54 2021] GET /placement/allocations/1675140d-b1b3-4444-ad93-031264ce153c => generated 259 bytes in 16 msecs (HTTP/1.1 200) 8 headers in 296 bytes (1 switches on core 0)
Nov 10 18:32:58.699183 n-d-810915-2 devstack@placement-api.service[84041]: DEBUG placement.requestlog [req-d35ee576-0487-4ab8-b52f-d71b922dba11 req-413227cc-1dcf-4c49-9261-f8c2e26a0944 None None] Starting request: 10.222.0.72 "GET /placement/allocations/cb4568fd-c994-4978-8d20-28b2deb01b84" {{(pid=84041) __call__ /opt/stack/placement/placement/requestlog.py:55}}
Nov 10 18:32:58.717607 n-d-810915-2 devstack@placement-api.service[84041]: INFO placement.requestlog [req-d35ee576-0487-4ab8-b52f-d71b922dba11 req-413227cc-1dcf-4c49-9261-f8c2e26a0944 service placement] 10.222.0.72 "GET /placement/allocations/cb4568fd-c994-4978-8d20-28b2deb01b84" status: 200 len: 259 microversion: 1.28
Nov 10 18:32:58.718098 n-d-810915-2 devstack@placement-api.service[84041]: [pid: 84041|app: 0|req: 194/391] 10.222.0.72 () {60 vars in 1377 bytes} [Wed Nov 10 18:32:58 2021] GET /placement/allocations/cb4568fd-c994-4978-8d20-28b2deb01b84 => generated 259 bytes in 19 msecs (HTTP/1.1 200) 8 headers in 296 bytes (1 switches on core 0)
Nov 10 18:33:05.673860 n-d-810915-2 devstack@placement-api.service[84040]: DEBUG placement.requestlog [req-429f0208-1a07-4f1e-b8c2-6950bd4c45b8 req-b3cac06f-a0c2-4c93-bc26-f9fbfb7fa64c None None] Starting request: 10.222.0.79 "GET /placement/resource_providers/a91ca169-4ba1-419e-84d1-6c9843d59467/allocations" {{(pid=84040) __call__ /opt/stack/placement/placement/requestlog.py:55}}
Nov 10 18:33:05.703504 n-d-810915-2 devstack@placement-api.service[84040]: INFO placement.requestlog [req-429f0208-1a07-4f1e-b8c2-6950bd4c45b8 req-b3cac06f-a0c2-4c93-bc26-f9fbfb7fa64c service placement] 10.222.0.79 "GET /placement/resource_providers/a91ca169-4ba1-419e-84d1-6c9843d59467/allocations" status: 200 len: 745 microversion: 1.0
Nov 10 18:33:05.704119 n-d-810915-2 devstack@placement-api.service[84040]: [pid: 84040|app: 0|req: 198/392] 10.222.0.79 () {58 vars in 1390 bytes} [Wed Nov 10 18:33:05 2021] GET /placement/resource_providers/a91ca169-4ba1-419e-84d1-6c9843d59467/allocations => generated 745 bytes in 31 msecs (HTTP/1.1 200) 6 headers in 224 bytes (1 switches on core 0)
Nov 10 18:33:07.654309 n-d-810915-2 devstack@placement-api.service[84041]: DEBUG placement.requestlog [req-2c84fe33-d50c-4c7f-928d-c13a120c4381 req-252e677f-1c4e-469a-b494-0c7912e432dc None None] Starting request: 10.222.0.72 "GET /placement/resource_providers/deb7c246-696d-40c1-9491-0e7960717b75/allocations" {{(pid=84041) __call__ /opt/stack/placement/placement/requestlog.py:55}}
Nov 10 18:33:07.680565 n-d-810915-2 devstack@placement-api.service[84041]: INFO placement.requestlog [req-2c84fe33-d50c-4c7f-928d-c13a120c4381 req-252e677f-1c4e-469a-b494-0c7912e432dc service placement] 10.222.0.72 "GET /placement/resource_providers/deb7c246-696d-40c1-9491-0e7960717b75/allocations" status: 200 len: 356 microversion: 1.0
Nov 10 18:33:07.682299 n-d-810915-2 devstack@placement-api.service[84041]: [pid: 84041|app: 0|req: 195/393] 10.222.0.72 () {58 vars in 1390 bytes} [Wed Nov 10 18:33:07 2021] GET /placement/resource_providers/deb7c246-696d-40c1-9491-0e7960717b75/allocations => generated 356 bytes in 28 msecs (HTTP/1.1 200) 6 headers in 224 bytes (2 switches on core 0)
Nov 10 18:33:07.828635 n-d-810915-2 devstack@placement-api.service[84040]: DEBUG placement.requestlog [req-42c3ec06-977f-4044-aaba-bcd9ecff9443 req-f4ae6018-873e-43a0-ad26-2aa75be1b796 None None] Starting request: 10.222.0.70 "GET /placement/allocation_candidates?limit=1000&resources=DISK_GB%3A1%2CMEMORY_MB%3A1024%2CVCPU%3A1&root_required=%21COMPUTE_STATUS_DISABLED" {{(pid=84040) __call__ /opt/stack/placement/placement/requestlog.py:55}}
Nov 10 18:33:07.863761 n-d-810915-2 devstack@placement-api.service[84040]: DEBUG placement.objects.research_context [req-42c3ec06-977f-4044-aaba-bcd9ecff9443 req-f4ae6018-873e-43a0-ad26-2aa75be1b796 service placement] getting providers with 1 DISK_GB {{(pid=84040) __init__ /opt/stack/placement/placement/objects/research_context.py:126}}
Nov 10 18:33:07.870217 n-d-810915-2 devstack@placement-api.service[84040]: DEBUG placement.objects.research_context [req-42c3ec06-977f-4044-aaba-bcd9ecff9443 req-f4ae6018-873e-43a0-ad26-2aa75be1b796 service placement] getting providers with 1024 MEMORY_MB {{(pid=84040) __init__ /opt/stack/placement/placement/objects/research_context.py:126}}
Nov 10 18:33:07.877047 n-d-810915-2 devstack@placement-api.service[84040]: DEBUG placement.objects.research_context [req-42c3ec06-977f-4044-aaba-bcd9ecff9443 req-f4ae6018-873e-43a0-ad26-2aa75be1b796 service placement] getting providers with 1 VCPU {{(pid=84040) __init__ /opt/stack/placement/placement/objects/research_context.py:126}}
Nov 10 18:33:07.883343 n-d-810915-2 devstack@placement-api.service[84040]: DEBUG placement.objects.research_context [req-42c3ec06-977f-4044-aaba-bcd9ecff9443 req-f4ae6018-873e-43a0-ad26-2aa75be1b796 service placement] found 2 providers with available 1 DISK_GB {{(pid=84040) get_provider_ids_matching /opt/stack/placement/placement/objects/research_context.py:549}}
Nov 10 18:33:07.883844 n-d-810915-2 devstack@placement-api.service[84040]: DEBUG placement.objects.research_context [req-42c3ec06-977f-4044-aaba-bcd9ecff9443 req-f4ae6018-873e-43a0-ad26-2aa75be1b796 service placement] found 2 providers with available 1024 MEMORY_MB {{(pid=84040) get_provider_ids_matching /opt/stack/placement/placement/objects/research_context.py:549}}
Nov 10 18:33:07.884450 n-d-810915-2 devstack@placement-api.service[84040]: DEBUG placement.objects.research_context [req-42c3ec06-977f-4044-aaba-bcd9ecff9443 req-f4ae6018-873e-43a0-ad26-2aa75be1b796 service placement] found 2 providers after filtering by previous result {{(pid=84040) get_provider_ids_matching /opt/stack/placement/placement/objects/research_context.py:580}}
Nov 10 18:33:07.884939 n-d-810915-2 devstack@placement-api.service[84040]: DEBUG placement.objects.research_context [req-42c3ec06-977f-4044-aaba-bcd9ecff9443 req-f4ae6018-873e-43a0-ad26-2aa75be1b796 service placement] found 2 providers with available 1 VCPU {{(pid=84040) get_provider_ids_matching /opt/stack/placement/placement/objects/research_context.py:549}}
Nov 10 18:33:07.886985 n-d-810915-2 devstack@placement-api.service[84040]: DEBUG placement.objects.research_context [req-42c3ec06-977f-4044-aaba-bcd9ecff9443 req-f4ae6018-873e-43a0-ad26-2aa75be1b796 service placement] found 2 providers after filtering by previous result {{(pid=84040) get_provider_ids_matching /opt/stack/placement/placement/objects/research_context.py:580}}
Nov 10 18:33:07.901701 n-d-810915-2 devstack@placement-api.service[84040]: DEBUG placement.objects.allocation_candidate [req-42c3ec06-977f-4044-aaba-bcd9ecff9443 req-f4ae6018-873e-43a0-ad26-2aa75be1b796 service placement] RequestGroup(use_same_provider=False, resources={DISK_GB:1, MEMORY_MB:1024, VCPU:1}, traits=[], aggregates=[]) (suffix '') returned 2 matches {{(pid=84040) _get_by_requests /opt/stack/placement/placement/objects/allocation_candidate.py:145}}
Nov 10 18:33:07.902290 n-d-810915-2 devstack@placement-api.service[84040]: DEBUG placement.objects.allocation_candidate [req-42c3ec06-977f-4044-aaba-bcd9ecff9443 req-f4ae6018-873e-43a0-ad26-2aa75be1b796 service placement] Merging candidates yields 2 allocation requests and 2 provider summaries {{(pid=84040) _merge_candidates /opt/stack/placement/placement/objects/allocation_candidate.py:783}}
Nov 10 18:33:07.903889 n-d-810915-2 devstack@placement-api.service[84040]: INFO placement.requestlog [req-42c3ec06-977f-4044-aaba-bcd9ecff9443 req-f4ae6018-873e-43a0-ad26-2aa75be1b796 service placement] 10.222.0.70 "GET /placement/allocation_candidates?limit=1000&resources=DISK_GB%3A1%2CMEMORY_MB%3A1024%2CVCPU%3A1&root_required=%21COMPUTE_STATUS_DISABLED" status: 200 len: 1235 microversion: 1.35
Nov 10 18:33:07.904560 n-d-810915-2 devstack@placement-api.service[84040]: [pid: 84040|app: 0|req: 199/394] 10.222.0.70 () {60 vars in 1506 bytes} [Wed Nov 10 18:33:07 2021] GET /placement/allocation_candidates?limit=1000&resources=DISK_GB%3A1%2CMEMORY_MB%3A1024%2CVCPU%3A1&root_required=%21COMPUTE_STATUS_DISABLED => generated 1235 bytes in 76 msecs (HTTP/1.1 200) 8 headers in 297 bytes (1 switches on core 0)
Nov 10 18:33:07.954018 n-d-810915-2 devstack@placement-api.service[84041]: DEBUG placement.requestlog [req-42c3ec06-977f-4044-aaba-bcd9ecff9443 req-99048a08-1886-4ca3-bf99-cce81d0bffc9 None None] Starting request: 10.222.0.70 "GET /placement/allocations/481e83b5-d7ff-455e-9edf-f5a9230e632b" {{(pid=84041) __call__ /opt/stack/placement/placement/requestlog.py:55}}
Nov 10 18:33:07.970025 n-d-810915-2 devstack@placement-api.service[84041]: INFO placement.requestlog [req-42c3ec06-977f-4044-aaba-bcd9ecff9443 req-99048a08-1886-4ca3-bf99-cce81d0bffc9 service placement] 10.222.0.70 "GET /placement/allocations/481e83b5-d7ff-455e-9edf-f5a9230e632b" status: 200 len: 19 microversion: 1.28
Nov 10 18:33:07.970259 n-d-810915-2 devstack@placement-api.service[84041]: [pid: 84041|app: 0|req: 196/395] 10.222.0.70 () {60 vars in 1380 bytes} [Wed Nov 10 18:33:07 2021] GET /placement/allocations/481e83b5-d7ff-455e-9edf-f5a9230e632b => generated 19 bytes in 16 msecs (HTTP/1.1 200) 8 headers in 295 bytes (1 switches on core 0)
Nov 10 18:33:07.976717 n-d-810915-2 devstack@placement-api.service[84040]: DEBUG placement.requestlog [req-42c3ec06-977f-4044-aaba-bcd9ecff9443 req-1b63092e-a4e6-4981-985b-a28fa5f063c0 None None] Starting request: 10.222.0.70 "PUT /placement/allocations/481e83b5-d7ff-455e-9edf-f5a9230e632b" {{(pid=84040) __call__ /opt/stack/placement/placement/requestlog.py:55}}
Nov 10 18:33:08.041028 n-d-810915-2 devstack@placement-api.service[84041]: DEBUG placement.requestlog [req-2c84fe33-d50c-4c7f-928d-c13a120c4381 req-a1825f91-f9db-4664-b330-51241a45bcf2 None None] Starting request: 10.222.0.72 "GET /placement/allocations/692a698c-5e14-47ef-9b55-1ab55837daa7" {{(pid=84041) __call__ /opt/stack/placement/placement/requestlog.py:55}}
Nov 10 18:33:08.063732 n-d-810915-2 devstack@placement-api.service[84041]: INFO placement.requestlog [req-2c84fe33-d50c-4c7f-928d-c13a120c4381 req-a1825f91-f9db-4664-b330-51241a45bcf2 service placement] 10.222.0.72 "GET /placement/allocations/692a698c-5e14-47ef-9b55-1ab55837daa7" status: 200 len: 259 microversion: 1.28
Nov 10 18:33:08.066104 n-d-810915-2 devstack@placement-api.service[84041]: [pid: 84041|app: 0|req: 197/396] 10.222.0.72 () {60 vars in 1377 bytes} [Wed Nov 10 18:33:08 2021] GET /placement/allocations/692a698c-5e14-47ef-9b55-1ab55837daa7 => generated 259 bytes in 25 msecs (HTTP/1.1 200) 8 headers in 296 bytes (2 switches on core 0)
Nov 10 18:33:08.074685 n-d-810915-2 devstack@placement-api.service[84041]: DEBUG placement.requestlog [req-2c84fe33-d50c-4c7f-928d-c13a120c4381 req-9c11832b-c0ae-4f39-a762-4377107d9a00 None None] Starting request: 10.222.0.72 "PUT /placement/allocations/692a698c-5e14-47ef-9b55-1ab55837daa7" {{(pid=84041) __call__ /opt/stack/placement/placement/requestlog.py:55}}
Nov 10 18:33:08.124280 n-d-810915-2 devstack@placement-api.service[84040]: DEBUG placement.handlers.allocation [req-42c3ec06-977f-4044-aaba-bcd9ecff9443 req-1b63092e-a4e6-4981-985b-a28fa5f063c0 service placement] Successfully wrote allocations [, , ] {{(pid=84040) _create_allocations /opt/stack/placement/placement/handlers/allocation.py:435}}
Nov 10 18:33:08.124787 n-d-810915-2 devstack@placement-api.service[84040]: INFO placement.requestlog [req-42c3ec06-977f-4044-aaba-bcd9ecff9443 req-1b63092e-a4e6-4981-985b-a28fa5f063c0 service placement] 10.222.0.70 "PUT /placement/allocations/481e83b5-d7ff-455e-9edf-f5a9230e632b" status: 204 len: 0 microversion: 1.35
Nov 10 18:33:08.125031 n-d-810915-2 devstack@placement-api.service[84040]: [pid: 84040|app: 0|req: 200/397] 10.222.0.70 () {64 vars in 1433 bytes} [Wed Nov 10 18:33:07 2021] PUT /placement/allocations/481e83b5-d7ff-455e-9edf-f5a9230e632b => generated 0 bytes in 149 msecs (HTTP/1.1 204) 5 headers in 199 bytes (1 switches on core 0)
Nov 10 18:33:08.143535 n-d-810915-2 devstack@placement-api.service[84041]: DEBUG placement.objects.allocation [req-2c84fe33-d50c-4c7f-928d-c13a120c4381 req-9c11832b-c0ae-4f39-a762-4377107d9a00 service placement] Retrying allocations write on resource provider generation conflict {{(pid=84041) replace_all /opt/stack/placement/placement/objects/allocation.py:505}}
Nov 10 18:33:08.178495 n-d-810915-2 devstack@placement-api.service[84041]: DEBUG placement.handlers.allocation [req-2c84fe33-d50c-4c7f-928d-c13a120c4381 req-9c11832b-c0ae-4f39-a762-4377107d9a00 service placement] Successfully wrote allocations [, , ] {{(pid=84041) _create_allocations /opt/stack/placement/placement/handlers/allocation.py:435}}
Nov 10 18:33:08.181158 n-d-810915-2 devstack@placement-api.service[84041]: INFO placement.requestlog [req-2c84fe33-d50c-4c7f-928d-c13a120c4381 req-9c11832b-c0ae-4f39-a762-4377107d9a00 service placement] 10.222.0.72 "PUT /placement/allocations/692a698c-5e14-47ef-9b55-1ab55837daa7" status: 204 len: 0 microversion: 1.28
Nov 10 18:33:08.181690 n-d-810915-2 devstack@placement-api.service[84041]: [pid: 84041|app: 0|req: 198/398] 10.222.0.72 () {64 vars in 1430 bytes} [Wed Nov 10 18:33:08 2021] PUT /placement/allocations/692a698c-5e14-47ef-9b55-1ab55837daa7 => generated 0 bytes in 107 msecs (HTTP/1.1 204) 5 headers in 199 bytes (1 switches on core 0)
Nov 10 18:33:08.526360 n-d-810915-2 devstack@placement-api.service[84040]: DEBUG placement.requestlog [req-42c3ec06-977f-4044-aaba-bcd9ecff9443 req-c03e241e-c6eb-448b-b37d-e559d694b65c None None] Starting request: 10.222.0.72 "GET /placement/allocations/481e83b5-d7ff-455e-9edf-f5a9230e632b" {{(pid=84040) __call__ /opt/stack/placement/placement/requestlog.py:55}}
Nov 10 18:33:08.557030 n-d-810915-2 devstack@placement-api.service[84040]: INFO placement.requestlog [req-42c3ec06-977f-4044-aaba-bcd9ecff9443 req-c03e241e-c6eb-448b-b37d-e559d694b65c service placement] 10.222.0.72 "GET /placement/allocations/481e83b5-d7ff-455e-9edf-f5a9230e632b" status: 200 len: 259 microversion: 1.28
Nov 10 18:33:08.557379 n-d-810915-2 devstack@placement-api.service[84040]: [pid: 84040|app: 0|req: 201/399] 10.222.0.72 () {60 vars in 1377 bytes} [Wed Nov 10 18:33:08 2021] GET /placement/allocations/481e83b5-d7ff-455e-9edf-f5a9230e632b => generated 259 bytes in 32 msecs (HTTP/1.1 200) 8 headers in 296 bytes (1 switches on core 0)
Nov 10 18:33:09.792792 n-d-810915-2 devstack@placement-api.service[84041]: DEBUG placement.requestlog [req-d3e30034-7ff2-4ced-988e-7bcf221f3ae1 req-6cb02c4a-4fe9-406d-9d5a-d75c75f462b4 None None] Starting request: 10.222.0.72 "GET /placement/resource_providers/deb7c246-696d-40c1-9491-0e7960717b75/allocations" {{(pid=84041) __call__ /opt/stack/placement/placement/requestlog.py:55}}
Nov 10 18:33:09.840207 n-d-810915-2 devstack@placement-api.service[84041]: INFO placement.requestlog [req-d3e30034-7ff2-4ced-988e-7bcf221f3ae1 req-6cb02c4a-4fe9-406d-9d5a-d75c75f462b4 service placement] 10.222.0.72 "GET /placement/resource_providers/deb7c246-696d-40c1-9491-0e7960717b75/allocations" status: 200 len: 356 microversion: 1.0
Nov 10 18:33:09.840875 n-d-810915-2 devstack@placement-api.service[84041]: [pid: 84041|app: 0|req: 199/400] 10.222.0.72 () {58 vars in 1390 bytes} [Wed Nov 10 18:33:09 2021] GET /placement/resource_providers/deb7c246-696d-40c1-9491-0e7960717b75/allocations => generated 356 bytes in 48 msecs (HTTP/1.1 200) 6 headers in 224 bytes (1 switches on core 0)
Nov 10 18:33:09.917358 n-d-810915-2 devstack@placement-api.service[84040]: DEBUG placement.requestlog [req-b26885a7-7c8f-4cdb-947e-95f95ed6a65a req-22e03bac-2740-4b55-a40c-cd05ede6d36c None None] Starting request: 10.222.0.79 "GET /placement/allocations/a9f71679-8144-4964-ae55-96356cb53191" {{(pid=84040) __call__ /opt/stack/placement/placement/requestlog.py:55}}
Nov 10 18:33:09.936616 n-d-810915-2 devstack@placement-api.service[84040]: INFO placement.requestlog [req-b26885a7-7c8f-4cdb-947e-95f95ed6a65a req-22e03bac-2740-4b55-a40c-cd05ede6d36c service placement] 10.222.0.79 "GET /placement/allocations/a9f71679-8144-4964-ae55-96356cb53191" status: 200 len: 259 microversion: 1.28
Nov 10 18:33:09.937597 n-d-810915-2 devstack@placement-api.service[84040]: [pid: 84040|app: 0|req: 202/401] 10.222.0.79 () {60 vars in 1377 bytes} [Wed Nov 10 18:33:09 2021] GET /placement/allocations/a9f71679-8144-4964-ae55-96356cb53191 => generated 259 bytes in 20 msecs (HTTP/1.1 200) 8 headers in 296 bytes (2 switches on core 0)
Nov 10 18:33:09.945867 n-d-810915-2 devstack@placement-api.service[84041]: DEBUG placement.requestlog [req-b26885a7-7c8f-4cdb-947e-95f95ed6a65a req-9177c62c-0a1a-4ed0-bcb8-4f7284ea4efe None None] Starting request: 10.222.0.79 "GET /placement/allocations/a9f71679-8144-4964-ae55-96356cb53191" {{(pid=84041) __call__ /opt/stack/placement/placement/requestlog.py:55}}
Nov 10 18:33:09.967947 n-d-810915-2 devstack@placement-api.service[84041]: INFO placement.requestlog [req-b26885a7-7c8f-4cdb-947e-95f95ed6a65a req-9177c62c-0a1a-4ed0-bcb8-4f7284ea4efe service placement] 10.222.0.79 "GET /placement/allocations/a9f71679-8144-4964-ae55-96356cb53191" status: 200 len: 259 microversion: 1.28
Nov 10 18:33:09.968732 n-d-810915-2 devstack@placement-api.service[84041]: [pid: 84041|app: 0|req: 200/402] 10.222.0.79 () {60 vars in 1377 bytes} [Wed Nov 10 18:33:09 2021] GET /placement/allocations/a9f71679-8144-4964-ae55-96356cb53191 => generated 259 bytes in 23 msecs (HTTP/1.1 200) 8 headers in 296 bytes (2 switches on core 0)
Nov 10 18:33:09.976925 n-d-810915-2 devstack@placement-api.service[84040]: DEBUG placement.requestlog [req-b26885a7-7c8f-4cdb-947e-95f95ed6a65a req-70dbe49d-ef0f-447f-afae-eebbad14ba3f None None] Starting request: 10.222.0.79 "GET /placement/allocations/cb4568fd-c994-4978-8d20-28b2deb01b84" {{(pid=84040) __call__ /opt/stack/placement/placement/requestlog.py:55}}
Nov 10 18:33:09.991769 n-d-810915-2 devstack@placement-api.service[84040]: INFO placement.requestlog [req-b26885a7-7c8f-4cdb-947e-95f95ed6a65a req-70dbe49d-ef0f-447f-afae-eebbad14ba3f service placement] 10.222.0.79 "GET /placement/allocations/cb4568fd-c994-4978-8d20-28b2deb01b84" status: 200 len: 259 microversion: 1.28
Nov 10 18:33:09.992353 n-d-810915-2 devstack@placement-api.service[84040]: [pid: 84040|app: 0|req: 203/403] 10.222.0.79 () {60 vars in 1377 bytes} [Wed Nov 10 18:33:09 2021] GET /placement/allocations/cb4568fd-c994-4978-8d20-28b2deb01b84 => generated 259 bytes in 15 msecs (HTTP/1.1 200) 8 headers in 296 bytes (1 switches on core 0)
Nov 10 18:33:09.999025 n-d-810915-2 devstack@placement-api.service[84041]: DEBUG placement.requestlog [req-b26885a7-7c8f-4cdb-947e-95f95ed6a65a req-51603832-c674-4f5d-9f0f-48850fe567f9 None None] Starting request: 10.222.0.79 "POST /placement/allocations" {{(pid=84041) __call__ /opt/stack/placement/placement/requestlog.py:55}}
Nov 10 18:33:10.073072 n-d-810915-2 devstack@placement-api.service[84041]: DEBUG placement.handlers.allocation [req-b26885a7-7c8f-4cdb-947e-95f95ed6a65a req-51603832-c674-4f5d-9f0f-48850fe567f9 service placement] Successfully wrote allocations [, , , , , ] {{(pid=84041) _create_allocations /opt/stack/placement/placement/handlers/allocation.py:524}}
Nov 10 18:33:10.073971 n-d-810915-2 devstack@placement-api.service[84041]: INFO placement.requestlog [req-b26885a7-7c8f-4cdb-947e-95f95ed6a65a req-51603832-c674-4f5d-9f0f-48850fe567f9 service placement] 10.222.0.79 "POST /placement/allocations" status: 204 len: 0 microversion: 1.28
Nov 10 18:33:10.074736 n-d-810915-2 devstack@placement-api.service[84041]: [pid: 84041|app: 0|req: 201/404] 10.222.0.79 () {64 vars in 1320 bytes} [Wed Nov 10 18:33:09 2021] POST /placement/allocations => generated 0 bytes in 76 msecs (HTTP/1.1 204) 5 headers in 199 bytes (1 switches on core 0)
Nov 10 18:33:13.648848 n-d-810915-2 devstack@placement-api.service[84040]: DEBUG placement.requestlog [req-304f331e-8100-4094-90a0-35b7e70ec230 req-3a49b582-a678-4e8e-ae6c-5e63a1bd3c98 None None] Starting request: 10.222.0.70 "GET /placement/allocation_candidates?limit=1000&resources=DISK_GB%3A1%2CMEMORY_MB%3A1024%2CVCPU%3A1&root_required=%21COMPUTE_STATUS_DISABLED" {{(pid=84040) __call__ /opt/stack/placement/placement/requestlog.py:55}}
Nov 10 18:33:13.678281 n-d-810915-2 devstack@placement-api.service[84040]: DEBUG placement.objects.research_context [req-304f331e-8100-4094-90a0-35b7e70ec230 req-3a49b582-a678-4e8e-ae6c-5e63a1bd3c98 service placement] getting providers with 1 DISK_GB {{(pid=84040) __init__ /opt/stack/placement/placement/objects/research_context.py:126}}
Nov 10 18:33:13.685183 n-d-810915-2 devstack@placement-api.service[84040]: DEBUG placement.objects.research_context [req-304f331e-8100-4094-90a0-35b7e70ec230 req-3a49b582-a678-4e8e-ae6c-5e63a1bd3c98 service placement] getting providers with 1024 MEMORY_MB {{(pid=84040) __init__ /opt/stack/placement/placement/objects/research_context.py:126}}
Nov 10 18:33:13.690819 n-d-810915-2 devstack@placement-api.service[84040]: DEBUG placement.objects.research_context [req-304f331e-8100-4094-90a0-35b7e70ec230 req-3a49b582-a678-4e8e-ae6c-5e63a1bd3c98 service placement] getting providers with 1 VCPU {{(pid=84040) __init__ /opt/stack/placement/placement/objects/research_context.py:126}}
Nov 10 18:33:13.697310 n-d-810915-2 devstack@placement-api.service[84040]: DEBUG placement.objects.research_context [req-304f331e-8100-4094-90a0-35b7e70ec230 req-3a49b582-a678-4e8e-ae6c-5e63a1bd3c98 service placement] found 2 providers with available 1 DISK_GB {{(pid=84040) get_provider_ids_matching /opt/stack/placement/placement/objects/research_context.py:549}}
Nov 10 18:33:13.697812 n-d-810915-2 devstack@placement-api.service[84040]: DEBUG placement.objects.research_context [req-304f331e-8100-4094-90a0-35b7e70ec230 req-3a49b582-a678-4e8e-ae6c-5e63a1bd3c98 service placement] found 2 providers with available 1024 MEMORY_MB {{(pid=84040) get_provider_ids_matching /opt/stack/placement/placement/objects/research_context.py:549}}
Nov 10 18:33:13.698285 n-d-810915-2 devstack@placement-api.service[84040]: DEBUG placement.objects.research_context [req-304f331e-8100-4094-90a0-35b7e70ec230 req-3a49b582-a678-4e8e-ae6c-5e63a1bd3c98 service placement] found 2 providers after filtering by previous result {{(pid=84040) get_provider_ids_matching /opt/stack/placement/placement/objects/research_context.py:580}}
Nov 10 18:33:13.698556 n-d-810915-2 devstack@placement-api.service[84040]: DEBUG placement.objects.research_context [req-304f331e-8100-4094-90a0-35b7e70ec230 req-3a49b582-a678-4e8e-ae6c-5e63a1bd3c98 service placement] found 2 providers with available 1 VCPU {{(pid=84040) get_provider_ids_matching /opt/stack/placement/placement/objects/research_context.py:549}}
Nov 10 18:33:13.698840 n-d-810915-2 devstack@placement-api.service[84040]: DEBUG placement.objects.research_context [req-304f331e-8100-4094-90a0-35b7e70ec230 req-3a49b582-a678-4e8e-ae6c-5e63a1bd3c98 service placement] found 2 providers after filtering by previous result {{(pid=84040) get_provider_ids_matching /opt/stack/placement/placement/objects/research_context.py:580}}
Nov 10 18:33:13.713369 n-d-810915-2 devstack@placement-api.service[84040]: DEBUG placement.objects.allocation_candidate [req-304f331e-8100-4094-90a0-35b7e70ec230 req-3a49b582-a678-4e8e-ae6c-5e63a1bd3c98 service placement] RequestGroup(use_same_provider=False, resources={DISK_GB:1, MEMORY_MB:1024, VCPU:1}, traits=[], aggregates=[]) (suffix '') returned 2 matches {{(pid=84040) _get_by_requests /opt/stack/placement/placement/objects/allocation_candidate.py:145}}
Nov 10 18:33:13.713369 n-d-810915-2 devstack@placement-api.service[84040]: DEBUG placement.objects.allocation_candidate [req-304f331e-8100-4094-90a0-35b7e70ec230 req-3a49b582-a678-4e8e-ae6c-5e63a1bd3c98 service placement] Merging candidates yields 2 allocation requests and 2 provider summaries {{(pid=84040) _merge_candidates /opt/stack/placement/placement/objects/allocation_candidate.py:783}}
Nov 10 18:33:13.714630 n-d-810915-2 devstack@placement-api.service[84040]: INFO placement.requestlog [req-304f331e-8100-4094-90a0-35b7e70ec230 req-3a49b582-a678-4e8e-ae6c-5e63a1bd3c98 service placement] 10.222.0.70 "GET /placement/allocation_candidates?limit=1000&resources=DISK_GB%3A1%2CMEMORY_MB%3A1024%2CVCPU%3A1&root_required=%21COMPUTE_STATUS_DISABLED" status: 200 len: 1235 microversion: 1.35
Nov 10 18:33:13.715183 n-d-810915-2 devstack@placement-api.service[84040]: [pid: 84040|app: 0|req: 204/405] 10.222.0.70 () {60 vars in 1506 bytes} [Wed Nov 10 18:33:13 2021] GET /placement/allocation_candidates?limit=1000&resources=DISK_GB%3A1%2CMEMORY_MB%3A1024%2CVCPU%3A1&root_required=%21COMPUTE_STATUS_DISABLED => generated 1235 bytes in 67 msecs (HTTP/1.1 200) 8 headers in 297 bytes (1 switches on core 0)
Nov 10 18:33:13.765944 n-d-810915-2 devstack@placement-api.service[84041]: DEBUG placement.requestlog [req-304f331e-8100-4094-90a0-35b7e70ec230 req-cd9e4582-97be-4a58-a5f2-91f78e1ddf68 None None] Starting request: 10.222.0.70 "GET /placement/allocations/3b1b2971-7a22-4fd6-9c54-0cc9b9f96b0a" {{(pid=84041) __call__ /opt/stack/placement/placement/requestlog.py:55}}
Nov 10 18:33:13.778636 n-d-810915-2 devstack@placement-api.service[84041]: INFO placement.requestlog [req-304f331e-8100-4094-90a0-35b7e70ec230 req-cd9e4582-97be-4a58-a5f2-91f78e1ddf68 service placement] 10.222.0.70 "GET /placement/allocations/3b1b2971-7a22-4fd6-9c54-0cc9b9f96b0a" status: 200 len: 19 microversion: 1.28
Nov 10 18:33:13.782846 n-d-810915-2 devstack@placement-api.service[84041]: [pid: 84041|app: 0|req: 202/406] 10.222.0.70 () {60 vars in 1380 bytes} [Wed Nov 10 18:33:13 2021] GET /placement/allocations/3b1b2971-7a22-4fd6-9c54-0cc9b9f96b0a => generated 19 bytes in 17 msecs (HTTP/1.1 200) 8 headers in 295 bytes (1 switches on core 0)
Nov 10 18:33:13.786906 n-d-810915-2 devstack@placement-api.service[84040]: DEBUG placement.requestlog [req-304f331e-8100-4094-90a0-35b7e70ec230 req-7136fccc-ced5-4a48-9fa6-c684ee09d75c None None] Starting request: 10.222.0.70 "PUT /placement/allocations/3b1b2971-7a22-4fd6-9c54-0cc9b9f96b0a" {{(pid=84040) __call__ /opt/stack/placement/placement/requestlog.py:55}}
Nov 10 18:33:13.880274 n-d-810915-2 devstack@placement-api.service[84040]: DEBUG placement.handlers.allocation [req-304f331e-8100-4094-90a0-35b7e70ec230 req-7136fccc-ced5-4a48-9fa6-c684ee09d75c service placement] Successfully wrote allocations [, , ] {{(pid=84040) _create_allocations /opt/stack/placement/placement/handlers/allocation.py:435}}
Nov 10 18:33:13.880910 n-d-810915-2 devstack@placement-api.service[84040]: INFO placement.requestlog [req-304f331e-8100-4094-90a0-35b7e70ec230 req-7136fccc-ced5-4a48-9fa6-c684ee09d75c service placement] 10.222.0.70 "PUT /placement/allocations/3b1b2971-7a22-4fd6-9c54-0cc9b9f96b0a" status: 204 len: 0 microversion: 1.35
Nov 10 18:33:13.881465 n-d-810915-2 devstack@placement-api.service[84040]: [pid: 84040|app: 0|req: 205/407] 10.222.0.70 () {64 vars in 1433 bytes} [Wed Nov 10 18:33:13 2021] PUT /placement/allocations/3b1b2971-7a22-4fd6-9c54-0cc9b9f96b0a => generated 0 bytes in 95 msecs (HTTP/1.1 204) 5 headers in 199 bytes (1 switches on core 0)
Nov 10 18:33:14.267279 n-d-810915-2 devstack@placement-api.service[84041]: DEBUG placement.requestlog [req-304f331e-8100-4094-90a0-35b7e70ec230 req-3e3084f6-2fd1-4037-8c01-7c0b16fa4045 None None] Starting request: 10.222.0.72 "GET /placement/allocations/3b1b2971-7a22-4fd6-9c54-0cc9b9f96b0a" {{(pid=84041) __call__ /opt/stack/placement/placement/requestlog.py:55}}
Nov 10 18:33:14.287668 n-d-810915-2 devstack@placement-api.service[84041]: INFO placement.requestlog [req-304f331e-8100-4094-90a0-35b7e70ec230 req-3e3084f6-2fd1-4037-8c01-7c0b16fa4045 service placement] 10.222.0.72 "GET /placement/allocations/3b1b2971-7a22-4fd6-9c54-0cc9b9f96b0a" status: 200 len: 259 microversion: 1.28
Nov 10 18:33:14.289155 n-d-810915-2 devstack@placement-api.service[84041]: [pid: 84041|app: 0|req: 203/408] 10.222.0.72 () {60 vars in 1377 bytes} [Wed Nov 10 18:33:14 2021] GET /placement/allocations/3b1b2971-7a22-4fd6-9c54-0cc9b9f96b0a => generated 259 bytes in 22 msecs (HTTP/1.1 200) 8 headers in 296 bytes (1 switches on core 0)
Nov 10 18:33:29.478698 n-d-810915-2 devstack@placement-api.service[84040]: DEBUG placement.requestlog [req-2e38cb4d-1047-4884-818c-3c17c050947a req-30d1ba59-7ff3-4c26-83ea-5a1c544bbbb1 None None] Starting request: 10.222.0.79 "GET /placement/allocations/cb4568fd-c994-4978-8d20-28b2deb01b84" {{(pid=84040) __call__ /opt/stack/placement/placement/requestlog.py:55}}
Nov 10 18:33:29.532011 n-d-810915-2 devstack@placement-api.service[84040]: INFO placement.requestlog [req-2e38cb4d-1047-4884-818c-3c17c050947a req-30d1ba59-7ff3-4c26-83ea-5a1c544bbbb1 service placement] 10.222.0.79 "GET /placement/allocations/cb4568fd-c994-4978-8d20-28b2deb01b84" status: 200 len: 259 microversion: 1.28
Nov 10 18:33:29.532362 n-d-810915-2 devstack@placement-api.service[84040]: [pid: 84040|app: 0|req: 206/409] 10.222.0.79 () {60 vars in 1377 bytes} [Wed Nov 10 18:33:29 2021] GET /placement/allocations/cb4568fd-c994-4978-8d20-28b2deb01b84 => generated 259 bytes in 54 msecs (HTTP/1.1 200) 8 headers in 296 bytes (1 switches on core 0)
Nov 10 18:33:29.540524 n-d-810915-2 devstack@placement-api.service[84041]: DEBUG placement.requestlog [req-2e38cb4d-1047-4884-818c-3c17c050947a req-4610a96f-467a-4fe2-96f6-ac0c5f8ce691 None None] Starting request: 10.222.0.79 "PUT /placement/allocations/cb4568fd-c994-4978-8d20-28b2deb01b84" {{(pid=84041) __call__ /opt/stack/placement/placement/requestlog.py:55}}
Nov 10 18:33:29.673076 n-d-810915-2 devstack@placement-api.service[84041]: DEBUG placement.handlers.allocation [req-2e38cb4d-1047-4884-818c-3c17c050947a req-4610a96f-467a-4fe2-96f6-ac0c5f8ce691 service placement] Successfully wrote allocations [, , ] {{(pid=84041) _create_allocations /opt/stack/placement/placement/handlers/allocation.py:435}}
Nov 10 18:33:29.673958 n-d-810915-2 devstack@placement-api.service[84041]: INFO placement.requestlog [req-2e38cb4d-1047-4884-818c-3c17c050947a req-4610a96f-467a-4fe2-96f6-ac0c5f8ce691 service placement] 10.222.0.79 "PUT /placement/allocations/cb4568fd-c994-4978-8d20-28b2deb01b84" status: 204 len: 0 microversion: 1.28
Nov 10 18:33:29.674274 n-d-810915-2 devstack@placement-api.service[84041]: [pid: 84041|app: 0|req: 204/410] 10.222.0.79 () {64 vars in 1430 bytes} [Wed Nov 10 18:33:29 2021] PUT /placement/allocations/cb4568fd-c994-4978-8d20-28b2deb01b84 => generated 0 bytes in 134 msecs (HTTP/1.1 204) 5 headers in 199 bytes (1 switches on core 0)
Nov 10 18:33:33.370961 n-d-810915-2 devstack@placement-api.service[84040]: DEBUG placement.requestlog [req-40eac081-095b-43a1-865f-988fbc067c05 req-66e01afa-0535-4410-baef-001fc9baa68f None None] Starting request: 10.222.0.70 "GET /placement/allocation_candidates?limit=1000&resources=DISK_GB%3A1%2CMEMORY_MB%3A1024%2CVCPU%3A1&root_required=%21COMPUTE_STATUS_DISABLED" {{(pid=84040) __call__ /opt/stack/placement/placement/requestlog.py:55}}
Nov 10 18:33:33.403924 n-d-810915-2 devstack@placement-api.service[84040]: DEBUG placement.objects.research_context [req-40eac081-095b-43a1-865f-988fbc067c05 req-66e01afa-0535-4410-baef-001fc9baa68f service placement] getting providers with 1 DISK_GB {{(pid=84040) __init__ /opt/stack/placement/placement/objects/research_context.py:126}}
Nov 10 18:33:33.410144 n-d-810915-2 devstack@placement-api.service[84040]: DEBUG placement.objects.research_context [req-40eac081-095b-43a1-865f-988fbc067c05 req-66e01afa-0535-4410-baef-001fc9baa68f service placement] getting providers with 1024 MEMORY_MB {{(pid=84040) __init__ /opt/stack/placement/placement/objects/research_context.py:126}}
Nov 10 18:33:33.416752 n-d-810915-2 devstack@placement-api.service[84040]: DEBUG placement.objects.research_context [req-40eac081-095b-43a1-865f-988fbc067c05 req-66e01afa-0535-4410-baef-001fc9baa68f service placement] getting providers with 1 VCPU {{(pid=84040) __init__ /opt/stack/placement/placement/objects/research_context.py:126}}
Nov 10 18:33:33.430379 n-d-810915-2 devstack@placement-api.service[84040]: DEBUG placement.objects.research_context [req-40eac081-095b-43a1-865f-988fbc067c05 req-66e01afa-0535-4410-baef-001fc9baa68f service placement] found 2 providers with available 1 DISK_GB {{(pid=84040) get_provider_ids_matching /opt/stack/placement/placement/objects/research_context.py:549}}
Nov 10 18:33:33.431697 n-d-810915-2 devstack@placement-api.service[84040]: DEBUG placement.objects.research_context [req-40eac081-095b-43a1-865f-988fbc067c05 req-66e01afa-0535-4410-baef-001fc9baa68f service placement] found 2 providers with available 1024 MEMORY_MB {{(pid=84040) get_provider_ids_matching /opt/stack/placement/placement/objects/research_context.py:549}}
Nov 10 18:33:33.432000 n-d-810915-2 devstack@placement-api.service[84040]: DEBUG placement.objects.research_context [req-40eac081-095b-43a1-865f-988fbc067c05 req-66e01afa-0535-4410-baef-001fc9baa68f service placement] found 2 providers after filtering by previous result {{(pid=84040) get_provider_ids_matching /opt/stack/placement/placement/objects/research_context.py:580}}
Nov 10 18:33:33.432271 n-d-810915-2 devstack@placement-api.service[84040]: DEBUG placement.objects.research_context [req-40eac081-095b-43a1-865f-988fbc067c05 req-66e01afa-0535-4410-baef-001fc9baa68f service placement] found 2 providers with available 1 VCPU {{(pid=84040) get_provider_ids_matching /opt/stack/placement/placement/objects/research_context.py:549}}
Nov 10 18:33:33.432539 n-d-810915-2 devstack@placement-api.service[84040]: DEBUG placement.objects.research_context [req-40eac081-095b-43a1-865f-988fbc067c05 req-66e01afa-0535-4410-baef-001fc9baa68f service placement] found 2 providers after filtering by previous result {{(pid=84040) get_provider_ids_matching /opt/stack/placement/placement/objects/research_context.py:580}}
Nov 10 18:33:33.460308 n-d-810915-2 devstack@placement-api.service[84040]: DEBUG placement.objects.allocation_candidate [req-40eac081-095b-43a1-865f-988fbc067c05 req-66e01afa-0535-4410-baef-001fc9baa68f service placement] RequestGroup(use_same_provider=False, resources={DISK_GB:1, MEMORY_MB:1024, VCPU:1}, traits=[], aggregates=[]) (suffix '') returned 2 matches {{(pid=84040) _get_by_requests /opt/stack/placement/placement/objects/allocation_candidate.py:145}}
Nov 10 18:33:33.461424 n-d-810915-2 devstack@placement-api.service[84040]: DEBUG placement.objects.allocation_candidate [req-40eac081-095b-43a1-865f-988fbc067c05 req-66e01afa-0535-4410-baef-001fc9baa68f service placement] Merging candidates yields 2 allocation requests and 2 provider summaries {{(pid=84040) _merge_candidates /opt/stack/placement/placement/objects/allocation_candidate.py:783}}
Nov 10 18:33:33.463441 n-d-810915-2 devstack@placement-api.service[84040]: INFO placement.requestlog [req-40eac081-095b-43a1-865f-988fbc067c05 req-66e01afa-0535-4410-baef-001fc9baa68f service placement] 10.222.0.70 "GET /placement/allocation_candidates?limit=1000&resources=DISK_GB%3A1%2CMEMORY_MB%3A1024%2CVCPU%3A1&root_required=%21COMPUTE_STATUS_DISABLED" status: 200 len: 1235 microversion: 1.35
Nov 10 18:33:33.464197 n-d-810915-2 devstack@placement-api.service[84040]: [pid: 84040|app: 0|req: 207/411] 10.222.0.70 () {60 vars in 1506 bytes} [Wed Nov 10 18:33:33 2021] GET /placement/allocation_candidates?limit=1000&resources=DISK_GB%3A1%2CMEMORY_MB%3A1024%2CVCPU%3A1&root_required=%21COMPUTE_STATUS_DISABLED => generated 1235 bytes in 93 msecs (HTTP/1.1 200) 8 headers in 297 bytes (1 switches on core 0)
Nov 10 18:33:33.610100 n-d-810915-2 devstack@placement-api.service[84041]: DEBUG placement.requestlog [req-40eac081-095b-43a1-865f-988fbc067c05 req-70831f87-321d-4f13-8ac2-249427a5bb17 None None] Starting request: 10.222.0.70 "GET /placement/allocations/fffcf4fe-35ac-42f6-b10a-f00cb9192832" {{(pid=84041) __call__ /opt/stack/placement/placement/requestlog.py:55}}
Nov 10 18:33:33.624255 n-d-810915-2 devstack@placement-api.service[84041]: INFO placement.requestlog [req-40eac081-095b-43a1-865f-988fbc067c05 req-70831f87-321d-4f13-8ac2-249427a5bb17 service placement] 10.222.0.70 "GET /placement/allocations/fffcf4fe-35ac-42f6-b10a-f00cb9192832" status: 200 len: 19 microversion: 1.28
Nov 10 18:33:33.625097 n-d-810915-2 devstack@placement-api.service[84041]: [pid: 84041|app: 0|req: 205/412] 10.222.0.70 () {60 vars in 1380 bytes} [Wed Nov 10 18:33:33 2021] GET /placement/allocations/fffcf4fe-35ac-42f6-b10a-f00cb9192832 => generated 19 bytes in 15 msecs (HTTP/1.1 200) 8 headers in 295 bytes (1 switches on core 0)
Nov 10 18:33:33.632027 n-d-810915-2 devstack@placement-api.service[84040]: DEBUG placement.requestlog [req-40eac081-095b-43a1-865f-988fbc067c05 req-3c4122c0-2a81-446e-9b50-ac0c3ca03bdf None None] Starting request: 10.222.0.70 "PUT /placement/allocations/fffcf4fe-35ac-42f6-b10a-f00cb9192832" {{(pid=84040) __call__ /opt/stack/placement/placement/requestlog.py:55}}
Nov 10 18:33:33.770769 n-d-810915-2 devstack@placement-api.service[84040]: DEBUG placement.handlers.allocation [req-40eac081-095b-43a1-865f-988fbc067c05 req-3c4122c0-2a81-446e-9b50-ac0c3ca03bdf service placement] Successfully wrote allocations [, , ] {{(pid=84040) _create_allocations /opt/stack/placement/placement/handlers/allocation.py:435}}
Nov 10 18:33:33.771390 n-d-810915-2 devstack@placement-api.service[84040]: INFO placement.requestlog [req-40eac081-095b-43a1-865f-988fbc067c05 req-3c4122c0-2a81-446e-9b50-ac0c3ca03bdf service placement] 10.222.0.70 "PUT /placement/allocations/fffcf4fe-35ac-42f6-b10a-f00cb9192832" status: 204 len: 0 microversion: 1.35
Nov 10 18:33:33.772157 n-d-810915-2 devstack@placement-api.service[84040]: [pid: 84040|app: 0|req: 208/413] 10.222.0.70 () {64 vars in 1433 bytes} [Wed Nov 10 18:33:33 2021] PUT /placement/allocations/fffcf4fe-35ac-42f6-b10a-f00cb9192832 => generated 0 bytes in 141 msecs (HTTP/1.1 204) 5 headers in 199 bytes (1 switches on core 0)
Nov 10 18:33:34.345090 n-d-810915-2 devstack@placement-api.service[84041]: DEBUG placement.requestlog [req-40eac081-095b-43a1-865f-988fbc067c05 req-54f35b39-87b7-407b-84d8-638f59efad1e None None] Starting request: 10.222.0.79 "GET /placement/allocations/fffcf4fe-35ac-42f6-b10a-f00cb9192832" {{(pid=84041) __call__ /opt/stack/placement/placement/requestlog.py:55}}
Nov 10 18:33:34.369329 n-d-810915-2 devstack@placement-api.service[84041]: INFO placement.requestlog [req-40eac081-095b-43a1-865f-988fbc067c05 req-54f35b39-87b7-407b-84d8-638f59efad1e service placement] 10.222.0.79 "GET /placement/allocations/fffcf4fe-35ac-42f6-b10a-f00cb9192832" status: 200 len: 259 microversion: 1.28
Nov 10 18:33:34.369856 n-d-810915-2 devstack@placement-api.service[84041]: [pid: 84041|app: 0|req: 206/414] 10.222.0.79 () {60 vars in 1377 bytes} [Wed Nov 10 18:33:34 2021] GET /placement/allocations/fffcf4fe-35ac-42f6-b10a-f00cb9192832 => generated 259 bytes in 25 msecs (HTTP/1.1 200) 8 headers in 296 bytes (1 switches on core 0)
Nov 10 18:33:36.349684 n-d-810915-2 devstack@placement-api.service[84040]: DEBUG placement.requestlog [req-0c2506a4-adfb-476c-a674-037a24db162b req-9d61dd88-6047-4665-82f7-1dd6871c5ee2 None None] Starting request: 10.222.0.79 "GET /placement/allocations/e8f8853b-fabe-4943-9a29-abfed7f5fd09" {{(pid=84040) __call__ /opt/stack/placement/placement/requestlog.py:55}}
Nov 10 18:33:36.377467 n-d-810915-2 devstack@placement-api.service[84040]: INFO placement.requestlog [req-0c2506a4-adfb-476c-a674-037a24db162b req-9d61dd88-6047-4665-82f7-1dd6871c5ee2 service placement] 10.222.0.79 "GET /placement/allocations/e8f8853b-fabe-4943-9a29-abfed7f5fd09" status: 200 len: 259 microversion: 1.28
Nov 10 18:33:36.378295 n-d-810915-2 devstack@placement-api.service[84040]: [pid: 84040|app: 0|req: 209/415] 10.222.0.79 () {60 vars in 1377 bytes} [Wed Nov 10 18:33:36 2021] GET /placement/allocations/e8f8853b-fabe-4943-9a29-abfed7f5fd09 => generated 259 bytes in 29 msecs (HTTP/1.1 200) 8 headers in 296 bytes (1 switches on core 0)
Nov 10 18:33:36.387739 n-d-810915-2 devstack@placement-api.service[84041]: DEBUG placement.requestlog [req-0c2506a4-adfb-476c-a674-037a24db162b req-0b0136b6-beb8-488c-9791-b67e11927a55 None None] Starting request: 10.222.0.79 "PUT /placement/allocations/e8f8853b-fabe-4943-9a29-abfed7f5fd09" {{(pid=84041) __call__ /opt/stack/placement/placement/requestlog.py:55}}
Nov 10 18:33:36.460135 n-d-810915-2 devstack@placement-api.service[84041]: DEBUG placement.handlers.allocation [req-0c2506a4-adfb-476c-a674-037a24db162b req-0b0136b6-beb8-488c-9791-b67e11927a55 service placement] Successfully wrote allocations [, , ] {{(pid=84041) _create_allocations /opt/stack/placement/placement/handlers/allocation.py:435}}
Nov 10 18:33:36.461315 n-d-810915-2 devstack@placement-api.service[84041]: INFO placement.requestlog [req-0c2506a4-adfb-476c-a674-037a24db162b req-0b0136b6-beb8-488c-9791-b67e11927a55 service placement] 10.222.0.79 "PUT /placement/allocations/e8f8853b-fabe-4943-9a29-abfed7f5fd09" status: 204 len: 0 microversion: 1.28
Nov 10 18:33:36.462082 n-d-810915-2 devstack@placement-api.service[84041]: [pid: 84041|app: 0|req: 207/416] 10.222.0.79 () {64 vars in 1430 bytes} [Wed Nov 10 18:33:36 2021] PUT /placement/allocations/e8f8853b-fabe-4943-9a29-abfed7f5fd09 => generated 0 bytes in 74 msecs (HTTP/1.1 204) 5 headers in 199 bytes (1 switches on core 0)
Nov 10 18:33:39.306321 n-d-810915-2 devstack@placement-api.service[84040]: DEBUG placement.requestlog [req-b8d7281d-0cd2-4bdf-8623-5f2045e7b6b7 req-da3300c1-3489-41b0-9717-26305fc17509 None None] Starting request: 10.222.0.72 "GET /placement/allocations/481e83b5-d7ff-455e-9edf-f5a9230e632b" {{(pid=84040) __call__ /opt/stack/placement/placement/requestlog.py:55}}
Nov 10 18:33:39.333456 n-d-810915-2 devstack@placement-api.service[84040]: INFO placement.requestlog [req-b8d7281d-0cd2-4bdf-8623-5f2045e7b6b7 req-da3300c1-3489-41b0-9717-26305fc17509 service placement] 10.222.0.72 "GET /placement/allocations/481e83b5-d7ff-455e-9edf-f5a9230e632b" status: 200 len: 259 microversion: 1.28
Nov 10 18:33:39.336323 n-d-810915-2 devstack@placement-api.service[84040]: [pid: 84040|app: 0|req: 210/417] 10.222.0.72 () {60 vars in 1377 bytes} [Wed Nov 10 18:33:39 2021] GET /placement/allocations/481e83b5-d7ff-455e-9edf-f5a9230e632b => generated 259 bytes in 30 msecs (HTTP/1.1 200) 8 headers in 296 bytes (1 switches on core 0)
Nov 10 18:33:39.364690 n-d-810915-2 devstack@placement-api.service[84041]: DEBUG placement.requestlog [req-b8d7281d-0cd2-4bdf-8623-5f2045e7b6b7 req-6e84ee68-beda-4878-b6de-f90c270f5088 None None] Starting request: 10.222.0.72 "PUT /placement/allocations/481e83b5-d7ff-455e-9edf-f5a9230e632b" {{(pid=84041) __call__ /opt/stack/placement/placement/requestlog.py:55}}
Nov 10 18:33:39.475381 n-d-810915-2 devstack@placement-api.service[84041]: DEBUG placement.handlers.allocation [req-b8d7281d-0cd2-4bdf-8623-5f2045e7b6b7 req-6e84ee68-beda-4878-b6de-f90c270f5088 service placement] Successfully wrote allocations [, , ] {{(pid=84041) _create_allocations /opt/stack/placement/placement/handlers/allocation.py:435}}
Nov 10 18:33:39.477349 n-d-810915-2 devstack@placement-api.service[84041]: INFO placement.requestlog [req-b8d7281d-0cd2-4bdf-8623-5f2045e7b6b7 req-6e84ee68-beda-4878-b6de-f90c270f5088 service placement] 10.222.0.72 "PUT /placement/allocations/481e83b5-d7ff-455e-9edf-f5a9230e632b" status: 204 len: 0 microversion: 1.28
Nov 10 18:33:39.478562 n-d-810915-2 devstack@placement-api.service[84041]: [pid: 84041|app: 0|req: 208/418] 10.222.0.72 () {64 vars in 1430 bytes} [Wed Nov 10 18:33:39 2021] PUT /placement/allocations/481e83b5-d7ff-455e-9edf-f5a9230e632b => generated 0 bytes in 114 msecs (HTTP/1.1 204) 5 headers in 199 bytes (1 switches on core 0)
Nov 10 18:33:43.981938 n-d-810915-2 devstack@placement-api.service[84040]: DEBUG placement.requestlog [req-7802021f-67bb-491d-a768-50cce67b479f req-2fe043b4-3a3d-4428-8516-66eb22f3a56d None None] Starting request: 10.222.0.79 "GET /placement/allocations/23d35932-0d15-4689-a36f-671104f54c2b" {{(pid=84040) __call__ /opt/stack/placement/placement/requestlog.py:55}}
Nov 10 18:33:44.020170 n-d-810915-2 devstack@placement-api.service[84040]: INFO placement.requestlog [req-7802021f-67bb-491d-a768-50cce67b479f req-2fe043b4-3a3d-4428-8516-66eb22f3a56d service placement] 10.222.0.79 "GET /placement/allocations/23d35932-0d15-4689-a36f-671104f54c2b" status: 200 len: 258 microversion: 1.28
Nov 10 18:33:44.035343 n-d-810915-2 devstack@placement-api.service[84040]: [pid: 84040|app: 0|req: 211/419] 10.222.0.79 () {60 vars in 1377 bytes} [Wed Nov 10 18:33:43 2021] GET /placement/allocations/23d35932-0d15-4689-a36f-671104f54c2b => generated 258 bytes in 53 msecs (HTTP/1.1 200) 8 headers in 296 bytes (1 switches on core 0)
Nov 10 18:33:44.041123 n-d-810915-2 devstack@placement-api.service[84041]: DEBUG placement.requestlog [req-7802021f-67bb-491d-a768-50cce67b479f req-a2ab3cb8-baeb-4397-b2bf-b899d7e1b3b6 None None] Starting request: 10.222.0.79 "PUT /placement/allocations/23d35932-0d15-4689-a36f-671104f54c2b" {{(pid=84041) __call__ /opt/stack/placement/placement/requestlog.py:55}}
Nov 10 18:33:44.149808 n-d-810915-2 devstack@placement-api.service[84041]: DEBUG placement.handlers.allocation [req-7802021f-67bb-491d-a768-50cce67b479f req-a2ab3cb8-baeb-4397-b2bf-b899d7e1b3b6 service placement] Successfully wrote allocations [, , ] {{(pid=84041) _create_allocations /opt/stack/placement/placement/handlers/allocation.py:435}}
Nov 10 18:33:44.150489 n-d-810915-2 devstack@placement-api.service[84041]: INFO placement.requestlog [req-7802021f-67bb-491d-a768-50cce67b479f req-a2ab3cb8-baeb-4397-b2bf-b899d7e1b3b6 service placement] 10.222.0.79 "PUT /placement/allocations/23d35932-0d15-4689-a36f-671104f54c2b" status: 204 len: 0 microversion: 1.28
Nov 10 18:33:44.151038 n-d-810915-2 devstack@placement-api.service[84041]: [pid: 84041|app: 0|req: 209/420] 10.222.0.79 () {64 vars in 1430 bytes} [Wed Nov 10 18:33:44 2021] PUT /placement/allocations/23d35932-0d15-4689-a36f-671104f54c2b => generated 0 bytes in 110 msecs (HTTP/1.1 204) 5 headers in 199 bytes (1 switches on core 0)
Nov 10 18:33:44.532450 n-d-810915-2 devstack@placement-api.service[84040]: DEBUG placement.requestlog [None req-681034ba-a3e6-475e-b624-ff90fbcfa5e5 None None] Starting request: 10.222.0.70 "GET /placement/" {{(pid=84040) __call__ /opt/stack/placement/placement/requestlog.py:55}}
Nov 10 18:33:44.534153 n-d-810915-2 devstack@placement-api.service[84040]: INFO placement.requestlog [None req-681034ba-a3e6-475e-b624-ff90fbcfa5e5 None None] 10.222.0.70 "GET /placement/" status: 200 len: 136 microversion: 1.0
Nov 10 18:33:44.534916 n-d-810915-2 devstack@placement-api.service[84040]: [pid: 84040|app: 0|req: 212/421] 10.222.0.70 () {54 vars in 916 bytes} [Wed Nov 10 18:33:44 2021] GET /placement => generated 136 bytes in 3 msecs (HTTP/1.1 200) 6 headers in 224 bytes (1 switches on core 0)
Nov 10 18:33:44.543665 n-d-810915-2 devstack@placement-api.service[84041]: DEBUG placement.requestlog [req-3b8e5dfb-5166-4abd-98ac-2b71f60e0bfd req-b83bb421-011a-48c1-8483-428c2464cd95 None None] Starting request: 10.222.0.70 "GET /placement/allocations/3b1b2971-7a22-4fd6-9c54-0cc9b9f96b0a" {{(pid=84041) __call__ /opt/stack/placement/placement/requestlog.py:55}}
Nov 10 18:33:44.756741 n-d-810915-2 devstack@placement-api.service[84041]: INFO placement.requestlog [req-3b8e5dfb-5166-4abd-98ac-2b71f60e0bfd req-b83bb421-011a-48c1-8483-428c2464cd95 service placement] 10.222.0.70 "GET /placement/allocations/3b1b2971-7a22-4fd6-9c54-0cc9b9f96b0a" status: 200 len: 259 microversion: 1.28
Nov 10 18:33:44.758371 n-d-810915-2 devstack@placement-api.service[84041]: [pid: 84041|app: 0|req: 210/422] 10.222.0.70 () {60 vars in 1380 bytes} [Wed Nov 10 18:33:44 2021] GET /placement/allocations/3b1b2971-7a22-4fd6-9c54-0cc9b9f96b0a => generated 259 bytes in 215 msecs (HTTP/1.1 200) 8 headers in 296 bytes (1 switches on core 0)
Nov 10 18:33:44.764507 n-d-810915-2 devstack@placement-api.service[84040]: DEBUG placement.requestlog [req-3b8e5dfb-5166-4abd-98ac-2b71f60e0bfd req-79f5a33a-feb8-4182-9a53-f47ee81a64fb None None] Starting request: 10.222.0.70 "GET /placement/allocations/3b1b2971-7a22-4fd6-9c54-0cc9b9f96b0a" {{(pid=84040) __call__ /opt/stack/placement/placement/requestlog.py:55}}
Nov 10 18:33:44.785361 n-d-810915-2 devstack@placement-api.service[84040]: INFO placement.requestlog [req-3b8e5dfb-5166-4abd-98ac-2b71f60e0bfd req-79f5a33a-feb8-4182-9a53-f47ee81a64fb service placement] 10.222.0.70 "GET /placement/allocations/3b1b2971-7a22-4fd6-9c54-0cc9b9f96b0a" status: 200 len: 259 microversion: 1.28
Nov 10 18:33:44.786423 n-d-810915-2 devstack@placement-api.service[84040]: [pid: 84040|app: 0|req: 213/423] 10.222.0.70 () {60 vars in 1380 bytes} [Wed Nov 10 18:33:44 2021] GET /placement/allocations/3b1b2971-7a22-4fd6-9c54-0cc9b9f96b0a => generated 259 bytes in 22 msecs (HTTP/1.1 200) 8 headers in 296 bytes (1 switches on core 0)
Nov 10 18:33:44.792624 n-d-810915-2 devstack@placement-api.service[84041]: DEBUG placement.requestlog [req-3b8e5dfb-5166-4abd-98ac-2b71f60e0bfd req-2056c51c-e7b0-48d0-99e4-9b21a9395396 None None] Starting request: 10.222.0.70 "GET /placement/allocations/42429a4f-e1a0-4846-be49-84a1fb32e71d" {{(pid=84041) __call__ /opt/stack/placement/placement/requestlog.py:55}}
Nov 10 18:33:44.809398 n-d-810915-2 devstack@placement-api.service[84041]: INFO placement.requestlog [req-3b8e5dfb-5166-4abd-98ac-2b71f60e0bfd req-2056c51c-e7b0-48d0-99e4-9b21a9395396 service placement] 10.222.0.70 "GET /placement/allocations/42429a4f-e1a0-4846-be49-84a1fb32e71d" status: 200 len: 19 microversion: 1.28
