Sep 27 08:33:24.386661 n-d-810909-1 devstack@placement-api.service[95313]: INFO placement.requestlog [req-7c3ce146-e034-407b-983f-d29b09bccc68 req-0f9defb4-c4d4-4940-b67a-411c42d1eec5 service placement] 10.222.0.50 "GET /placement/allocations/ec16df77-5726-4b03-bf4f-5201b1da1a02" status: 200 len: 19 microversion: 1.28
Sep 27 08:33:24.387396 n-d-810909-1 devstack@placement-api.service[95313]: [pid: 95313|app: 0|req: 138/276] 10.222.0.50 () {60 vars in 1381 bytes} [Mon Sep 27 08:33:24 2021] GET /placement/allocations/ec16df77-5726-4b03-bf4f-5201b1da1a02 => generated 19 bytes in 14 msecs (HTTP/1.1 200) 8 headers in 295 bytes (1 switches on core 0)
Sep 27 08:33:24.402268 n-d-810909-1 devstack@placement-api.service[95312]: DEBUG placement.requestlog [req-7c3ce146-e034-407b-983f-d29b09bccc68 req-b4e61ce1-a783-4120-b410-4f96c0e4dde8 None None] Starting request: 10.222.0.50 "PUT /placement/allocations/ec16df77-5726-4b03-bf4f-5201b1da1a02" {{(pid=95312) __call__ /opt/stack/placement/placement/requestlog.py:55}}
Sep 27 08:33:24.510816 n-d-810909-1 devstack@placement-api.service[95312]: DEBUG placement.handlers.allocation [req-7c3ce146-e034-407b-983f-d29b09bccc68 req-b4e61ce1-a783-4120-b410-4f96c0e4dde8 service placement] Successfully wrote allocations [, , ] {{(pid=95312) _update_consumers_and_create_allocations /opt/stack/placement/placement/handlers/allocation.py:462}}
Sep 27 08:33:24.525035 n-d-810909-1 devstack@placement-api.service[95312]: INFO placement.requestlog [req-7c3ce146-e034-407b-983f-d29b09bccc68 req-b4e61ce1-a783-4120-b410-4f96c0e4dde8 service placement] 10.222.0.50 "PUT /placement/allocations/ec16df77-5726-4b03-bf4f-5201b1da1a02" status: 204 len: 0 microversion: 1.36
Sep 27 08:33:24.536911 n-d-810909-1 devstack@placement-api.service[95312]: [pid: 95312|app: 0|req: 139/277] 10.222.0.50 () {64 vars in 1434 bytes} [Mon Sep 27 08:33:24 2021] PUT /placement/allocations/ec16df77-5726-4b03-bf4f-5201b1da1a02 => generated 0 bytes in 123 msecs (HTTP/1.1 204) 5 headers in 199 bytes (1 switches on core 0)
Sep 27 08:33:24.977424 n-d-810909-1 devstack@placement-api.service[95313]: DEBUG placement.requestlog [req-7c3ce146-e034-407b-983f-d29b09bccc68 req-a5966e90-9410-4297-8da7-8b11d9aac73f None None] Starting request: 10.222.0.67 "GET /placement/allocations/ec16df77-5726-4b03-bf4f-5201b1da1a02" {{(pid=95313) __call__ /opt/stack/placement/placement/requestlog.py:55}}
Sep 27 08:33:25.012811 n-d-810909-1 devstack@placement-api.service[95313]: INFO placement.requestlog [req-7c3ce146-e034-407b-983f-d29b09bccc68 req-a5966e90-9410-4297-8da7-8b11d9aac73f service placement] 10.222.0.67 "GET /placement/allocations/ec16df77-5726-4b03-bf4f-5201b1da1a02" status: 200 len: 259 microversion: 1.28
Sep 27 08:33:25.015429 n-d-810909-1 devstack@placement-api.service[95313]: [pid: 95313|app: 0|req: 139/278] 10.222.0.67 () {60 vars in 1378 bytes} [Mon Sep 27 08:33:24 2021] GET /placement/allocations/ec16df77-5726-4b03-bf4f-5201b1da1a02 => generated 259 bytes in 38 msecs (HTTP/1.1 200) 8 headers in 296 bytes (1 switches on core 0)
Sep 27 08:33:26.288933 n-d-810909-1 devstack@placement-api.service[95312]: DEBUG placement.requestlog [None req-beaa7565-1474-4576-982b-679b0b77395f None None] Starting request: 10.222.0.50 "GET /placement/" {{(pid=95312) __call__ /opt/stack/placement/placement/requestlog.py:55}}
Sep 27 08:33:26.290470 n-d-810909-1 devstack@placement-api.service[95312]: INFO placement.requestlog [None req-beaa7565-1474-4576-982b-679b0b77395f None None] 10.222.0.50 "GET /placement/" status: 200 len: 136 microversion: 1.0
Sep 27 08:33:26.291544 n-d-810909-1 devstack@placement-api.service[95312]: [pid: 95312|app: 0|req: 140/279] 10.222.0.50 () {54 vars in 916 bytes} [Mon Sep 27 08:33:26 2021] GET /placement => generated 136 bytes in 3 msecs (HTTP/1.1 200) 6 headers in 224 bytes (1 switches on core 0)
Sep 27 08:33:26.300800 n-d-810909-1 devstack@placement-api.service[95313]: DEBUG placement.requestlog [req-0e22cc07-f641-4ac0-abf7-ffeef6305c4d req-1e51ab1d-9a54-4781-bd8e-fbc65452bfed None None] Starting request: 10.222.0.50 "GET /placement/allocations/884fab62-1c71-4311-aa11-a0603c006c35" {{(pid=95313) __call__ /opt/stack/placement/placement/requestlog.py:55}}
Sep 27 08:33:26.400052 n-d-810909-1 devstack@placement-api.service[95313]: INFO placement.requestlog [req-0e22cc07-f641-4ac0-abf7-ffeef6305c4d req-1e51ab1d-9a54-4781-bd8e-fbc65452bfed service placement] 10.222.0.50 "GET /placement/allocations/884fab62-1c71-4311-aa11-a0603c006c35" status: 200 len: 245 microversion: 1.28
Sep 27 08:33:26.401002 n-d-810909-1 devstack@placement-api.service[95313]: [pid: 95313|app: 0|req: 140/280] 10.222.0.50 () {60 vars in 1381 bytes} [Mon Sep 27 08:33:26 2021] GET /placement/allocations/884fab62-1c71-4311-aa11-a0603c006c35 => generated 245 bytes in 100 msecs (HTTP/1.1 200) 8 headers in 296 bytes (1 switches on core 0)
Sep 27 08:33:26.406731 n-d-810909-1 devstack@placement-api.service[95312]: DEBUG placement.requestlog [req-0e22cc07-f641-4ac0-abf7-ffeef6305c4d req-f7de8550-79dc-48ad-847b-3770de464e4f None None] Starting request: 10.222.0.50 "GET /placement/allocations/884fab62-1c71-4311-aa11-a0603c006c35" {{(pid=95312) __call__ /opt/stack/placement/placement/requestlog.py:55}}
Sep 27 08:33:26.422466 n-d-810909-1 devstack@placement-api.service[95312]: INFO placement.requestlog [req-0e22cc07-f641-4ac0-abf7-ffeef6305c4d req-f7de8550-79dc-48ad-847b-3770de464e4f service placement] 10.222.0.50 "GET /placement/allocations/884fab62-1c71-4311-aa11-a0603c006c35" status: 200 len: 245 microversion: 1.28
Sep 27 08:33:26.423344 n-d-810909-1 devstack@placement-api.service[95312]: [pid: 95312|app: 0|req: 141/281] 10.222.0.50 () {60 vars in 1381 bytes} [Mon Sep 27 08:33:26 2021] GET /placement/allocations/884fab62-1c71-4311-aa11-a0603c006c35 => generated 245 bytes in 17 msecs (HTTP/1.1 200) 8 headers in 296 bytes (1 switches on core 0)
Sep 27 08:33:26.428796 n-d-810909-1 devstack@placement-api.service[95313]: DEBUG placement.requestlog [req-0e22cc07-f641-4ac0-abf7-ffeef6305c4d req-8c5dbe6f-6cc2-486f-8fdd-dbd6be190593 None None] Starting request: 10.222.0.50 "GET /placement/allocations/7d99d845-d313-45f8-955b-3bc0f166e3d3" {{(pid=95313) __call__ /opt/stack/placement/placement/requestlog.py:55}}
Sep 27 08:33:26.446806 n-d-810909-1 devstack@placement-api.service[95313]: INFO placement.requestlog [req-0e22cc07-f641-4ac0-abf7-ffeef6305c4d req-8c5dbe6f-6cc2-486f-8fdd-dbd6be190593 service placement] 10.222.0.50 "GET /placement/allocations/7d99d845-d313-45f8-955b-3bc0f166e3d3" status: 200 len: 19 microversion: 1.28
Sep 27 08:33:26.448120 n-d-810909-1 devstack@placement-api.service[95313]: [pid: 95313|app: 0|req: 141/282] 10.222.0.50 () {60 vars in 1381 bytes} [Mon Sep 27 08:33:26 2021] GET /placement/allocations/7d99d845-d313-45f8-955b-3bc0f166e3d3 => generated 19 bytes in 19 msecs (HTTP/1.1 200) 8 headers in 295 bytes (1 switches on core 0)
Sep 27 08:33:26.453868 n-d-810909-1 devstack@placement-api.service[95312]: DEBUG placement.requestlog [req-0e22cc07-f641-4ac0-abf7-ffeef6305c4d req-a3697514-24ae-45a6-8e3f-784bdf634003 None None] Starting request: 10.222.0.50 "POST /placement/allocations" {{(pid=95312) __call__ /opt/stack/placement/placement/requestlog.py:55}}
Sep 27 08:33:26.555991 n-d-810909-1 devstack@placement-api.service[95312]: DEBUG placement.handlers.allocation [req-0e22cc07-f641-4ac0-abf7-ffeef6305c4d req-a3697514-24ae-45a6-8e3f-784bdf634003 service placement] Successfully wrote allocations [, , , ] {{(pid=95312) _update_consumers_and_create_allocations /opt/stack/placement/placement/handlers/allocation.py:572}}
Sep 27 08:33:26.570813 n-d-810909-1 devstack@placement-api.service[95312]: INFO placement.requestlog [req-0e22cc07-f641-4ac0-abf7-ffeef6305c4d req-a3697514-24ae-45a6-8e3f-784bdf634003 service placement] 10.222.0.50 "POST /placement/allocations" status: 204 len: 0 microversion: 1.28
Sep 27 08:33:26.571816 n-d-810909-1 devstack@placement-api.service[95312]: [pid: 95312|app: 0|req: 142/283] 10.222.0.50 () {64 vars in 1324 bytes} [Mon Sep 27 08:33:26 2021] POST /placement/allocations => generated 0 bytes in 118 msecs (HTTP/1.1 204) 5 headers in 199 bytes (1 switches on core 0)
Sep 27 08:33:26.627996 n-d-810909-1 devstack@placement-api.service[95313]: DEBUG placement.requestlog [req-0e22cc07-f641-4ac0-abf7-ffeef6305c4d req-b1448b62-ea6c-4097-96aa-f04de69ef012 None None] Starting request: 10.222.0.50 "GET /placement/allocations/884fab62-1c71-4311-aa11-a0603c006c35" {{(pid=95313) __call__ /opt/stack/placement/placement/requestlog.py:55}}
Sep 27 08:33:26.644118 n-d-810909-1 devstack@placement-api.service[95313]: INFO placement.requestlog [req-0e22cc07-f641-4ac0-abf7-ffeef6305c4d req-b1448b62-ea6c-4097-96aa-f04de69ef012 service placement] 10.222.0.50 "GET /placement/allocations/884fab62-1c71-4311-aa11-a0603c006c35" status: 200 len: 19 microversion: 1.28
Sep 27 08:33:26.647214 n-d-810909-1 devstack@placement-api.service[95313]: [pid: 95313|app: 0|req: 142/284] 10.222.0.50 () {60 vars in 1381 bytes} [Mon Sep 27 08:33:26 2021] GET /placement/allocations/884fab62-1c71-4311-aa11-a0603c006c35 => generated 19 bytes in 19 msecs (HTTP/1.1 200) 8 headers in 295 bytes (1 switches on core 0)
Sep 27 08:33:26.653168 n-d-810909-1 devstack@placement-api.service[95312]: DEBUG placement.requestlog [req-0e22cc07-f641-4ac0-abf7-ffeef6305c4d req-ab225b40-288f-42a2-b30f-20ef70059d47 None None] Starting request: 10.222.0.50 "PUT /placement/allocations/884fab62-1c71-4311-aa11-a0603c006c35" {{(pid=95312) __call__ /opt/stack/placement/placement/requestlog.py:55}}
Sep 27 08:33:26.736752 n-d-810909-1 devstack@placement-api.service[95312]: DEBUG placement.handlers.allocation [req-0e22cc07-f641-4ac0-abf7-ffeef6305c4d req-ab225b40-288f-42a2-b30f-20ef70059d47 service placement] Successfully wrote allocations [, ] {{(pid=95312) _update_consumers_and_create_allocations /opt/stack/placement/placement/handlers/allocation.py:462}}
Sep 27 08:33:26.757289 n-d-810909-1 devstack@placement-api.service[95312]: INFO placement.requestlog [req-0e22cc07-f641-4ac0-abf7-ffeef6305c4d req-ab225b40-288f-42a2-b30f-20ef70059d47 service placement] 10.222.0.50 "PUT /placement/allocations/884fab62-1c71-4311-aa11-a0603c006c35" status: 204 len: 0 microversion: 1.28
Sep 27 08:33:26.757983 n-d-810909-1 devstack@placement-api.service[95312]: [pid: 95312|app: 0|req: 143/285] 10.222.0.50 () {64 vars in 1434 bytes} [Mon Sep 27 08:33:26 2021] PUT /placement/allocations/884fab62-1c71-4311-aa11-a0603c006c35 => generated 0 bytes in 105 msecs (HTTP/1.1 204) 5 headers in 199 bytes (2 switches on core 0)
Sep 27 08:33:26.927593 n-d-810909-1 devstack@placement-api.service[95313]: DEBUG placement.requestlog [req-0e22cc07-f641-4ac0-abf7-ffeef6305c4d req-59ba3424-2e52-4bd7-a56f-b6fb138b7246 None None] Starting request: 10.222.0.57 "GET /placement/allocations/884fab62-1c71-4311-aa11-a0603c006c35" {{(pid=95313) __call__ /opt/stack/placement/placement/requestlog.py:55}}
Sep 27 08:33:26.960133 n-d-810909-1 devstack@placement-api.service[95313]: INFO placement.requestlog [req-0e22cc07-f641-4ac0-abf7-ffeef6305c4d req-59ba3424-2e52-4bd7-a56f-b6fb138b7246 service placement] 10.222.0.57 "GET /placement/allocations/884fab62-1c71-4311-aa11-a0603c006c35" status: 200 len: 245 microversion: 1.28
Sep 27 08:33:26.960793 n-d-810909-1 devstack@placement-api.service[95313]: [pid: 95313|app: 0|req: 143/286] 10.222.0.57 () {60 vars in 1378 bytes} [Mon Sep 27 08:33:26 2021] GET /placement/allocations/884fab62-1c71-4311-aa11-a0603c006c35 => generated 245 bytes in 34 msecs (HTTP/1.1 200) 8 headers in 296 bytes (2 switches on core 0)
Sep 27 08:33:31.442546 n-d-810909-1 devstack@placement-api.service[95312]: DEBUG placement.requestlog [req-b7461e70-a0d3-4fce-93b8-25b47ecaa262 req-295c7aa0-f829-4c25-b403-73efd89d99ba None None] Starting request: 10.222.0.67 "GET /placement/allocations/fdbb7140-52f4-43ae-98b0-8b95762679ea" {{(pid=95312) __call__ /opt/stack/placement/placement/requestlog.py:55}}
Sep 27 08:33:31.471096 n-d-810909-1 devstack@placement-api.service[95312]: INFO placement.requestlog [req-b7461e70-a0d3-4fce-93b8-25b47ecaa262 req-295c7aa0-f829-4c25-b403-73efd89d99ba service placement] 10.222.0.67 "GET /placement/allocations/fdbb7140-52f4-43ae-98b0-8b95762679ea" status: 200 len: 258 microversion: 1.28
Sep 27 08:33:31.471914 n-d-810909-1 devstack@placement-api.service[95312]: [pid: 95312|app: 0|req: 144/287] 10.222.0.67 () {60 vars in 1378 bytes} [Mon Sep 27 08:33:31 2021] GET /placement/allocations/fdbb7140-52f4-43ae-98b0-8b95762679ea => generated 258 bytes in 29 msecs (HTTP/1.1 200) 8 headers in 296 bytes (1 switches on core 0)
Sep 27 08:33:37.826676 n-d-810909-1 devstack@placement-api.service[95313]: DEBUG placement.requestlog [req-fff272ac-eeda-42fa-872c-356b43692c05 req-c25a02d2-1a72-46c4-820f-856ff6e78f67 None None] Starting request: 10.222.0.57 "GET /placement/allocations/f03ed832-e270-4f95-bdec-930534089a58" {{(pid=95313) __call__ /opt/stack/placement/placement/requestlog.py:55}}
Sep 27 08:33:37.850763 n-d-810909-1 devstack@placement-api.service[95313]: INFO placement.requestlog [req-fff272ac-eeda-42fa-872c-356b43692c05 req-c25a02d2-1a72-46c4-820f-856ff6e78f67 service placement] 10.222.0.57 "GET /placement/allocations/f03ed832-e270-4f95-bdec-930534089a58" status: 200 len: 259 microversion: 1.28
Sep 27 08:33:37.851278 n-d-810909-1 devstack@placement-api.service[95313]: [pid: 95313|app: 0|req: 144/288] 10.222.0.57 () {60 vars in 1378 bytes} [Mon Sep 27 08:33:37 2021] GET /placement/allocations/f03ed832-e270-4f95-bdec-930534089a58 => generated 259 bytes in 25 msecs (HTTP/1.1 200) 8 headers in 296 bytes (1 switches on core 0)
Sep 27 08:33:37.869473 n-d-810909-1 devstack@placement-api.service[95312]: DEBUG placement.requestlog [req-fff272ac-eeda-42fa-872c-356b43692c05 req-042608ca-1628-4805-80bf-e1e4c4062041 None None] Starting request: 10.222.0.57 "GET /placement/allocations/f03ed832-e270-4f95-bdec-930534089a58" {{(pid=95312) __call__ /opt/stack/placement/placement/requestlog.py:55}}
Sep 27 08:33:37.885413 n-d-810909-1 devstack@placement-api.service[95312]: INFO placement.requestlog [req-fff272ac-eeda-42fa-872c-356b43692c05 req-042608ca-1628-4805-80bf-e1e4c4062041 service placement] 10.222.0.57 "GET /placement/allocations/f03ed832-e270-4f95-bdec-930534089a58" status: 200 len: 259 microversion: 1.28
Sep 27 08:33:37.886360 n-d-810909-1 devstack@placement-api.service[95312]: [pid: 95312|app: 0|req: 145/289] 10.222.0.57 () {60 vars in 1378 bytes} [Mon Sep 27 08:33:37 2021] GET /placement/allocations/f03ed832-e270-4f95-bdec-930534089a58 => generated 259 bytes in 18 msecs (HTTP/1.1 200) 8 headers in 296 bytes (1 switches on core 0)
Sep 27 08:33:37.896230 n-d-810909-1 devstack@placement-api.service[95313]: DEBUG placement.requestlog [req-fff272ac-eeda-42fa-872c-356b43692c05 req-a14ab97c-9187-4c6d-9397-46e51f09d027 None None] Starting request: 10.222.0.57 "GET /placement/allocations/fdbb7140-52f4-43ae-98b0-8b95762679ea" {{(pid=95313) __call__ /opt/stack/placement/placement/requestlog.py:55}}
Sep 27 08:33:37.915966 n-d-810909-1 devstack@placement-api.service[95313]: INFO placement.requestlog [req-fff272ac-eeda-42fa-872c-356b43692c05 req-a14ab97c-9187-4c6d-9397-46e51f09d027 service placement] 10.222.0.57 "GET /placement/allocations/fdbb7140-52f4-43ae-98b0-8b95762679ea" status: 200 len: 258 microversion: 1.28
Sep 27 08:33:37.916723 n-d-810909-1 devstack@placement-api.service[95313]: [pid: 95313|app: 0|req: 145/290] 10.222.0.57 () {60 vars in 1378 bytes} [Mon Sep 27 08:33:37 2021] GET /placement/allocations/fdbb7140-52f4-43ae-98b0-8b95762679ea => generated 258 bytes in 21 msecs (HTTP/1.1 200) 8 headers in 296 bytes (1 switches on core 0)
Sep 27 08:33:37.928466 n-d-810909-1 devstack@placement-api.service[95312]: DEBUG placement.requestlog [req-fff272ac-eeda-42fa-872c-356b43692c05 req-77b6fbd4-b0d0-442e-beba-1e9be42f630e None None] Starting request: 10.222.0.57 "POST /placement/allocations" {{(pid=95312) __call__ /opt/stack/placement/placement/requestlog.py:55}}
Sep 27 08:33:38.003622 n-d-810909-1 devstack@placement-api.service[95312]: DEBUG placement.handlers.allocation [req-fff272ac-eeda-42fa-872c-356b43692c05 req-77b6fbd4-b0d0-442e-beba-1e9be42f630e service placement] Successfully wrote allocations [, , , , , ] {{(pid=95312) _update_consumers_and_create_allocations /opt/stack/placement/placement/handlers/allocation.py:572}}
Sep 27 08:33:38.009142 n-d-810909-1 devstack@placement-api.service[95312]: INFO placement.requestlog [req-fff272ac-eeda-42fa-872c-356b43692c05 req-77b6fbd4-b0d0-442e-beba-1e9be42f630e service placement] 10.222.0.57 "POST /placement/allocations" status: 204 len: 0 microversion: 1.28
Sep 27 08:33:38.009401 n-d-810909-1 devstack@placement-api.service[95312]: [pid: 95312|app: 0|req: 146/291] 10.222.0.57 () {64 vars in 1321 bytes} [Mon Sep 27 08:33:37 2021] POST /placement/allocations => generated 0 bytes in 81 msecs (HTTP/1.1 204) 5 headers in 199 bytes (1 switches on core 0)
Sep 27 08:33:43.376820 n-d-810909-1 devstack@placement-api.service[95313]: DEBUG placement.requestlog [req-c5234812-826f-4f7f-94b5-6a6b12ff7905 req-ed52ef11-599e-4068-887c-2979590b722a None None] Starting request: 10.222.0.67 "DELETE /placement/allocations/2835d63b-d1f5-40c2-b7e3-cc059639c0b5" {{(pid=95313) __call__ /opt/stack/placement/placement/requestlog.py:55}}
Sep 27 08:33:43.416376 n-d-810909-1 devstack@placement-api.service[95313]: DEBUG placement.handlers.allocation [req-c5234812-826f-4f7f-94b5-6a6b12ff7905 req-ed52ef11-599e-4068-887c-2979590b722a service placement] Successfully deleted allocations [, , ] {{(pid=95313) delete_allocations /opt/stack/placement/placement/handlers/allocation.py:627}}
Sep 27 08:33:43.417411 n-d-810909-1 devstack@placement-api.service[95313]: INFO placement.requestlog [req-c5234812-826f-4f7f-94b5-6a6b12ff7905 req-ed52ef11-599e-4068-887c-2979590b722a service placement] 10.222.0.67 "DELETE /placement/allocations/2835d63b-d1f5-40c2-b7e3-cc059639c0b5" status: 204 len: 0 microversion: 1.0
Sep 27 08:33:43.417833 n-d-810909-1 devstack@placement-api.service[95313]: [pid: 95313|app: 0|req: 146/292] 10.222.0.67 () {60 vars in 1356 bytes} [Mon Sep 27 08:33:43 2021] DELETE /placement/allocations/2835d63b-d1f5-40c2-b7e3-cc059639c0b5 => generated 0 bytes in 41 msecs (HTTP/1.1 204) 5 headers in 198 bytes (2 switches on core 0)
Sep 27 08:33:44.299692 n-d-810909-1 devstack@placement-api.service[95312]: DEBUG placement.requestlog [req-ab54dc29-cb96-4c79-b318-7d381022831d req-72d7da58-5a33-4f98-9139-f5b430338f3d None None] Starting request: 10.222.0.50 "GET /placement/allocation_candidates?limit=1000&resources=DISK_GB%3A1%2CMEMORY_MB%3A1024%2CVCPU%3A1&root_required=%21COMPUTE_STATUS_DISABLED" {{(pid=95312) __call__ /opt/stack/placement/placement/requestlog.py:55}}
Sep 27 08:33:44.339221 n-d-810909-1 devstack@placement-api.service[95312]: DEBUG placement.objects.research_context [req-ab54dc29-cb96-4c79-b318-7d381022831d req-72d7da58-5a33-4f98-9139-f5b430338f3d service placement] getting providers with 1 DISK_GB {{(pid=95312) __init__ /opt/stack/placement/placement/objects/research_context.py:126}}
Sep 27 08:33:44.345665 n-d-810909-1 devstack@placement-api.service[95312]: DEBUG placement.objects.research_context [req-ab54dc29-cb96-4c79-b318-7d381022831d req-72d7da58-5a33-4f98-9139-f5b430338f3d service placement] getting providers with 1024 MEMORY_MB {{(pid=95312) __init__ /opt/stack/placement/placement/objects/research_context.py:126}}
Sep 27 08:33:44.352635 n-d-810909-1 devstack@placement-api.service[95312]: DEBUG placement.objects.research_context [req-ab54dc29-cb96-4c79-b318-7d381022831d req-72d7da58-5a33-4f98-9139-f5b430338f3d service placement] getting providers with 1 VCPU {{(pid=95312) __init__ /opt/stack/placement/placement/objects/research_context.py:126}}
Sep 27 08:33:44.367106 n-d-810909-1 devstack@placement-api.service[95312]: DEBUG placement.objects.research_context [req-ab54dc29-cb96-4c79-b318-7d381022831d req-72d7da58-5a33-4f98-9139-f5b430338f3d service placement] found 2 providers with available 1 DISK_GB {{(pid=95312) get_provider_ids_matching /opt/stack/placement/placement/objects/research_context.py:549}}
Sep 27 08:33:44.367482 n-d-810909-1 devstack@placement-api.service[95312]: DEBUG placement.objects.research_context [req-ab54dc29-cb96-4c79-b318-7d381022831d req-72d7da58-5a33-4f98-9139-f5b430338f3d service placement] found 2 providers with available 1024 MEMORY_MB {{(pid=95312) get_provider_ids_matching /opt/stack/placement/placement/objects/research_context.py:549}}
Sep 27 08:33:44.367932 n-d-810909-1 devstack@placement-api.service[95312]: DEBUG placement.objects.research_context [req-ab54dc29-cb96-4c79-b318-7d381022831d req-72d7da58-5a33-4f98-9139-f5b430338f3d service placement] found 2 providers after filtering by previous result {{(pid=95312) get_provider_ids_matching /opt/stack/placement/placement/objects/research_context.py:580}}
Sep 27 08:33:44.368315 n-d-810909-1 devstack@placement-api.service[95312]: DEBUG placement.objects.research_context [req-ab54dc29-cb96-4c79-b318-7d381022831d req-72d7da58-5a33-4f98-9139-f5b430338f3d service placement] found 2 providers with available 1 VCPU {{(pid=95312) get_provider_ids_matching /opt/stack/placement/placement/objects/research_context.py:549}}
Sep 27 08:33:44.368786 n-d-810909-1 devstack@placement-api.service[95312]: DEBUG placement.objects.research_context [req-ab54dc29-cb96-4c79-b318-7d381022831d req-72d7da58-5a33-4f98-9139-f5b430338f3d service placement] found 2 providers after filtering by previous result {{(pid=95312) get_provider_ids_matching /opt/stack/placement/placement/objects/research_context.py:580}}
Sep 27 08:33:44.390412 n-d-810909-1 devstack@placement-api.service[95312]: DEBUG placement.objects.allocation_candidate [req-ab54dc29-cb96-4c79-b318-7d381022831d req-72d7da58-5a33-4f98-9139-f5b430338f3d service placement] RequestGroup(use_same_provider=False, resources={DISK_GB:1, MEMORY_MB:1024, VCPU:1}, traits=[], aggregates=[]) (suffix '') returned 2 matches {{(pid=95312) _get_by_requests /opt/stack/placement/placement/objects/allocation_candidate.py:145}}
Sep 27 08:33:44.391055 n-d-810909-1 devstack@placement-api.service[95312]: DEBUG placement.objects.allocation_candidate [req-ab54dc29-cb96-4c79-b318-7d381022831d req-72d7da58-5a33-4f98-9139-f5b430338f3d service placement] Merging candidates yields 2 allocation requests and 2 provider summaries {{(pid=95312) _merge_candidates /opt/stack/placement/placement/objects/allocation_candidate.py:783}}
Sep 27 08:33:44.393299 n-d-810909-1 devstack@placement-api.service[95312]: INFO placement.requestlog [req-ab54dc29-cb96-4c79-b318-7d381022831d req-72d7da58-5a33-4f98-9139-f5b430338f3d service placement] 10.222.0.50 "GET /placement/allocation_candidates?limit=1000&resources=DISK_GB%3A1%2CMEMORY_MB%3A1024%2CVCPU%3A1&root_required=%21COMPUTE_STATUS_DISABLED" status: 200 len: 1309 microversion: 1.36
Sep 27 08:33:44.394060 n-d-810909-1 devstack@placement-api.service[95312]: [pid: 95312|app: 0|req: 147/293] 10.222.0.50 () {60 vars in 1507 bytes} [Mon Sep 27 08:33:44 2021] GET /placement/allocation_candidates?limit=1000&resources=DISK_GB%3A1%2CMEMORY_MB%3A1024%2CVCPU%3A1&root_required=%21COMPUTE_STATUS_DISABLED => generated 1309 bytes in 94 msecs (HTTP/1.1 200) 8 headers in 297 bytes (1 switches on core 0)
Sep 27 08:33:44.485880 n-d-810909-1 devstack@placement-api.service[95313]: DEBUG placement.requestlog [req-ab54dc29-cb96-4c79-b318-7d381022831d req-6772a2cb-d627-4203-91d6-50198234e00e None None] Starting request: 10.222.0.50 "GET /placement/allocations/ba385cd3-c27b-4c8e-897c-17c39f505cf4" {{(pid=95313) __call__ /opt/stack/placement/placement/requestlog.py:55}}
Sep 27 08:33:44.501092 n-d-810909-1 devstack@placement-api.service[95313]: INFO placement.requestlog [req-ab54dc29-cb96-4c79-b318-7d381022831d req-6772a2cb-d627-4203-91d6-50198234e00e service placement] 10.222.0.50 "GET /placement/allocations/ba385cd3-c27b-4c8e-897c-17c39f505cf4" status: 200 len: 19 microversion: 1.28
Sep 27 08:33:44.501334 n-d-810909-1 devstack@placement-api.service[95313]: [pid: 95313|app: 0|req: 147/294] 10.222.0.50 () {60 vars in 1381 bytes} [Mon Sep 27 08:33:44 2021] GET /placement/allocations/ba385cd3-c27b-4c8e-897c-17c39f505cf4 => generated 19 bytes in 16 msecs (HTTP/1.1 200) 8 headers in 295 bytes (1 switches on core 0)
Sep 27 08:33:44.516768 n-d-810909-1 devstack@placement-api.service[95312]: DEBUG placement.requestlog [req-ab54dc29-cb96-4c79-b318-7d381022831d req-12d4f2f2-581c-4e5c-b194-6e0f2e4e42a9 None None] Starting request: 10.222.0.50 "PUT /placement/allocations/ba385cd3-c27b-4c8e-897c-17c39f505cf4" {{(pid=95312) __call__ /opt/stack/placement/placement/requestlog.py:55}}
Sep 27 08:33:44.573511 n-d-810909-1 devstack@placement-api.service[95313]: DEBUG placement.requestlog [req-22b74aeb-6a59-4d40-8433-a0ee4016a454 req-ab278dde-b9aa-44ac-a9c0-75cba71a0cc9 None None] Starting request: 10.222.0.67 "DELETE /placement/allocations/ec16df77-5726-4b03-bf4f-5201b1da1a02" {{(pid=95313) __call__ /opt/stack/placement/placement/requestlog.py:55}}
Sep 27 08:33:44.588590 n-d-810909-1 devstack@placement-api.service[95312]: DEBUG placement.handlers.allocation [req-ab54dc29-cb96-4c79-b318-7d381022831d req-12d4f2f2-581c-4e5c-b194-6e0f2e4e42a9 service placement] Successfully wrote allocations [, , ] {{(pid=95312) _update_consumers_and_create_allocations /opt/stack/placement/placement/handlers/allocation.py:462}}
Sep 27 08:33:44.594988 n-d-810909-1 devstack@placement-api.service[95312]: INFO placement.requestlog [req-ab54dc29-cb96-4c79-b318-7d381022831d req-12d4f2f2-581c-4e5c-b194-6e0f2e4e42a9 service placement] 10.222.0.50 "PUT /placement/allocations/ba385cd3-c27b-4c8e-897c-17c39f505cf4" status: 204 len: 0 microversion: 1.36
Sep 27 08:33:44.595908 n-d-810909-1 devstack@placement-api.service[95312]: [pid: 95312|app: 0|req: 148/295] 10.222.0.50 () {64 vars in 1434 bytes} [Mon Sep 27 08:33:44 2021] PUT /placement/allocations/ba385cd3-c27b-4c8e-897c-17c39f505cf4 => generated 0 bytes in 79 msecs (HTTP/1.1 204) 5 headers in 199 bytes (2 switches on core 0)
Sep 27 08:33:44.614322 n-d-810909-1 devstack@placement-api.service[95313]: DEBUG placement.handlers.allocation [req-22b74aeb-6a59-4d40-8433-a0ee4016a454 req-ab278dde-b9aa-44ac-a9c0-75cba71a0cc9 service placement] Successfully deleted allocations [, , ] {{(pid=95313) delete_allocations /opt/stack/placement/placement/handlers/allocation.py:627}}
Sep 27 08:33:44.615070 n-d-810909-1 devstack@placement-api.service[95313]: INFO placement.requestlog [req-22b74aeb-6a59-4d40-8433-a0ee4016a454 req-ab278dde-b9aa-44ac-a9c0-75cba71a0cc9 service placement] 10.222.0.67 "DELETE /placement/allocations/ec16df77-5726-4b03-bf4f-5201b1da1a02" status: 204 len: 0 microversion: 1.0
Sep 27 08:33:44.616115 n-d-810909-1 devstack@placement-api.service[95313]: [pid: 95313|app: 0|req: 148/296] 10.222.0.67 () {60 vars in 1356 bytes} [Mon Sep 27 08:33:44 2021] DELETE /placement/allocations/ec16df77-5726-4b03-bf4f-5201b1da1a02 => generated 0 bytes in 43 msecs (HTTP/1.1 204) 5 headers in 198 bytes (2 switches on core 0)
Sep 27 08:33:44.991885 n-d-810909-1 devstack@placement-api.service[95312]: DEBUG placement.requestlog [req-ab54dc29-cb96-4c79-b318-7d381022831d req-b82e28c9-fce7-4db2-90ef-2bbc71133a6b None None] Starting request: 10.222.0.67 "GET /placement/allocations/ba385cd3-c27b-4c8e-897c-17c39f505cf4" {{(pid=95312) __call__ /opt/stack/placement/placement/requestlog.py:55}}
Sep 27 08:33:45.025713 n-d-810909-1 devstack@placement-api.service[95312]: INFO placement.requestlog [req-ab54dc29-cb96-4c79-b318-7d381022831d req-b82e28c9-fce7-4db2-90ef-2bbc71133a6b service placement] 10.222.0.67 "GET /placement/allocations/ba385cd3-c27b-4c8e-897c-17c39f505cf4" status: 200 len: 259 microversion: 1.28
Sep 27 08:33:45.026444 n-d-810909-1 devstack@placement-api.service[95312]: [pid: 95312|app: 0|req: 149/297] 10.222.0.67 () {60 vars in 1378 bytes} [Mon Sep 27 08:33:44 2021] GET /placement/allocations/ba385cd3-c27b-4c8e-897c-17c39f505cf4 => generated 259 bytes in 35 msecs (HTTP/1.1 200) 8 headers in 296 bytes (1 switches on core 0)
Sep 27 08:33:46.234554 n-d-810909-1 devstack@placement-api.service[95313]: DEBUG placement.requestlog [req-64459ad9-4151-4cdf-a4e7-556fe2eb19fc req-b57fd55f-cf13-484f-846f-8a91603d241b None None] Starting request: 10.222.0.57 "DELETE /placement/allocations/d46c1a62-7d47-44ad-acbf-2522ce7d06c1" {{(pid=95313) __call__ /opt/stack/placement/placement/requestlog.py:55}}
Sep 27 08:33:46.274409 n-d-810909-1 devstack@placement-api.service[95313]: DEBUG placement.handlers.allocation [req-64459ad9-4151-4cdf-a4e7-556fe2eb19fc req-b57fd55f-cf13-484f-846f-8a91603d241b service placement] Successfully deleted allocations [, , ] {{(pid=95313) delete_allocations /opt/stack/placement/placement/handlers/allocation.py:627}}
Sep 27 08:33:46.275150 n-d-810909-1 devstack@placement-api.service[95313]: INFO placement.requestlog [req-64459ad9-4151-4cdf-a4e7-556fe2eb19fc req-b57fd55f-cf13-484f-846f-8a91603d241b service placement] 10.222.0.57 "DELETE /placement/allocations/d46c1a62-7d47-44ad-acbf-2522ce7d06c1" status: 204 len: 0 microversion: 1.0
Sep 27 08:33:46.275532 n-d-810909-1 devstack@placement-api.service[95313]: [pid: 95313|app: 0|req: 149/298] 10.222.0.57 () {60 vars in 1356 bytes} [Mon Sep 27 08:33:46 2021] DELETE /placement/allocations/d46c1a62-7d47-44ad-acbf-2522ce7d06c1 => generated 0 bytes in 42 msecs (HTTP/1.1 204) 5 headers in 198 bytes (1 switches on core 0)
Sep 27 08:33:49.344846 n-d-810909-1 devstack@placement-api.service[95312]: DEBUG placement.requestlog [req-ac0202b4-3469-4a9f-a555-ffe67ffdda1b req-caafd0bd-228b-472b-813b-78a98939d89f None None] Starting request: 10.222.0.50 "GET /placement/allocation_candidates?limit=1000&resources=DISK_GB%3A1%2CMEMORY_MB%3A1024%2CVCPU%3A1&root_required=%21COMPUTE_STATUS_DISABLED" {{(pid=95312) __call__ /opt/stack/placement/placement/requestlog.py:55}}
Sep 27 08:33:49.420439 n-d-810909-1 devstack@placement-api.service[95312]: DEBUG placement.objects.research_context [req-ac0202b4-3469-4a9f-a555-ffe67ffdda1b req-caafd0bd-228b-472b-813b-78a98939d89f service placement] getting providers with 1 DISK_GB {{(pid=95312) __init__ /opt/stack/placement/placement/objects/research_context.py:126}}
Sep 27 08:33:49.427766 n-d-810909-1 devstack@placement-api.service[95312]: DEBUG placement.objects.research_context [req-ac0202b4-3469-4a9f-a555-ffe67ffdda1b req-caafd0bd-228b-472b-813b-78a98939d89f service placement] getting providers with 1024 MEMORY_MB {{(pid=95312) __init__ /opt/stack/placement/placement/objects/research_context.py:126}}
Sep 27 08:33:49.439335 n-d-810909-1 devstack@placement-api.service[95312]: DEBUG placement.objects.research_context [req-ac0202b4-3469-4a9f-a555-ffe67ffdda1b req-caafd0bd-228b-472b-813b-78a98939d89f service placement] getting providers with 1 VCPU {{(pid=95312) __init__ /opt/stack/placement/placement/objects/research_context.py:126}}
Sep 27 08:33:49.446026 n-d-810909-1 devstack@placement-api.service[95312]: DEBUG placement.objects.research_context [req-ac0202b4-3469-4a9f-a555-ffe67ffdda1b req-caafd0bd-228b-472b-813b-78a98939d89f service placement] found 2 providers with available 1 DISK_GB {{(pid=95312) get_provider_ids_matching /opt/stack/placement/placement/objects/research_context.py:549}}
Sep 27 08:33:49.446552 n-d-810909-1 devstack@placement-api.service[95312]: DEBUG placement.objects.research_context [req-ac0202b4-3469-4a9f-a555-ffe67ffdda1b req-caafd0bd-228b-472b-813b-78a98939d89f service placement] found 2 providers with available 1024 MEMORY_MB {{(pid=95312) get_provider_ids_matching /opt/stack/placement/placement/objects/research_context.py:549}}
Sep 27 08:33:49.447050 n-d-810909-1 devstack@placement-api.service[95312]: DEBUG placement.objects.research_context [req-ac0202b4-3469-4a9f-a555-ffe67ffdda1b req-caafd0bd-228b-472b-813b-78a98939d89f service placement] found 2 providers after filtering by previous result {{(pid=95312) get_provider_ids_matching /opt/stack/placement/placement/objects/research_context.py:580}}
Sep 27 08:33:49.447623 n-d-810909-1 devstack@placement-api.service[95312]: DEBUG placement.objects.research_context [req-ac0202b4-3469-4a9f-a555-ffe67ffdda1b req-caafd0bd-228b-472b-813b-78a98939d89f service placement] found 2 providers with available 1 VCPU {{(pid=95312) get_provider_ids_matching /opt/stack/placement/placement/objects/research_context.py:549}}
Sep 27 08:33:49.448034 n-d-810909-1 devstack@placement-api.service[95312]: DEBUG placement.objects.research_context [req-ac0202b4-3469-4a9f-a555-ffe67ffdda1b req-caafd0bd-228b-472b-813b-78a98939d89f service placement] found 2 providers after filtering by previous result {{(pid=95312) get_provider_ids_matching /opt/stack/placement/placement/objects/research_context.py:580}}
Sep 27 08:33:49.472216 n-d-810909-1 devstack@placement-api.service[95312]: DEBUG placement.objects.allocation_candidate [req-ac0202b4-3469-4a9f-a555-ffe67ffdda1b req-caafd0bd-228b-472b-813b-78a98939d89f service placement] RequestGroup(use_same_provider=False, resources={DISK_GB:1, MEMORY_MB:1024, VCPU:1}, traits=[], aggregates=[]) (suffix '') returned 2 matches {{(pid=95312) _get_by_requests /opt/stack/placement/placement/objects/allocation_candidate.py:145}}
Sep 27 08:33:49.473591 n-d-810909-1 devstack@placement-api.service[95312]: DEBUG placement.objects.allocation_candidate [req-ac0202b4-3469-4a9f-a555-ffe67ffdda1b req-caafd0bd-228b-472b-813b-78a98939d89f service placement] Merging candidates yields 2 allocation requests and 2 provider summaries {{(pid=95312) _merge_candidates /opt/stack/placement/placement/objects/allocation_candidate.py:783}}
Sep 27 08:33:49.480551 n-d-810909-1 devstack@placement-api.service[95312]: INFO placement.requestlog [req-ac0202b4-3469-4a9f-a555-ffe67ffdda1b req-caafd0bd-228b-472b-813b-78a98939d89f service placement] 10.222.0.50 "GET /placement/allocation_candidates?limit=1000&resources=DISK_GB%3A1%2CMEMORY_MB%3A1024%2CVCPU%3A1&root_required=%21COMPUTE_STATUS_DISABLED" status: 200 len: 1309 microversion: 1.36
Sep 27 08:33:49.482039 n-d-810909-1 devstack@placement-api.service[95312]: [pid: 95312|app: 0|req: 150/299] 10.222.0.50 () {60 vars in 1507 bytes} [Mon Sep 27 08:33:49 2021] GET /placement/allocation_candidates?limit=1000&resources=DISK_GB%3A1%2CMEMORY_MB%3A1024%2CVCPU%3A1&root_required=%21COMPUTE_STATUS_DISABLED => generated 1309 bytes in 136 msecs (HTTP/1.1 200) 8 headers in 297 bytes (1 switches on core 0)
Sep 27 08:33:49.569391 n-d-810909-1 devstack@placement-api.service[95313]: DEBUG placement.requestlog [req-ac0202b4-3469-4a9f-a555-ffe67ffdda1b req-9bb9187b-ff65-4faa-b147-165876e4ca26 None None] Starting request: 10.222.0.50 "GET /placement/allocations/2473c2fa-e9e5-4c1d-ba34-67c204dbd8a0" {{(pid=95313) __call__ /opt/stack/placement/placement/requestlog.py:55}}
Sep 27 08:33:49.591004 n-d-810909-1 devstack@placement-api.service[95313]: INFO placement.requestlog [req-ac0202b4-3469-4a9f-a555-ffe67ffdda1b req-9bb9187b-ff65-4faa-b147-165876e4ca26 service placement] 10.222.0.50 "GET /placement/allocations/2473c2fa-e9e5-4c1d-ba34-67c204dbd8a0" status: 200 len: 19 microversion: 1.28
Sep 27 08:33:49.594240 n-d-810909-1 devstack@placement-api.service[95313]: [pid: 95313|app: 0|req: 150/300] 10.222.0.50 () {60 vars in 1381 bytes} [Mon Sep 27 08:33:49 2021] GET /placement/allocations/2473c2fa-e9e5-4c1d-ba34-67c204dbd8a0 => generated 19 bytes in 25 msecs (HTTP/1.1 200) 8 headers in 295 bytes (1 switches on core 0)
Sep 27 08:33:49.599472 n-d-810909-1 devstack@placement-api.service[95312]: DEBUG placement.requestlog [req-ac0202b4-3469-4a9f-a555-ffe67ffdda1b req-a5549f5d-2dfa-43d4-8b59-92bad584ccfb None None] Starting request: 10.222.0.50 "PUT /placement/allocations/2473c2fa-e9e5-4c1d-ba34-67c204dbd8a0" {{(pid=95312) __call__ /opt/stack/placement/placement/requestlog.py:55}}
Sep 27 08:33:49.716416 n-d-810909-1 devstack@placement-api.service[95312]: DEBUG placement.handlers.allocation [req-ac0202b4-3469-4a9f-a555-ffe67ffdda1b req-a5549f5d-2dfa-43d4-8b59-92bad584ccfb service placement] Successfully wrote allocations [, , ] {{(pid=95312) _update_consumers_and_create_allocations /opt/stack/placement/placement/handlers/allocation.py:462}}
Sep 27 08:33:49.723173 n-d-810909-1 devstack@placement-api.service[95312]: INFO placement.requestlog [req-ac0202b4-3469-4a9f-a555-ffe67ffdda1b req-a5549f5d-2dfa-43d4-8b59-92bad584ccfb service placement] 10.222.0.50 "PUT /placement/allocations/2473c2fa-e9e5-4c1d-ba34-67c204dbd8a0" status: 204 len: 0 microversion: 1.36
Sep 27 08:33:49.724055 n-d-810909-1 devstack@placement-api.service[95312]: [pid: 95312|app: 0|req: 151/301] 10.222.0.50 () {64 vars in 1434 bytes} [Mon Sep 27 08:33:49 2021] PUT /placement/allocations/2473c2fa-e9e5-4c1d-ba34-67c204dbd8a0 => generated 0 bytes in 125 msecs (HTTP/1.1 204) 5 headers in 199 bytes (1 switches on core 0)
Sep 27 08:33:49.730136 n-d-810909-1 devstack@placement-api.service[95313]: DEBUG placement.requestlog [req-051acecd-69c4-43be-b21e-31b55d207f89 req-ad445a95-fcba-4fd6-b23c-c0047cd8c9fa None None] Starting request: 10.222.0.57 "DELETE /placement/allocations/baa60f24-f3a9-4c38-8b29-39ed02324c71" {{(pid=95313) __call__ /opt/stack/placement/placement/requestlog.py:55}}
Sep 27 08:33:49.855212 n-d-810909-1 devstack@placement-api.service[95313]: DEBUG placement.handlers.allocation [req-051acecd-69c4-43be-b21e-31b55d207f89 req-ad445a95-fcba-4fd6-b23c-c0047cd8c9fa service placement] Successfully deleted allocations [, , ] {{(pid=95313) delete_allocations /opt/stack/placement/placement/handlers/allocation.py:627}}
Sep 27 08:33:49.855723 n-d-810909-1 devstack@placement-api.service[95313]: INFO placement.requestlog [req-051acecd-69c4-43be-b21e-31b55d207f89 req-ad445a95-fcba-4fd6-b23c-c0047cd8c9fa service placement] 10.222.0.57 "DELETE /placement/allocations/baa60f24-f3a9-4c38-8b29-39ed02324c71" status: 204 len: 0 microversion: 1.0
Sep 27 08:33:49.856292 n-d-810909-1 devstack@placement-api.service[95313]: [pid: 95313|app: 0|req: 151/302] 10.222.0.57 () {60 vars in 1356 bytes} [Mon Sep 27 08:33:49 2021] DELETE /placement/allocations/baa60f24-f3a9-4c38-8b29-39ed02324c71 => generated 0 bytes in 126 msecs (HTTP/1.1 204) 5 headers in 198 bytes (1 switches on core 0)
Sep 27 08:33:50.395112 n-d-810909-1 devstack@placement-api.service[95312]: DEBUG placement.requestlog [req-ac0202b4-3469-4a9f-a555-ffe67ffdda1b req-fe271117-06a8-4afd-a329-d487cd1414b1 None None] Starting request: 10.222.0.67 "GET /placement/allocations/2473c2fa-e9e5-4c1d-ba34-67c204dbd8a0" {{(pid=95312) __call__ /opt/stack/placement/placement/requestlog.py:55}}
Sep 27 08:33:50.431642 n-d-810909-1 devstack@placement-api.service[95312]: INFO placement.requestlog [req-ac0202b4-3469-4a9f-a555-ffe67ffdda1b req-fe271117-06a8-4afd-a329-d487cd1414b1 service placement] 10.222.0.67 "GET /placement/allocations/2473c2fa-e9e5-4c1d-ba34-67c204dbd8a0" status: 200 len: 259 microversion: 1.28
Sep 27 08:33:50.432266 n-d-810909-1 devstack@placement-api.service[95312]: [pid: 95312|app: 0|req: 152/303] 10.222.0.67 () {60 vars in 1378 bytes} [Mon Sep 27 08:33:50 2021] GET /placement/allocations/2473c2fa-e9e5-4c1d-ba34-67c204dbd8a0 => generated 259 bytes in 37 msecs (HTTP/1.1 200) 8 headers in 296 bytes (2 switches on core 0)
Sep 27 08:33:50.456665 n-d-810909-1 devstack@placement-api.service[95313]: DEBUG placement.requestlog [req-5192f6c7-9114-496b-8f3f-bca2f251a87d req-ad4daa12-ffd7-4af9-9358-e1afc4e8a795 None None] Starting request: 10.222.0.57 "DELETE /placement/allocations/a6eca541-109f-45cb-92ba-253c911ce869" {{(pid=95313) __call__ /opt/stack/placement/placement/requestlog.py:55}}
Sep 27 08:33:50.518528 n-d-810909-1 devstack@placement-api.service[95313]: DEBUG placement.handlers.allocation [req-5192f6c7-9114-496b-8f3f-bca2f251a87d req-ad4daa12-ffd7-4af9-9358-e1afc4e8a795 service placement] Successfully deleted allocations [, , ] {{(pid=95313) delete_allocations /opt/stack/placement/placement/handlers/allocation.py:627}}
Sep 27 08:33:50.519091 n-d-810909-1 devstack@placement-api.service[95313]: INFO placement.requestlog [req-5192f6c7-9114-496b-8f3f-bca2f251a87d req-ad4daa12-ffd7-4af9-9358-e1afc4e8a795 service placement] 10.222.0.57 "DELETE /placement/allocations/a6eca541-109f-45cb-92ba-253c911ce869" status: 204 len: 0 microversion: 1.0
Sep 27 08:33:50.519334 n-d-810909-1 devstack@placement-api.service[95313]: [pid: 95313|app: 0|req: 152/304] 10.222.0.57 () {60 vars in 1356 bytes} [Mon Sep 27 08:33:50 2021] DELETE /placement/allocations/a6eca541-109f-45cb-92ba-253c911ce869 => generated 0 bytes in 63 msecs (HTTP/1.1 204) 5 headers in 198 bytes (2 switches on core 0)
Sep 27 08:33:54.766561 n-d-810909-1 devstack@placement-api.service[95312]: DEBUG placement.requestlog [req-78fe5dfe-9b97-4e65-917c-60f78502855d req-5e19852a-0e77-4861-ac70-0aa3c28b3545 None None] Starting request: 10.222.0.67 "GET /placement/allocations/2473c2fa-e9e5-4c1d-ba34-67c204dbd8a0" {{(pid=95312) __call__ /opt/stack/placement/placement/requestlog.py:55}}
Sep 27 08:33:54.818534 n-d-810909-1 devstack@placement-api.service[95312]: INFO placement.requestlog [req-78fe5dfe-9b97-4e65-917c-60f78502855d req-5e19852a-0e77-4861-ac70-0aa3c28b3545 service placement] 10.222.0.67 "GET /placement/allocations/2473c2fa-e9e5-4c1d-ba34-67c204dbd8a0" status: 200 len: 259 microversion: 1.28
Sep 27 08:33:54.822049 n-d-810909-1 devstack@placement-api.service[95312]: [pid: 95312|app: 0|req: 153/305] 10.222.0.67 () {60 vars in 1378 bytes} [Mon Sep 27 08:33:54 2021] GET /placement/allocations/2473c2fa-e9e5-4c1d-ba34-67c204dbd8a0 => generated 259 bytes in 56 msecs (HTTP/1.1 200) 8 headers in 296 bytes (2 switches on core 0)
Sep 27 08:33:55.405035 n-d-810909-1 devstack@placement-api.service[95313]: DEBUG placement.requestlog [req-0e22cc07-f641-4ac0-abf7-ffeef6305c4d req-52ec34b7-a56c-40a4-9059-f1df77d4cb4f None None] Starting request: 10.222.0.67 "GET /placement/resource_providers/33353818-ec8e-4e84-8938-9bb912d09251/allocations" {{(pid=95313) __call__ /opt/stack/placement/placement/requestlog.py:55}}
Sep 27 08:33:55.459458 n-d-810909-1 devstack@placement-api.service[95313]: INFO placement.requestlog [req-0e22cc07-f641-4ac0-abf7-ffeef6305c4d req-52ec34b7-a56c-40a4-9059-f1df77d4cb4f service placement] 10.222.0.67 "GET /placement/resource_providers/33353818-ec8e-4e84-8938-9bb912d09251/allocations" status: 200 len: 645 microversion: 1.0
Sep 27 08:33:55.460044 n-d-810909-1 devstack@placement-api.service[95313]: [pid: 95313|app: 0|req: 153/306] 10.222.0.67 () {58 vars in 1391 bytes} [Mon Sep 27 08:33:55 2021] GET /placement/resource_providers/33353818-ec8e-4e84-8938-9bb912d09251/allocations => generated 645 bytes in 55 msecs (HTTP/1.1 200) 6 headers in 224 bytes (1 switches on core 0)
Sep 27 08:33:55.801901 n-d-810909-1 devstack@placement-api.service[95312]: DEBUG placement.requestlog [req-0e22cc07-f641-4ac0-abf7-ffeef6305c4d req-42408838-0346-44b6-b900-f8726eeedcd0 None None] Starting request: 10.222.0.67 "GET /placement/allocations/7d99d845-d313-45f8-955b-3bc0f166e3d3" {{(pid=95312) __call__ /opt/stack/placement/placement/requestlog.py:55}}
Sep 27 08:33:55.826402 n-d-810909-1 devstack@placement-api.service[95312]: INFO placement.requestlog [req-0e22cc07-f641-4ac0-abf7-ffeef6305c4d req-42408838-0346-44b6-b900-f8726eeedcd0 service placement] 10.222.0.67 "GET /placement/allocations/7d99d845-d313-45f8-955b-3bc0f166e3d3" status: 200 len: 245 microversion: 1.28
Sep 27 08:33:55.827479 n-d-810909-1 devstack@placement-api.service[95312]: [pid: 95312|app: 0|req: 154/307] 10.222.0.67 () {60 vars in 1378 bytes} [Mon Sep 27 08:33:55 2021] GET /placement/allocations/7d99d845-d313-45f8-955b-3bc0f166e3d3 => generated 245 bytes in 27 msecs (HTTP/1.1 200) 8 headers in 296 bytes (1 switches on core 0)
Sep 27 08:33:55.857506 n-d-810909-1 devstack@placement-api.service[95313]: DEBUG placement.requestlog [req-0e22cc07-f641-4ac0-abf7-ffeef6305c4d req-41d1b46d-d8e7-485a-a894-b289fa8c2d7e None None] Starting request: 10.222.0.67 "PUT /placement/allocations/7d99d845-d313-45f8-955b-3bc0f166e3d3" {{(pid=95313) __call__ /opt/stack/placement/placement/requestlog.py:55}}
Sep 27 08:33:55.932570 n-d-810909-1 devstack@placement-api.service[95313]: DEBUG placement.handlers.allocation [req-0e22cc07-f641-4ac0-abf7-ffeef6305c4d req-41d1b46d-d8e7-485a-a894-b289fa8c2d7e service placement] Successfully wrote allocations [, ] {{(pid=95313) _update_consumers_and_create_allocations /opt/stack/placement/placement/handlers/allocation.py:462}}
Sep 27 08:33:55.938560 n-d-810909-1 devstack@placement-api.service[95313]: INFO placement.requestlog [req-0e22cc07-f641-4ac0-abf7-ffeef6305c4d req-41d1b46d-d8e7-485a-a894-b289fa8c2d7e service placement] 10.222.0.67 "PUT /placement/allocations/7d99d845-d313-45f8-955b-3bc0f166e3d3" status: 204 len: 0 microversion: 1.28
Sep 27 08:33:55.939729 n-d-810909-1 devstack@placement-api.service[95313]: [pid: 95313|app: 0|req: 154/308] 10.222.0.67 () {64 vars in 1431 bytes} [Mon Sep 27 08:33:55 2021] PUT /placement/allocations/7d99d845-d313-45f8-955b-3bc0f166e3d3 => generated 0 bytes in 82 msecs (HTTP/1.1 204) 5 headers in 199 bytes (2 switches on core 0)
Sep 27 08:33:56.427010 n-d-810909-1 devstack@placement-api.service[95312]: DEBUG placement.requestlog [req-40947ec4-34b2-4a59-ab68-a2081236f498 req-7a221e9a-7b65-454a-ae9c-ccfdb928a7e7 None None] Starting request: 10.222.0.50 "GET /placement/allocation_candidates?limit=1000&resources=DISK_GB%3A1%2CMEMORY_MB%3A1024%2CVCPU%3A1&root_required=%21COMPUTE_STATUS_DISABLED" {{(pid=95312) __call__ /opt/stack/placement/placement/requestlog.py:55}}
Sep 27 08:33:56.496764 n-d-810909-1 devstack@placement-api.service[95312]: DEBUG placement.objects.research_context [req-40947ec4-34b2-4a59-ab68-a2081236f498 req-7a221e9a-7b65-454a-ae9c-ccfdb928a7e7 service placement] getting providers with 1 DISK_GB {{(pid=95312) __init__ /opt/stack/placement/placement/objects/research_context.py:126}}
Sep 27 08:33:56.521687 n-d-810909-1 devstack@placement-api.service[95312]: DEBUG placement.objects.research_context [req-40947ec4-34b2-4a59-ab68-a2081236f498 req-7a221e9a-7b65-454a-ae9c-ccfdb928a7e7 service placement] getting providers with 1024 MEMORY_MB {{(pid=95312) __init__ /opt/stack/placement/placement/objects/research_context.py:126}}
Sep 27 08:33:56.539199 n-d-810909-1 devstack@placement-api.service[95312]: DEBUG placement.objects.research_context [req-40947ec4-34b2-4a59-ab68-a2081236f498 req-7a221e9a-7b65-454a-ae9c-ccfdb928a7e7 service placement] getting providers with 1 VCPU {{(pid=95312) __init__ /opt/stack/placement/placement/objects/research_context.py:126}}
Sep 27 08:33:56.553652 n-d-810909-1 devstack@placement-api.service[95312]: DEBUG placement.objects.research_context [req-40947ec4-34b2-4a59-ab68-a2081236f498 req-7a221e9a-7b65-454a-ae9c-ccfdb928a7e7 service placement] found 2 providers with available 1 DISK_GB {{(pid=95312) get_provider_ids_matching /opt/stack/placement/placement/objects/research_context.py:549}}
Sep 27 08:33:56.553987 n-d-810909-1 devstack@placement-api.service[95312]: DEBUG placement.objects.research_context [req-40947ec4-34b2-4a59-ab68-a2081236f498 req-7a221e9a-7b65-454a-ae9c-ccfdb928a7e7 service placement] found 2 providers with available 1024 MEMORY_MB {{(pid=95312) get_provider_ids_matching /opt/stack/placement/placement/objects/research_context.py:549}}
Sep 27 08:33:56.556942 n-d-810909-1 devstack@placement-api.service[95312]: DEBUG placement.objects.research_context [req-40947ec4-34b2-4a59-ab68-a2081236f498 req-7a221e9a-7b65-454a-ae9c-ccfdb928a7e7 service placement] found 2 providers after filtering by previous result {{(pid=95312) get_provider_ids_matching /opt/stack/placement/placement/objects/research_context.py:580}}
Sep 27 08:33:56.557493 n-d-810909-1 devstack@placement-api.service[95312]: DEBUG placement.objects.research_context [req-40947ec4-34b2-4a59-ab68-a2081236f498 req-7a221e9a-7b65-454a-ae9c-ccfdb928a7e7 service placement] found 2 providers with available 1 VCPU {{(pid=95312) get_provider_ids_matching /opt/stack/placement/placement/objects/research_context.py:549}}
Sep 27 08:33:56.557974 n-d-810909-1 devstack@placement-api.service[95312]: DEBUG placement.objects.research_context [req-40947ec4-34b2-4a59-ab68-a2081236f498 req-7a221e9a-7b65-454a-ae9c-ccfdb928a7e7 service placement] found 2 providers after filtering by previous result {{(pid=95312) get_provider_ids_matching /opt/stack/placement/placement/objects/research_context.py:580}}
Sep 27 08:33:56.590562 n-d-810909-1 devstack@placement-api.service[95312]: DEBUG placement.objects.allocation_candidate [req-40947ec4-34b2-4a59-ab68-a2081236f498 req-7a221e9a-7b65-454a-ae9c-ccfdb928a7e7 service placement] RequestGroup(use_same_provider=False, resources={DISK_GB:1, MEMORY_MB:1024, VCPU:1}, traits=[], aggregates=[]) (suffix '') returned 2 matches {{(pid=95312) _get_by_requests /opt/stack/placement/placement/objects/allocation_candidate.py:145}}
Sep 27 08:33:56.591158 n-d-810909-1 devstack@placement-api.service[95312]: DEBUG placement.objects.allocation_candidate [req-40947ec4-34b2-4a59-ab68-a2081236f498 req-7a221e9a-7b65-454a-ae9c-ccfdb928a7e7 service placement] Merging candidates yields 2 allocation requests and 2 provider summaries {{(pid=95312) _merge_candidates /opt/stack/placement/placement/objects/allocation_candidate.py:783}}
Sep 27 08:33:56.596177 n-d-810909-1 devstack@placement-api.service[95312]: INFO placement.requestlog [req-40947ec4-34b2-4a59-ab68-a2081236f498 req-7a221e9a-7b65-454a-ae9c-ccfdb928a7e7 service placement] 10.222.0.50 "GET /placement/allocation_candidates?limit=1000&resources=DISK_GB%3A1%2CMEMORY_MB%3A1024%2CVCPU%3A1&root_required=%21COMPUTE_STATUS_DISABLED" status: 200 len: 1309 microversion: 1.36
