Sep 27 08:53:38.425422 n-d-810909-1 devstack@placement-api.service[95312]: DEBUG placement.requestlog [req-ab2736c2-63ca-4512-ac24-cdc351f6c5e1 req-72c0d76c-a0ba-44b1-b312-3cd5de95cdce None None] Starting request: 10.222.0.67 "GET /placement/resource_providers/33353818-ec8e-4e84-8938-9bb912d09251/allocations" {{(pid=95312) __call__ /opt/stack/placement/placement/requestlog.py:55}}
Sep 27 08:53:38.485182 n-d-810909-1 devstack@placement-api.service[95312]: INFO placement.requestlog [req-ab2736c2-63ca-4512-ac24-cdc351f6c5e1 req-72c0d76c-a0ba-44b1-b312-3cd5de95cdce service placement] 10.222.0.67 "GET /placement/resource_providers/33353818-ec8e-4e84-8938-9bb912d09251/allocations" status: 200 len: 140 microversion: 1.0
Sep 27 08:53:38.485876 n-d-810909-1 devstack@placement-api.service[95312]: [pid: 95312|app: 0|req: 461/918] 10.222.0.67 () {58 vars in 1391 bytes} [Mon Sep 27 08:53:38 2021] GET /placement/resource_providers/33353818-ec8e-4e84-8938-9bb912d09251/allocations => generated 140 bytes in 61 msecs (HTTP/1.1 200) 6 headers in 224 bytes (2 switches on core 0)
Sep 27 08:54:31.084486 n-d-810909-1 devstack@placement-api.service[95313]: DEBUG placement.requestlog [req-f24a953c-a9ed-4525-b28e-8a8e0101b49b req-54f93a93-7cbc-42d2-b930-a8d2377eb89f None None] Starting request: 10.222.0.67 "GET /placement/resource_providers/33353818-ec8e-4e84-8938-9bb912d09251/allocations" {{(pid=95313) __call__ /opt/stack/placement/placement/requestlog.py:55}}
Sep 27 08:54:31.120059 n-d-810909-1 devstack@placement-api.service[95313]: INFO placement.requestlog [req-f24a953c-a9ed-4525-b28e-8a8e0101b49b req-54f93a93-7cbc-42d2-b930-a8d2377eb89f service placement] 10.222.0.67 "GET /placement/resource_providers/33353818-ec8e-4e84-8938-9bb912d09251/allocations" status: 200 len: 140 microversion: 1.0
Sep 27 08:54:31.123338 n-d-810909-1 devstack@placement-api.service[95313]: [pid: 95313|app: 0|req: 458/919] 10.222.0.67 () {58 vars in 1391 bytes} [Mon Sep 27 08:54:31 2021] GET /placement/resource_providers/33353818-ec8e-4e84-8938-9bb912d09251/allocations => generated 140 bytes in 39 msecs (HTTP/1.1 200) 6 headers in 224 bytes (1 switches on core 0)
Sep 27 08:54:32.200087 n-d-810909-1 devstack@placement-api.service[95312]: DEBUG placement.requestlog [req-1b2a8378-7573-404d-a05e-029deae94f3f req-87387ec9-c926-47f3-b2bc-0ea18e83110a None None] Starting request: 10.222.0.57 "GET /placement/resource_providers/ea7c93bb-4ab7-4d8f-8f4a-3666f444cc06/allocations" {{(pid=95312) __call__ /opt/stack/placement/placement/requestlog.py:55}}
Sep 27 08:54:32.252357 n-d-810909-1 devstack@placement-api.service[95312]: INFO placement.requestlog [req-1b2a8378-7573-404d-a05e-029deae94f3f req-87387ec9-c926-47f3-b2bc-0ea18e83110a service placement] 10.222.0.57 "GET /placement/resource_providers/ea7c93bb-4ab7-4d8f-8f4a-3666f444cc06/allocations" status: 200 len: 154 microversion: 1.0
Sep 27 08:54:32.252357 n-d-810909-1 devstack@placement-api.service[95312]: [pid: 95312|app: 0|req: 462/920] 10.222.0.57 () {58 vars in 1391 bytes} [Mon Sep 27 08:54:32 2021] GET /placement/resource_providers/ea7c93bb-4ab7-4d8f-8f4a-3666f444cc06/allocations => generated 154 bytes in 51 msecs (HTTP/1.1 200) 6 headers in 224 bytes (1 switches on core 0)
Sep 27 08:55:31.075146 n-d-810909-1 devstack@placement-api.service[95313]: DEBUG placement.requestlog [req-d4022638-d766-4e6d-9fe0-b1d1ccb09d93 req-ba52a4cd-a02c-4916-8114-8e279d80ed4f None None] Starting request: 10.222.0.67 "GET /placement/resource_providers/33353818-ec8e-4e84-8938-9bb912d09251/allocations" {{(pid=95313) __call__ /opt/stack/placement/placement/requestlog.py:55}}
Sep 27 08:55:31.112455 n-d-810909-1 devstack@placement-api.service[95313]: INFO placement.requestlog [req-d4022638-d766-4e6d-9fe0-b1d1ccb09d93 req-ba52a4cd-a02c-4916-8114-8e279d80ed4f service placement] 10.222.0.67 "GET /placement/resource_providers/33353818-ec8e-4e84-8938-9bb912d09251/allocations" status: 200 len: 140 microversion: 1.0
Sep 27 08:55:31.114002 n-d-810909-1 devstack@placement-api.service[95313]: [pid: 95313|app: 0|req: 459/921] 10.222.0.67 () {58 vars in 1391 bytes} [Mon Sep 27 08:55:31 2021] GET /placement/resource_providers/33353818-ec8e-4e84-8938-9bb912d09251/allocations => generated 140 bytes in 39 msecs (HTTP/1.1 200) 6 headers in 224 bytes (1 switches on core 0)
Sep 27 08:55:34.149817 n-d-810909-1 devstack@placement-api.service[95312]: DEBUG placement.requestlog [req-732d8abc-9b3d-497e-876e-b00515f7cdd4 req-d73c04a5-81ef-49c6-8f4a-28c5494e4a37 None None] Starting request: 10.222.0.57 "GET /placement/resource_providers/ea7c93bb-4ab7-4d8f-8f4a-3666f444cc06/allocations" {{(pid=95312) __call__ /opt/stack/placement/placement/requestlog.py:55}}
Sep 27 08:55:34.187063 n-d-810909-1 devstack@placement-api.service[95312]: INFO placement.requestlog [req-732d8abc-9b3d-497e-876e-b00515f7cdd4 req-d73c04a5-81ef-49c6-8f4a-28c5494e4a37 service placement] 10.222.0.57 "GET /placement/resource_providers/ea7c93bb-4ab7-4d8f-8f4a-3666f444cc06/allocations" status: 200 len: 154 microversion: 1.0
Sep 27 08:55:34.187703 n-d-810909-1 devstack@placement-api.service[95312]: [pid: 95312|app: 0|req: 463/922] 10.222.0.57 () {58 vars in 1391 bytes} [Mon Sep 27 08:55:34 2021] GET /placement/resource_providers/ea7c93bb-4ab7-4d8f-8f4a-3666f444cc06/allocations => generated 154 bytes in 38 msecs (HTTP/1.1 200) 6 headers in 224 bytes (2 switches on core 0)
Sep 27 08:55:37.781203 n-d-810909-1 devstack@placement-api.service[95313]: DEBUG placement.requestlog [req-fcf6e250-c0a7-43e5-a43a-42432092b126 req-b22784d0-3cfe-4880-82d6-5ddbab253778 None None] Starting request: 10.222.0.57 "DELETE /placement/allocations/3d93bd64-4a78-4d2a-84cb-af9503945782" {{(pid=95313) __call__ /opt/stack/placement/placement/requestlog.py:55}}
Sep 27 08:55:37.846268 n-d-810909-1 devstack@placement-api.service[95313]: DEBUG placement.handlers.allocation [req-fcf6e250-c0a7-43e5-a43a-42432092b126 req-b22784d0-3cfe-4880-82d6-5ddbab253778 service placement] Successfully deleted allocations [, , ] {{(pid=95313) delete_allocations /opt/stack/placement/placement/handlers/allocation.py:627}}
Sep 27 08:55:37.846864 n-d-810909-1 devstack@placement-api.service[95313]: INFO placement.requestlog [req-fcf6e250-c0a7-43e5-a43a-42432092b126 req-b22784d0-3cfe-4880-82d6-5ddbab253778 service placement] 10.222.0.57 "DELETE /placement/allocations/3d93bd64-4a78-4d2a-84cb-af9503945782" status: 204 len: 0 microversion: 1.0
Sep 27 08:55:37.847100 n-d-810909-1 devstack@placement-api.service[95313]: [pid: 95313|app: 0|req: 460/923] 10.222.0.57 () {60 vars in 1356 bytes} [Mon Sep 27 08:55:37 2021] DELETE /placement/allocations/3d93bd64-4a78-4d2a-84cb-af9503945782 => generated 0 bytes in 66 msecs (HTTP/1.1 204) 5 headers in 198 bytes (1 switches on core 0)
Sep 27 08:56:31.083215 n-d-810909-1 devstack@placement-api.service[95312]: DEBUG placement.requestlog [req-2b2830d0-842d-4af8-becb-dabf9cfc09f4 req-817d2d7a-0055-4ee4-9750-d2a4fb3c19af None None] Starting request: 10.222.0.67 "GET /placement/resource_providers/33353818-ec8e-4e84-8938-9bb912d09251/allocations" {{(pid=95312) __call__ /opt/stack/placement/placement/requestlog.py:55}}
Sep 27 08:56:31.117832 n-d-810909-1 devstack@placement-api.service[95312]: INFO placement.requestlog [req-2b2830d0-842d-4af8-becb-dabf9cfc09f4 req-817d2d7a-0055-4ee4-9750-d2a4fb3c19af service placement] 10.222.0.67 "GET /placement/resource_providers/33353818-ec8e-4e84-8938-9bb912d09251/allocations" status: 200 len: 140 microversion: 1.0
Sep 27 08:56:31.119881 n-d-810909-1 devstack@placement-api.service[95312]: [pid: 95312|app: 0|req: 464/924] 10.222.0.67 () {58 vars in 1391 bytes} [Mon Sep 27 08:56:31 2021] GET /placement/resource_providers/33353818-ec8e-4e84-8938-9bb912d09251/allocations => generated 140 bytes in 35 msecs (HTTP/1.1 200) 6 headers in 224 bytes (1 switches on core 0)
Sep 27 08:56:36.151579 n-d-810909-1 devstack@placement-api.service[95313]: DEBUG placement.requestlog [req-f456af07-9d7f-4e75-ae73-4accef29f9a2 req-15b82a4d-a2b2-4198-914d-d5516f180610 None None] Starting request: 10.222.0.57 "GET /placement/resource_providers/ea7c93bb-4ab7-4d8f-8f4a-3666f444cc06/allocations" {{(pid=95313) __call__ /opt/stack/placement/placement/requestlog.py:55}}
Sep 27 08:56:36.176925 n-d-810909-1 devstack@placement-api.service[95313]: INFO placement.requestlog [req-f456af07-9d7f-4e75-ae73-4accef29f9a2 req-15b82a4d-a2b2-4198-914d-d5516f180610 service placement] 10.222.0.57 "GET /placement/resource_providers/ea7c93bb-4ab7-4d8f-8f4a-3666f444cc06/allocations" status: 200 len: 55 microversion: 1.0
Sep 27 08:56:36.178004 n-d-810909-1 devstack@placement-api.service[95313]: [pid: 95313|app: 0|req: 461/925] 10.222.0.57 () {58 vars in 1391 bytes} [Mon Sep 27 08:56:36 2021] GET /placement/resource_providers/ea7c93bb-4ab7-4d8f-8f4a-3666f444cc06/allocations => generated 55 bytes in 27 msecs (HTTP/1.1 200) 6 headers in 223 bytes (2 switches on core 0)
Sep 27 08:56:57.673830 n-d-810909-1 devstack@placement-api.service[95312]: DEBUG placement.requestlog [req-75004bb4-a79e-440f-9805-62439820f4a9 req-dbb78e89-699a-48a3-8fcf-028e7d0c7d76 None None] Starting request: 10.222.0.67 "DELETE /placement/allocations/e6c75c71-c5cb-4908-98e9-713401ffb3bc" {{(pid=95312) __call__ /opt/stack/placement/placement/requestlog.py:55}}
Sep 27 08:56:57.724447 n-d-810909-1 devstack@placement-api.service[95312]: DEBUG placement.handlers.allocation [req-75004bb4-a79e-440f-9805-62439820f4a9 req-dbb78e89-699a-48a3-8fcf-028e7d0c7d76 service placement] Successfully deleted allocations [, ] {{(pid=95312) delete_allocations /opt/stack/placement/placement/handlers/allocation.py:627}}
Sep 27 08:56:57.725019 n-d-810909-1 devstack@placement-api.service[95312]: INFO placement.requestlog [req-75004bb4-a79e-440f-9805-62439820f4a9 req-dbb78e89-699a-48a3-8fcf-028e7d0c7d76 service placement] 10.222.0.67 "DELETE /placement/allocations/e6c75c71-c5cb-4908-98e9-713401ffb3bc" status: 204 len: 0 microversion: 1.0
Sep 27 08:56:57.725345 n-d-810909-1 devstack@placement-api.service[95312]: [pid: 95312|app: 0|req: 465/926] 10.222.0.67 () {60 vars in 1356 bytes} [Mon Sep 27 08:56:57 2021] DELETE /placement/allocations/e6c75c71-c5cb-4908-98e9-713401ffb3bc => generated 0 bytes in 52 msecs (HTTP/1.1 204) 5 headers in 198 bytes (1 switches on core 0)
Sep 27 08:57:15.531862 n-d-810909-1 devstack@placement-api.service[95313]: DEBUG placement.requestlog [req-997c75df-5beb-467c-9873-c5a8fd668115 req-97290825-4611-4168-9623-3fa695383a4d None None] Starting request: 10.222.0.50 "GET /placement/allocation_candidates?limit=1000&resources=DISK_GB%3A1%2CMEMORY_MB%3A1024%2CVCPU%3A1&root_required=%21COMPUTE_STATUS_DISABLED" {{(pid=95313) __call__ /opt/stack/placement/placement/requestlog.py:55}}
Sep 27 08:57:15.848093 n-d-810909-1 devstack@placement-api.service[95313]: DEBUG placement.objects.research_context [req-997c75df-5beb-467c-9873-c5a8fd668115 req-97290825-4611-4168-9623-3fa695383a4d service placement] getting providers with 1 DISK_GB {{(pid=95313) __init__ /opt/stack/placement/placement/objects/research_context.py:126}}
Sep 27 08:57:15.853699 n-d-810909-1 devstack@placement-api.service[95313]: DEBUG placement.objects.research_context [req-997c75df-5beb-467c-9873-c5a8fd668115 req-97290825-4611-4168-9623-3fa695383a4d service placement] getting providers with 1024 MEMORY_MB {{(pid=95313) __init__ /opt/stack/placement/placement/objects/research_context.py:126}}
Sep 27 08:57:15.859707 n-d-810909-1 devstack@placement-api.service[95313]: DEBUG placement.objects.research_context [req-997c75df-5beb-467c-9873-c5a8fd668115 req-97290825-4611-4168-9623-3fa695383a4d service placement] getting providers with 1 VCPU {{(pid=95313) __init__ /opt/stack/placement/placement/objects/research_context.py:126}}
Sep 27 08:57:15.865427 n-d-810909-1 devstack@placement-api.service[95313]: DEBUG placement.objects.research_context [req-997c75df-5beb-467c-9873-c5a8fd668115 req-97290825-4611-4168-9623-3fa695383a4d service placement] found 2 providers with available 1 DISK_GB {{(pid=95313) get_provider_ids_matching /opt/stack/placement/placement/objects/research_context.py:549}}
Sep 27 08:57:15.865733 n-d-810909-1 devstack@placement-api.service[95313]: DEBUG placement.objects.research_context [req-997c75df-5beb-467c-9873-c5a8fd668115 req-97290825-4611-4168-9623-3fa695383a4d service placement] found 2 providers with available 1024 MEMORY_MB {{(pid=95313) get_provider_ids_matching /opt/stack/placement/placement/objects/research_context.py:549}}
Sep 27 08:57:15.865981 n-d-810909-1 devstack@placement-api.service[95313]: DEBUG placement.objects.research_context [req-997c75df-5beb-467c-9873-c5a8fd668115 req-97290825-4611-4168-9623-3fa695383a4d service placement] found 2 providers after filtering by previous result {{(pid=95313) get_provider_ids_matching /opt/stack/placement/placement/objects/research_context.py:580}}
Sep 27 08:57:15.866272 n-d-810909-1 devstack@placement-api.service[95313]: DEBUG placement.objects.research_context [req-997c75df-5beb-467c-9873-c5a8fd668115 req-97290825-4611-4168-9623-3fa695383a4d service placement] found 2 providers with available 1 VCPU {{(pid=95313) get_provider_ids_matching /opt/stack/placement/placement/objects/research_context.py:549}}
Sep 27 08:57:15.866501 n-d-810909-1 devstack@placement-api.service[95313]: DEBUG placement.objects.research_context [req-997c75df-5beb-467c-9873-c5a8fd668115 req-97290825-4611-4168-9623-3fa695383a4d service placement] found 2 providers after filtering by previous result {{(pid=95313) get_provider_ids_matching /opt/stack/placement/placement/objects/research_context.py:580}}
Sep 27 08:57:15.878283 n-d-810909-1 devstack@placement-api.service[95313]: DEBUG placement.objects.allocation_candidate [req-997c75df-5beb-467c-9873-c5a8fd668115 req-97290825-4611-4168-9623-3fa695383a4d service placement] RequestGroup(use_same_provider=False, resources={DISK_GB:1, MEMORY_MB:1024, VCPU:1}, traits=[], aggregates=[]) (suffix '') returned 2 matches {{(pid=95313) _get_by_requests /opt/stack/placement/placement/objects/allocation_candidate.py:145}}
Sep 27 08:57:15.878659 n-d-810909-1 devstack@placement-api.service[95313]: DEBUG placement.objects.allocation_candidate [req-997c75df-5beb-467c-9873-c5a8fd668115 req-97290825-4611-4168-9623-3fa695383a4d service placement] Merging candidates yields 2 allocation requests and 2 provider summaries {{(pid=95313) _merge_candidates /opt/stack/placement/placement/objects/allocation_candidate.py:783}}
Sep 27 08:57:15.880551 n-d-810909-1 devstack@placement-api.service[95313]: INFO placement.requestlog [req-997c75df-5beb-467c-9873-c5a8fd668115 req-97290825-4611-4168-9623-3fa695383a4d service placement] 10.222.0.50 "GET /placement/allocation_candidates?limit=1000&resources=DISK_GB%3A1%2CMEMORY_MB%3A1024%2CVCPU%3A1&root_required=%21COMPUTE_STATUS_DISABLED" status: 200 len: 1303 microversion: 1.36
Sep 27 08:57:15.885718 n-d-810909-1 devstack@placement-api.service[95313]: [pid: 95313|app: 0|req: 462/927] 10.222.0.50 () {60 vars in 1507 bytes} [Mon Sep 27 08:57:15 2021] GET /placement/allocation_candidates?limit=1000&resources=DISK_GB%3A1%2CMEMORY_MB%3A1024%2CVCPU%3A1&root_required=%21COMPUTE_STATUS_DISABLED => generated 1303 bytes in 354 msecs (HTTP/1.1 200) 8 headers in 297 bytes (1 switches on core 0)
Sep 27 08:57:15.944033 n-d-810909-1 devstack@placement-api.service[95312]: DEBUG placement.requestlog [req-997c75df-5beb-467c-9873-c5a8fd668115 req-f257795b-170a-4c03-b937-4bfe48e7b300 None None] Starting request: 10.222.0.50 "GET /placement/allocations/a8cd1de4-7a37-4a18-a72d-9c23722c3550" {{(pid=95312) __call__ /opt/stack/placement/placement/requestlog.py:55}}
Sep 27 08:57:15.957385 n-d-810909-1 devstack@placement-api.service[95312]: INFO placement.requestlog [req-997c75df-5beb-467c-9873-c5a8fd668115 req-f257795b-170a-4c03-b937-4bfe48e7b300 service placement] 10.222.0.50 "GET /placement/allocations/a8cd1de4-7a37-4a18-a72d-9c23722c3550" status: 200 len: 19 microversion: 1.28
Sep 27 08:57:15.957902 n-d-810909-1 devstack@placement-api.service[95312]: [pid: 95312|app: 0|req: 466/928] 10.222.0.50 () {60 vars in 1381 bytes} [Mon Sep 27 08:57:15 2021] GET /placement/allocations/a8cd1de4-7a37-4a18-a72d-9c23722c3550 => generated 19 bytes in 14 msecs (HTTP/1.1 200) 8 headers in 295 bytes (1 switches on core 0)
Sep 27 08:57:15.965648 n-d-810909-1 devstack@placement-api.service[95313]: DEBUG placement.requestlog [req-997c75df-5beb-467c-9873-c5a8fd668115 req-79d128f7-ae30-4c1a-a5bd-eb201f2f4cde None None] Starting request: 10.222.0.50 "PUT /placement/allocations/a8cd1de4-7a37-4a18-a72d-9c23722c3550" {{(pid=95313) __call__ /opt/stack/placement/placement/requestlog.py:55}}
Sep 27 08:57:16.039156 n-d-810909-1 devstack@placement-api.service[95313]: DEBUG placement.handlers.allocation [req-997c75df-5beb-467c-9873-c5a8fd668115 req-79d128f7-ae30-4c1a-a5bd-eb201f2f4cde service placement] Successfully wrote allocations [, , ] {{(pid=95313) _update_consumers_and_create_allocations /opt/stack/placement/placement/handlers/allocation.py:462}}
Sep 27 08:57:16.044895 n-d-810909-1 devstack@placement-api.service[95313]: INFO placement.requestlog [req-997c75df-5beb-467c-9873-c5a8fd668115 req-79d128f7-ae30-4c1a-a5bd-eb201f2f4cde service placement] 10.222.0.50 "PUT /placement/allocations/a8cd1de4-7a37-4a18-a72d-9c23722c3550" status: 204 len: 0 microversion: 1.36
Sep 27 08:57:16.046247 n-d-810909-1 devstack@placement-api.service[95313]: [pid: 95313|app: 0|req: 463/929] 10.222.0.50 () {64 vars in 1434 bytes} [Mon Sep 27 08:57:15 2021] PUT /placement/allocations/a8cd1de4-7a37-4a18-a72d-9c23722c3550 => generated 0 bytes in 80 msecs (HTTP/1.1 204) 5 headers in 199 bytes (1 switches on core 0)
Sep 27 08:57:16.404013 n-d-810909-1 devstack@placement-api.service[95312]: DEBUG placement.requestlog [req-997c75df-5beb-467c-9873-c5a8fd668115 req-12b2faa4-4c05-45f1-bd19-851a296d6ba2 None None] Starting request: 10.222.0.57 "GET /placement/allocations/a8cd1de4-7a37-4a18-a72d-9c23722c3550" {{(pid=95312) __call__ /opt/stack/placement/placement/requestlog.py:55}}
Sep 27 08:57:16.441773 n-d-810909-1 devstack@placement-api.service[95312]: INFO placement.requestlog [req-997c75df-5beb-467c-9873-c5a8fd668115 req-12b2faa4-4c05-45f1-bd19-851a296d6ba2 service placement] 10.222.0.57 "GET /placement/allocations/a8cd1de4-7a37-4a18-a72d-9c23722c3550" status: 200 len: 259 microversion: 1.28
Sep 27 08:57:16.443493 n-d-810909-1 devstack@placement-api.service[95312]: [pid: 95312|app: 0|req: 467/930] 10.222.0.57 () {60 vars in 1378 bytes} [Mon Sep 27 08:57:16 2021] GET /placement/allocations/a8cd1de4-7a37-4a18-a72d-9c23722c3550 => generated 259 bytes in 40 msecs (HTTP/1.1 200) 8 headers in 296 bytes (1 switches on core 0)
Sep 27 08:57:29.292616 n-d-810909-1 devstack@placement-api.service[95313]: DEBUG placement.requestlog [req-8b88b8e0-6a25-4cef-8d21-b5dcb4935029 req-be0013ea-050b-4eab-8f44-3c895f16acf0 None None] Starting request: 10.222.0.50 "GET /placement/allocation_candidates?limit=1000&resources=DISK_GB%3A1%2CMEMORY_MB%3A1024%2CVCPU%3A1&root_required=%21COMPUTE_STATUS_DISABLED" {{(pid=95313) __call__ /opt/stack/placement/placement/requestlog.py:55}}
Sep 27 08:57:29.353467 n-d-810909-1 devstack@placement-api.service[95313]: DEBUG placement.objects.research_context [req-8b88b8e0-6a25-4cef-8d21-b5dcb4935029 req-be0013ea-050b-4eab-8f44-3c895f16acf0 service placement] getting providers with 1 DISK_GB {{(pid=95313) __init__ /opt/stack/placement/placement/objects/research_context.py:126}}
Sep 27 08:57:29.364139 n-d-810909-1 devstack@placement-api.service[95313]: DEBUG placement.objects.research_context [req-8b88b8e0-6a25-4cef-8d21-b5dcb4935029 req-be0013ea-050b-4eab-8f44-3c895f16acf0 service placement] getting providers with 1024 MEMORY_MB {{(pid=95313) __init__ /opt/stack/placement/placement/objects/research_context.py:126}}
Sep 27 08:57:29.374316 n-d-810909-1 devstack@placement-api.service[95313]: DEBUG placement.objects.research_context [req-8b88b8e0-6a25-4cef-8d21-b5dcb4935029 req-be0013ea-050b-4eab-8f44-3c895f16acf0 service placement] getting providers with 1 VCPU {{(pid=95313) __init__ /opt/stack/placement/placement/objects/research_context.py:126}}
Sep 27 08:57:29.383237 n-d-810909-1 devstack@placement-api.service[95313]: DEBUG placement.objects.research_context [req-8b88b8e0-6a25-4cef-8d21-b5dcb4935029 req-be0013ea-050b-4eab-8f44-3c895f16acf0 service placement] found 2 providers with available 1 DISK_GB {{(pid=95313) get_provider_ids_matching /opt/stack/placement/placement/objects/research_context.py:549}}
Sep 27 08:57:29.393879 n-d-810909-1 devstack@placement-api.service[95313]: DEBUG placement.objects.research_context [req-8b88b8e0-6a25-4cef-8d21-b5dcb4935029 req-be0013ea-050b-4eab-8f44-3c895f16acf0 service placement] found 2 providers with available 1024 MEMORY_MB {{(pid=95313) get_provider_ids_matching /opt/stack/placement/placement/objects/research_context.py:549}}
Sep 27 08:57:29.394226 n-d-810909-1 devstack@placement-api.service[95313]: DEBUG placement.objects.research_context [req-8b88b8e0-6a25-4cef-8d21-b5dcb4935029 req-be0013ea-050b-4eab-8f44-3c895f16acf0 service placement] found 2 providers after filtering by previous result {{(pid=95313) get_provider_ids_matching /opt/stack/placement/placement/objects/research_context.py:580}}
Sep 27 08:57:29.394498 n-d-810909-1 devstack@placement-api.service[95313]: DEBUG placement.objects.research_context [req-8b88b8e0-6a25-4cef-8d21-b5dcb4935029 req-be0013ea-050b-4eab-8f44-3c895f16acf0 service placement] found 2 providers with available 1 VCPU {{(pid=95313) get_provider_ids_matching /opt/stack/placement/placement/objects/research_context.py:549}}
Sep 27 08:57:29.394763 n-d-810909-1 devstack@placement-api.service[95313]: DEBUG placement.objects.research_context [req-8b88b8e0-6a25-4cef-8d21-b5dcb4935029 req-be0013ea-050b-4eab-8f44-3c895f16acf0 service placement] found 2 providers after filtering by previous result {{(pid=95313) get_provider_ids_matching /opt/stack/placement/placement/objects/research_context.py:580}}
Sep 27 08:57:29.415152 n-d-810909-1 devstack@placement-api.service[95313]: DEBUG placement.objects.allocation_candidate [req-8b88b8e0-6a25-4cef-8d21-b5dcb4935029 req-be0013ea-050b-4eab-8f44-3c895f16acf0 service placement] RequestGroup(use_same_provider=False, resources={DISK_GB:1, MEMORY_MB:1024, VCPU:1}, traits=[], aggregates=[]) (suffix '') returned 2 matches {{(pid=95313) _get_by_requests /opt/stack/placement/placement/objects/allocation_candidate.py:145}}
Sep 27 08:57:29.415536 n-d-810909-1 devstack@placement-api.service[95313]: DEBUG placement.objects.allocation_candidate [req-8b88b8e0-6a25-4cef-8d21-b5dcb4935029 req-be0013ea-050b-4eab-8f44-3c895f16acf0 service placement] Merging candidates yields 2 allocation requests and 2 provider summaries {{(pid=95313) _merge_candidates /opt/stack/placement/placement/objects/allocation_candidate.py:783}}
Sep 27 08:57:29.417201 n-d-810909-1 devstack@placement-api.service[95313]: INFO placement.requestlog [req-8b88b8e0-6a25-4cef-8d21-b5dcb4935029 req-be0013ea-050b-4eab-8f44-3c895f16acf0 service placement] 10.222.0.50 "GET /placement/allocation_candidates?limit=1000&resources=DISK_GB%3A1%2CMEMORY_MB%3A1024%2CVCPU%3A1&root_required=%21COMPUTE_STATUS_DISABLED" status: 200 len: 1306 microversion: 1.36
Sep 27 08:57:29.424583 n-d-810909-1 devstack@placement-api.service[95313]: [pid: 95313|app: 0|req: 464/931] 10.222.0.50 () {60 vars in 1507 bytes} [Mon Sep 27 08:57:29 2021] GET /placement/allocation_candidates?limit=1000&resources=DISK_GB%3A1%2CMEMORY_MB%3A1024%2CVCPU%3A1&root_required=%21COMPUTE_STATUS_DISABLED => generated 1306 bytes in 132 msecs (HTTP/1.1 200) 8 headers in 297 bytes (1 switches on core 0)
Sep 27 08:57:30.417443 n-d-810909-1 devstack@placement-api.service[95312]: DEBUG placement.requestlog [req-c2a424bb-eeff-4704-aabf-72dc34c3f176 req-b33bba13-eb98-49ac-8149-794bf0795920 None None] Starting request: 10.222.0.57 "GET /placement/resource_providers?in_tree=ea7c93bb-4ab7-4d8f-8f4a-3666f444cc06" {{(pid=95312) __call__ /opt/stack/placement/placement/requestlog.py:55}}
Sep 27 08:57:30.543428 n-d-810909-1 devstack@placement-api.service[95313]: DEBUG placement.requestlog [req-8b88b8e0-6a25-4cef-8d21-b5dcb4935029 req-bf99bf62-d321-4626-bf89-508d6ed6035f None None] Starting request: 10.222.0.50 "GET /placement/allocations/20aaa54f-6d98-4cd5-aae8-8079f0fd3fd3" {{(pid=95313) __call__ /opt/stack/placement/placement/requestlog.py:55}}
Sep 27 08:57:30.563781 n-d-810909-1 devstack@placement-api.service[95313]: INFO placement.requestlog [req-8b88b8e0-6a25-4cef-8d21-b5dcb4935029 req-bf99bf62-d321-4626-bf89-508d6ed6035f service placement] 10.222.0.50 "GET /placement/allocations/20aaa54f-6d98-4cd5-aae8-8079f0fd3fd3" status: 200 len: 19 microversion: 1.28
Sep 27 08:57:30.565381 n-d-810909-1 devstack@placement-api.service[95313]: [pid: 95313|app: 0|req: 465/932] 10.222.0.50 () {60 vars in 1381 bytes} [Mon Sep 27 08:57:30 2021] GET /placement/allocations/20aaa54f-6d98-4cd5-aae8-8079f0fd3fd3 => generated 19 bytes in 22 msecs (HTTP/1.1 200) 8 headers in 295 bytes (1 switches on core 0)
Sep 27 08:57:30.587855 n-d-810909-1 devstack@placement-api.service[95313]: DEBUG placement.requestlog [req-8b88b8e0-6a25-4cef-8d21-b5dcb4935029 req-27a91643-3022-4c1d-a8df-68c428b1feca None None] Starting request: 10.222.0.50 "PUT /placement/allocations/20aaa54f-6d98-4cd5-aae8-8079f0fd3fd3" {{(pid=95313) __call__ /opt/stack/placement/placement/requestlog.py:55}}
Sep 27 08:57:30.751846 n-d-810909-1 devstack@placement-api.service[95313]: DEBUG placement.handlers.allocation [req-8b88b8e0-6a25-4cef-8d21-b5dcb4935029 req-27a91643-3022-4c1d-a8df-68c428b1feca service placement] Successfully wrote allocations [, , ] {{(pid=95313) _update_consumers_and_create_allocations /opt/stack/placement/placement/handlers/allocation.py:462}}
Sep 27 08:57:30.761595 n-d-810909-1 devstack@placement-api.service[95313]: INFO placement.requestlog [req-8b88b8e0-6a25-4cef-8d21-b5dcb4935029 req-27a91643-3022-4c1d-a8df-68c428b1feca service placement] 10.222.0.50 "PUT /placement/allocations/20aaa54f-6d98-4cd5-aae8-8079f0fd3fd3" status: 204 len: 0 microversion: 1.36
Sep 27 08:57:30.762078 n-d-810909-1 devstack@placement-api.service[95313]: [pid: 95313|app: 0|req: 466/933] 10.222.0.50 () {64 vars in 1434 bytes} [Mon Sep 27 08:57:30 2021] PUT /placement/allocations/20aaa54f-6d98-4cd5-aae8-8079f0fd3fd3 => generated 0 bytes in 176 msecs (HTTP/1.1 204) 5 headers in 199 bytes (1 switches on core 0)
Sep 27 08:57:30.787728 n-d-810909-1 devstack@placement-api.service[95312]: INFO placement.requestlog [req-c2a424bb-eeff-4704-aabf-72dc34c3f176 req-b33bba13-eb98-49ac-8149-794bf0795920 service placement] 10.222.0.57 "GET /placement/resource_providers?in_tree=ea7c93bb-4ab7-4d8f-8f4a-3666f444cc06" status: 200 len: 863 microversion: 1.14
Sep 27 08:57:30.788575 n-d-810909-1 devstack@placement-api.service[95312]: [pid: 95312|app: 0|req: 468/934] 10.222.0.57 () {60 vars in 1377 bytes} [Mon Sep 27 08:57:30 2021] GET /placement/resource_providers?in_tree=ea7c93bb-4ab7-4d8f-8f4a-3666f444cc06 => generated 863 bytes in 371 msecs (HTTP/1.1 200) 6 headers in 225 bytes (2 switches on core 0)
Sep 27 08:57:30.791031 n-d-810909-1 devstack@placement-api.service[95313]: DEBUG placement.requestlog [req-8b88b8e0-6a25-4cef-8d21-b5dcb4935029 req-7884befd-3989-47e9-8c87-24cb382469cd None None] Starting request: 10.222.0.50 "GET /placement/allocations/0c48de20-81d4-4ec4-bbdf-438d1f437a16" {{(pid=95313) __call__ /opt/stack/placement/placement/requestlog.py:55}}
Sep 27 08:57:30.798604 n-d-810909-1 devstack@placement-api.service[95312]: DEBUG placement.requestlog [req-c2a424bb-eeff-4704-aabf-72dc34c3f176 req-afcc1d6d-26ce-4268-bf34-b58a02e60857 None None] Starting request: 10.222.0.57 "GET /placement/resource_providers/ea7c93bb-4ab7-4d8f-8f4a-3666f444cc06/inventories" {{(pid=95312) __call__ /opt/stack/placement/placement/requestlog.py:55}}
Sep 27 08:57:30.820392 n-d-810909-1 devstack@placement-api.service[95313]: INFO placement.requestlog [req-8b88b8e0-6a25-4cef-8d21-b5dcb4935029 req-7884befd-3989-47e9-8c87-24cb382469cd service placement] 10.222.0.50 "GET /placement/allocations/0c48de20-81d4-4ec4-bbdf-438d1f437a16" status: 200 len: 19 microversion: 1.28
Sep 27 08:57:30.826778 n-d-810909-1 devstack@placement-api.service[95313]: [pid: 95313|app: 0|req: 467/935] 10.222.0.50 () {60 vars in 1381 bytes} [Mon Sep 27 08:57:30 2021] GET /placement/allocations/0c48de20-81d4-4ec4-bbdf-438d1f437a16 => generated 19 bytes in 36 msecs (HTTP/1.1 200) 8 headers in 295 bytes (1 switches on core 0)
Sep 27 08:57:30.827459 n-d-810909-1 devstack@placement-api.service[95313]: DEBUG placement.requestlog [req-8b88b8e0-6a25-4cef-8d21-b5dcb4935029 req-29d70f8e-06b7-4e23-ae44-8022c1f1911e None None] Starting request: 10.222.0.50 "PUT /placement/allocations/0c48de20-81d4-4ec4-bbdf-438d1f437a16" {{(pid=95313) __call__ /opt/stack/placement/placement/requestlog.py:55}}
Sep 27 08:57:30.864948 n-d-810909-1 devstack@placement-api.service[95312]: INFO placement.requestlog [req-c2a424bb-eeff-4704-aabf-72dc34c3f176 req-afcc1d6d-26ce-4268-bf34-b58a02e60857 service placement] 10.222.0.57 "GET /placement/resource_providers/ea7c93bb-4ab7-4d8f-8f4a-3666f444cc06/inventories" status: 200 len: 398 microversion: 1.0
Sep 27 08:57:30.865667 n-d-810909-1 devstack@placement-api.service[95312]: [pid: 95312|app: 0|req: 469/936] 10.222.0.57 () {58 vars in 1391 bytes} [Mon Sep 27 08:57:30 2021] GET /placement/resource_providers/ea7c93bb-4ab7-4d8f-8f4a-3666f444cc06/inventories => generated 398 bytes in 68 msecs (HTTP/1.1 200) 6 headers in 224 bytes (1 switches on core 0)
Sep 27 08:57:30.882988 n-d-810909-1 devstack@placement-api.service[95312]: DEBUG placement.requestlog [req-c2a424bb-eeff-4704-aabf-72dc34c3f176 req-1ef97520-ceaa-4064-92e4-773ea881d95a None None] Starting request: 10.222.0.57 "GET /placement/resource_providers/ea7c93bb-4ab7-4d8f-8f4a-3666f444cc06/aggregates" {{(pid=95312) __call__ /opt/stack/placement/placement/requestlog.py:55}}
Sep 27 08:57:30.907879 n-d-810909-1 devstack@placement-api.service[95312]: INFO placement.requestlog [req-c2a424bb-eeff-4704-aabf-72dc34c3f176 req-1ef97520-ceaa-4064-92e4-773ea881d95a service placement] 10.222.0.57 "GET /placement/resource_providers/ea7c93bb-4ab7-4d8f-8f4a-3666f444cc06/aggregates" status: 200 len: 54 microversion: 1.19
Sep 27 08:57:30.909487 n-d-810909-1 devstack@placement-api.service[95312]: [pid: 95312|app: 0|req: 470/937] 10.222.0.57 () {60 vars in 1432 bytes} [Mon Sep 27 08:57:30 2021] GET /placement/resource_providers/ea7c93bb-4ab7-4d8f-8f4a-3666f444cc06/aggregates => generated 54 bytes in 27 msecs (HTTP/1.1 200) 8 headers in 295 bytes (2 switches on core 0)
Sep 27 08:57:30.918862 n-d-810909-1 devstack@placement-api.service[95312]: DEBUG placement.requestlog [req-c2a424bb-eeff-4704-aabf-72dc34c3f176 req-65b63518-aa2d-4a5e-82de-11b31996c375 None None] Starting request: 10.222.0.57 "GET /placement/resource_providers/ea7c93bb-4ab7-4d8f-8f4a-3666f444cc06/traits" {{(pid=95312) __call__ /opt/stack/placement/placement/requestlog.py:55}}
Sep 27 08:57:30.957119 n-d-810909-1 devstack@placement-api.service[95313]: DEBUG placement.handlers.allocation [req-8b88b8e0-6a25-4cef-8d21-b5dcb4935029 req-29d70f8e-06b7-4e23-ae44-8022c1f1911e service placement] Successfully wrote allocations [, , ] {{(pid=95313) _update_consumers_and_create_allocations /opt/stack/placement/placement/handlers/allocation.py:462}}
Sep 27 08:57:30.970322 n-d-810909-1 devstack@placement-api.service[95313]: INFO placement.requestlog [req-8b88b8e0-6a25-4cef-8d21-b5dcb4935029 req-29d70f8e-06b7-4e23-ae44-8022c1f1911e service placement] 10.222.0.50 "PUT /placement/allocations/0c48de20-81d4-4ec4-bbdf-438d1f437a16" status: 204 len: 0 microversion: 1.36
Sep 27 08:57:30.973675 n-d-810909-1 devstack@placement-api.service[95313]: [pid: 95313|app: 0|req: 468/938] 10.222.0.50 () {64 vars in 1434 bytes} [Mon Sep 27 08:57:30 2021] PUT /placement/allocations/0c48de20-81d4-4ec4-bbdf-438d1f437a16 => generated 0 bytes in 144 msecs (HTTP/1.1 204) 5 headers in 199 bytes (1 switches on core 0)
Sep 27 08:57:30.983772 n-d-810909-1 devstack@placement-api.service[95312]: INFO placement.requestlog [req-c2a424bb-eeff-4704-aabf-72dc34c3f176 req-65b63518-aa2d-4a5e-82de-11b31996c375 service placement] 10.222.0.57 "GET /placement/resource_providers/ea7c93bb-4ab7-4d8f-8f4a-3666f444cc06/traits" status: 200 len: 212 microversion: 1.6
Sep 27 08:57:30.986772 n-d-810909-1 devstack@placement-api.service[95312]: [pid: 95312|app: 0|req: 471/939] 10.222.0.57 () {60 vars in 1419 bytes} [Mon Sep 27 08:57:30 2021] GET /placement/resource_providers/ea7c93bb-4ab7-4d8f-8f4a-3666f444cc06/traits => generated 212 bytes in 68 msecs (HTTP/1.1 200) 6 headers in 224 bytes (2 switches on core 0)
Sep 27 08:57:31.034049 n-d-810909-1 devstack@placement-api.service[95313]: DEBUG placement.requestlog [req-609d8afc-592f-4e94-ae8a-348db7dc7a25 req-44ac3856-94a3-4ce9-9b60-5703f63e19d4 None None] Starting request: 10.222.0.67 "GET /placement/resource_providers/33353818-ec8e-4e84-8938-9bb912d09251/allocations" {{(pid=95313) __call__ /opt/stack/placement/placement/requestlog.py:55}}
Sep 27 08:57:31.221345 n-d-810909-1 devstack@placement-api.service[95312]: DEBUG placement.requestlog [req-c2a424bb-eeff-4704-aabf-72dc34c3f176 req-abac13de-6d34-46c2-ba21-0db491fba6bd None None] Starting request: 10.222.0.57 "DELETE /placement/allocations/a8cd1de4-7a37-4a18-a72d-9c23722c3550" {{(pid=95312) __call__ /opt/stack/placement/placement/requestlog.py:55}}
Sep 27 08:57:31.284573 n-d-810909-1 devstack@placement-api.service[95312]: DEBUG placement.handlers.allocation [req-c2a424bb-eeff-4704-aabf-72dc34c3f176 req-abac13de-6d34-46c2-ba21-0db491fba6bd service placement] Successfully deleted allocations [, , ] {{(pid=95312) delete_allocations /opt/stack/placement/placement/handlers/allocation.py:627}}
Sep 27 08:57:31.285169 n-d-810909-1 devstack@placement-api.service[95312]: INFO placement.requestlog [req-c2a424bb-eeff-4704-aabf-72dc34c3f176 req-abac13de-6d34-46c2-ba21-0db491fba6bd service placement] 10.222.0.57 "DELETE /placement/allocations/a8cd1de4-7a37-4a18-a72d-9c23722c3550" status: 204 len: 0 microversion: 1.0
Sep 27 08:57:31.285809 n-d-810909-1 devstack@placement-api.service[95312]: [pid: 95312|app: 0|req: 472/940] 10.222.0.57 () {60 vars in 1356 bytes} [Mon Sep 27 08:57:31 2021] DELETE /placement/allocations/a8cd1de4-7a37-4a18-a72d-9c23722c3550 => generated 0 bytes in 65 msecs (HTTP/1.1 204) 5 headers in 198 bytes (2 switches on core 0)
Sep 27 08:57:31.289620 n-d-810909-1 devstack@placement-api.service[95313]: INFO placement.requestlog [req-609d8afc-592f-4e94-ae8a-348db7dc7a25 req-44ac3856-94a3-4ce9-9b60-5703f63e19d4 service placement] 10.222.0.67 "GET /placement/resource_providers/33353818-ec8e-4e84-8938-9bb912d09251/allocations" status: 200 len: 154 microversion: 1.0
Sep 27 08:57:31.291297 n-d-810909-1 devstack@placement-api.service[95313]: [pid: 95313|app: 0|req: 469/941] 10.222.0.67 () {58 vars in 1391 bytes} [Mon Sep 27 08:57:31 2021] GET /placement/resource_providers/33353818-ec8e-4e84-8938-9bb912d09251/allocations => generated 154 bytes in 256 msecs (HTTP/1.1 200) 6 headers in 224 bytes (1 switches on core 0)
Sep 27 08:57:31.375572 n-d-810909-1 devstack@placement-api.service[95312]: DEBUG placement.requestlog [req-609d8afc-592f-4e94-ae8a-348db7dc7a25 req-a17be3a8-e233-4965-baae-e6f19b9e0636 None None] Starting request: 10.222.0.67 "GET /placement/resource_providers?in_tree=33353818-ec8e-4e84-8938-9bb912d09251" {{(pid=95312) __call__ /opt/stack/placement/placement/requestlog.py:55}}
Sep 27 08:57:31.406077 n-d-810909-1 devstack@placement-api.service[95312]: INFO placement.requestlog [req-609d8afc-592f-4e94-ae8a-348db7dc7a25 req-a17be3a8-e233-4965-baae-e6f19b9e0636 service placement] 10.222.0.67 "GET /placement/resource_providers?in_tree=33353818-ec8e-4e84-8938-9bb912d09251" status: 200 len: 863 microversion: 1.14
Sep 27 08:57:31.406077 n-d-810909-1 devstack@placement-api.service[95312]: [pid: 95312|app: 0|req: 473/942] 10.222.0.67 () {60 vars in 1377 bytes} [Mon Sep 27 08:57:31 2021] GET /placement/resource_providers?in_tree=33353818-ec8e-4e84-8938-9bb912d09251 => generated 863 bytes in 29 msecs (HTTP/1.1 200) 6 headers in 225 bytes (1 switches on core 0)
Sep 27 08:57:31.413404 n-d-810909-1 devstack@placement-api.service[95313]: DEBUG placement.requestlog [req-609d8afc-592f-4e94-ae8a-348db7dc7a25 req-608db4df-8026-4c75-8f38-92b41f76a191 None None] Starting request: 10.222.0.67 "GET /placement/resource_providers/33353818-ec8e-4e84-8938-9bb912d09251/inventories" {{(pid=95313) __call__ /opt/stack/placement/placement/requestlog.py:55}}
Sep 27 08:57:31.433352 n-d-810909-1 devstack@placement-api.service[95313]: INFO placement.requestlog [req-609d8afc-592f-4e94-ae8a-348db7dc7a25 req-608db4df-8026-4c75-8f38-92b41f76a191 service placement] 10.222.0.67 "GET /placement/resource_providers/33353818-ec8e-4e84-8938-9bb912d09251/inventories" status: 200 len: 398 microversion: 1.0
Sep 27 08:57:31.434854 n-d-810909-1 devstack@placement-api.service[95313]: [pid: 95313|app: 0|req: 470/943] 10.222.0.67 () {58 vars in 1391 bytes} [Mon Sep 27 08:57:31 2021] GET /placement/resource_providers/33353818-ec8e-4e84-8938-9bb912d09251/inventories => generated 398 bytes in 21 msecs (HTTP/1.1 200) 6 headers in 224 bytes (1 switches on core 0)
Sep 27 08:57:31.444168 n-d-810909-1 devstack@placement-api.service[95312]: DEBUG placement.requestlog [req-609d8afc-592f-4e94-ae8a-348db7dc7a25 req-6a71bfb5-ba5c-4bc4-8220-6b6d37eadb2b None None] Starting request: 10.222.0.67 "GET /placement/resource_providers/33353818-ec8e-4e84-8938-9bb912d09251/aggregates" {{(pid=95312) __call__ /opt/stack/placement/placement/requestlog.py:55}}
Sep 27 08:57:31.459836 n-d-810909-1 devstack@placement-api.service[95312]: INFO placement.requestlog [req-609d8afc-592f-4e94-ae8a-348db7dc7a25 req-6a71bfb5-ba5c-4bc4-8220-6b6d37eadb2b service placement] 10.222.0.67 "GET /placement/resource_providers/33353818-ec8e-4e84-8938-9bb912d09251/aggregates" status: 200 len: 54 microversion: 1.19
Sep 27 08:57:31.460097 n-d-810909-1 devstack@placement-api.service[95312]: [pid: 95312|app: 0|req: 474/944] 10.222.0.67 () {60 vars in 1432 bytes} [Mon Sep 27 08:57:31 2021] GET /placement/resource_providers/33353818-ec8e-4e84-8938-9bb912d09251/aggregates => generated 54 bytes in 17 msecs (HTTP/1.1 200) 8 headers in 295 bytes (1 switches on core 0)
Sep 27 08:57:31.469148 n-d-810909-1 devstack@placement-api.service[95313]: DEBUG placement.requestlog [req-609d8afc-592f-4e94-ae8a-348db7dc7a25 req-745838f7-1750-474d-a6f5-3c441b85182e None None] Starting request: 10.222.0.67 "GET /placement/resource_providers/33353818-ec8e-4e84-8938-9bb912d09251/traits" {{(pid=95313) __call__ /opt/stack/placement/placement/requestlog.py:55}}
Sep 27 08:57:31.502658 n-d-810909-1 devstack@placement-api.service[95313]: INFO placement.requestlog [req-609d8afc-592f-4e94-ae8a-348db7dc7a25 req-745838f7-1750-474d-a6f5-3c441b85182e service placement] 10.222.0.67 "GET /placement/resource_providers/33353818-ec8e-4e84-8938-9bb912d09251/traits" status: 200 len: 212 microversion: 1.6
Sep 27 08:57:31.503221 n-d-810909-1 devstack@placement-api.service[95313]: [pid: 95313|app: 0|req: 471/945] 10.222.0.67 () {60 vars in 1419 bytes} [Mon Sep 27 08:57:31 2021] GET /placement/resource_providers/33353818-ec8e-4e84-8938-9bb912d09251/traits => generated 212 bytes in 34 msecs (HTTP/1.1 200) 6 headers in 224 bytes (2 switches on core 0)
Sep 27 08:57:32.573393 n-d-810909-1 devstack@placement-api.service[95312]: DEBUG placement.requestlog [req-8b88b8e0-6a25-4cef-8d21-b5dcb4935029 req-54e694cf-e0cc-49be-a084-8658fa62afc1 None None] Starting request: 10.222.0.57 "GET /placement/allocations/20aaa54f-6d98-4cd5-aae8-8079f0fd3fd3" {{(pid=95312) __call__ /opt/stack/placement/placement/requestlog.py:55}}
Sep 27 08:57:32.594429 n-d-810909-1 devstack@placement-api.service[95312]: INFO placement.requestlog [req-8b88b8e0-6a25-4cef-8d21-b5dcb4935029 req-54e694cf-e0cc-49be-a084-8658fa62afc1 service placement] 10.222.0.57 "GET /placement/allocations/20aaa54f-6d98-4cd5-aae8-8079f0fd3fd3" status: 200 len: 259 microversion: 1.28
Sep 27 08:57:32.596840 n-d-810909-1 devstack@placement-api.service[95312]: [pid: 95312|app: 0|req: 475/946] 10.222.0.57 () {60 vars in 1378 bytes} [Mon Sep 27 08:57:32 2021] GET /placement/allocations/20aaa54f-6d98-4cd5-aae8-8079f0fd3fd3 => generated 259 bytes in 26 msecs (HTTP/1.1 200) 8 headers in 296 bytes (1 switches on core 0)
Sep 27 08:57:32.713809 n-d-810909-1 devstack@placement-api.service[95313]: DEBUG placement.requestlog [req-8b88b8e0-6a25-4cef-8d21-b5dcb4935029 req-f5e4ebbc-6fd9-48fe-9c60-2fb9d2eea84c None None] Starting request: 10.222.0.67 "GET /placement/allocations/0c48de20-81d4-4ec4-bbdf-438d1f437a16" {{(pid=95313) __call__ /opt/stack/placement/placement/requestlog.py:55}}
Sep 27 08:57:32.758145 n-d-810909-1 devstack@placement-api.service[95313]: INFO placement.requestlog [req-8b88b8e0-6a25-4cef-8d21-b5dcb4935029 req-f5e4ebbc-6fd9-48fe-9c60-2fb9d2eea84c service placement] 10.222.0.67 "GET /placement/allocations/0c48de20-81d4-4ec4-bbdf-438d1f437a16" status: 200 len: 259 microversion: 1.28
Sep 27 08:57:32.759048 n-d-810909-1 devstack@placement-api.service[95313]: [pid: 95313|app: 0|req: 472/947] 10.222.0.67 () {60 vars in 1378 bytes} [Mon Sep 27 08:57:32 2021] GET /placement/allocations/0c48de20-81d4-4ec4-bbdf-438d1f437a16 => generated 259 bytes in 46 msecs (HTTP/1.1 200) 8 headers in 296 bytes (1 switches on core 0)
Sep 27 08:57:37.162900 n-d-810909-1 devstack@placement-api.service[95312]: DEBUG placement.requestlog [req-123fb744-227d-44be-a414-8f77377e8346 req-ea54b7d4-2157-49e7-a16e-50ae1c592b2d None None] Starting request: 10.222.0.57 "GET /placement/resource_providers/ea7c93bb-4ab7-4d8f-8f4a-3666f444cc06/allocations" {{(pid=95312) __call__ /opt/stack/placement/placement/requestlog.py:55}}
Sep 27 08:57:37.201792 n-d-810909-1 devstack@placement-api.service[95312]: INFO placement.requestlog [req-123fb744-227d-44be-a414-8f77377e8346 req-ea54b7d4-2157-49e7-a16e-50ae1c592b2d service placement] 10.222.0.57 "GET /placement/resource_providers/ea7c93bb-4ab7-4d8f-8f4a-3666f444cc06/allocations" status: 200 len: 154 microversion: 1.0
Sep 27 08:57:37.202057 n-d-810909-1 devstack@placement-api.service[95312]: [pid: 95312|app: 0|req: 476/948] 10.222.0.57 () {58 vars in 1391 bytes} [Mon Sep 27 08:57:37 2021] GET /placement/resource_providers/ea7c93bb-4ab7-4d8f-8f4a-3666f444cc06/allocations => generated 154 bytes in 39 msecs (HTTP/1.1 200) 6 headers in 224 bytes (1 switches on core 0)
Sep 27 08:57:50.242970 n-d-810909-1 devstack@placement-api.service[95313]: DEBUG placement.requestlog [req-ac05f961-6943-4f55-a977-ed7e97fb6b0c req-7a2fbec7-552b-41d4-8749-5dffe55448f5 None None] Starting request: 10.222.0.50 "GET /placement/allocation_candidates?limit=1000&resources=DISK_GB%3A1%2CMEMORY_MB%3A1024%2CVCPU%3A1&root_required=%21COMPUTE_STATUS_DISABLED" {{(pid=95313) __call__ /opt/stack/placement/placement/requestlog.py:55}}
Sep 27 08:57:50.331070 n-d-810909-1 devstack@placement-api.service[95313]: DEBUG placement.objects.research_context [req-ac05f961-6943-4f55-a977-ed7e97fb6b0c req-7a2fbec7-552b-41d4-8749-5dffe55448f5 service placement] getting providers with 1 DISK_GB {{(pid=95313) __init__ /opt/stack/placement/placement/objects/research_context.py:126}}
Sep 27 08:57:50.355812 n-d-810909-1 devstack@placement-api.service[95313]: DEBUG placement.objects.research_context [req-ac05f961-6943-4f55-a977-ed7e97fb6b0c req-7a2fbec7-552b-41d4-8749-5dffe55448f5 service placement] getting providers with 1024 MEMORY_MB {{(pid=95313) __init__ /opt/stack/placement/placement/objects/research_context.py:126}}
Sep 27 08:57:50.363931 n-d-810909-1 devstack@placement-api.service[95313]: DEBUG placement.objects.research_context [req-ac05f961-6943-4f55-a977-ed7e97fb6b0c req-7a2fbec7-552b-41d4-8749-5dffe55448f5 service placement] getting providers with 1 VCPU {{(pid=95313) __init__ /opt/stack/placement/placement/objects/research_context.py:126}}
Sep 27 08:57:50.374711 n-d-810909-1 devstack@placement-api.service[95313]: DEBUG placement.objects.research_context [req-ac05f961-6943-4f55-a977-ed7e97fb6b0c req-7a2fbec7-552b-41d4-8749-5dffe55448f5 service placement] found 2 providers with available 1 DISK_GB {{(pid=95313) get_provider_ids_matching /opt/stack/placement/placement/objects/research_context.py:549}}
Sep 27 08:57:50.375307 n-d-810909-1 devstack@placement-api.service[95313]: DEBUG placement.objects.research_context [req-ac05f961-6943-4f55-a977-ed7e97fb6b0c req-7a2fbec7-552b-41d4-8749-5dffe55448f5 service placement] found 2 providers with available 1024 MEMORY_MB {{(pid=95313) get_provider_ids_matching /opt/stack/placement/placement/objects/research_context.py:549}}
Sep 27 08:57:50.375754 n-d-810909-1 devstack@placement-api.service[95313]: DEBUG placement.objects.research_context [req-ac05f961-6943-4f55-a977-ed7e97fb6b0c req-7a2fbec7-552b-41d4-8749-5dffe55448f5 service placement] found 2 providers after filtering by previous result {{(pid=95313) get_provider_ids_matching /opt/stack/placement/placement/objects/research_context.py:580}}
Sep 27 08:57:50.376220 n-d-810909-1 devstack@placement-api.service[95313]: DEBUG placement.objects.research_context [req-ac05f961-6943-4f55-a977-ed7e97fb6b0c req-7a2fbec7-552b-41d4-8749-5dffe55448f5 service placement] found 2 providers with available 1 VCPU {{(pid=95313) get_provider_ids_matching /opt/stack/placement/placement/objects/research_context.py:549}}
Sep 27 08:57:50.376687 n-d-810909-1 devstack@placement-api.service[95313]: DEBUG placement.objects.research_context [req-ac05f961-6943-4f55-a977-ed7e97fb6b0c req-7a2fbec7-552b-41d4-8749-5dffe55448f5 service placement] found 2 providers after filtering by previous result {{(pid=95313) get_provider_ids_matching /opt/stack/placement/placement/objects/research_context.py:580}}
Sep 27 08:57:50.398209 n-d-810909-1 devstack@placement-api.service[95313]: DEBUG placement.objects.allocation_candidate [req-ac05f961-6943-4f55-a977-ed7e97fb6b0c req-7a2fbec7-552b-41d4-8749-5dffe55448f5 service placement] RequestGroup(use_same_provider=False, resources={DISK_GB:1, MEMORY_MB:1024, VCPU:1}, traits=[], aggregates=[]) (suffix '') returned 2 matches {{(pid=95313) _get_by_requests /opt/stack/placement/placement/objects/allocation_candidate.py:145}}
Sep 27 08:57:50.400516 n-d-810909-1 devstack@placement-api.service[95313]: DEBUG placement.objects.allocation_candidate [req-ac05f961-6943-4f55-a977-ed7e97fb6b0c req-7a2fbec7-552b-41d4-8749-5dffe55448f5 service placement] Merging candidates yields 2 allocation requests and 2 provider summaries {{(pid=95313) _merge_candidates /opt/stack/placement/placement/objects/allocation_candidate.py:783}}
Sep 27 08:57:50.406189 n-d-810909-1 devstack@placement-api.service[95313]: INFO placement.requestlog [req-ac05f961-6943-4f55-a977-ed7e97fb6b0c req-7a2fbec7-552b-41d4-8749-5dffe55448f5 service placement] 10.222.0.50 "GET /placement/allocation_candidates?limit=1000&resources=DISK_GB%3A1%2CMEMORY_MB%3A1024%2CVCPU%3A1&root_required=%21COMPUTE_STATUS_DISABLED" status: 200 len: 1309 microversion: 1.36
Sep 27 08:57:50.406722 n-d-810909-1 devstack@placement-api.service[95313]: [pid: 95313|app: 0|req: 473/949] 10.222.0.50 () {60 vars in 1507 bytes} [Mon Sep 27 08:57:50 2021] GET /placement/allocation_candidates?limit=1000&resources=DISK_GB%3A1%2CMEMORY_MB%3A1024%2CVCPU%3A1&root_required=%21COMPUTE_STATUS_DISABLED => generated 1309 bytes in 164 msecs (HTTP/1.1 200) 8 headers in 297 bytes (1 switches on core 0)
Sep 27 08:57:50.522313 n-d-810909-1 devstack@placement-api.service[95312]: DEBUG placement.requestlog [req-ac05f961-6943-4f55-a977-ed7e97fb6b0c req-5ffacc6f-cbfc-4d27-a3fe-2039450b725c None None] Starting request: 10.222.0.50 "GET /placement/allocations/effeb5b4-d5c0-4ac5-9cdc-864b80560fd3" {{(pid=95312) __call__ /opt/stack/placement/placement/requestlog.py:55}}
Sep 27 08:57:50.533769 n-d-810909-1 devstack@placement-api.service[95312]: INFO placement.requestlog [req-ac05f961-6943-4f55-a977-ed7e97fb6b0c req-5ffacc6f-cbfc-4d27-a3fe-2039450b725c service placement] 10.222.0.50 "GET /placement/allocations/effeb5b4-d5c0-4ac5-9cdc-864b80560fd3" status: 200 len: 19 microversion: 1.28
Sep 27 08:57:50.534266 n-d-810909-1 devstack@placement-api.service[95312]: [pid: 95312|app: 0|req: 477/950] 10.222.0.50 () {60 vars in 1381 bytes} [Mon Sep 27 08:57:50 2021] GET /placement/allocations/effeb5b4-d5c0-4ac5-9cdc-864b80560fd3 => generated 19 bytes in 12 msecs (HTTP/1.1 200) 8 headers in 295 bytes (1 switches on core 0)
Sep 27 08:57:50.559644 n-d-810909-1 devstack@placement-api.service[95313]: DEBUG placement.requestlog [req-ac05f961-6943-4f55-a977-ed7e97fb6b0c req-83b14765-134d-45a2-bc97-093f2a16381a None None] Starting request: 10.222.0.50 "PUT /placement/allocations/effeb5b4-d5c0-4ac5-9cdc-864b80560fd3" {{(pid=95313) __call__ /opt/stack/placement/placement/requestlog.py:55}}
Sep 27 08:57:50.589155 n-d-810909-1 devstack@placement-api.service[95312]: DEBUG placement.requestlog [req-d8d4943a-6f78-4294-ba18-58369119efcb req-f8a001a7-fdbf-4afd-8fe7-39c6b24ccb6c None None] Starting request: 10.222.0.57 "DELETE /placement/allocations/20aaa54f-6d98-4cd5-aae8-8079f0fd3fd3" {{(pid=95312) __call__ /opt/stack/placement/placement/requestlog.py:55}}
Sep 27 08:57:50.661006 n-d-810909-1 devstack@placement-api.service[95312]: DEBUG placement.handlers.allocation [req-d8d4943a-6f78-4294-ba18-58369119efcb req-f8a001a7-fdbf-4afd-8fe7-39c6b24ccb6c service placement] Successfully deleted allocations [, , ] {{(pid=95312) delete_allocations /opt/stack/placement/placement/handlers/allocation.py:627}}
Sep 27 08:57:50.661814 n-d-810909-1 devstack@placement-api.service[95312]: INFO placement.requestlog [req-d8d4943a-6f78-4294-ba18-58369119efcb req-f8a001a7-fdbf-4afd-8fe7-39c6b24ccb6c service placement] 10.222.0.57 "DELETE /placement/allocations/20aaa54f-6d98-4cd5-aae8-8079f0fd3fd3" status: 204 len: 0 microversion: 1.0
