Sep 24 12:17:59.720856 n-d-810857-1 devstack@n-api.service[110337]: [pid: 110337|app: 0|req: 61/145] 10.222.0.72 () {58 vars in 1236 bytes} [Fri Sep 24 12:17:59 2021] GET /compute/v2.1/servers/cbc5fc8d-d745-4115-a647-44ad40435c04 => generated 1333 bytes in 431 msecs (HTTP/1.1 200) 9 headers in 358 bytes (2 switches on core 0)
Sep 24 12:17:59.720952 n-d-810857-1 devstack@n-api.service[110336]: DEBUG oslo_concurrency.lockutils [None req-9cf8ef8a-ec52-4a24-ada3-833b6338afa5 tempest-DeleteServersAdminTestJSON-2019449460 tempest-DeleteServersAdminTestJSON-2019449460-project] Lock "dc68fe43-f5ac-475b-8205-24ffd22ab3ea" released by "nova.context.set_target_cell..get_or_set_cached_cell_and_set_connections" :: held 0.001s {{(pid=110336) inner /usr/local/lib/python3.8/dist-packages/oslo_concurrency/lockutils.py:367}}
Sep 24 12:17:59.964530 n-d-810857-1 devstack@n-api.service[110336]: DEBUG nova.policy [None req-9cf8ef8a-ec52-4a24-ada3-833b6338afa5 tempest-DeleteServersAdminTestJSON-2019449460 tempest-DeleteServersAdminTestJSON-2019449460-project] Policy check for os_compute_api:os-extended-server-attributes failed with credentials {'is_admin': False, 'user_id': '74209b7dc9084f838c117a68da2e166a', 'user_domain_id': 'default', 'system_scope': None, 'domain_id': None, 'project_id': 'ffdf122041d742398077a48ffb3f5d1d', 'project_domain_id': 'default', 'roles': ['member', 'reader'], 'is_admin_project': True, 'service_user_id': None, 'service_user_domain_id': None, 'service_project_id': None, 'service_project_domain_id': None, 'service_roles': []} {{(pid=110336) authorize /opt/stack/nova/nova/policy.py:199}}
Sep 24 12:17:59.972366 n-d-810857-1 devstack@n-api.service[110336]: INFO nova.api.openstack.requestlog [None req-9cf8ef8a-ec52-4a24-ada3-833b6338afa5 tempest-DeleteServersAdminTestJSON-2019449460 tempest-DeleteServersAdminTestJSON-2019449460-project] 10.222.0.72 "GET /compute/v2.1/servers/5314606f-a6a5-4e00-839d-f27fa012f784" status: 200 len: 1319 microversion: 2.1 time: 0.279477
Sep 24 12:17:59.982309 n-d-810857-1 devstack@n-api.service[110336]: [pid: 110336|app: 0|req: 85/146] 10.222.0.72 () {58 vars in 1236 bytes} [Fri Sep 24 12:17:59 2021] GET /compute/v2.1/servers/5314606f-a6a5-4e00-839d-f27fa012f784 => generated 1319 bytes in 290 msecs (HTTP/1.1 200) 9 headers in 358 bytes (2 switches on core 0)
Sep 24 12:18:00.001771 n-d-810857-1 devstack@n-api.service[110337]: DEBUG nova.api.openstack.wsgi [None req-77a9ede5-5438-4d8e-86d7-552394a52502 tempest-ServersWithSpecificFlavorTestJSON-1552410711 tempest-ServersWithSpecificFlavorTestJSON-1552410711-project] Calling method '>' {{(pid=110337) _process_stack /opt/stack/nova/nova/api/openstack/wsgi.py:513}}
Sep 24 12:18:00.011680 n-d-810857-1 devstack@n-api.service[110337]: INFO nova.api.openstack.requestlog [None req-77a9ede5-5438-4d8e-86d7-552394a52502 tempest-ServersWithSpecificFlavorTestJSON-1552410711 tempest-ServersWithSpecificFlavorTestJSON-1552410711-project] 10.222.0.72 "GET /compute/v2.1/flavors/452" status: 200 len: 370 microversion: 2.1 time: 0.293770
Sep 24 12:18:00.012445 n-d-810857-1 devstack@n-api.service[110337]: [pid: 110337|app: 0|req: 62/147] 10.222.0.72 () {58 vars in 1137 bytes} [Fri Sep 24 12:17:59 2021] GET /compute/v2.1/flavors/452 => generated 370 bytes in 295 msecs (HTTP/1.1 200) 9 headers in 357 bytes (1 switches on core 0)
Sep 24 12:18:00.107356 n-d-810857-1 devstack@n-api.service[110336]: DEBUG nova.api.openstack.wsgi [None req-e0b19ab6-c62c-42d6-8ba0-2a342037b124 tempest-ServersWithSpecificFlavorTestJSON-1273762114 tempest-ServersWithSpecificFlavorTestJSON-1273762114-project-admin] Action: 'create', calling method: >, body: {"flavor": {"ram": 1024, "vcpus": 1, "disk": 1, "name": "tempest-flavor_with_ephemeral_1-1051221428", "id": 737655202, "OS-FLV-EXT-DATA:ephemeral": 1, "os-flavor-access:is_public": "True"}} {{(pid=110336) _process_stack /opt/stack/nova/nova/api/openstack/wsgi.py:511}}
Sep 24 12:18:00.110001 n-d-810857-1 devstack@n-api.service[110336]: /usr/local/lib/python3.8/dist-packages/oslo_policy/policy.py:1064: UserWarning: Policy os_compute_api:os-flavor-manage:create failed scope check. The token used to make the request was project scoped but the policy requires ['system'] scope. This behavior may change in the future where using the intended scope is required
Sep 24 12:18:00.110001 n-d-810857-1 devstack@n-api.service[110336]: warnings.warn(msg)
Sep 24 12:18:00.203406 n-d-810857-1 devstack@n-api.service[110336]: INFO nova.api.openstack.requestlog [None req-e0b19ab6-c62c-42d6-8ba0-2a342037b124 tempest-ServersWithSpecificFlavorTestJSON-1273762114 tempest-ServersWithSpecificFlavorTestJSON-1273762114-project-admin] 10.222.0.72 "POST /compute/v2.1/flavors" status: 200 len: 422 microversion: 2.1 time: 0.183329
Sep 24 12:18:00.204118 n-d-810857-1 devstack@n-api.service[110336]: [pid: 110336|app: 0|req: 86/148] 10.222.0.72 () {60 vars in 1147 bytes} [Fri Sep 24 12:18:00 2021] POST /compute/v2.1/flavors => generated 422 bytes in 185 msecs (HTTP/1.1 200) 9 headers in 357 bytes (1 switches on core 0)
Sep 24 12:18:00.214407 n-d-810857-1 devstack@n-api.service[110337]: DEBUG nova.api.openstack.wsgi [None req-6b6d9c08-0c46-4a51-8f4d-2876a10e07c8 tempest-ServersWithSpecificFlavorTestJSON-1273762114 tempest-ServersWithSpecificFlavorTestJSON-1273762114-project-admin] Calling method '>' {{(pid=110337) _process_stack /opt/stack/nova/nova/api/openstack/wsgi.py:513}}
Sep 24 12:18:00.222584 n-d-810857-1 devstack@n-api.service[110337]: INFO nova.api.openstack.requestlog [None req-6b6d9c08-0c46-4a51-8f4d-2876a10e07c8 tempest-ServersWithSpecificFlavorTestJSON-1273762114 tempest-ServersWithSpecificFlavorTestJSON-1273762114-project-admin] 10.222.0.72 "GET /compute/v2.1/flavors/452/os-extra_specs" status: 200 len: 19 microversion: 2.1 time: 0.011970
Sep 24 12:18:00.223133 n-d-810857-1 devstack@n-api.service[110337]: [pid: 110337|app: 0|req: 63/149] 10.222.0.72 () {58 vars in 1182 bytes} [Fri Sep 24 12:18:00 2021] GET /compute/v2.1/flavors/452/os-extra_specs => generated 19 bytes in 13 msecs (HTTP/1.1 200) 9 headers in 356 bytes (1 switches on core 0)
Sep 24 12:18:00.231783 n-d-810857-1 devstack@n-api.service[110336]: DEBUG nova.api.openstack.wsgi [None req-efd63131-46ac-4423-b9e7-8f41beb995a7 tempest-ServersWithSpecificFlavorTestJSON-1273762114 tempest-ServersWithSpecificFlavorTestJSON-1273762114-project-admin] Action: 'create', calling method: >, body: {"flavor": {"ram": 1024, "vcpus": 1, "disk": 1, "name": "tempest-flavor_with_ephemeral_0-1916160554", "id": 2139231777, "OS-FLV-EXT-DATA:ephemeral": 0, "os-flavor-access:is_public": "True"}} {{(pid=110336) _process_stack /opt/stack/nova/nova/api/openstack/wsgi.py:511}}
Sep 24 12:18:00.448574 n-d-810857-1 devstack@n-api.service[110336]: INFO nova.api.openstack.requestlog [None req-efd63131-46ac-4423-b9e7-8f41beb995a7 tempest-ServersWithSpecificFlavorTestJSON-1273762114 tempest-ServersWithSpecificFlavorTestJSON-1273762114-project-admin] 10.222.0.72 "POST /compute/v2.1/flavors" status: 200 len: 425 microversion: 2.1 time: 0.220415
Sep 24 12:18:00.449434 n-d-810857-1 devstack@n-api.service[110336]: [pid: 110336|app: 0|req: 87/150] 10.222.0.72 () {60 vars in 1147 bytes} [Fri Sep 24 12:18:00 2021] POST /compute/v2.1/flavors => generated 425 bytes in 222 msecs (HTTP/1.1 200) 9 headers in 357 bytes (2 switches on core 0)
Sep 24 12:18:00.464506 n-d-810857-1 devstack@n-api.service[110337]: DEBUG nova.api.openstack.wsgi [None req-2094f3c9-e646-4051-a328-cc651d3da23d tempest-ServersWithSpecificFlavorTestJSON-1273762114 tempest-ServersWithSpecificFlavorTestJSON-1273762114-project-admin] Calling method '>' {{(pid=110337) _process_stack /opt/stack/nova/nova/api/openstack/wsgi.py:513}}
Sep 24 12:18:00.472771 n-d-810857-1 devstack@n-api.service[110337]: INFO nova.api.openstack.requestlog [None req-2094f3c9-e646-4051-a328-cc651d3da23d tempest-ServersWithSpecificFlavorTestJSON-1273762114 tempest-ServersWithSpecificFlavorTestJSON-1273762114-project-admin] 10.222.0.72 "GET /compute/v2.1/flavors/452/os-extra_specs" status: 200 len: 19 microversion: 2.1 time: 0.012105
Sep 24 12:18:00.473412 n-d-810857-1 devstack@n-api.service[110337]: [pid: 110337|app: 0|req: 64/151] 10.222.0.72 () {58 vars in 1182 bytes} [Fri Sep 24 12:18:00 2021] GET /compute/v2.1/flavors/452/os-extra_specs => generated 19 bytes in 13 msecs (HTTP/1.1 200) 9 headers in 356 bytes (1 switches on core 0)
Sep 24 12:18:00.482962 n-d-810857-1 devstack@n-api.service[110336]: DEBUG nova.api.openstack.wsgi [None req-7688c646-385e-4e9a-9295-72f3ce84ec79 tempest-ServersWithSpecificFlavorTestJSON-1552410711 tempest-ServersWithSpecificFlavorTestJSON-1552410711-project] Action: 'create', calling method: .version_select at 0x7f138d70cb80>, body: {"keypair": {"name": "tempest-keypair-118813675"}} {{(pid=110336) _process_stack /opt/stack/nova/nova/api/openstack/wsgi.py:511}}
Sep 24 12:18:00.502454 n-d-810857-1 devstack@n-api.service[110336]: DEBUG nova.quota [None req-7688c646-385e-4e9a-9295-72f3ce84ec79 tempest-ServersWithSpecificFlavorTestJSON-1552410711 tempest-ServersWithSpecificFlavorTestJSON-1552410711-project] Getting quotas for project ed484e66b8d94f80a8a465c46e30aa9a. Resources: {'key_pairs'} {{(pid=110336) _get_quotas /opt/stack/nova/nova/quota.py:387}}
Sep 24 12:18:00.506215 n-d-810857-1 devstack@n-api.service[110336]: DEBUG nova.quota [None req-7688c646-385e-4e9a-9295-72f3ce84ec79 tempest-ServersWithSpecificFlavorTestJSON-1552410711 tempest-ServersWithSpecificFlavorTestJSON-1552410711-project] Getting quotas for user 33d5a7e7883a4171bff9879b5b053fc5 and project ed484e66b8d94f80a8a465c46e30aa9a. Resources: {'key_pairs'} {{(pid=110336) _get_quotas /opt/stack/nova/nova/quota.py:377}}
Sep 24 12:18:00.594220 n-d-810857-1 devstack@n-api.service[110337]: DEBUG nova.api.openstack.wsgi [None req-fef2a1a7-4962-48dc-9c4c-72cc74eb0361 tempest-AggregatesAdminTestJSON-1065542095 tempest-AggregatesAdminTestJSON-1065542095-project] Calling method '>' {{(pid=110337) _process_stack /opt/stack/nova/nova/api/openstack/wsgi.py:513}}
Sep 24 12:18:00.596806 n-d-810857-1 devstack@n-api.service[110337]: DEBUG nova.compute.api [None req-fef2a1a7-4962-48dc-9c4c-72cc74eb0361 tempest-AggregatesAdminTestJSON-1065542095 tempest-AggregatesAdminTestJSON-1065542095-project] [instance: fb66d1e8-d883-4474-88ef-4e2d6c6bf8c1] Fetching instance by UUID {{(pid=110337) get /opt/stack/nova/nova/compute/api.py:2863}}
Sep 24 12:18:00.617052 n-d-810857-1 devstack@n-api.service[110337]: DEBUG oslo_concurrency.lockutils [None req-fef2a1a7-4962-48dc-9c4c-72cc74eb0361 tempest-AggregatesAdminTestJSON-1065542095 tempest-AggregatesAdminTestJSON-1065542095-project] Lock "dc68fe43-f5ac-475b-8205-24ffd22ab3ea" acquired by "nova.context.set_target_cell..get_or_set_cached_cell_and_set_connections" :: waited 0.000s {{(pid=110337) inner /usr/local/lib/python3.8/dist-packages/oslo_concurrency/lockutils.py:355}}
Sep 24 12:18:00.619150 n-d-810857-1 devstack@n-api.service[110337]: DEBUG oslo_concurrency.lockutils [None req-fef2a1a7-4962-48dc-9c4c-72cc74eb0361 tempest-AggregatesAdminTestJSON-1065542095 tempest-AggregatesAdminTestJSON-1065542095-project] Lock "dc68fe43-f5ac-475b-8205-24ffd22ab3ea" released by "nova.context.set_target_cell..get_or_set_cached_cell_and_set_connections" :: held 0.002s {{(pid=110337) inner /usr/local/lib/python3.8/dist-packages/oslo_concurrency/lockutils.py:367}}
Sep 24 12:18:00.620215 n-d-810857-1 devstack@n-api.service[110337]: DEBUG oslo_concurrency.lockutils [None req-fef2a1a7-4962-48dc-9c4c-72cc74eb0361 tempest-AggregatesAdminTestJSON-1065542095 tempest-AggregatesAdminTestJSON-1065542095-project] Lock "dc68fe43-f5ac-475b-8205-24ffd22ab3ea" acquired by "nova.context.set_target_cell..get_or_set_cached_cell_and_set_connections" :: waited 0.000s {{(pid=110337) inner /usr/local/lib/python3.8/dist-packages/oslo_concurrency/lockutils.py:355}}
Sep 24 12:18:00.621919 n-d-810857-1 devstack@n-api.service[110337]: DEBUG oslo_concurrency.lockutils [None req-fef2a1a7-4962-48dc-9c4c-72cc74eb0361 tempest-AggregatesAdminTestJSON-1065542095 tempest-AggregatesAdminTestJSON-1065542095-project] Lock "dc68fe43-f5ac-475b-8205-24ffd22ab3ea" released by "nova.context.set_target_cell..get_or_set_cached_cell_and_set_connections" :: held 0.001s {{(pid=110337) inner /usr/local/lib/python3.8/dist-packages/oslo_concurrency/lockutils.py:367}}
Sep 24 12:18:00.753951 n-d-810857-1 devstack@n-api.service[110337]: DEBUG nova.policy [None req-fef2a1a7-4962-48dc-9c4c-72cc74eb0361 tempest-AggregatesAdminTestJSON-1065542095 tempest-AggregatesAdminTestJSON-1065542095-project] Policy check for os_compute_api:os-extended-server-attributes failed with credentials {'is_admin': False, 'user_id': '91195113034548d1abcf98c6034fbe10', 'user_domain_id': 'default', 'system_scope': None, 'domain_id': None, 'project_id': '9d1bacfd4bfd4d7cb1178d99e3f48f88', 'project_domain_id': 'default', 'roles': ['member', 'reader'], 'is_admin_project': True, 'service_user_id': None, 'service_user_domain_id': None, 'service_project_id': None, 'service_project_domain_id': None, 'service_roles': []} {{(pid=110337) authorize /opt/stack/nova/nova/policy.py:199}}
Sep 24 12:18:00.761861 n-d-810857-1 devstack@n-api.service[110337]: INFO nova.api.openstack.requestlog [None req-fef2a1a7-4962-48dc-9c4c-72cc74eb0361 tempest-AggregatesAdminTestJSON-1065542095 tempest-AggregatesAdminTestJSON-1065542095-project] 10.222.0.72 "GET /compute/v2.1/servers/fb66d1e8-d883-4474-88ef-4e2d6c6bf8c1" status: 200 len: 1339 microversion: 2.1 time: 0.177429
Sep 24 12:18:00.762716 n-d-810857-1 devstack@n-api.service[110337]: [pid: 110337|app: 0|req: 65/152] 10.222.0.72 () {58 vars in 1236 bytes} [Fri Sep 24 12:18:00 2021] GET /compute/v2.1/servers/fb66d1e8-d883-4474-88ef-4e2d6c6bf8c1 => generated 1339 bytes in 179 msecs (HTTP/1.1 200) 9 headers in 358 bytes (1 switches on core 0)
Sep 24 12:18:00.770105 n-d-810857-1 devstack@n-api.service[110337]: DEBUG nova.api.openstack.wsgi [None req-56872240-8cc8-4755-b4a7-c25c4af27456 tempest-LiveMigrationTest-1796719031 tempest-LiveMigrationTest-1796719031-project] Calling method '>' {{(pid=110337) _process_stack /opt/stack/nova/nova/api/openstack/wsgi.py:513}}
Sep 24 12:18:00.770948 n-d-810857-1 devstack@n-api.service[110337]: DEBUG nova.compute.api [None req-56872240-8cc8-4755-b4a7-c25c4af27456 tempest-LiveMigrationTest-1796719031 tempest-LiveMigrationTest-1796719031-project] [instance: cbc5fc8d-d745-4115-a647-44ad40435c04] Fetching instance by UUID {{(pid=110337) get /opt/stack/nova/nova/compute/api.py:2863}}
Sep 24 12:18:00.791732 n-d-810857-1 devstack@n-api.service[110337]: DEBUG oslo_concurrency.lockutils [None req-56872240-8cc8-4755-b4a7-c25c4af27456 tempest-LiveMigrationTest-1796719031 tempest-LiveMigrationTest-1796719031-project] Lock "dc68fe43-f5ac-475b-8205-24ffd22ab3ea" acquired by "nova.context.set_target_cell..get_or_set_cached_cell_and_set_connections" :: waited 0.000s {{(pid=110337) inner /usr/local/lib/python3.8/dist-packages/oslo_concurrency/lockutils.py:355}}
Sep 24 12:18:00.791732 n-d-810857-1 devstack@n-api.service[110337]: DEBUG oslo_concurrency.lockutils [None req-56872240-8cc8-4755-b4a7-c25c4af27456 tempest-LiveMigrationTest-1796719031 tempest-LiveMigrationTest-1796719031-project] Lock "dc68fe43-f5ac-475b-8205-24ffd22ab3ea" released by "nova.context.set_target_cell..get_or_set_cached_cell_and_set_connections" :: held 0.001s {{(pid=110337) inner /usr/local/lib/python3.8/dist-packages/oslo_concurrency/lockutils.py:367}}
Sep 24 12:18:00.791732 n-d-810857-1 devstack@n-api.service[110337]: DEBUG oslo_concurrency.lockutils [None req-56872240-8cc8-4755-b4a7-c25c4af27456 tempest-LiveMigrationTest-1796719031 tempest-LiveMigrationTest-1796719031-project] Lock "dc68fe43-f5ac-475b-8205-24ffd22ab3ea" acquired by "nova.context.set_target_cell..get_or_set_cached_cell_and_set_connections" :: waited 0.000s {{(pid=110337) inner /usr/local/lib/python3.8/dist-packages/oslo_concurrency/lockutils.py:355}}
Sep 24 12:18:00.791732 n-d-810857-1 devstack@n-api.service[110337]: DEBUG oslo_concurrency.lockutils [None req-56872240-8cc8-4755-b4a7-c25c4af27456 tempest-LiveMigrationTest-1796719031 tempest-LiveMigrationTest-1796719031-project] Lock "dc68fe43-f5ac-475b-8205-24ffd22ab3ea" released by "nova.context.set_target_cell..get_or_set_cached_cell_and_set_connections" :: held 0.000s {{(pid=110337) inner /usr/local/lib/python3.8/dist-packages/oslo_concurrency/lockutils.py:367}}
Sep 24 12:18:00.980452 n-d-810857-1 devstack@n-api.service[110337]: DEBUG nova.policy [None req-56872240-8cc8-4755-b4a7-c25c4af27456 tempest-LiveMigrationTest-1796719031 tempest-LiveMigrationTest-1796719031-project] Policy check for os_compute_api:os-extended-server-attributes failed with credentials {'is_admin': False, 'user_id': '13ef15e5e8c748cb90751170593e68dd', 'user_domain_id': 'default', 'system_scope': None, 'domain_id': None, 'project_id': 'da7164fd95f34ab697dc9b07f1f90deb', 'project_domain_id': 'default', 'roles': ['member', 'reader'], 'is_admin_project': True, 'service_user_id': None, 'service_user_domain_id': None, 'service_project_id': None, 'service_project_domain_id': None, 'service_roles': []} {{(pid=110337) authorize /opt/stack/nova/nova/policy.py:199}}
Sep 24 12:18:00.996382 n-d-810857-1 devstack@n-api.service[110337]: INFO nova.api.openstack.requestlog [None req-56872240-8cc8-4755-b4a7-c25c4af27456 tempest-LiveMigrationTest-1796719031 tempest-LiveMigrationTest-1796719031-project] 10.222.0.72 "GET /compute/v2.1/servers/cbc5fc8d-d745-4115-a647-44ad40435c04" status: 200 len: 1333 microversion: 2.1 time: 0.230762
Sep 24 12:18:01.000891 n-d-810857-1 devstack@n-api.service[110337]: [pid: 110337|app: 0|req: 66/153] 10.222.0.72 () {58 vars in 1236 bytes} [Fri Sep 24 12:18:00 2021] GET /compute/v2.1/servers/cbc5fc8d-d745-4115-a647-44ad40435c04 => generated 1333 bytes in 236 msecs (HTTP/1.1 200) 9 headers in 358 bytes (1 switches on core 0)
Sep 24 12:18:01.007604 n-d-810857-1 devstack@n-api.service[110337]: DEBUG nova.api.openstack.wsgi [None req-8d859db5-0f31-4395-82bf-2352d76d9c6b tempest-DeleteServersAdminTestJSON-2019449460 tempest-DeleteServersAdminTestJSON-2019449460-project] Calling method '>' {{(pid=110337) _process_stack /opt/stack/nova/nova/api/openstack/wsgi.py:513}}
Sep 24 12:18:01.008586 n-d-810857-1 devstack@n-api.service[110337]: DEBUG nova.compute.api [None req-8d859db5-0f31-4395-82bf-2352d76d9c6b tempest-DeleteServersAdminTestJSON-2019449460 tempest-DeleteServersAdminTestJSON-2019449460-project] [instance: 5314606f-a6a5-4e00-839d-f27fa012f784] Fetching instance by UUID {{(pid=110337) get /opt/stack/nova/nova/compute/api.py:2863}}
Sep 24 12:18:01.014560 n-d-810857-1 devstack@n-api.service[110336]: DEBUG nova.quota [None req-7688c646-385e-4e9a-9295-72f3ce84ec79 tempest-ServersWithSpecificFlavorTestJSON-1552410711 tempest-ServersWithSpecificFlavorTestJSON-1552410711-project] Getting quotas for project ed484e66b8d94f80a8a465c46e30aa9a. Resources: {'key_pairs'} {{(pid=110336) _get_quotas /opt/stack/nova/nova/quota.py:387}}
Sep 24 12:18:01.017955 n-d-810857-1 devstack@n-api.service[110337]: DEBUG oslo_concurrency.lockutils [None req-8d859db5-0f31-4395-82bf-2352d76d9c6b tempest-DeleteServersAdminTestJSON-2019449460 tempest-DeleteServersAdminTestJSON-2019449460-project] Lock "dc68fe43-f5ac-475b-8205-24ffd22ab3ea" acquired by "nova.context.set_target_cell..get_or_set_cached_cell_and_set_connections" :: waited 0.000s {{(pid=110337) inner /usr/local/lib/python3.8/dist-packages/oslo_concurrency/lockutils.py:355}}
Sep 24 12:18:01.018671 n-d-810857-1 devstack@n-api.service[110337]: DEBUG oslo_concurrency.lockutils [None req-8d859db5-0f31-4395-82bf-2352d76d9c6b tempest-DeleteServersAdminTestJSON-2019449460 tempest-DeleteServersAdminTestJSON-2019449460-project] Lock "dc68fe43-f5ac-475b-8205-24ffd22ab3ea" released by "nova.context.set_target_cell..get_or_set_cached_cell_and_set_connections" :: held 0.001s {{(pid=110337) inner /usr/local/lib/python3.8/dist-packages/oslo_concurrency/lockutils.py:367}}
Sep 24 12:18:01.019480 n-d-810857-1 devstack@n-api.service[110337]: DEBUG oslo_concurrency.lockutils [None req-8d859db5-0f31-4395-82bf-2352d76d9c6b tempest-DeleteServersAdminTestJSON-2019449460 tempest-DeleteServersAdminTestJSON-2019449460-project] Lock "dc68fe43-f5ac-475b-8205-24ffd22ab3ea" acquired by "nova.context.set_target_cell..get_or_set_cached_cell_and_set_connections" :: waited 0.000s {{(pid=110337) inner /usr/local/lib/python3.8/dist-packages/oslo_concurrency/lockutils.py:355}}
Sep 24 12:18:01.020041 n-d-810857-1 devstack@n-api.service[110337]: DEBUG oslo_concurrency.lockutils [None req-8d859db5-0f31-4395-82bf-2352d76d9c6b tempest-DeleteServersAdminTestJSON-2019449460 tempest-DeleteServersAdminTestJSON-2019449460-project] Lock "dc68fe43-f5ac-475b-8205-24ffd22ab3ea" released by "nova.context.set_target_cell..get_or_set_cached_cell_and_set_connections" :: held 0.000s {{(pid=110337) inner /usr/local/lib/python3.8/dist-packages/oslo_concurrency/lockutils.py:367}}
Sep 24 12:18:01.021673 n-d-810857-1 devstack@n-api.service[110336]: DEBUG nova.quota [None req-7688c646-385e-4e9a-9295-72f3ce84ec79 tempest-ServersWithSpecificFlavorTestJSON-1552410711 tempest-ServersWithSpecificFlavorTestJSON-1552410711-project] Getting quotas for user 33d5a7e7883a4171bff9879b5b053fc5 and project ed484e66b8d94f80a8a465c46e30aa9a. Resources: {'key_pairs'} {{(pid=110336) _get_quotas /opt/stack/nova/nova/quota.py:377}}
Sep 24 12:18:01.041694 n-d-810857-1 devstack@n-api.service[110336]: INFO nova.api.openstack.requestlog [None req-7688c646-385e-4e9a-9295-72f3ce84ec79 tempest-ServersWithSpecificFlavorTestJSON-1552410711 tempest-ServersWithSpecificFlavorTestJSON-1552410711-project] 10.222.0.72 "POST /compute/v2.1/os-keypairs" status: 200 len: 2300 microversion: 2.1 time: 0.558812
Sep 24 12:18:01.041694 n-d-810857-1 devstack@n-api.service[110336]: [pid: 110336|app: 0|req: 88/154] 10.222.0.72 () {60 vars in 1158 bytes} [Fri Sep 24 12:18:00 2021] POST /compute/v2.1/os-keypairs => generated 2300 bytes in 560 msecs (HTTP/1.1 200) 9 headers in 358 bytes (1 switches on core 0)
Sep 24 12:18:01.162355 n-d-810857-1 devstack@n-api.service[110337]: DEBUG nova.policy [None req-8d859db5-0f31-4395-82bf-2352d76d9c6b tempest-DeleteServersAdminTestJSON-2019449460 tempest-DeleteServersAdminTestJSON-2019449460-project] Policy check for os_compute_api:os-extended-server-attributes failed with credentials {'is_admin': False, 'user_id': '74209b7dc9084f838c117a68da2e166a', 'user_domain_id': 'default', 'system_scope': None, 'domain_id': None, 'project_id': 'ffdf122041d742398077a48ffb3f5d1d', 'project_domain_id': 'default', 'roles': ['member', 'reader'], 'is_admin_project': True, 'service_user_id': None, 'service_user_domain_id': None, 'service_project_id': None, 'service_project_domain_id': None, 'service_roles': []} {{(pid=110337) authorize /opt/stack/nova/nova/policy.py:199}}
Sep 24 12:18:01.169993 n-d-810857-1 devstack@n-api.service[110337]: INFO nova.api.openstack.requestlog [None req-8d859db5-0f31-4395-82bf-2352d76d9c6b tempest-DeleteServersAdminTestJSON-2019449460 tempest-DeleteServersAdminTestJSON-2019449460-project] 10.222.0.72 "GET /compute/v2.1/servers/5314606f-a6a5-4e00-839d-f27fa012f784" status: 200 len: 1319 microversion: 2.1 time: 0.167530
Sep 24 12:18:01.170313 n-d-810857-1 devstack@n-api.service[110337]: [pid: 110337|app: 0|req: 67/155] 10.222.0.72 () {58 vars in 1236 bytes} [Fri Sep 24 12:18:01 2021] GET /compute/v2.1/servers/5314606f-a6a5-4e00-839d-f27fa012f784 => generated 1319 bytes in 169 msecs (HTTP/1.1 200) 9 headers in 358 bytes (1 switches on core 0)
Sep 24 12:18:01.778821 n-d-810857-1 devstack@n-api.service[110336]: DEBUG nova.api.openstack.wsgi [None req-62c03dfa-554f-4fbf-8fdf-0f2400543e1b tempest-AggregatesAdminTestJSON-1065542095 tempest-AggregatesAdminTestJSON-1065542095-project] Calling method '>' {{(pid=110336) _process_stack /opt/stack/nova/nova/api/openstack/wsgi.py:513}}
Sep 24 12:18:01.779857 n-d-810857-1 devstack@n-api.service[110336]: DEBUG nova.compute.api [None req-62c03dfa-554f-4fbf-8fdf-0f2400543e1b tempest-AggregatesAdminTestJSON-1065542095 tempest-AggregatesAdminTestJSON-1065542095-project] [instance: fb66d1e8-d883-4474-88ef-4e2d6c6bf8c1] Fetching instance by UUID {{(pid=110336) get /opt/stack/nova/nova/compute/api.py:2863}}
Sep 24 12:18:01.792427 n-d-810857-1 devstack@n-api.service[110336]: DEBUG oslo_concurrency.lockutils [None req-62c03dfa-554f-4fbf-8fdf-0f2400543e1b tempest-AggregatesAdminTestJSON-1065542095 tempest-AggregatesAdminTestJSON-1065542095-project] Lock "dc68fe43-f5ac-475b-8205-24ffd22ab3ea" acquired by "nova.context.set_target_cell..get_or_set_cached_cell_and_set_connections" :: waited 0.000s {{(pid=110336) inner /usr/local/lib/python3.8/dist-packages/oslo_concurrency/lockutils.py:355}}
Sep 24 12:18:01.806206 n-d-810857-1 devstack@n-api.service[110336]: DEBUG oslo_concurrency.lockutils [None req-62c03dfa-554f-4fbf-8fdf-0f2400543e1b tempest-AggregatesAdminTestJSON-1065542095 tempest-AggregatesAdminTestJSON-1065542095-project] Lock "dc68fe43-f5ac-475b-8205-24ffd22ab3ea" released by "nova.context.set_target_cell..get_or_set_cached_cell_and_set_connections" :: held 0.001s {{(pid=110336) inner /usr/local/lib/python3.8/dist-packages/oslo_concurrency/lockutils.py:367}}
Sep 24 12:18:01.806206 n-d-810857-1 devstack@n-api.service[110336]: DEBUG oslo_concurrency.lockutils [None req-62c03dfa-554f-4fbf-8fdf-0f2400543e1b tempest-AggregatesAdminTestJSON-1065542095 tempest-AggregatesAdminTestJSON-1065542095-project] Lock "dc68fe43-f5ac-475b-8205-24ffd22ab3ea" acquired by "nova.context.set_target_cell..get_or_set_cached_cell_and_set_connections" :: waited 0.000s {{(pid=110336) inner /usr/local/lib/python3.8/dist-packages/oslo_concurrency/lockutils.py:355}}
Sep 24 12:18:01.806206 n-d-810857-1 devstack@n-api.service[110336]: DEBUG oslo_concurrency.lockutils [None req-62c03dfa-554f-4fbf-8fdf-0f2400543e1b tempest-AggregatesAdminTestJSON-1065542095 tempest-AggregatesAdminTestJSON-1065542095-project] Lock "dc68fe43-f5ac-475b-8205-24ffd22ab3ea" released by "nova.context.set_target_cell..get_or_set_cached_cell_and_set_connections" :: held 0.000s {{(pid=110336) inner /usr/local/lib/python3.8/dist-packages/oslo_concurrency/lockutils.py:367}}
Sep 24 12:18:02.017741 n-d-810857-1 devstack@n-api.service[110337]: DEBUG nova.api.openstack.wsgi [None req-9a192492-dbfd-43e5-9551-5509700f2e69 tempest-LiveMigrationTest-1796719031 tempest-LiveMigrationTest-1796719031-project] Calling method '>' {{(pid=110337) _process_stack /opt/stack/nova/nova/api/openstack/wsgi.py:513}}
Sep 24 12:18:02.019071 n-d-810857-1 devstack@n-api.service[110337]: DEBUG nova.compute.api [None req-9a192492-dbfd-43e5-9551-5509700f2e69 tempest-LiveMigrationTest-1796719031 tempest-LiveMigrationTest-1796719031-project] [instance: cbc5fc8d-d745-4115-a647-44ad40435c04] Fetching instance by UUID {{(pid=110337) get /opt/stack/nova/nova/compute/api.py:2863}}
Sep 24 12:18:02.026744 n-d-810857-1 devstack@n-api.service[110337]: DEBUG oslo_concurrency.lockutils [None req-9a192492-dbfd-43e5-9551-5509700f2e69 tempest-LiveMigrationTest-1796719031 tempest-LiveMigrationTest-1796719031-project] Lock "dc68fe43-f5ac-475b-8205-24ffd22ab3ea" acquired by "nova.context.set_target_cell..get_or_set_cached_cell_and_set_connections" :: waited 0.000s {{(pid=110337) inner /usr/local/lib/python3.8/dist-packages/oslo_concurrency/lockutils.py:355}}
Sep 24 12:18:02.031523 n-d-810857-1 devstack@n-api.service[110337]: DEBUG oslo_concurrency.lockutils [None req-9a192492-dbfd-43e5-9551-5509700f2e69 tempest-LiveMigrationTest-1796719031 tempest-LiveMigrationTest-1796719031-project] Lock "dc68fe43-f5ac-475b-8205-24ffd22ab3ea" released by "nova.context.set_target_cell..get_or_set_cached_cell_and_set_connections" :: held 0.004s {{(pid=110337) inner /usr/local/lib/python3.8/dist-packages/oslo_concurrency/lockutils.py:367}}
Sep 24 12:18:02.032821 n-d-810857-1 devstack@n-api.service[110337]: DEBUG oslo_concurrency.lockutils [None req-9a192492-dbfd-43e5-9551-5509700f2e69 tempest-LiveMigrationTest-1796719031 tempest-LiveMigrationTest-1796719031-project] Lock "dc68fe43-f5ac-475b-8205-24ffd22ab3ea" acquired by "nova.context.set_target_cell..get_or_set_cached_cell_and_set_connections" :: waited 0.000s {{(pid=110337) inner /usr/local/lib/python3.8/dist-packages/oslo_concurrency/lockutils.py:355}}
Sep 24 12:18:02.033570 n-d-810857-1 devstack@n-api.service[110337]: DEBUG oslo_concurrency.lockutils [None req-9a192492-dbfd-43e5-9551-5509700f2e69 tempest-LiveMigrationTest-1796719031 tempest-LiveMigrationTest-1796719031-project] Lock "dc68fe43-f5ac-475b-8205-24ffd22ab3ea" released by "nova.context.set_target_cell..get_or_set_cached_cell_and_set_connections" :: held 0.001s {{(pid=110337) inner /usr/local/lib/python3.8/dist-packages/oslo_concurrency/lockutils.py:367}}
Sep 24 12:18:02.251957 n-d-810857-1 devstack@n-api.service[110337]: DEBUG nova.policy [None req-9a192492-dbfd-43e5-9551-5509700f2e69 tempest-LiveMigrationTest-1796719031 tempest-LiveMigrationTest-1796719031-project] Policy check for os_compute_api:os-extended-server-attributes failed with credentials {'is_admin': False, 'user_id': '13ef15e5e8c748cb90751170593e68dd', 'user_domain_id': 'default', 'system_scope': None, 'domain_id': None, 'project_id': 'da7164fd95f34ab697dc9b07f1f90deb', 'project_domain_id': 'default', 'roles': ['member', 'reader'], 'is_admin_project': True, 'service_user_id': None, 'service_user_domain_id': None, 'service_project_id': None, 'service_project_domain_id': None, 'service_roles': []} {{(pid=110337) authorize /opt/stack/nova/nova/policy.py:199}}
Sep 24 12:18:02.256188 n-d-810857-1 devstack@n-api.service[110336]: DEBUG nova.policy [None req-62c03dfa-554f-4fbf-8fdf-0f2400543e1b tempest-AggregatesAdminTestJSON-1065542095 tempest-AggregatesAdminTestJSON-1065542095-project] Policy check for os_compute_api:os-extended-server-attributes failed with credentials {'is_admin': False, 'user_id': '91195113034548d1abcf98c6034fbe10', 'user_domain_id': 'default', 'system_scope': None, 'domain_id': None, 'project_id': '9d1bacfd4bfd4d7cb1178d99e3f48f88', 'project_domain_id': 'default', 'roles': ['member', 'reader'], 'is_admin_project': True, 'service_user_id': None, 'service_user_domain_id': None, 'service_project_id': None, 'service_project_domain_id': None, 'service_roles': []} {{(pid=110336) authorize /opt/stack/nova/nova/policy.py:199}}
Sep 24 12:18:02.259263 n-d-810857-1 devstack@n-api.service[110337]: INFO nova.api.openstack.requestlog [None req-9a192492-dbfd-43e5-9551-5509700f2e69 tempest-LiveMigrationTest-1796719031 tempest-LiveMigrationTest-1796719031-project] 10.222.0.72 "GET /compute/v2.1/servers/cbc5fc8d-d745-4115-a647-44ad40435c04" status: 200 len: 1333 microversion: 2.1 time: 0.245324
Sep 24 12:18:02.268805 n-d-810857-1 devstack@n-api.service[110337]: [pid: 110337|app: 0|req: 68/156] 10.222.0.72 () {58 vars in 1236 bytes} [Fri Sep 24 12:18:02 2021] GET /compute/v2.1/servers/cbc5fc8d-d745-4115-a647-44ad40435c04 => generated 1333 bytes in 247 msecs (HTTP/1.1 200) 9 headers in 358 bytes (2 switches on core 0)
Sep 24 12:18:02.268805 n-d-810857-1 devstack@n-api.service[110337]: DEBUG nova.api.openstack.wsgi [None req-23f27b96-26da-4e97-b545-bd18ed7bd096 tempest-DeleteServersAdminTestJSON-2019449460 tempest-DeleteServersAdminTestJSON-2019449460-project] Calling method '>' {{(pid=110337) _process_stack /opt/stack/nova/nova/api/openstack/wsgi.py:513}}
Sep 24 12:18:02.268805 n-d-810857-1 devstack@n-api.service[110337]: DEBUG nova.compute.api [None req-23f27b96-26da-4e97-b545-bd18ed7bd096 tempest-DeleteServersAdminTestJSON-2019449460 tempest-DeleteServersAdminTestJSON-2019449460-project] [instance: 5314606f-a6a5-4e00-839d-f27fa012f784] Fetching instance by UUID {{(pid=110337) get /opt/stack/nova/nova/compute/api.py:2863}}
Sep 24 12:18:02.275182 n-d-810857-1 devstack@n-api.service[110337]: DEBUG oslo_concurrency.lockutils [None req-23f27b96-26da-4e97-b545-bd18ed7bd096 tempest-DeleteServersAdminTestJSON-2019449460 tempest-DeleteServersAdminTestJSON-2019449460-project] Lock "dc68fe43-f5ac-475b-8205-24ffd22ab3ea" acquired by "nova.context.set_target_cell..get_or_set_cached_cell_and_set_connections" :: waited 0.000s {{(pid=110337) inner /usr/local/lib/python3.8/dist-packages/oslo_concurrency/lockutils.py:355}}
Sep 24 12:18:02.294494 n-d-810857-1 devstack@n-api.service[110337]: DEBUG oslo_concurrency.lockutils [None req-23f27b96-26da-4e97-b545-bd18ed7bd096 tempest-DeleteServersAdminTestJSON-2019449460 tempest-DeleteServersAdminTestJSON-2019449460-project] Lock "dc68fe43-f5ac-475b-8205-24ffd22ab3ea" released by "nova.context.set_target_cell..get_or_set_cached_cell_and_set_connections" :: held 0.001s {{(pid=110337) inner /usr/local/lib/python3.8/dist-packages/oslo_concurrency/lockutils.py:367}}
Sep 24 12:18:02.294494 n-d-810857-1 devstack@n-api.service[110337]: DEBUG oslo_concurrency.lockutils [None req-23f27b96-26da-4e97-b545-bd18ed7bd096 tempest-DeleteServersAdminTestJSON-2019449460 tempest-DeleteServersAdminTestJSON-2019449460-project] Lock "dc68fe43-f5ac-475b-8205-24ffd22ab3ea" acquired by "nova.context.set_target_cell..get_or_set_cached_cell_and_set_connections" :: waited 0.000s {{(pid=110337) inner /usr/local/lib/python3.8/dist-packages/oslo_concurrency/lockutils.py:355}}
Sep 24 12:18:02.294494 n-d-810857-1 devstack@n-api.service[110337]: DEBUG oslo_concurrency.lockutils [None req-23f27b96-26da-4e97-b545-bd18ed7bd096 tempest-DeleteServersAdminTestJSON-2019449460 tempest-DeleteServersAdminTestJSON-2019449460-project] Lock "dc68fe43-f5ac-475b-8205-24ffd22ab3ea" released by "nova.context.set_target_cell..get_or_set_cached_cell_and_set_connections" :: held 0.000s {{(pid=110337) inner /usr/local/lib/python3.8/dist-packages/oslo_concurrency/lockutils.py:367}}
Sep 24 12:18:02.295159 n-d-810857-1 devstack@n-api.service[110336]: INFO nova.api.openstack.requestlog [None req-62c03dfa-554f-4fbf-8fdf-0f2400543e1b tempest-AggregatesAdminTestJSON-1065542095 tempest-AggregatesAdminTestJSON-1065542095-project] 10.222.0.72 "GET /compute/v2.1/servers/fb66d1e8-d883-4474-88ef-4e2d6c6bf8c1" status: 200 len: 1488 microversion: 2.1 time: 0.504014
Sep 24 12:18:02.295159 n-d-810857-1 devstack@n-api.service[110336]: [pid: 110336|app: 0|req: 89/157] 10.222.0.72 () {58 vars in 1236 bytes} [Fri Sep 24 12:18:01 2021] GET /compute/v2.1/servers/fb66d1e8-d883-4474-88ef-4e2d6c6bf8c1 => generated 1488 bytes in 508 msecs (HTTP/1.1 200) 9 headers in 358 bytes (1 switches on core 0)
Sep 24 12:18:02.311716 n-d-810857-1 devstack@n-api.service[110336]: DEBUG nova.api.openstack.wsgi [None req-eae530d6-37fb-4c7d-9b21-ec2dcf4a794b tempest-AggregatesAdminTestJSON-629428627 tempest-AggregatesAdminTestJSON-629428627-project-admin] Calling method '>' {{(pid=110336) _process_stack /opt/stack/nova/nova/api/openstack/wsgi.py:513}}
Sep 24 12:18:02.312327 n-d-810857-1 devstack@n-api.service[110336]: DEBUG nova.compute.api [None req-eae530d6-37fb-4c7d-9b21-ec2dcf4a794b tempest-AggregatesAdminTestJSON-629428627 tempest-AggregatesAdminTestJSON-629428627-project-admin] [instance: fb66d1e8-d883-4474-88ef-4e2d6c6bf8c1] Fetching instance by UUID {{(pid=110336) get /opt/stack/nova/nova/compute/api.py:2863}}
Sep 24 12:18:02.319394 n-d-810857-1 devstack@n-api.service[110336]: DEBUG oslo_concurrency.lockutils [None req-eae530d6-37fb-4c7d-9b21-ec2dcf4a794b tempest-AggregatesAdminTestJSON-629428627 tempest-AggregatesAdminTestJSON-629428627-project-admin] Lock "dc68fe43-f5ac-475b-8205-24ffd22ab3ea" acquired by "nova.context.set_target_cell..get_or_set_cached_cell_and_set_connections" :: waited 0.000s {{(pid=110336) inner /usr/local/lib/python3.8/dist-packages/oslo_concurrency/lockutils.py:355}}
Sep 24 12:18:02.319850 n-d-810857-1 devstack@n-api.service[110336]: DEBUG oslo_concurrency.lockutils [None req-eae530d6-37fb-4c7d-9b21-ec2dcf4a794b tempest-AggregatesAdminTestJSON-629428627 tempest-AggregatesAdminTestJSON-629428627-project-admin] Lock "dc68fe43-f5ac-475b-8205-24ffd22ab3ea" released by "nova.context.set_target_cell..get_or_set_cached_cell_and_set_connections" :: held 0.001s {{(pid=110336) inner /usr/local/lib/python3.8/dist-packages/oslo_concurrency/lockutils.py:367}}
Sep 24 12:18:02.320657 n-d-810857-1 devstack@n-api.service[110336]: DEBUG oslo_concurrency.lockutils [None req-eae530d6-37fb-4c7d-9b21-ec2dcf4a794b tempest-AggregatesAdminTestJSON-629428627 tempest-AggregatesAdminTestJSON-629428627-project-admin] Lock "dc68fe43-f5ac-475b-8205-24ffd22ab3ea" acquired by "nova.context.set_target_cell..get_or_set_cached_cell_and_set_connections" :: waited 0.000s {{(pid=110336) inner /usr/local/lib/python3.8/dist-packages/oslo_concurrency/lockutils.py:355}}
Sep 24 12:18:02.321094 n-d-810857-1 devstack@n-api.service[110336]: DEBUG oslo_concurrency.lockutils [None req-eae530d6-37fb-4c7d-9b21-ec2dcf4a794b tempest-AggregatesAdminTestJSON-629428627 tempest-AggregatesAdminTestJSON-629428627-project-admin] Lock "dc68fe43-f5ac-475b-8205-24ffd22ab3ea" released by "nova.context.set_target_cell..get_or_set_cached_cell_and_set_connections" :: held 0.000s {{(pid=110336) inner /usr/local/lib/python3.8/dist-packages/oslo_concurrency/lockutils.py:367}}
Sep 24 12:18:02.529110 n-d-810857-1 devstack@n-api.service[110337]: DEBUG nova.policy [None req-23f27b96-26da-4e97-b545-bd18ed7bd096 tempest-DeleteServersAdminTestJSON-2019449460 tempest-DeleteServersAdminTestJSON-2019449460-project] Policy check for os_compute_api:os-extended-server-attributes failed with credentials {'is_admin': False, 'user_id': '74209b7dc9084f838c117a68da2e166a', 'user_domain_id': 'default', 'system_scope': None, 'domain_id': None, 'project_id': 'ffdf122041d742398077a48ffb3f5d1d', 'project_domain_id': 'default', 'roles': ['member', 'reader'], 'is_admin_project': True, 'service_user_id': None, 'service_user_domain_id': None, 'service_project_id': None, 'service_project_domain_id': None, 'service_roles': []} {{(pid=110337) authorize /opt/stack/nova/nova/policy.py:199}}
Sep 24 12:18:02.538911 n-d-810857-1 devstack@n-api.service[110337]: INFO nova.api.openstack.requestlog [None req-23f27b96-26da-4e97-b545-bd18ed7bd096 tempest-DeleteServersAdminTestJSON-2019449460 tempest-DeleteServersAdminTestJSON-2019449460-project] 10.222.0.72 "GET /compute/v2.1/servers/5314606f-a6a5-4e00-839d-f27fa012f784" status: 200 len: 1319 microversion: 2.1 time: 0.277686
Sep 24 12:18:02.542811 n-d-810857-1 devstack@n-api.service[110337]: [pid: 110337|app: 0|req: 69/158] 10.222.0.72 () {58 vars in 1236 bytes} [Fri Sep 24 12:18:02 2021] GET /compute/v2.1/servers/5314606f-a6a5-4e00-839d-f27fa012f784 => generated 1319 bytes in 282 msecs (HTTP/1.1 200) 9 headers in 358 bytes (1 switches on core 0)
Sep 24 12:18:03.038731 n-d-810857-1 devstack@n-api.service[110336]: INFO nova.api.openstack.requestlog [None req-eae530d6-37fb-4c7d-9b21-ec2dcf4a794b tempest-AggregatesAdminTestJSON-629428627 tempest-AggregatesAdminTestJSON-629428627-project-admin] 10.222.0.72 "GET /compute/v2.1/servers/fb66d1e8-d883-4474-88ef-4e2d6c6bf8c1" status: 200 len: 1639 microversion: 2.1 time: 0.731075
Sep 24 12:18:03.041522 n-d-810857-1 devstack@n-api.service[110336]: [pid: 110336|app: 0|req: 90/159] 10.222.0.72 () {58 vars in 1236 bytes} [Fri Sep 24 12:18:02 2021] GET /compute/v2.1/servers/fb66d1e8-d883-4474-88ef-4e2d6c6bf8c1 => generated 1639 bytes in 734 msecs (HTTP/1.1 200) 9 headers in 358 bytes (2 switches on core 0)
Sep 24 12:18:03.056860 n-d-810857-1 devstack@n-api.service[110337]: DEBUG nova.api.openstack.wsgi [None req-cd34b897-75ab-4d70-b442-fc061250b1fa tempest-AggregatesAdminTestJSON-629428627 tempest-AggregatesAdminTestJSON-629428627-project-admin] Action: 'action', calling method: >, body: {"remove_host": {"host": "n-h2-810857-1"}} {{(pid=110337) _process_stack /opt/stack/nova/nova/api/openstack/wsgi.py:511}}
Sep 24 12:18:03.059132 n-d-810857-1 devstack@n-api.service[110337]: /usr/local/lib/python3.8/dist-packages/oslo_policy/policy.py:1064: UserWarning: Policy os_compute_api:os-aggregates:remove_host failed scope check. The token used to make the request was project scoped but the policy requires ['system'] scope. This behavior may change in the future where using the intended scope is required
Sep 24 12:18:03.059132 n-d-810857-1 devstack@n-api.service[110337]: warnings.warn(msg)
Sep 24 12:18:03.069688 n-d-810857-1 devstack@n-api.service[110337]: DEBUG oslo_concurrency.lockutils [None req-cd34b897-75ab-4d70-b442-fc061250b1fa tempest-AggregatesAdminTestJSON-629428627 tempest-AggregatesAdminTestJSON-629428627-project-admin] Lock "dc68fe43-f5ac-475b-8205-24ffd22ab3ea" acquired by "nova.context.set_target_cell..get_or_set_cached_cell_and_set_connections" :: waited 0.000s {{(pid=110337) inner /usr/local/lib/python3.8/dist-packages/oslo_concurrency/lockutils.py:355}}
Sep 24 12:18:03.069962 n-d-810857-1 devstack@n-api.service[110337]: DEBUG oslo_concurrency.lockutils [None req-cd34b897-75ab-4d70-b442-fc061250b1fa tempest-AggregatesAdminTestJSON-629428627 tempest-AggregatesAdminTestJSON-629428627-project-admin] Lock "dc68fe43-f5ac-475b-8205-24ffd22ab3ea" released by "nova.context.set_target_cell..get_or_set_cached_cell_and_set_connections" :: held 0.001s {{(pid=110337) inner /usr/local/lib/python3.8/dist-packages/oslo_concurrency/lockutils.py:367}}
Sep 24 12:18:03.370030 n-d-810857-1 devstack@n-api.service[110337]: INFO nova.api.openstack.requestlog [None req-cd34b897-75ab-4d70-b442-fc061250b1fa tempest-AggregatesAdminTestJSON-629428627 tempest-AggregatesAdminTestJSON-629428627-project-admin] 10.222.0.72 "POST /compute/v2.1/os-aggregates/3/action" status: 200 len: 300 microversion: 2.1 time: 0.313749
Sep 24 12:18:03.374872 n-d-810857-1 devstack@n-api.service[110337]: [pid: 110337|app: 0|req: 70/160] 10.222.0.72 () {60 vars in 1191 bytes} [Fri Sep 24 12:18:03 2021] POST /compute/v2.1/os-aggregates/3/action => generated 300 bytes in 321 msecs (HTTP/1.1 200) 9 headers in 357 bytes (1 switches on core 0)
Sep 24 12:18:03.406171 n-d-810857-1 devstack@n-api.service[110337]: DEBUG nova.api.openstack.wsgi [None req-98f2d4a6-7a44-4eda-b441-3baafcd0c954 tempest-LiveMigrationTest-1796719031 tempest-LiveMigrationTest-1796719031-project] Calling method '>' {{(pid=110337) _process_stack /opt/stack/nova/nova/api/openstack/wsgi.py:513}}
Sep 24 12:18:03.413214 n-d-810857-1 devstack@n-api.service[110337]: DEBUG nova.compute.api [None req-98f2d4a6-7a44-4eda-b441-3baafcd0c954 tempest-LiveMigrationTest-1796719031 tempest-LiveMigrationTest-1796719031-project] [instance: cbc5fc8d-d745-4115-a647-44ad40435c04] Fetching instance by UUID {{(pid=110337) get /opt/stack/nova/nova/compute/api.py:2863}}
Sep 24 12:18:03.425249 n-d-810857-1 devstack@n-api.service[110337]: DEBUG oslo_concurrency.lockutils [None req-98f2d4a6-7a44-4eda-b441-3baafcd0c954 tempest-LiveMigrationTest-1796719031 tempest-LiveMigrationTest-1796719031-project] Lock "dc68fe43-f5ac-475b-8205-24ffd22ab3ea" acquired by "nova.context.set_target_cell..get_or_set_cached_cell_and_set_connections" :: waited 0.000s {{(pid=110337) inner /usr/local/lib/python3.8/dist-packages/oslo_concurrency/lockutils.py:355}}
Sep 24 12:18:03.425870 n-d-810857-1 devstack@n-api.service[110337]: DEBUG oslo_concurrency.lockutils [None req-98f2d4a6-7a44-4eda-b441-3baafcd0c954 tempest-LiveMigrationTest-1796719031 tempest-LiveMigrationTest-1796719031-project] Lock "dc68fe43-f5ac-475b-8205-24ffd22ab3ea" released by "nova.context.set_target_cell..get_or_set_cached_cell_and_set_connections" :: held 0.001s {{(pid=110337) inner /usr/local/lib/python3.8/dist-packages/oslo_concurrency/lockutils.py:367}}
Sep 24 12:18:03.426709 n-d-810857-1 devstack@n-api.service[110337]: DEBUG oslo_concurrency.lockutils [None req-98f2d4a6-7a44-4eda-b441-3baafcd0c954 tempest-LiveMigrationTest-1796719031 tempest-LiveMigrationTest-1796719031-project] Lock "dc68fe43-f5ac-475b-8205-24ffd22ab3ea" acquired by "nova.context.set_target_cell..get_or_set_cached_cell_and_set_connections" :: waited 0.000s {{(pid=110337) inner /usr/local/lib/python3.8/dist-packages/oslo_concurrency/lockutils.py:355}}
Sep 24 12:18:03.427561 n-d-810857-1 devstack@n-api.service[110337]: DEBUG oslo_concurrency.lockutils [None req-98f2d4a6-7a44-4eda-b441-3baafcd0c954 tempest-LiveMigrationTest-1796719031 tempest-LiveMigrationTest-1796719031-project] Lock "dc68fe43-f5ac-475b-8205-24ffd22ab3ea" released by "nova.context.set_target_cell..get_or_set_cached_cell_and_set_connections" :: held 0.001s {{(pid=110337) inner /usr/local/lib/python3.8/dist-packages/oslo_concurrency/lockutils.py:367}}
Sep 24 12:18:03.450415 n-d-810857-1 devstack@n-api.service[110336]: DEBUG nova.api.openstack.wsgi [None req-57165ec5-712b-4b34-9164-98a62626fc9a tempest-ServicesAdminNegativeV253TestJSON-905741857 tempest-ServicesAdminNegativeV253TestJSON-905741857-project-admin] Action: 'update', calling method: .version_select at 0x7f138d5fc790>, body: {"status": "disabled", "disabled_reason": "maintenance"} {{(pid=110336) _process_stack /opt/stack/nova/nova/api/openstack/wsgi.py:511}}
Sep 24 12:18:03.451730 n-d-810857-1 devstack@n-api.service[110336]: /usr/local/lib/python3.8/dist-packages/oslo_policy/policy.py:1064: UserWarning: Policy os_compute_api:os-services:update failed scope check. The token used to make the request was project scoped but the policy requires ['system'] scope. This behavior may change in the future where using the intended scope is required
Sep 24 12:18:03.451730 n-d-810857-1 devstack@n-api.service[110336]: warnings.warn(msg)
Sep 24 12:18:03.453363 n-d-810857-1 devstack@n-api.service[110336]: DEBUG oslo_concurrency.lockutils [None req-57165ec5-712b-4b34-9164-98a62626fc9a tempest-ServicesAdminNegativeV253TestJSON-905741857 tempest-ServicesAdminNegativeV253TestJSON-905741857-project-admin] Lock "00000000-0000-0000-0000-000000000000" acquired by "nova.context.set_target_cell..get_or_set_cached_cell_and_set_connections" :: waited 0.000s {{(pid=110336) inner /usr/local/lib/python3.8/dist-packages/oslo_concurrency/lockutils.py:355}}
Sep 24 12:18:03.453816 n-d-810857-1 devstack@n-api.service[110336]: DEBUG oslo_concurrency.lockutils [None req-57165ec5-712b-4b34-9164-98a62626fc9a tempest-ServicesAdminNegativeV253TestJSON-905741857 tempest-ServicesAdminNegativeV253TestJSON-905741857-project-admin] Lock "00000000-0000-0000-0000-000000000000" released by "nova.context.set_target_cell..get_or_set_cached_cell_and_set_connections" :: held 0.000s {{(pid=110336) inner /usr/local/lib/python3.8/dist-packages/oslo_concurrency/lockutils.py:367}}
Sep 24 12:18:03.479454 n-d-810857-1 devstack@n-api.service[110336]: DEBUG oslo_concurrency.lockutils [None req-57165ec5-712b-4b34-9164-98a62626fc9a tempest-ServicesAdminNegativeV253TestJSON-905741857 tempest-ServicesAdminNegativeV253TestJSON-905741857-project-admin] Lock "dc68fe43-f5ac-475b-8205-24ffd22ab3ea" acquired by "nova.context.set_target_cell..get_or_set_cached_cell_and_set_connections" :: waited 0.000s {{(pid=110336) inner /usr/local/lib/python3.8/dist-packages/oslo_concurrency/lockutils.py:355}}
Sep 24 12:18:03.479941 n-d-810857-1 devstack@n-api.service[110336]: DEBUG oslo_concurrency.lockutils [None req-57165ec5-712b-4b34-9164-98a62626fc9a tempest-ServicesAdminNegativeV253TestJSON-905741857 tempest-ServicesAdminNegativeV253TestJSON-905741857-project-admin] Lock "dc68fe43-f5ac-475b-8205-24ffd22ab3ea" released by "nova.context.set_target_cell..get_or_set_cached_cell_and_set_connections" :: held 0.001s {{(pid=110336) inner /usr/local/lib/python3.8/dist-packages/oslo_concurrency/lockutils.py:367}}
Sep 24 12:18:03.507578 n-d-810857-1 devstack@n-api.service[110336]: INFO nova.api.openstack.wsgi [None req-57165ec5-712b-4b34-9164-98a62626fc9a tempest-ServicesAdminNegativeV253TestJSON-905741857 tempest-ServicesAdminNegativeV253TestJSON-905741857-project-admin] HTTP exception thrown: Service e001565a-b23f-46e9-8d04-2d9e1355345a could not be found.
Sep 24 12:18:03.511618 n-d-810857-1 devstack@n-api.service[110336]: DEBUG nova.api.openstack.wsgi [None req-57165ec5-712b-4b34-9164-98a62626fc9a tempest-ServicesAdminNegativeV253TestJSON-905741857 tempest-ServicesAdminNegativeV253TestJSON-905741857-project-admin] Returning 404 to user: Service e001565a-b23f-46e9-8d04-2d9e1355345a could not be found. {{(pid=110336) __call__ /opt/stack/nova/nova/api/openstack/wsgi.py:936}}
Sep 24 12:18:03.512524 n-d-810857-1 devstack@n-api.service[110336]: INFO nova.api.openstack.requestlog [None req-57165ec5-712b-4b34-9164-98a62626fc9a tempest-ServicesAdminNegativeV253TestJSON-905741857 tempest-ServicesAdminNegativeV253TestJSON-905741857-project-admin] 10.222.0.72 "PUT /compute/v2.1/os-services/e001565a-b23f-46e9-8d04-2d9e1355345a" status: 404 len: 110 microversion: 2.53 time: 0.438875
Sep 24 12:18:03.520304 n-d-810857-1 devstack@n-api.service[110336]: [pid: 110336|app: 0|req: 91/161] 10.222.0.72 () {62 vars in 1309 bytes} [Fri Sep 24 12:18:03 2021] PUT /compute/v2.1/os-services/e001565a-b23f-46e9-8d04-2d9e1355345a => generated 110 bytes in 447 msecs (HTTP/1.1 404) 9 headers in 381 bytes (1 switches on core 0)
Sep 24 12:18:03.525082 n-d-810857-1 devstack@n-api.service[110336]: DEBUG nova.api.openstack.wsgi [None req-96d58773-bbb6-4e68-b4bd-3761b3855064 tempest-AggregatesAdminTestJSON-629428627 tempest-AggregatesAdminTestJSON-629428627-project-admin] Calling method '>' {{(pid=110336) _process_stack /opt/stack/nova/nova/api/openstack/wsgi.py:513}}
Sep 24 12:18:03.526045 n-d-810857-1 devstack@n-api.service[110336]: /usr/local/lib/python3.8/dist-packages/oslo_policy/policy.py:1064: UserWarning: Policy os_compute_api:os-aggregates:delete failed scope check. The token used to make the request was project scoped but the policy requires ['system'] scope. This behavior may change in the future where using the intended scope is required
Sep 24 12:18:03.526045 n-d-810857-1 devstack@n-api.service[110336]: warnings.warn(msg)
