Sep 24 13:17:34.737126 n-d-810849-2 devstack@placement-api.service[95424]: INFO placement.requestlog [req-0ef1f217-7657-454f-a819-7526204c9e18 req-85526b84-3979-41a4-8ff6-10dba16c39c1 service placement] 10.222.0.41 "GET /placement/allocations/24894719-a95c-43b1-b4e2-3f4c4ae26b34" status: 200 len: 259 microversion: 1.28
Sep 24 13:17:34.737932 n-d-810849-2 devstack@placement-api.service[95424]: [pid: 95424|app: 0|req: 153/308] 10.222.0.41 () {60 vars in 1378 bytes} [Fri Sep 24 13:17:34 2021] GET /placement/allocations/24894719-a95c-43b1-b4e2-3f4c4ae26b34 => generated 259 bytes in 34 msecs (HTTP/1.1 200) 8 headers in 296 bytes (1 switches on core 0)
Sep 24 13:17:34.906776 n-d-810849-2 devstack@placement-api.service[95423]: DEBUG placement.requestlog [req-726b9b52-5a59-41ab-894e-a5c56ffa1b43 req-26c53627-b10f-47ce-8afb-37fe58b4e33c None None] Starting request: 10.222.0.41 "GET /placement/allocations/ad8693e2-7400-43fc-b9a9-f7e6a4d4a262" {{(pid=95423) __call__ /opt/stack/placement/placement/requestlog.py:55}}
Sep 24 13:17:34.932718 n-d-810849-2 devstack@placement-api.service[95423]: INFO placement.requestlog [req-726b9b52-5a59-41ab-894e-a5c56ffa1b43 req-26c53627-b10f-47ce-8afb-37fe58b4e33c service placement] 10.222.0.41 "GET /placement/allocations/ad8693e2-7400-43fc-b9a9-f7e6a4d4a262" status: 200 len: 259 microversion: 1.28
Sep 24 13:17:34.935892 n-d-810849-2 devstack@placement-api.service[95423]: [pid: 95423|app: 0|req: 156/309] 10.222.0.41 () {60 vars in 1378 bytes} [Fri Sep 24 13:17:34 2021] GET /placement/allocations/ad8693e2-7400-43fc-b9a9-f7e6a4d4a262 => generated 259 bytes in 28 msecs (HTTP/1.1 200) 8 headers in 296 bytes (1 switches on core 0)
Sep 24 13:17:34.945519 n-d-810849-2 devstack@placement-api.service[95424]: DEBUG placement.requestlog [req-726b9b52-5a59-41ab-894e-a5c56ffa1b43 req-b825ed0a-af09-43ad-8e68-2243c309e250 None None] Starting request: 10.222.0.41 "PUT /placement/allocations/ad8693e2-7400-43fc-b9a9-f7e6a4d4a262" {{(pid=95424) __call__ /opt/stack/placement/placement/requestlog.py:55}}
Sep 24 13:17:35.060185 n-d-810849-2 devstack@placement-api.service[95424]: DEBUG placement.handlers.allocation [req-726b9b52-5a59-41ab-894e-a5c56ffa1b43 req-b825ed0a-af09-43ad-8e68-2243c309e250 service placement] Successfully wrote allocations [, , ] {{(pid=95424) _update_consumers_and_create_allocations /opt/stack/placement/placement/handlers/allocation.py:462}}
Sep 24 13:17:35.064576 n-d-810849-2 devstack@placement-api.service[95424]: INFO placement.requestlog [req-726b9b52-5a59-41ab-894e-a5c56ffa1b43 req-b825ed0a-af09-43ad-8e68-2243c309e250 service placement] 10.222.0.41 "PUT /placement/allocations/ad8693e2-7400-43fc-b9a9-f7e6a4d4a262" status: 204 len: 0 microversion: 1.28
Sep 24 13:17:35.065437 n-d-810849-2 devstack@placement-api.service[95424]: [pid: 95424|app: 0|req: 154/310] 10.222.0.41 () {64 vars in 1431 bytes} [Fri Sep 24 13:17:34 2021] PUT /placement/allocations/ad8693e2-7400-43fc-b9a9-f7e6a4d4a262 => generated 0 bytes in 120 msecs (HTTP/1.1 204) 5 headers in 199 bytes (2 switches on core 0)
Sep 24 13:17:37.875474 n-d-810849-2 devstack@placement-api.service[95423]: DEBUG placement.requestlog [req-f21b1e8e-24ad-46a9-a5a1-12af21ad08fe req-d9bc5949-5da2-4a1a-8635-592fb2005f49 None None] Starting request: 10.222.0.22 "GET /placement/allocation_candidates?limit=1000&resources=DISK_GB%3A1%2CMEMORY_MB%3A1024%2CVCPU%3A1&root_required=%21COMPUTE_STATUS_DISABLED" {{(pid=95423) __call__ /opt/stack/placement/placement/requestlog.py:55}}
Sep 24 13:17:37.979099 n-d-810849-2 devstack@placement-api.service[95423]: DEBUG placement.objects.research_context [req-f21b1e8e-24ad-46a9-a5a1-12af21ad08fe req-d9bc5949-5da2-4a1a-8635-592fb2005f49 service placement] getting providers with 1 DISK_GB {{(pid=95423) __init__ /opt/stack/placement/placement/objects/research_context.py:126}}
Sep 24 13:17:38.019742 n-d-810849-2 devstack@placement-api.service[95423]: DEBUG placement.objects.research_context [req-f21b1e8e-24ad-46a9-a5a1-12af21ad08fe req-d9bc5949-5da2-4a1a-8635-592fb2005f49 service placement] getting providers with 1024 MEMORY_MB {{(pid=95423) __init__ /opt/stack/placement/placement/objects/research_context.py:126}}
Sep 24 13:17:38.027558 n-d-810849-2 devstack@placement-api.service[95423]: DEBUG placement.objects.research_context [req-f21b1e8e-24ad-46a9-a5a1-12af21ad08fe req-d9bc5949-5da2-4a1a-8635-592fb2005f49 service placement] getting providers with 1 VCPU {{(pid=95423) __init__ /opt/stack/placement/placement/objects/research_context.py:126}}
Sep 24 13:17:38.036958 n-d-810849-2 devstack@placement-api.service[95423]: DEBUG placement.objects.research_context [req-f21b1e8e-24ad-46a9-a5a1-12af21ad08fe req-d9bc5949-5da2-4a1a-8635-592fb2005f49 service placement] found 2 providers with available 1 DISK_GB {{(pid=95423) get_provider_ids_matching /opt/stack/placement/placement/objects/research_context.py:549}}
Sep 24 13:17:38.038376 n-d-810849-2 devstack@placement-api.service[95423]: DEBUG placement.objects.research_context [req-f21b1e8e-24ad-46a9-a5a1-12af21ad08fe req-d9bc5949-5da2-4a1a-8635-592fb2005f49 service placement] found 2 providers with available 1024 MEMORY_MB {{(pid=95423) get_provider_ids_matching /opt/stack/placement/placement/objects/research_context.py:549}}
Sep 24 13:17:38.038815 n-d-810849-2 devstack@placement-api.service[95423]: DEBUG placement.objects.research_context [req-f21b1e8e-24ad-46a9-a5a1-12af21ad08fe req-d9bc5949-5da2-4a1a-8635-592fb2005f49 service placement] found 2 providers after filtering by previous result {{(pid=95423) get_provider_ids_matching /opt/stack/placement/placement/objects/research_context.py:580}}
Sep 24 13:17:38.039253 n-d-810849-2 devstack@placement-api.service[95423]: DEBUG placement.objects.research_context [req-f21b1e8e-24ad-46a9-a5a1-12af21ad08fe req-d9bc5949-5da2-4a1a-8635-592fb2005f49 service placement] found 2 providers with available 1 VCPU {{(pid=95423) get_provider_ids_matching /opt/stack/placement/placement/objects/research_context.py:549}}
Sep 24 13:17:38.039831 n-d-810849-2 devstack@placement-api.service[95423]: DEBUG placement.objects.research_context [req-f21b1e8e-24ad-46a9-a5a1-12af21ad08fe req-d9bc5949-5da2-4a1a-8635-592fb2005f49 service placement] found 2 providers after filtering by previous result {{(pid=95423) get_provider_ids_matching /opt/stack/placement/placement/objects/research_context.py:580}}
Sep 24 13:17:38.052740 n-d-810849-2 devstack@placement-api.service[95423]: DEBUG placement.objects.allocation_candidate [req-f21b1e8e-24ad-46a9-a5a1-12af21ad08fe req-d9bc5949-5da2-4a1a-8635-592fb2005f49 service placement] RequestGroup(use_same_provider=False, resources={DISK_GB:1, MEMORY_MB:1024, VCPU:1}, traits=[], aggregates=[]) (suffix '') returned 2 matches {{(pid=95423) _get_by_requests /opt/stack/placement/placement/objects/allocation_candidate.py:145}}
Sep 24 13:17:38.053100 n-d-810849-2 devstack@placement-api.service[95423]: DEBUG placement.objects.allocation_candidate [req-f21b1e8e-24ad-46a9-a5a1-12af21ad08fe req-d9bc5949-5da2-4a1a-8635-592fb2005f49 service placement] Merging candidates yields 2 allocation requests and 2 provider summaries {{(pid=95423) _merge_candidates /opt/stack/placement/placement/objects/allocation_candidate.py:783}}
Sep 24 13:17:38.054768 n-d-810849-2 devstack@placement-api.service[95423]: INFO placement.requestlog [req-f21b1e8e-24ad-46a9-a5a1-12af21ad08fe req-d9bc5949-5da2-4a1a-8635-592fb2005f49 service placement] 10.222.0.22 "GET /placement/allocation_candidates?limit=1000&resources=DISK_GB%3A1%2CMEMORY_MB%3A1024%2CVCPU%3A1&root_required=%21COMPUTE_STATUS_DISABLED" status: 200 len: 1309 microversion: 1.36
Sep 24 13:17:38.055514 n-d-810849-2 devstack@placement-api.service[95423]: [pid: 95423|app: 0|req: 157/311] 10.222.0.22 () {60 vars in 1507 bytes} [Fri Sep 24 13:17:37 2021] GET /placement/allocation_candidates?limit=1000&resources=DISK_GB%3A1%2CMEMORY_MB%3A1024%2CVCPU%3A1&root_required=%21COMPUTE_STATUS_DISABLED => generated 1309 bytes in 180 msecs (HTTP/1.1 200) 8 headers in 297 bytes (1 switches on core 0)
Sep 24 13:17:38.129952 n-d-810849-2 devstack@placement-api.service[95424]: DEBUG placement.requestlog [req-f21b1e8e-24ad-46a9-a5a1-12af21ad08fe req-6d1c38da-6305-463c-898d-62bdbd6aa176 None None] Starting request: 10.222.0.22 "GET /placement/allocations/e763e9d6-0792-4e83-818c-1deebb5c8cbc" {{(pid=95424) __call__ /opt/stack/placement/placement/requestlog.py:55}}
Sep 24 13:17:38.145736 n-d-810849-2 devstack@placement-api.service[95424]: INFO placement.requestlog [req-f21b1e8e-24ad-46a9-a5a1-12af21ad08fe req-6d1c38da-6305-463c-898d-62bdbd6aa176 service placement] 10.222.0.22 "GET /placement/allocations/e763e9d6-0792-4e83-818c-1deebb5c8cbc" status: 200 len: 19 microversion: 1.28
Sep 24 13:17:38.146621 n-d-810849-2 devstack@placement-api.service[95424]: [pid: 95424|app: 0|req: 155/312] 10.222.0.22 () {60 vars in 1381 bytes} [Fri Sep 24 13:17:38 2021] GET /placement/allocations/e763e9d6-0792-4e83-818c-1deebb5c8cbc => generated 19 bytes in 17 msecs (HTTP/1.1 200) 8 headers in 295 bytes (1 switches on core 0)
Sep 24 13:17:38.153119 n-d-810849-2 devstack@placement-api.service[95423]: DEBUG placement.requestlog [req-f21b1e8e-24ad-46a9-a5a1-12af21ad08fe req-50021541-569f-4c2b-9ad0-7a2b77b7c13a None None] Starting request: 10.222.0.22 "PUT /placement/allocations/e763e9d6-0792-4e83-818c-1deebb5c8cbc" {{(pid=95423) __call__ /opt/stack/placement/placement/requestlog.py:55}}
Sep 24 13:17:38.221874 n-d-810849-2 devstack@placement-api.service[95423]: DEBUG placement.handlers.allocation [req-f21b1e8e-24ad-46a9-a5a1-12af21ad08fe req-50021541-569f-4c2b-9ad0-7a2b77b7c13a service placement] Successfully wrote allocations [, , ] {{(pid=95423) _update_consumers_and_create_allocations /opt/stack/placement/placement/handlers/allocation.py:462}}
Sep 24 13:17:38.226543 n-d-810849-2 devstack@placement-api.service[95423]: INFO placement.requestlog [req-f21b1e8e-24ad-46a9-a5a1-12af21ad08fe req-50021541-569f-4c2b-9ad0-7a2b77b7c13a service placement] 10.222.0.22 "PUT /placement/allocations/e763e9d6-0792-4e83-818c-1deebb5c8cbc" status: 204 len: 0 microversion: 1.36
Sep 24 13:17:38.226997 n-d-810849-2 devstack@placement-api.service[95423]: [pid: 95423|app: 0|req: 158/313] 10.222.0.22 () {64 vars in 1434 bytes} [Fri Sep 24 13:17:38 2021] PUT /placement/allocations/e763e9d6-0792-4e83-818c-1deebb5c8cbc => generated 0 bytes in 74 msecs (HTTP/1.1 204) 5 headers in 199 bytes (1 switches on core 0)
Sep 24 13:17:38.648764 n-d-810849-2 devstack@placement-api.service[95424]: DEBUG placement.requestlog [req-f21b1e8e-24ad-46a9-a5a1-12af21ad08fe req-187f7de9-57a8-4f65-84f9-16a942b521c4 None None] Starting request: 10.222.0.41 "GET /placement/allocations/e763e9d6-0792-4e83-818c-1deebb5c8cbc" {{(pid=95424) __call__ /opt/stack/placement/placement/requestlog.py:55}}
Sep 24 13:17:38.672604 n-d-810849-2 devstack@placement-api.service[95424]: INFO placement.requestlog [req-f21b1e8e-24ad-46a9-a5a1-12af21ad08fe req-187f7de9-57a8-4f65-84f9-16a942b521c4 service placement] 10.222.0.41 "GET /placement/allocations/e763e9d6-0792-4e83-818c-1deebb5c8cbc" status: 200 len: 259 microversion: 1.28
Sep 24 13:17:38.674809 n-d-810849-2 devstack@placement-api.service[95424]: [pid: 95424|app: 0|req: 156/314] 10.222.0.41 () {60 vars in 1378 bytes} [Fri Sep 24 13:17:38 2021] GET /placement/allocations/e763e9d6-0792-4e83-818c-1deebb5c8cbc => generated 259 bytes in 27 msecs (HTTP/1.1 200) 8 headers in 296 bytes (1 switches on core 0)
Sep 24 13:17:39.712469 n-d-810849-2 devstack@placement-api.service[95423]: DEBUG placement.requestlog [req-18f504f4-db36-4e96-ac71-5e853eb57db5 req-babfb1fa-8a93-4f8f-9fc9-b5d655a26b95 None None] Starting request: 10.222.0.41 "DELETE /placement/allocations/035bb4c1-f170-449b-abea-3e805d04daaf" {{(pid=95423) __call__ /opt/stack/placement/placement/requestlog.py:55}}
Sep 24 13:17:39.744882 n-d-810849-2 devstack@placement-api.service[95423]: DEBUG placement.handlers.allocation [req-18f504f4-db36-4e96-ac71-5e853eb57db5 req-babfb1fa-8a93-4f8f-9fc9-b5d655a26b95 service placement] Successfully deleted allocations [, , ] {{(pid=95423) delete_allocations /opt/stack/placement/placement/handlers/allocation.py:627}}
Sep 24 13:17:39.745501 n-d-810849-2 devstack@placement-api.service[95423]: INFO placement.requestlog [req-18f504f4-db36-4e96-ac71-5e853eb57db5 req-babfb1fa-8a93-4f8f-9fc9-b5d655a26b95 service placement] 10.222.0.41 "DELETE /placement/allocations/035bb4c1-f170-449b-abea-3e805d04daaf" status: 204 len: 0 microversion: 1.0
Sep 24 13:17:39.745871 n-d-810849-2 devstack@placement-api.service[95423]: [pid: 95423|app: 0|req: 159/315] 10.222.0.41 () {60 vars in 1356 bytes} [Fri Sep 24 13:17:39 2021] DELETE /placement/allocations/035bb4c1-f170-449b-abea-3e805d04daaf => generated 0 bytes in 34 msecs (HTTP/1.1 204) 5 headers in 198 bytes (1 switches on core 0)
Sep 24 13:17:50.241028 n-d-810849-2 devstack@placement-api.service[95424]: DEBUG placement.requestlog [req-b5c30ef3-86b4-4553-82ae-7539c3d3c109 req-7398feaf-8241-4cf3-b5d1-304a8137527b None None] Starting request: 10.222.0.21 "GET /placement/resource_providers/1bfe18fe-fc0d-4b42-8416-bd75c3eaf3d1/allocations" {{(pid=95424) __call__ /opt/stack/placement/placement/requestlog.py:55}}
Sep 24 13:17:50.249041 n-d-810849-2 devstack@placement-api.service[95423]: DEBUG placement.requestlog [req-126d3696-1e74-447b-b17c-5213d6687288 req-1fc93b63-e316-4016-87d3-c3eb7d6e1a60 None None] Starting request: 10.222.0.41 "GET /placement/resource_providers/32b45030-37ec-4253-982b-1207a7a84d79/allocations" {{(pid=95423) __call__ /opt/stack/placement/placement/requestlog.py:55}}
Sep 24 13:17:50.301890 n-d-810849-2 devstack@placement-api.service[95423]: INFO placement.requestlog [req-126d3696-1e74-447b-b17c-5213d6687288 req-1fc93b63-e316-4016-87d3-c3eb7d6e1a60 service placement] 10.222.0.41 "GET /placement/resource_providers/32b45030-37ec-4253-982b-1207a7a84d79/allocations" status: 200 len: 456 microversion: 1.0
Sep 24 13:17:50.304566 n-d-810849-2 devstack@placement-api.service[95424]: INFO placement.requestlog [req-b5c30ef3-86b4-4553-82ae-7539c3d3c109 req-7398feaf-8241-4cf3-b5d1-304a8137527b service placement] 10.222.0.21 "GET /placement/resource_providers/1bfe18fe-fc0d-4b42-8416-bd75c3eaf3d1/allocations" status: 200 len: 659 microversion: 1.0
Sep 24 13:17:50.304800 n-d-810849-2 devstack@placement-api.service[95423]: [pid: 95423|app: 0|req: 160/316] 10.222.0.41 () {58 vars in 1391 bytes} [Fri Sep 24 13:17:50 2021] GET /placement/resource_providers/32b45030-37ec-4253-982b-1207a7a84d79/allocations => generated 456 bytes in 55 msecs (HTTP/1.1 200) 6 headers in 224 bytes (2 switches on core 0)
Sep 24 13:17:50.305439 n-d-810849-2 devstack@placement-api.service[95424]: [pid: 95424|app: 0|req: 157/317] 10.222.0.21 () {58 vars in 1391 bytes} [Fri Sep 24 13:17:50 2021] GET /placement/resource_providers/1bfe18fe-fc0d-4b42-8416-bd75c3eaf3d1/allocations => generated 659 bytes in 65 msecs (HTTP/1.1 200) 6 headers in 224 bytes (1 switches on core 0)
Sep 24 13:17:55.517051 n-d-810849-2 devstack@placement-api.service[95423]: DEBUG placement.requestlog [None req-463a368d-d0cd-4c0f-a2c7-48b09de1565f None None] Starting request: 10.222.0.22 "GET /placement/" {{(pid=95423) __call__ /opt/stack/placement/placement/requestlog.py:55}}
Sep 24 13:17:55.518036 n-d-810849-2 devstack@placement-api.service[95423]: INFO placement.requestlog [None req-463a368d-d0cd-4c0f-a2c7-48b09de1565f None None] 10.222.0.22 "GET /placement/" status: 200 len: 136 microversion: 1.0
Sep 24 13:17:55.518215 n-d-810849-2 devstack@placement-api.service[95423]: [pid: 95423|app: 0|req: 161/318] 10.222.0.22 () {54 vars in 907 bytes} [Fri Sep 24 13:17:55 2021] GET /placement => generated 136 bytes in 1 msecs (HTTP/1.1 200) 6 headers in 224 bytes (1 switches on core 0)
Sep 24 13:17:55.534112 n-d-810849-2 devstack@placement-api.service[95424]: DEBUG placement.requestlog [req-786216f4-9046-4566-828d-deab8363f38d req-cdd8725b-b8eb-4cad-bf1f-fe9a251f0a45 None None] Starting request: 10.222.0.22 "GET /placement/resource_providers/32b45030-37ec-4253-982b-1207a7a84d79/traits" {{(pid=95424) __call__ /opt/stack/placement/placement/requestlog.py:55}}
Sep 24 13:17:55.706572 n-d-810849-2 devstack@placement-api.service[95424]: INFO placement.requestlog [req-786216f4-9046-4566-828d-deab8363f38d req-cdd8725b-b8eb-4cad-bf1f-fe9a251f0a45 service placement] 10.222.0.22 "GET /placement/resource_providers/32b45030-37ec-4253-982b-1207a7a84d79/traits" status: 200 len: 212 microversion: 1.6
Sep 24 13:17:55.710055 n-d-810849-2 devstack@placement-api.service[95424]: [pid: 95424|app: 0|req: 158/319] 10.222.0.22 () {60 vars in 1413 bytes} [Fri Sep 24 13:17:55 2021] GET /placement/resource_providers/32b45030-37ec-4253-982b-1207a7a84d79/traits => generated 212 bytes in 176 msecs (HTTP/1.1 200) 6 headers in 224 bytes (1 switches on core 0)
Sep 24 13:17:56.234510 n-d-810849-2 devstack@placement-api.service[95423]: DEBUG placement.requestlog [None req-712b6d28-bd17-4984-ad6b-b1cffa0d9534 None None] Starting request: 10.222.0.22 "GET /placement/" {{(pid=95423) __call__ /opt/stack/placement/placement/requestlog.py:55}}
Sep 24 13:17:56.235692 n-d-810849-2 devstack@placement-api.service[95423]: INFO placement.requestlog [None req-712b6d28-bd17-4984-ad6b-b1cffa0d9534 None None] 10.222.0.22 "GET /placement/" status: 200 len: 136 microversion: 1.0
Sep 24 13:17:56.236331 n-d-810849-2 devstack@placement-api.service[95423]: [pid: 95423|app: 0|req: 162/320] 10.222.0.22 () {54 vars in 916 bytes} [Fri Sep 24 13:17:56 2021] GET /placement => generated 136 bytes in 2 msecs (HTTP/1.1 200) 6 headers in 224 bytes (1 switches on core 0)
Sep 24 13:17:56.247186 n-d-810849-2 devstack@placement-api.service[95424]: DEBUG placement.requestlog [req-786216f4-9046-4566-828d-deab8363f38d req-96a2da8b-f983-4b9f-81bf-9beba478ad3b None None] Starting request: 10.222.0.22 "GET /placement/allocations/24894719-a95c-43b1-b4e2-3f4c4ae26b34" {{(pid=95424) __call__ /opt/stack/placement/placement/requestlog.py:55}}
Sep 24 13:17:56.347961 n-d-810849-2 devstack@placement-api.service[95424]: INFO placement.requestlog [req-786216f4-9046-4566-828d-deab8363f38d req-96a2da8b-f983-4b9f-81bf-9beba478ad3b service placement] 10.222.0.22 "GET /placement/allocations/24894719-a95c-43b1-b4e2-3f4c4ae26b34" status: 200 len: 259 microversion: 1.28
Sep 24 13:17:56.349342 n-d-810849-2 devstack@placement-api.service[95424]: [pid: 95424|app: 0|req: 159/321] 10.222.0.22 () {60 vars in 1381 bytes} [Fri Sep 24 13:17:56 2021] GET /placement/allocations/24894719-a95c-43b1-b4e2-3f4c4ae26b34 => generated 259 bytes in 102 msecs (HTTP/1.1 200) 8 headers in 296 bytes (1 switches on core 0)
Sep 24 13:17:56.355280 n-d-810849-2 devstack@placement-api.service[95423]: DEBUG placement.requestlog [req-786216f4-9046-4566-828d-deab8363f38d req-8d572c8b-c2ca-4383-bdaa-99aefa1b1656 None None] Starting request: 10.222.0.22 "GET /placement/allocations/24894719-a95c-43b1-b4e2-3f4c4ae26b34" {{(pid=95423) __call__ /opt/stack/placement/placement/requestlog.py:55}}
Sep 24 13:17:56.380575 n-d-810849-2 devstack@placement-api.service[95423]: INFO placement.requestlog [req-786216f4-9046-4566-828d-deab8363f38d req-8d572c8b-c2ca-4383-bdaa-99aefa1b1656 service placement] 10.222.0.22 "GET /placement/allocations/24894719-a95c-43b1-b4e2-3f4c4ae26b34" status: 200 len: 259 microversion: 1.28
Sep 24 13:17:56.383098 n-d-810849-2 devstack@placement-api.service[95423]: [pid: 95423|app: 0|req: 163/322] 10.222.0.22 () {60 vars in 1381 bytes} [Fri Sep 24 13:17:56 2021] GET /placement/allocations/24894719-a95c-43b1-b4e2-3f4c4ae26b34 => generated 259 bytes in 28 msecs (HTTP/1.1 200) 8 headers in 296 bytes (1 switches on core 0)
Sep 24 13:17:56.391666 n-d-810849-2 devstack@placement-api.service[95424]: DEBUG placement.requestlog [req-786216f4-9046-4566-828d-deab8363f38d req-8c991c41-b965-42f5-903a-26fd21256a5b None None] Starting request: 10.222.0.22 "GET /placement/allocations/5296557f-f251-48dc-ae47-918c813deebf" {{(pid=95424) __call__ /opt/stack/placement/placement/requestlog.py:55}}
Sep 24 13:17:56.411700 n-d-810849-2 devstack@placement-api.service[95424]: INFO placement.requestlog [req-786216f4-9046-4566-828d-deab8363f38d req-8c991c41-b965-42f5-903a-26fd21256a5b service placement] 10.222.0.22 "GET /placement/allocations/5296557f-f251-48dc-ae47-918c813deebf" status: 200 len: 19 microversion: 1.28
Sep 24 13:17:56.412250 n-d-810849-2 devstack@placement-api.service[95424]: [pid: 95424|app: 0|req: 160/323] 10.222.0.22 () {60 vars in 1381 bytes} [Fri Sep 24 13:17:56 2021] GET /placement/allocations/5296557f-f251-48dc-ae47-918c813deebf => generated 19 bytes in 21 msecs (HTTP/1.1 200) 8 headers in 295 bytes (1 switches on core 0)
Sep 24 13:17:56.418763 n-d-810849-2 devstack@placement-api.service[95423]: DEBUG placement.requestlog [req-786216f4-9046-4566-828d-deab8363f38d req-7ae16fc4-41b6-498f-8776-f1507b29e71a None None] Starting request: 10.222.0.22 "POST /placement/allocations" {{(pid=95423) __call__ /opt/stack/placement/placement/requestlog.py:55}}
Sep 24 13:17:56.536216 n-d-810849-2 devstack@placement-api.service[95423]: DEBUG placement.handlers.allocation [req-786216f4-9046-4566-828d-deab8363f38d req-7ae16fc4-41b6-498f-8776-f1507b29e71a service placement] Successfully wrote allocations [, , , , , ] {{(pid=95423) _update_consumers_and_create_allocations /opt/stack/placement/placement/handlers/allocation.py:572}}
Sep 24 13:17:56.547351 n-d-810849-2 devstack@placement-api.service[95423]: INFO placement.requestlog [req-786216f4-9046-4566-828d-deab8363f38d req-7ae16fc4-41b6-498f-8776-f1507b29e71a service placement] 10.222.0.22 "POST /placement/allocations" status: 204 len: 0 microversion: 1.28
Sep 24 13:17:56.547998 n-d-810849-2 devstack@placement-api.service[95423]: [pid: 95423|app: 0|req: 164/324] 10.222.0.22 () {64 vars in 1324 bytes} [Fri Sep 24 13:17:56 2021] POST /placement/allocations => generated 0 bytes in 130 msecs (HTTP/1.1 204) 5 headers in 199 bytes (1 switches on core 0)
Sep 24 13:17:56.578051 n-d-810849-2 devstack@placement-api.service[95424]: DEBUG placement.requestlog [req-786216f4-9046-4566-828d-deab8363f38d req-aa6aad2c-d3ef-431d-9c15-967b157adb94 None None] Starting request: 10.222.0.22 "GET /placement/allocation_candidates?limit=1000&resources=DISK_GB%3A1%2CMEMORY_MB%3A1024%2CVCPU%3A1&root_required=%21COMPUTE_STATUS_DISABLED" {{(pid=95424) __call__ /opt/stack/placement/placement/requestlog.py:55}}
Sep 24 13:17:56.648372 n-d-810849-2 devstack@placement-api.service[95424]: DEBUG placement.objects.research_context [req-786216f4-9046-4566-828d-deab8363f38d req-aa6aad2c-d3ef-431d-9c15-967b157adb94 service placement] getting providers with 1 DISK_GB {{(pid=95424) __init__ /opt/stack/placement/placement/objects/research_context.py:126}}
Sep 24 13:17:56.683042 n-d-810849-2 devstack@placement-api.service[95424]: DEBUG placement.objects.research_context [req-786216f4-9046-4566-828d-deab8363f38d req-aa6aad2c-d3ef-431d-9c15-967b157adb94 service placement] getting providers with 1024 MEMORY_MB {{(pid=95424) __init__ /opt/stack/placement/placement/objects/research_context.py:126}}
Sep 24 13:17:56.708297 n-d-810849-2 devstack@placement-api.service[95424]: DEBUG placement.objects.research_context [req-786216f4-9046-4566-828d-deab8363f38d req-aa6aad2c-d3ef-431d-9c15-967b157adb94 service placement] getting providers with 1 VCPU {{(pid=95424) __init__ /opt/stack/placement/placement/objects/research_context.py:126}}
Sep 24 13:17:56.714841 n-d-810849-2 devstack@placement-api.service[95424]: DEBUG placement.objects.research_context [req-786216f4-9046-4566-828d-deab8363f38d req-aa6aad2c-d3ef-431d-9c15-967b157adb94 service placement] found 2 providers with available 1 DISK_GB {{(pid=95424) get_provider_ids_matching /opt/stack/placement/placement/objects/research_context.py:549}}
Sep 24 13:17:56.715340 n-d-810849-2 devstack@placement-api.service[95424]: DEBUG placement.objects.research_context [req-786216f4-9046-4566-828d-deab8363f38d req-aa6aad2c-d3ef-431d-9c15-967b157adb94 service placement] found 2 providers with available 1024 MEMORY_MB {{(pid=95424) get_provider_ids_matching /opt/stack/placement/placement/objects/research_context.py:549}}
Sep 24 13:17:56.715856 n-d-810849-2 devstack@placement-api.service[95424]: DEBUG placement.objects.research_context [req-786216f4-9046-4566-828d-deab8363f38d req-aa6aad2c-d3ef-431d-9c15-967b157adb94 service placement] found 2 providers after filtering by previous result {{(pid=95424) get_provider_ids_matching /opt/stack/placement/placement/objects/research_context.py:580}}
Sep 24 13:17:56.716375 n-d-810849-2 devstack@placement-api.service[95424]: DEBUG placement.objects.research_context [req-786216f4-9046-4566-828d-deab8363f38d req-aa6aad2c-d3ef-431d-9c15-967b157adb94 service placement] found 2 providers with available 1 VCPU {{(pid=95424) get_provider_ids_matching /opt/stack/placement/placement/objects/research_context.py:549}}
Sep 24 13:17:56.716982 n-d-810849-2 devstack@placement-api.service[95424]: DEBUG placement.objects.research_context [req-786216f4-9046-4566-828d-deab8363f38d req-aa6aad2c-d3ef-431d-9c15-967b157adb94 service placement] found 2 providers after filtering by previous result {{(pid=95424) get_provider_ids_matching /opt/stack/placement/placement/objects/research_context.py:580}}
Sep 24 13:17:56.729317 n-d-810849-2 devstack@placement-api.service[95424]: DEBUG placement.objects.allocation_candidate [req-786216f4-9046-4566-828d-deab8363f38d req-aa6aad2c-d3ef-431d-9c15-967b157adb94 service placement] RequestGroup(use_same_provider=False, resources={DISK_GB:1, MEMORY_MB:1024, VCPU:1}, traits=[], aggregates=[]) (suffix '') returned 2 matches {{(pid=95424) _get_by_requests /opt/stack/placement/placement/objects/allocation_candidate.py:145}}
Sep 24 13:17:56.729959 n-d-810849-2 devstack@placement-api.service[95424]: DEBUG placement.objects.allocation_candidate [req-786216f4-9046-4566-828d-deab8363f38d req-aa6aad2c-d3ef-431d-9c15-967b157adb94 service placement] Merging candidates yields 2 allocation requests and 2 provider summaries {{(pid=95424) _merge_candidates /opt/stack/placement/placement/objects/allocation_candidate.py:783}}
Sep 24 13:17:56.731800 n-d-810849-2 devstack@placement-api.service[95424]: INFO placement.requestlog [req-786216f4-9046-4566-828d-deab8363f38d req-aa6aad2c-d3ef-431d-9c15-967b157adb94 service placement] 10.222.0.22 "GET /placement/allocation_candidates?limit=1000&resources=DISK_GB%3A1%2CMEMORY_MB%3A1024%2CVCPU%3A1&root_required=%21COMPUTE_STATUS_DISABLED" status: 200 len: 1309 microversion: 1.36
Sep 24 13:17:56.732538 n-d-810849-2 devstack@placement-api.service[95424]: [pid: 95424|app: 0|req: 161/325] 10.222.0.22 () {60 vars in 1507 bytes} [Fri Sep 24 13:17:56 2021] GET /placement/allocation_candidates?limit=1000&resources=DISK_GB%3A1%2CMEMORY_MB%3A1024%2CVCPU%3A1&root_required=%21COMPUTE_STATUS_DISABLED => generated 1309 bytes in 155 msecs (HTTP/1.1 200) 8 headers in 297 bytes (1 switches on core 0)
Sep 24 13:17:56.838670 n-d-810849-2 devstack@placement-api.service[95423]: DEBUG placement.requestlog [req-786216f4-9046-4566-828d-deab8363f38d req-28cd11a5-3a91-4679-a53c-f9c5b46eaff4 None None] Starting request: 10.222.0.22 "GET /placement/allocations/24894719-a95c-43b1-b4e2-3f4c4ae26b34" {{(pid=95423) __call__ /opt/stack/placement/placement/requestlog.py:55}}
Sep 24 13:17:56.855326 n-d-810849-2 devstack@placement-api.service[95423]: INFO placement.requestlog [req-786216f4-9046-4566-828d-deab8363f38d req-28cd11a5-3a91-4679-a53c-f9c5b46eaff4 service placement] 10.222.0.22 "GET /placement/allocations/24894719-a95c-43b1-b4e2-3f4c4ae26b34" status: 200 len: 19 microversion: 1.28
Sep 24 13:17:56.857343 n-d-810849-2 devstack@placement-api.service[95423]: [pid: 95423|app: 0|req: 165/326] 10.222.0.22 () {60 vars in 1381 bytes} [Fri Sep 24 13:17:56 2021] GET /placement/allocations/24894719-a95c-43b1-b4e2-3f4c4ae26b34 => generated 19 bytes in 19 msecs (HTTP/1.1 200) 8 headers in 295 bytes (1 switches on core 0)
Sep 24 13:17:56.864379 n-d-810849-2 devstack@placement-api.service[95424]: DEBUG placement.requestlog [req-786216f4-9046-4566-828d-deab8363f38d req-21c49cc8-b6d6-4044-9fe2-0860bb16862f None None] Starting request: 10.222.0.22 "PUT /placement/allocations/24894719-a95c-43b1-b4e2-3f4c4ae26b34" {{(pid=95424) __call__ /opt/stack/placement/placement/requestlog.py:55}}
Sep 24 13:17:56.953098 n-d-810849-2 devstack@placement-api.service[95424]: DEBUG placement.handlers.allocation [req-786216f4-9046-4566-828d-deab8363f38d req-21c49cc8-b6d6-4044-9fe2-0860bb16862f service placement] Successfully wrote allocations [, , ] {{(pid=95424) _update_consumers_and_create_allocations /opt/stack/placement/placement/handlers/allocation.py:462}}
Sep 24 13:17:56.962530 n-d-810849-2 devstack@placement-api.service[95424]: INFO placement.requestlog [req-786216f4-9046-4566-828d-deab8363f38d req-21c49cc8-b6d6-4044-9fe2-0860bb16862f service placement] 10.222.0.22 "PUT /placement/allocations/24894719-a95c-43b1-b4e2-3f4c4ae26b34" status: 204 len: 0 microversion: 1.36
Sep 24 13:17:56.962765 n-d-810849-2 devstack@placement-api.service[95424]: [pid: 95424|app: 0|req: 162/327] 10.222.0.22 () {64 vars in 1434 bytes} [Fri Sep 24 13:17:56 2021] PUT /placement/allocations/24894719-a95c-43b1-b4e2-3f4c4ae26b34 => generated 0 bytes in 99 msecs (HTTP/1.1 204) 5 headers in 199 bytes (1 switches on core 0)
Sep 24 13:17:57.200972 n-d-810849-2 devstack@placement-api.service[95423]: DEBUG placement.requestlog [req-786216f4-9046-4566-828d-deab8363f38d req-fc18e9d0-59f0-49ce-a969-0616bf784a71 None None] Starting request: 10.222.0.21 "GET /placement/allocations/24894719-a95c-43b1-b4e2-3f4c4ae26b34" {{(pid=95423) __call__ /opt/stack/placement/placement/requestlog.py:55}}
Sep 24 13:17:57.226486 n-d-810849-2 devstack@placement-api.service[95423]: INFO placement.requestlog [req-786216f4-9046-4566-828d-deab8363f38d req-fc18e9d0-59f0-49ce-a969-0616bf784a71 service placement] 10.222.0.21 "GET /placement/allocations/24894719-a95c-43b1-b4e2-3f4c4ae26b34" status: 200 len: 259 microversion: 1.28
Sep 24 13:17:57.227018 n-d-810849-2 devstack@placement-api.service[95423]: [pid: 95423|app: 0|req: 166/328] 10.222.0.21 () {60 vars in 1378 bytes} [Fri Sep 24 13:17:57 2021] GET /placement/allocations/24894719-a95c-43b1-b4e2-3f4c4ae26b34 => generated 259 bytes in 26 msecs (HTTP/1.1 200) 8 headers in 296 bytes (1 switches on core 0)
Sep 24 13:18:05.174344 n-d-810849-2 devstack@placement-api.service[95424]: DEBUG placement.requestlog [req-97210c47-de29-42c8-94c1-f918a19c371e req-77d6c7cb-7dce-4496-acc2-b8abf0ec8b39 None None] Starting request: 10.222.0.22 "GET /placement/allocation_candidates?limit=1000&resources=DISK_GB%3A1%2CMEMORY_MB%3A1024%2CVCPU%3A1&root_required=%21COMPUTE_STATUS_DISABLED" {{(pid=95424) __call__ /opt/stack/placement/placement/requestlog.py:55}}
Sep 24 13:18:05.439701 n-d-810849-2 devstack@placement-api.service[95424]: DEBUG placement.objects.research_context [req-97210c47-de29-42c8-94c1-f918a19c371e req-77d6c7cb-7dce-4496-acc2-b8abf0ec8b39 service placement] getting providers with 1 DISK_GB {{(pid=95424) __init__ /opt/stack/placement/placement/objects/research_context.py:126}}
Sep 24 13:18:05.455665 n-d-810849-2 devstack@placement-api.service[95424]: DEBUG placement.objects.research_context [req-97210c47-de29-42c8-94c1-f918a19c371e req-77d6c7cb-7dce-4496-acc2-b8abf0ec8b39 service placement] getting providers with 1024 MEMORY_MB {{(pid=95424) __init__ /opt/stack/placement/placement/objects/research_context.py:126}}
Sep 24 13:18:05.491553 n-d-810849-2 devstack@placement-api.service[95424]: DEBUG placement.objects.research_context [req-97210c47-de29-42c8-94c1-f918a19c371e req-77d6c7cb-7dce-4496-acc2-b8abf0ec8b39 service placement] getting providers with 1 VCPU {{(pid=95424) __init__ /opt/stack/placement/placement/objects/research_context.py:126}}
Sep 24 13:18:05.524779 n-d-810849-2 devstack@placement-api.service[95424]: DEBUG placement.objects.research_context [req-97210c47-de29-42c8-94c1-f918a19c371e req-77d6c7cb-7dce-4496-acc2-b8abf0ec8b39 service placement] found 2 providers with available 1 DISK_GB {{(pid=95424) get_provider_ids_matching /opt/stack/placement/placement/objects/research_context.py:549}}
Sep 24 13:18:05.525056 n-d-810849-2 devstack@placement-api.service[95424]: DEBUG placement.objects.research_context [req-97210c47-de29-42c8-94c1-f918a19c371e req-77d6c7cb-7dce-4496-acc2-b8abf0ec8b39 service placement] found 2 providers with available 1024 MEMORY_MB {{(pid=95424) get_provider_ids_matching /opt/stack/placement/placement/objects/research_context.py:549}}
Sep 24 13:18:05.525534 n-d-810849-2 devstack@placement-api.service[95424]: DEBUG placement.objects.research_context [req-97210c47-de29-42c8-94c1-f918a19c371e req-77d6c7cb-7dce-4496-acc2-b8abf0ec8b39 service placement] found 2 providers after filtering by previous result {{(pid=95424) get_provider_ids_matching /opt/stack/placement/placement/objects/research_context.py:580}}
Sep 24 13:18:05.526111 n-d-810849-2 devstack@placement-api.service[95424]: DEBUG placement.objects.research_context [req-97210c47-de29-42c8-94c1-f918a19c371e req-77d6c7cb-7dce-4496-acc2-b8abf0ec8b39 service placement] found 2 providers with available 1 VCPU {{(pid=95424) get_provider_ids_matching /opt/stack/placement/placement/objects/research_context.py:549}}
Sep 24 13:18:05.526544 n-d-810849-2 devstack@placement-api.service[95424]: DEBUG placement.objects.research_context [req-97210c47-de29-42c8-94c1-f918a19c371e req-77d6c7cb-7dce-4496-acc2-b8abf0ec8b39 service placement] found 2 providers after filtering by previous result {{(pid=95424) get_provider_ids_matching /opt/stack/placement/placement/objects/research_context.py:580}}
Sep 24 13:18:05.553575 n-d-810849-2 devstack@placement-api.service[95424]: DEBUG placement.objects.allocation_candidate [req-97210c47-de29-42c8-94c1-f918a19c371e req-77d6c7cb-7dce-4496-acc2-b8abf0ec8b39 service placement] RequestGroup(use_same_provider=False, resources={DISK_GB:1, MEMORY_MB:1024, VCPU:1}, traits=[], aggregates=[]) (suffix '') returned 2 matches {{(pid=95424) _get_by_requests /opt/stack/placement/placement/objects/allocation_candidate.py:145}}
Sep 24 13:18:05.553951 n-d-810849-2 devstack@placement-api.service[95424]: DEBUG placement.objects.allocation_candidate [req-97210c47-de29-42c8-94c1-f918a19c371e req-77d6c7cb-7dce-4496-acc2-b8abf0ec8b39 service placement] Merging candidates yields 2 allocation requests and 2 provider summaries {{(pid=95424) _merge_candidates /opt/stack/placement/placement/objects/allocation_candidate.py:783}}
Sep 24 13:18:05.561248 n-d-810849-2 devstack@placement-api.service[95424]: INFO placement.requestlog [req-97210c47-de29-42c8-94c1-f918a19c371e req-77d6c7cb-7dce-4496-acc2-b8abf0ec8b39 service placement] 10.222.0.22 "GET /placement/allocation_candidates?limit=1000&resources=DISK_GB%3A1%2CMEMORY_MB%3A1024%2CVCPU%3A1&root_required=%21COMPUTE_STATUS_DISABLED" status: 200 len: 1309 microversion: 1.36
Sep 24 13:18:05.572587 n-d-810849-2 devstack@placement-api.service[95424]: [pid: 95424|app: 0|req: 163/329] 10.222.0.22 () {60 vars in 1507 bytes} [Fri Sep 24 13:18:05 2021] GET /placement/allocation_candidates?limit=1000&resources=DISK_GB%3A1%2CMEMORY_MB%3A1024%2CVCPU%3A1&root_required=%21COMPUTE_STATUS_DISABLED => generated 1309 bytes in 398 msecs (HTTP/1.1 200) 8 headers in 297 bytes (1 switches on core 0)
Sep 24 13:18:05.684668 n-d-810849-2 devstack@placement-api.service[95423]: DEBUG placement.requestlog [req-97210c47-de29-42c8-94c1-f918a19c371e req-93d9b1bc-9331-490c-b28f-03bb8c770372 None None] Starting request: 10.222.0.22 "GET /placement/allocations/c2d13559-4d36-4309-9f2d-6ead98cad2cc" {{(pid=95423) __call__ /opt/stack/placement/placement/requestlog.py:55}}
Sep 24 13:18:05.702774 n-d-810849-2 devstack@placement-api.service[95423]: INFO placement.requestlog [req-97210c47-de29-42c8-94c1-f918a19c371e req-93d9b1bc-9331-490c-b28f-03bb8c770372 service placement] 10.222.0.22 "GET /placement/allocations/c2d13559-4d36-4309-9f2d-6ead98cad2cc" status: 200 len: 19 microversion: 1.28
Sep 24 13:18:05.704404 n-d-810849-2 devstack@placement-api.service[95423]: [pid: 95423|app: 0|req: 167/330] 10.222.0.22 () {60 vars in 1381 bytes} [Fri Sep 24 13:18:05 2021] GET /placement/allocations/c2d13559-4d36-4309-9f2d-6ead98cad2cc => generated 19 bytes in 20 msecs (HTTP/1.1 200) 8 headers in 295 bytes (1 switches on core 0)
Sep 24 13:18:05.709253 n-d-810849-2 devstack@placement-api.service[95424]: DEBUG placement.requestlog [req-97210c47-de29-42c8-94c1-f918a19c371e req-d234de91-f6c0-4c5b-a703-4351ba4ba986 None None] Starting request: 10.222.0.22 "PUT /placement/allocations/c2d13559-4d36-4309-9f2d-6ead98cad2cc" {{(pid=95424) __call__ /opt/stack/placement/placement/requestlog.py:55}}
Sep 24 13:18:05.848253 n-d-810849-2 devstack@placement-api.service[95424]: DEBUG placement.handlers.allocation [req-97210c47-de29-42c8-94c1-f918a19c371e req-d234de91-f6c0-4c5b-a703-4351ba4ba986 service placement] Successfully wrote allocations [, , ] {{(pid=95424) _update_consumers_and_create_allocations /opt/stack/placement/placement/handlers/allocation.py:462}}
Sep 24 13:18:05.857532 n-d-810849-2 devstack@placement-api.service[95424]: INFO placement.requestlog [req-97210c47-de29-42c8-94c1-f918a19c371e req-d234de91-f6c0-4c5b-a703-4351ba4ba986 service placement] 10.222.0.22 "PUT /placement/allocations/c2d13559-4d36-4309-9f2d-6ead98cad2cc" status: 204 len: 0 microversion: 1.36
Sep 24 13:18:05.858498 n-d-810849-2 devstack@placement-api.service[95424]: [pid: 95424|app: 0|req: 164/331] 10.222.0.22 () {64 vars in 1434 bytes} [Fri Sep 24 13:18:05 2021] PUT /placement/allocations/c2d13559-4d36-4309-9f2d-6ead98cad2cc => generated 0 bytes in 149 msecs (HTTP/1.1 204) 5 headers in 199 bytes (1 switches on core 0)
Sep 24 13:18:06.372273 n-d-810849-2 devstack@placement-api.service[95423]: DEBUG placement.requestlog [req-97210c47-de29-42c8-94c1-f918a19c371e req-9d531662-3ed9-4534-b8e4-1c3b7433b167 None None] Starting request: 10.222.0.21 "GET /placement/allocations/c2d13559-4d36-4309-9f2d-6ead98cad2cc" {{(pid=95423) __call__ /opt/stack/placement/placement/requestlog.py:55}}
Sep 24 13:18:06.411545 n-d-810849-2 devstack@placement-api.service[95423]: INFO placement.requestlog [req-97210c47-de29-42c8-94c1-f918a19c371e req-9d531662-3ed9-4534-b8e4-1c3b7433b167 service placement] 10.222.0.21 "GET /placement/allocations/c2d13559-4d36-4309-9f2d-6ead98cad2cc" status: 200 len: 259 microversion: 1.28
Sep 24 13:18:06.411783 n-d-810849-2 devstack@placement-api.service[95423]: [pid: 95423|app: 0|req: 168/332] 10.222.0.21 () {60 vars in 1378 bytes} [Fri Sep 24 13:18:06 2021] GET /placement/allocations/c2d13559-4d36-4309-9f2d-6ead98cad2cc => generated 259 bytes in 40 msecs (HTTP/1.1 200) 8 headers in 296 bytes (1 switches on core 0)
Sep 24 13:18:15.504765 n-d-810849-2 devstack@placement-api.service[95424]: DEBUG placement.requestlog [req-40fe0239-434a-4091-be24-58f814800cd0 req-ae4391bc-fc87-448d-bcbd-ba1f0848cb9d None None] Starting request: 10.222.0.22 "GET /placement/allocation_candidates?limit=1000&resources=MEMORY_MB%3A1024%2CVCPU%3A1&root_required=%21COMPUTE_STATUS_DISABLED" {{(pid=95424) __call__ /opt/stack/placement/placement/requestlog.py:55}}
Sep 24 13:18:15.548572 n-d-810849-2 devstack@placement-api.service[95424]: DEBUG placement.objects.research_context [req-40fe0239-434a-4091-be24-58f814800cd0 req-ae4391bc-fc87-448d-bcbd-ba1f0848cb9d service placement] getting providers with 1024 MEMORY_MB {{(pid=95424) __init__ /opt/stack/placement/placement/objects/research_context.py:126}}
Sep 24 13:18:15.562987 n-d-810849-2 devstack@placement-api.service[95424]: DEBUG placement.objects.research_context [req-40fe0239-434a-4091-be24-58f814800cd0 req-ae4391bc-fc87-448d-bcbd-ba1f0848cb9d service placement] getting providers with 1 VCPU {{(pid=95424) __init__ /opt/stack/placement/placement/objects/research_context.py:126}}
Sep 24 13:18:15.575913 n-d-810849-2 devstack@placement-api.service[95424]: DEBUG placement.objects.research_context [req-40fe0239-434a-4091-be24-58f814800cd0 req-ae4391bc-fc87-448d-bcbd-ba1f0848cb9d service placement] found 2 providers with available 1024 MEMORY_MB {{(pid=95424) get_provider_ids_matching /opt/stack/placement/placement/objects/research_context.py:549}}
Sep 24 13:18:15.578052 n-d-810849-2 devstack@placement-api.service[95424]: DEBUG placement.objects.research_context [req-40fe0239-434a-4091-be24-58f814800cd0 req-ae4391bc-fc87-448d-bcbd-ba1f0848cb9d service placement] found 2 providers with available 1 VCPU {{(pid=95424) get_provider_ids_matching /opt/stack/placement/placement/objects/research_context.py:549}}
Sep 24 13:18:15.578613 n-d-810849-2 devstack@placement-api.service[95424]: DEBUG placement.objects.research_context [req-40fe0239-434a-4091-be24-58f814800cd0 req-ae4391bc-fc87-448d-bcbd-ba1f0848cb9d service placement] found 2 providers after filtering by previous result {{(pid=95424) get_provider_ids_matching /opt/stack/placement/placement/objects/research_context.py:580}}
Sep 24 13:18:15.605549 n-d-810849-2 devstack@placement-api.service[95424]: DEBUG placement.objects.allocation_candidate [req-40fe0239-434a-4091-be24-58f814800cd0 req-ae4391bc-fc87-448d-bcbd-ba1f0848cb9d service placement] RequestGroup(use_same_provider=False, resources={MEMORY_MB:1024, VCPU:1}, traits=[], aggregates=[]) (suffix '') returned 2 matches {{(pid=95424) _get_by_requests /opt/stack/placement/placement/objects/allocation_candidate.py:145}}
Sep 24 13:18:15.606017 n-d-810849-2 devstack@placement-api.service[95424]: DEBUG placement.objects.allocation_candidate [req-40fe0239-434a-4091-be24-58f814800cd0 req-ae4391bc-fc87-448d-bcbd-ba1f0848cb9d service placement] Merging candidates yields 2 allocation requests and 2 provider summaries {{(pid=95424) _merge_candidates /opt/stack/placement/placement/objects/allocation_candidate.py:783}}
Sep 24 13:18:15.613289 n-d-810849-2 devstack@placement-api.service[95424]: INFO placement.requestlog [req-40fe0239-434a-4091-be24-58f814800cd0 req-ae4391bc-fc87-448d-bcbd-ba1f0848cb9d service placement] 10.222.0.22 "GET /placement/allocation_candidates?limit=1000&resources=MEMORY_MB%3A1024%2CVCPU%3A1&root_required=%21COMPUTE_STATUS_DISABLED" status: 200 len: 1281 microversion: 1.36
Sep 24 13:18:15.613982 n-d-810849-2 devstack@placement-api.service[95424]: [pid: 95424|app: 0|req: 165/333] 10.222.0.22 () {60 vars in 1479 bytes} [Fri Sep 24 13:18:15 2021] GET /placement/allocation_candidates?limit=1000&resources=MEMORY_MB%3A1024%2CVCPU%3A1&root_required=%21COMPUTE_STATUS_DISABLED => generated 1281 bytes in 109 msecs (HTTP/1.1 200) 8 headers in 297 bytes (1 switches on core 0)
Sep 24 13:18:15.689865 n-d-810849-2 devstack@placement-api.service[95423]: DEBUG placement.requestlog [req-40fe0239-434a-4091-be24-58f814800cd0 req-84199365-4e60-4844-87bf-768a7a34dd5d None None] Starting request: 10.222.0.22 "GET /placement/allocations/8dbb98c5-96c7-443d-8888-e6145b52a009" {{(pid=95423) __call__ /opt/stack/placement/placement/requestlog.py:55}}
Sep 24 13:18:15.703582 n-d-810849-2 devstack@placement-api.service[95423]: INFO placement.requestlog [req-40fe0239-434a-4091-be24-58f814800cd0 req-84199365-4e60-4844-87bf-768a7a34dd5d service placement] 10.222.0.22 "GET /placement/allocations/8dbb98c5-96c7-443d-8888-e6145b52a009" status: 200 len: 19 microversion: 1.28
Sep 24 13:18:15.709379 n-d-810849-2 devstack@placement-api.service[95423]: [pid: 95423|app: 0|req: 169/334] 10.222.0.22 () {60 vars in 1381 bytes} [Fri Sep 24 13:18:15 2021] GET /placement/allocations/8dbb98c5-96c7-443d-8888-e6145b52a009 => generated 19 bytes in 20 msecs (HTTP/1.1 200) 8 headers in 295 bytes (1 switches on core 0)
Sep 24 13:18:15.710110 n-d-810849-2 devstack@placement-api.service[95424]: DEBUG placement.requestlog [req-40fe0239-434a-4091-be24-58f814800cd0 req-bbf532e5-3a50-491e-ad4d-996f3e736d57 None None] Starting request: 10.222.0.22 "PUT /placement/allocations/8dbb98c5-96c7-443d-8888-e6145b52a009" {{(pid=95424) __call__ /opt/stack/placement/placement/requestlog.py:55}}
Sep 24 13:18:15.816430 n-d-810849-2 devstack@placement-api.service[95424]: DEBUG placement.handlers.allocation [req-40fe0239-434a-4091-be24-58f814800cd0 req-bbf532e5-3a50-491e-ad4d-996f3e736d57 service placement] Successfully wrote allocations [, ] {{(pid=95424) _update_consumers_and_create_allocations /opt/stack/placement/placement/handlers/allocation.py:462}}
Sep 24 13:18:15.827015 n-d-810849-2 devstack@placement-api.service[95424]: INFO placement.requestlog [req-40fe0239-434a-4091-be24-58f814800cd0 req-bbf532e5-3a50-491e-ad4d-996f3e736d57 service placement] 10.222.0.22 "PUT /placement/allocations/8dbb98c5-96c7-443d-8888-e6145b52a009" status: 204 len: 0 microversion: 1.36
Sep 24 13:18:15.827688 n-d-810849-2 devstack@placement-api.service[95424]: [pid: 95424|app: 0|req: 166/335] 10.222.0.22 () {64 vars in 1434 bytes} [Fri Sep 24 13:18:15 2021] PUT /placement/allocations/8dbb98c5-96c7-443d-8888-e6145b52a009 => generated 0 bytes in 118 msecs (HTTP/1.1 204) 5 headers in 199 bytes (2 switches on core 0)
Sep 24 13:18:15.873435 n-d-810849-2 devstack@placement-api.service[95423]: DEBUG placement.requestlog [req-5eb75f7b-fa37-481c-a07d-ab7c87771df5 req-8839d49d-2e92-48de-a333-7f76ff15911c None None] Starting request: 10.222.0.22 "GET /placement/allocation_candidates?limit=1000&resources=MEMORY_MB%3A1024%2CVCPU%3A1&root_required=%21COMPUTE_STATUS_DISABLED" {{(pid=95423) __call__ /opt/stack/placement/placement/requestlog.py:55}}
Sep 24 13:18:15.937793 n-d-810849-2 devstack@placement-api.service[95423]: DEBUG placement.objects.research_context [req-5eb75f7b-fa37-481c-a07d-ab7c87771df5 req-8839d49d-2e92-48de-a333-7f76ff15911c service placement] getting providers with 1024 MEMORY_MB {{(pid=95423) __init__ /opt/stack/placement/placement/objects/research_context.py:126}}
Sep 24 13:18:15.944163 n-d-810849-2 devstack@placement-api.service[95423]: DEBUG placement.objects.research_context [req-5eb75f7b-fa37-481c-a07d-ab7c87771df5 req-8839d49d-2e92-48de-a333-7f76ff15911c service placement] getting providers with 1 VCPU {{(pid=95423) __init__ /opt/stack/placement/placement/objects/research_context.py:126}}
Sep 24 13:18:15.950929 n-d-810849-2 devstack@placement-api.service[95423]: DEBUG placement.objects.research_context [req-5eb75f7b-fa37-481c-a07d-ab7c87771df5 req-8839d49d-2e92-48de-a333-7f76ff15911c service placement] found 2 providers with available 1024 MEMORY_MB {{(pid=95423) get_provider_ids_matching /opt/stack/placement/placement/objects/research_context.py:549}}
Sep 24 13:18:15.951612 n-d-810849-2 devstack@placement-api.service[95423]: DEBUG placement.objects.research_context [req-5eb75f7b-fa37-481c-a07d-ab7c87771df5 req-8839d49d-2e92-48de-a333-7f76ff15911c service placement] found 2 providers with available 1 VCPU {{(pid=95423) get_provider_ids_matching /opt/stack/placement/placement/objects/research_context.py:549}}
Sep 24 13:18:15.952143 n-d-810849-2 devstack@placement-api.service[95423]: DEBUG placement.objects.research_context [req-5eb75f7b-fa37-481c-a07d-ab7c87771df5 req-8839d49d-2e92-48de-a333-7f76ff15911c service placement] found 2 providers after filtering by previous result {{(pid=95423) get_provider_ids_matching /opt/stack/placement/placement/objects/research_context.py:580}}
Sep 24 13:18:15.965197 n-d-810849-2 devstack@placement-api.service[95423]: DEBUG placement.objects.allocation_candidate [req-5eb75f7b-fa37-481c-a07d-ab7c87771df5 req-8839d49d-2e92-48de-a333-7f76ff15911c service placement] RequestGroup(use_same_provider=False, resources={MEMORY_MB:1024, VCPU:1}, traits=[], aggregates=[]) (suffix '') returned 2 matches {{(pid=95423) _get_by_requests /opt/stack/placement/placement/objects/allocation_candidate.py:145}}
Sep 24 13:18:15.965835 n-d-810849-2 devstack@placement-api.service[95423]: DEBUG placement.objects.allocation_candidate [req-5eb75f7b-fa37-481c-a07d-ab7c87771df5 req-8839d49d-2e92-48de-a333-7f76ff15911c service placement] Merging candidates yields 2 allocation requests and 2 provider summaries {{(pid=95423) _merge_candidates /opt/stack/placement/placement/objects/allocation_candidate.py:783}}
Sep 24 13:18:15.967921 n-d-810849-2 devstack@placement-api.service[95423]: INFO placement.requestlog [req-5eb75f7b-fa37-481c-a07d-ab7c87771df5 req-8839d49d-2e92-48de-a333-7f76ff15911c service placement] 10.222.0.22 "GET /placement/allocation_candidates?limit=1000&resources=MEMORY_MB%3A1024%2CVCPU%3A1&root_required=%21COMPUTE_STATUS_DISABLED" status: 200 len: 1281 microversion: 1.36
Sep 24 13:18:15.972245 n-d-810849-2 devstack@placement-api.service[95423]: [pid: 95423|app: 0|req: 170/336] 10.222.0.22 () {60 vars in 1479 bytes} [Fri Sep 24 13:18:15 2021] GET /placement/allocation_candidates?limit=1000&resources=MEMORY_MB%3A1024%2CVCPU%3A1&root_required=%21COMPUTE_STATUS_DISABLED => generated 1281 bytes in 99 msecs (HTTP/1.1 200) 8 headers in 297 bytes (1 switches on core 0)
Sep 24 13:18:16.038118 n-d-810849-2 devstack@placement-api.service[95424]: DEBUG placement.requestlog [req-5eb75f7b-fa37-481c-a07d-ab7c87771df5 req-bf99585e-0a6c-4644-a22a-0bbc1f430ea2 None None] Starting request: 10.222.0.22 "GET /placement/allocations/e5a05157-8bff-4058-9871-40c6efdeee34" {{(pid=95424) __call__ /opt/stack/placement/placement/requestlog.py:55}}
Sep 24 13:18:16.060932 n-d-810849-2 devstack@placement-api.service[95424]: INFO placement.requestlog [req-5eb75f7b-fa37-481c-a07d-ab7c87771df5 req-bf99585e-0a6c-4644-a22a-0bbc1f430ea2 service placement] 10.222.0.22 "GET /placement/allocations/e5a05157-8bff-4058-9871-40c6efdeee34" status: 200 len: 19 microversion: 1.28
Sep 24 13:18:16.061543 n-d-810849-2 devstack@placement-api.service[95424]: [pid: 95424|app: 0|req: 167/337] 10.222.0.22 () {60 vars in 1381 bytes} [Fri Sep 24 13:18:16 2021] GET /placement/allocations/e5a05157-8bff-4058-9871-40c6efdeee34 => generated 19 bytes in 24 msecs (HTTP/1.1 200) 8 headers in 295 bytes (1 switches on core 0)
