Sep 23 22:00:10.205270 n-d-810776-1 devstack@n-api.service[110025]: DEBUG nova.compute.api [None req-482f1ae8-b7af-4531-933c-0a0b0bd11dcd tempest-MigrationsAdminTest-888994921 tempest-MigrationsAdminTest-888994921-project] [instance: 0e4550bd-8809-4be4-9924-8b3384750d1a] Fetching instance by UUID {{(pid=110025) get /opt/stack/nova/nova/compute/api.py:2863}}
Sep 23 22:00:10.212344 n-d-810776-1 devstack@n-api.service[110025]: DEBUG oslo_concurrency.lockutils [None req-482f1ae8-b7af-4531-933c-0a0b0bd11dcd tempest-MigrationsAdminTest-888994921 tempest-MigrationsAdminTest-888994921-project] Lock "f689ffc7-5945-4757-b6d8-11e4642bd6c3" acquired by "nova.context.set_target_cell..get_or_set_cached_cell_and_set_connections" :: waited 0.000s {{(pid=110025) inner /usr/local/lib/python3.8/dist-packages/oslo_concurrency/lockutils.py:355}}
Sep 23 22:00:10.213239 n-d-810776-1 devstack@n-api.service[110025]: DEBUG oslo_concurrency.lockutils [None req-482f1ae8-b7af-4531-933c-0a0b0bd11dcd tempest-MigrationsAdminTest-888994921 tempest-MigrationsAdminTest-888994921-project] Lock "f689ffc7-5945-4757-b6d8-11e4642bd6c3" released by "nova.context.set_target_cell..get_or_set_cached_cell_and_set_connections" :: held 0.001s {{(pid=110025) inner /usr/local/lib/python3.8/dist-packages/oslo_concurrency/lockutils.py:367}}
Sep 23 22:00:10.214291 n-d-810776-1 devstack@n-api.service[110025]: DEBUG oslo_concurrency.lockutils [None req-482f1ae8-b7af-4531-933c-0a0b0bd11dcd tempest-MigrationsAdminTest-888994921 tempest-MigrationsAdminTest-888994921-project] Lock "f689ffc7-5945-4757-b6d8-11e4642bd6c3" acquired by "nova.context.set_target_cell..get_or_set_cached_cell_and_set_connections" :: waited 0.000s {{(pid=110025) inner /usr/local/lib/python3.8/dist-packages/oslo_concurrency/lockutils.py:355}}
Sep 23 22:00:10.215012 n-d-810776-1 devstack@n-api.service[110025]: DEBUG oslo_concurrency.lockutils [None req-482f1ae8-b7af-4531-933c-0a0b0bd11dcd tempest-MigrationsAdminTest-888994921 tempest-MigrationsAdminTest-888994921-project] Lock "f689ffc7-5945-4757-b6d8-11e4642bd6c3" released by "nova.context.set_target_cell..get_or_set_cached_cell_and_set_connections" :: held 0.001s {{(pid=110025) inner /usr/local/lib/python3.8/dist-packages/oslo_concurrency/lockutils.py:367}}
Sep 23 22:00:10.761194 n-d-810776-1 devstack@n-api.service[110024]: DEBUG nova.virt.hardware [None req-b7019e42-b655-484a-a8aa-351f423dcb54 tempest-DeleteServersAdminTestJSON-1275163555 tempest-DeleteServersAdminTestJSON-1275163555-project] Flavor limits 0:0:0 {{(pid=110024) get_cpu_topology_constraints /opt/stack/nova/nova/virt/hardware.py:343}}
Sep 23 22:00:10.761756 n-d-810776-1 devstack@n-api.service[110024]: DEBUG nova.virt.hardware [None req-b7019e42-b655-484a-a8aa-351f423dcb54 tempest-DeleteServersAdminTestJSON-1275163555 tempest-DeleteServersAdminTestJSON-1275163555-project] Image limits 0:0:0 {{(pid=110024) get_cpu_topology_constraints /opt/stack/nova/nova/virt/hardware.py:347}}
Sep 23 22:00:10.762109 n-d-810776-1 devstack@n-api.service[110024]: DEBUG nova.virt.hardware [None req-b7019e42-b655-484a-a8aa-351f423dcb54 tempest-DeleteServersAdminTestJSON-1275163555 tempest-DeleteServersAdminTestJSON-1275163555-project] Flavor pref 0:0:0 {{(pid=110024) get_cpu_topology_constraints /opt/stack/nova/nova/virt/hardware.py:383}}
Sep 23 22:00:10.762892 n-d-810776-1 devstack@n-api.service[110024]: DEBUG nova.virt.hardware [None req-b7019e42-b655-484a-a8aa-351f423dcb54 tempest-DeleteServersAdminTestJSON-1275163555 tempest-DeleteServersAdminTestJSON-1275163555-project] Image pref 0:0:0 {{(pid=110024) get_cpu_topology_constraints /opt/stack/nova/nova/virt/hardware.py:387}}
Sep 23 22:00:10.763604 n-d-810776-1 devstack@n-api.service[110024]: DEBUG nova.virt.hardware [None req-b7019e42-b655-484a-a8aa-351f423dcb54 tempest-DeleteServersAdminTestJSON-1275163555 tempest-DeleteServersAdminTestJSON-1275163555-project] Chose sockets=0, cores=0, threads=0; limits were sockets=65536, cores=65536, threads=65536 {{(pid=110024) get_cpu_topology_constraints /opt/stack/nova/nova/virt/hardware.py:425}}
Sep 23 22:00:10.780792 n-d-810776-1 devstack@n-api.service[110024]: DEBUG oslo_concurrency.lockutils [None req-b7019e42-b655-484a-a8aa-351f423dcb54 tempest-DeleteServersAdminTestJSON-1275163555 tempest-DeleteServersAdminTestJSON-1275163555-project] Lock "00000000-0000-0000-0000-000000000000" acquired by "nova.context.set_target_cell..get_or_set_cached_cell_and_set_connections" :: waited 0.000s {{(pid=110024) inner /usr/local/lib/python3.8/dist-packages/oslo_concurrency/lockutils.py:355}}
Sep 23 22:00:10.781566 n-d-810776-1 devstack@n-api.service[110024]: DEBUG oslo_concurrency.lockutils [None req-b7019e42-b655-484a-a8aa-351f423dcb54 tempest-DeleteServersAdminTestJSON-1275163555 tempest-DeleteServersAdminTestJSON-1275163555-project] Lock "00000000-0000-0000-0000-000000000000" released by "nova.context.set_target_cell..get_or_set_cached_cell_and_set_connections" :: held 0.001s {{(pid=110024) inner /usr/local/lib/python3.8/dist-packages/oslo_concurrency/lockutils.py:367}}
Sep 23 22:00:10.782965 n-d-810776-1 devstack@n-api.service[110024]: DEBUG oslo_concurrency.lockutils [None req-b7019e42-b655-484a-a8aa-351f423dcb54 tempest-DeleteServersAdminTestJSON-1275163555 tempest-DeleteServersAdminTestJSON-1275163555-project] Lock "f689ffc7-5945-4757-b6d8-11e4642bd6c3" acquired by "nova.context.set_target_cell..get_or_set_cached_cell_and_set_connections" :: waited 0.000s {{(pid=110024) inner /usr/local/lib/python3.8/dist-packages/oslo_concurrency/lockutils.py:355}}
Sep 23 22:00:10.783564 n-d-810776-1 devstack@n-api.service[110024]: DEBUG oslo_concurrency.lockutils [None req-b7019e42-b655-484a-a8aa-351f423dcb54 tempest-DeleteServersAdminTestJSON-1275163555 tempest-DeleteServersAdminTestJSON-1275163555-project] Lock "f689ffc7-5945-4757-b6d8-11e4642bd6c3" released by "nova.context.set_target_cell..get_or_set_cached_cell_and_set_connections" :: held 0.001s {{(pid=110024) inner /usr/local/lib/python3.8/dist-packages/oslo_concurrency/lockutils.py:367}}
Sep 23 22:00:10.855919 n-d-810776-1 devstack@n-api.service[110024]: DEBUG nova.quota [None req-b7019e42-b655-484a-a8aa-351f423dcb54 tempest-DeleteServersAdminTestJSON-1275163555 tempest-DeleteServersAdminTestJSON-1275163555-project] Getting quotas for project d7fc5c638e8a411786951fc854ded382. Resources: {'instances', 'cores', 'ram'} {{(pid=110024) _get_quotas /opt/stack/nova/nova/quota.py:387}}
Sep 23 22:00:10.864795 n-d-810776-1 devstack@n-api.service[110024]: DEBUG nova.quota [None req-b7019e42-b655-484a-a8aa-351f423dcb54 tempest-DeleteServersAdminTestJSON-1275163555 tempest-DeleteServersAdminTestJSON-1275163555-project] Getting quotas for user a9e89d27f3bb4ab6a2bcb4b9e1aa0547 and project d7fc5c638e8a411786951fc854ded382. Resources: {'instances', 'cores', 'ram'} {{(pid=110024) _get_quotas /opt/stack/nova/nova/quota.py:377}}
Sep 23 22:00:10.894100 n-d-810776-1 devstack@n-api.service[110024]: DEBUG nova.compute.api [None req-b7019e42-b655-484a-a8aa-351f423dcb54 tempest-DeleteServersAdminTestJSON-1275163555 tempest-DeleteServersAdminTestJSON-1275163555-project] Going to run 1 instances... {{(pid=110024) _provision_instances /opt/stack/nova/nova/compute/api.py:1350}}
Sep 23 22:00:10.900709 n-d-810776-1 devstack@n-api.service[110024]: DEBUG nova.compute.api [None req-b7019e42-b655-484a-a8aa-351f423dcb54 tempest-DeleteServersAdminTestJSON-1275163555 tempest-DeleteServersAdminTestJSON-1275163555-project] [instance: 7b3a6145-7ea8-4612-8c9b-116395760272] block_device_mapping [BlockDeviceMapping(attachment_id=,boot_index=0,connection_info=None,created_at=,delete_on_termination=True,deleted=,deleted_at=,destination_type='local',device_name=None,device_type='disk',disk_bus=None,guest_format=None,id=,image_id='71c14fe7-55f1-44b5-b9d0-aede10014ac8',instance=,instance_uuid=,no_device=False,snapshot_id=None,source_type='image',tag=None,updated_at=,uuid=,volume_id=None,volume_size=None,volume_type=None)] {{(pid=110024) _bdm_validate_set_size_and_instance /opt/stack/nova/nova/compute/api.py:1757}}
Sep 23 22:00:11.011142 n-d-810776-1 devstack@n-api.service[110024]: INFO nova.api.openstack.requestlog [None req-b7019e42-b655-484a-a8aa-351f423dcb54 tempest-DeleteServersAdminTestJSON-1275163555 tempest-DeleteServersAdminTestJSON-1275163555-project] 10.222.0.57 "POST /compute/v2.1/servers" status: 202 len: 380 microversion: 2.1 time: 1.303440
Sep 23 22:00:11.022997 n-d-810776-1 devstack@n-api.service[110024]: [pid: 110024|app: 0|req: 170/293] 10.222.0.57 () {60 vars in 1147 bytes} [Thu Sep 23 22:00:09 2021] POST /compute/v2.1/servers => generated 380 bytes in 1316 msecs (HTTP/1.1 202) 10 headers in 451 bytes (1 switches on core 0)
Sep 23 22:00:11.028296 n-d-810776-1 devstack@n-api.service[110024]: DEBUG nova.api.openstack.wsgi [None req-ac78e436-4cf7-4e9f-984a-6356ea4a9959 tempest-FlavorsAdminTestJSON-489772893 tempest-FlavorsAdminTestJSON-489772893-project-admin] Calling method '>' {{(pid=110024) _process_stack /opt/stack/nova/nova/api/openstack/wsgi.py:513}}
Sep 23 22:00:11.062350 n-d-810776-1 devstack@n-api.service[110024]: INFO nova.api.openstack.requestlog [None req-ac78e436-4cf7-4e9f-984a-6356ea4a9959 tempest-FlavorsAdminTestJSON-489772893 tempest-FlavorsAdminTestJSON-489772893-project-admin] 10.222.0.57 "GET /compute/v2.1/flavors/detail" status: 200 len: 4991 microversion: 2.1 time: 0.037767
Sep 23 22:00:11.064389 n-d-810776-1 devstack@n-api.service[110024]: [pid: 110024|app: 0|req: 171/294] 10.222.0.57 () {58 vars in 1146 bytes} [Thu Sep 23 22:00:11 2021] GET /compute/v2.1/flavors/detail => generated 4991 bytes in 41 msecs (HTTP/1.1 200) 9 headers in 358 bytes (1 switches on core 0)
Sep 23 22:00:11.092807 n-d-810776-1 devstack@n-api.service[110024]: DEBUG nova.api.openstack.wsgi [None req-fa933c29-269b-4505-915e-be4149b777d0 tempest-ServersAdminNegativeTestJSON-1959705972 tempest-ServersAdminNegativeTestJSON-1959705972-project] Calling method '>' {{(pid=110024) _process_stack /opt/stack/nova/nova/api/openstack/wsgi.py:513}}
Sep 23 22:00:11.094049 n-d-810776-1 devstack@n-api.service[110024]: DEBUG nova.compute.api [None req-fa933c29-269b-4505-915e-be4149b777d0 tempest-ServersAdminNegativeTestJSON-1959705972 tempest-ServersAdminNegativeTestJSON-1959705972-project] [instance: a6d6713f-75e9-4bda-ad4b-8d1dd561f26f] Fetching instance by UUID {{(pid=110024) get /opt/stack/nova/nova/compute/api.py:2863}}
Sep 23 22:00:11.102985 n-d-810776-1 devstack@n-api.service[110024]: DEBUG oslo_concurrency.lockutils [None req-fa933c29-269b-4505-915e-be4149b777d0 tempest-ServersAdminNegativeTestJSON-1959705972 tempest-ServersAdminNegativeTestJSON-1959705972-project] Lock "f689ffc7-5945-4757-b6d8-11e4642bd6c3" acquired by "nova.context.set_target_cell..get_or_set_cached_cell_and_set_connections" :: waited 0.000s {{(pid=110024) inner /usr/local/lib/python3.8/dist-packages/oslo_concurrency/lockutils.py:355}}
Sep 23 22:00:11.104010 n-d-810776-1 devstack@n-api.service[110024]: DEBUG oslo_concurrency.lockutils [None req-fa933c29-269b-4505-915e-be4149b777d0 tempest-ServersAdminNegativeTestJSON-1959705972 tempest-ServersAdminNegativeTestJSON-1959705972-project] Lock "f689ffc7-5945-4757-b6d8-11e4642bd6c3" released by "nova.context.set_target_cell..get_or_set_cached_cell_and_set_connections" :: held 0.001s {{(pid=110024) inner /usr/local/lib/python3.8/dist-packages/oslo_concurrency/lockutils.py:367}}
Sep 23 22:00:11.105187 n-d-810776-1 devstack@n-api.service[110024]: DEBUG oslo_concurrency.lockutils [None req-fa933c29-269b-4505-915e-be4149b777d0 tempest-ServersAdminNegativeTestJSON-1959705972 tempest-ServersAdminNegativeTestJSON-1959705972-project] Lock "f689ffc7-5945-4757-b6d8-11e4642bd6c3" acquired by "nova.context.set_target_cell..get_or_set_cached_cell_and_set_connections" :: waited 0.000s {{(pid=110024) inner /usr/local/lib/python3.8/dist-packages/oslo_concurrency/lockutils.py:355}}
Sep 23 22:00:11.105870 n-d-810776-1 devstack@n-api.service[110024]: DEBUG oslo_concurrency.lockutils [None req-fa933c29-269b-4505-915e-be4149b777d0 tempest-ServersAdminNegativeTestJSON-1959705972 tempest-ServersAdminNegativeTestJSON-1959705972-project] Lock "f689ffc7-5945-4757-b6d8-11e4642bd6c3" released by "nova.context.set_target_cell..get_or_set_cached_cell_and_set_connections" :: held 0.001s {{(pid=110024) inner /usr/local/lib/python3.8/dist-packages/oslo_concurrency/lockutils.py:367}}
Sep 23 22:00:11.533472 n-d-810776-1 devstack@n-api.service[110025]: DEBUG nova.policy [None req-482f1ae8-b7af-4531-933c-0a0b0bd11dcd tempest-MigrationsAdminTest-888994921 tempest-MigrationsAdminTest-888994921-project] Policy check for os_compute_api:os-extended-server-attributes failed with credentials {'is_admin': False, 'user_id': 'dd20fafc203b4ef08af19cd6e94d5dc5', 'user_domain_id': 'default', 'system_scope': None, 'domain_id': None, 'project_id': '0a56f3b0ebfc48f7a4ef7c06d4421a37', 'project_domain_id': 'default', 'roles': ['member', 'reader'], 'is_admin_project': True, 'service_user_id': None, 'service_user_domain_id': None, 'service_project_id': None, 'service_project_domain_id': None, 'service_roles': []} {{(pid=110025) authorize /opt/stack/nova/nova/policy.py:199}}
Sep 23 22:00:11.544670 n-d-810776-1 devstack@n-api.service[110025]: INFO nova.api.openstack.requestlog [None req-482f1ae8-b7af-4531-933c-0a0b0bd11dcd tempest-MigrationsAdminTest-888994921 tempest-MigrationsAdminTest-888994921-project] 10.222.0.57 "GET /compute/v2.1/servers/0e4550bd-8809-4be4-9924-8b3384750d1a" status: 200 len: 1470 microversion: 2.1 time: 1.344772
Sep 23 22:00:11.548758 n-d-810776-1 devstack@n-api.service[110025]: [pid: 110025|app: 0|req: 124/295] 10.222.0.57 () {58 vars in 1236 bytes} [Thu Sep 23 22:00:10 2021] GET /compute/v2.1/servers/0e4550bd-8809-4be4-9924-8b3384750d1a => generated 1470 bytes in 1350 msecs (HTTP/1.1 200) 9 headers in 358 bytes (1 switches on core 0)
Sep 23 22:00:11.566011 n-d-810776-1 devstack@n-api.service[110025]: DEBUG nova.api.openstack.wsgi [None req-de8d1d9a-2234-406b-93ae-1534a7f91a0d tempest-LiveMigrationTest-1702730752 tempest-LiveMigrationTest-1702730752-project] Calling method '>' {{(pid=110025) _process_stack /opt/stack/nova/nova/api/openstack/wsgi.py:513}}
Sep 23 22:00:11.576365 n-d-810776-1 devstack@n-api.service[110025]: DEBUG nova.compute.api [None req-de8d1d9a-2234-406b-93ae-1534a7f91a0d tempest-LiveMigrationTest-1702730752 tempest-LiveMigrationTest-1702730752-project] [instance: 5773bc6c-c1c0-4427-a7d9-a045185be5ef] Fetching instance by UUID {{(pid=110025) get /opt/stack/nova/nova/compute/api.py:2863}}
Sep 23 22:00:11.595615 n-d-810776-1 devstack@n-api.service[110025]: DEBUG oslo_concurrency.lockutils [None req-de8d1d9a-2234-406b-93ae-1534a7f91a0d tempest-LiveMigrationTest-1702730752 tempest-LiveMigrationTest-1702730752-project] Lock "f689ffc7-5945-4757-b6d8-11e4642bd6c3" acquired by "nova.context.set_target_cell..get_or_set_cached_cell_and_set_connections" :: waited 0.000s {{(pid=110025) inner /usr/local/lib/python3.8/dist-packages/oslo_concurrency/lockutils.py:355}}
Sep 23 22:00:11.598340 n-d-810776-1 devstack@n-api.service[110025]: DEBUG oslo_concurrency.lockutils [None req-de8d1d9a-2234-406b-93ae-1534a7f91a0d tempest-LiveMigrationTest-1702730752 tempest-LiveMigrationTest-1702730752-project] Lock "f689ffc7-5945-4757-b6d8-11e4642bd6c3" released by "nova.context.set_target_cell..get_or_set_cached_cell_and_set_connections" :: held 0.003s {{(pid=110025) inner /usr/local/lib/python3.8/dist-packages/oslo_concurrency/lockutils.py:367}}
Sep 23 22:00:11.604384 n-d-810776-1 devstack@n-api.service[110025]: DEBUG oslo_concurrency.lockutils [None req-de8d1d9a-2234-406b-93ae-1534a7f91a0d tempest-LiveMigrationTest-1702730752 tempest-LiveMigrationTest-1702730752-project] Lock "f689ffc7-5945-4757-b6d8-11e4642bd6c3" acquired by "nova.context.set_target_cell..get_or_set_cached_cell_and_set_connections" :: waited 0.000s {{(pid=110025) inner /usr/local/lib/python3.8/dist-packages/oslo_concurrency/lockutils.py:355}}
Sep 23 22:00:11.605046 n-d-810776-1 devstack@n-api.service[110025]: DEBUG oslo_concurrency.lockutils [None req-de8d1d9a-2234-406b-93ae-1534a7f91a0d tempest-LiveMigrationTest-1702730752 tempest-LiveMigrationTest-1702730752-project] Lock "f689ffc7-5945-4757-b6d8-11e4642bd6c3" released by "nova.context.set_target_cell..get_or_set_cached_cell_and_set_connections" :: held 0.001s {{(pid=110025) inner /usr/local/lib/python3.8/dist-packages/oslo_concurrency/lockutils.py:367}}
Sep 23 22:00:12.120397 n-d-810776-1 devstack@n-api.service[110024]: DEBUG nova.policy [None req-fa933c29-269b-4505-915e-be4149b777d0 tempest-ServersAdminNegativeTestJSON-1959705972 tempest-ServersAdminNegativeTestJSON-1959705972-project] Policy check for os_compute_api:os-extended-server-attributes failed with credentials {'is_admin': False, 'user_id': '42b06e3e394d4f29b06a89c318b6b5ce', 'user_domain_id': 'default', 'system_scope': None, 'domain_id': None, 'project_id': '1f22470ef3ee4be2aa0c84207fdb942e', 'project_domain_id': 'default', 'roles': ['member', 'reader'], 'is_admin_project': True, 'service_user_id': None, 'service_user_domain_id': None, 'service_project_id': None, 'service_project_domain_id': None, 'service_roles': []} {{(pid=110024) authorize /opt/stack/nova/nova/policy.py:199}}
Sep 23 22:00:12.128021 n-d-810776-1 devstack@n-api.service[110024]: INFO nova.api.openstack.requestlog [None req-fa933c29-269b-4505-915e-be4149b777d0 tempest-ServersAdminNegativeTestJSON-1959705972 tempest-ServersAdminNegativeTestJSON-1959705972-project] 10.222.0.57 "GET /compute/v2.1/servers/a6d6713f-75e9-4bda-ad4b-8d1dd561f26f" status: 200 len: 1322 microversion: 2.1 time: 1.062181
Sep 23 22:00:12.131473 n-d-810776-1 devstack@n-api.service[110024]: [pid: 110024|app: 0|req: 172/296] 10.222.0.57 () {58 vars in 1236 bytes} [Thu Sep 23 22:00:11 2021] GET /compute/v2.1/servers/a6d6713f-75e9-4bda-ad4b-8d1dd561f26f => generated 1322 bytes in 1065 msecs (HTTP/1.1 200) 9 headers in 358 bytes (1 switches on core 0)
Sep 23 22:00:12.137582 n-d-810776-1 devstack@n-api.service[110025]: DEBUG nova.policy [None req-de8d1d9a-2234-406b-93ae-1534a7f91a0d tempest-LiveMigrationTest-1702730752 tempest-LiveMigrationTest-1702730752-project] Policy check for os_compute_api:os-extended-server-attributes failed with credentials {'is_admin': False, 'user_id': 'cba98d66684a4587a986191c589298dc', 'user_domain_id': 'default', 'system_scope': None, 'domain_id': None, 'project_id': '1b920c51e0864098bca19b639266cafb', 'project_domain_id': 'default', 'roles': ['member', 'reader'], 'is_admin_project': True, 'service_user_id': None, 'service_user_domain_id': None, 'service_project_id': None, 'service_project_domain_id': None, 'service_roles': []} {{(pid=110025) authorize /opt/stack/nova/nova/policy.py:199}}
Sep 23 22:00:12.141434 n-d-810776-1 devstack@n-api.service[110024]: DEBUG nova.api.openstack.wsgi [None req-59a7d8f8-2b2b-42b0-869f-99e34a76d916 tempest-DeleteServersAdminTestJSON-1275163555 tempest-DeleteServersAdminTestJSON-1275163555-project] Calling method '>' {{(pid=110024) _process_stack /opt/stack/nova/nova/api/openstack/wsgi.py:513}}
Sep 23 22:00:12.143206 n-d-810776-1 devstack@n-api.service[110024]: DEBUG nova.compute.api [None req-59a7d8f8-2b2b-42b0-869f-99e34a76d916 tempest-DeleteServersAdminTestJSON-1275163555 tempest-DeleteServersAdminTestJSON-1275163555-project] [instance: 7b3a6145-7ea8-4612-8c9b-116395760272] Fetching instance by UUID {{(pid=110024) get /opt/stack/nova/nova/compute/api.py:2863}}
Sep 23 22:00:12.145231 n-d-810776-1 devstack@n-api.service[110025]: INFO nova.api.openstack.requestlog [None req-de8d1d9a-2234-406b-93ae-1534a7f91a0d tempest-LiveMigrationTest-1702730752 tempest-LiveMigrationTest-1702730752-project] 10.222.0.57 "GET /compute/v2.1/servers/5773bc6c-c1c0-4427-a7d9-a045185be5ef" status: 200 len: 1501 microversion: 2.1 time: 0.590538
Sep 23 22:00:12.155042 n-d-810776-1 devstack@n-api.service[110025]: [pid: 110025|app: 0|req: 125/297] 10.222.0.57 () {58 vars in 1236 bytes} [Thu Sep 23 22:00:11 2021] GET /compute/v2.1/servers/5773bc6c-c1c0-4427-a7d9-a045185be5ef => generated 1501 bytes in 604 msecs (HTTP/1.1 200) 9 headers in 358 bytes (1 switches on core 0)
Sep 23 22:00:12.160347 n-d-810776-1 devstack@n-api.service[110025]: DEBUG nova.api.openstack.wsgi [None req-654234de-3d15-401a-a5f4-b372a0480ef6 tempest-FlavorsAdminTestJSON-489772893 tempest-FlavorsAdminTestJSON-489772893-project-admin] Action: 'create', calling method: >, body: {"flavor": {"ram": 512, "vcpus": 1, "disk": 10, "name": "tempest-FlavorsAdminTestJSON-flavor-1524293434", "id": "40ec167c-0f91-4000-b6fe-d28a81b35e0d", "os-flavor-access:is_public": "True"}} {{(pid=110025) _process_stack /opt/stack/nova/nova/api/openstack/wsgi.py:511}}
Sep 23 22:00:12.162258 n-d-810776-1 devstack@n-api.service[110025]: /usr/local/lib/python3.8/dist-packages/oslo_policy/policy.py:1064: UserWarning: Policy os_compute_api:os-flavor-manage:create failed scope check. The token used to make the request was project scoped but the policy requires ['system'] scope. This behavior may change in the future where using the intended scope is required
Sep 23 22:00:12.162258 n-d-810776-1 devstack@n-api.service[110025]: warnings.warn(msg)
Sep 23 22:00:12.179409 n-d-810776-1 devstack@n-api.service[110024]: DEBUG oslo_concurrency.lockutils [None req-59a7d8f8-2b2b-42b0-869f-99e34a76d916 tempest-DeleteServersAdminTestJSON-1275163555 tempest-DeleteServersAdminTestJSON-1275163555-project] Lock "f689ffc7-5945-4757-b6d8-11e4642bd6c3" acquired by "nova.context.set_target_cell..get_or_set_cached_cell_and_set_connections" :: waited 0.000s {{(pid=110024) inner /usr/local/lib/python3.8/dist-packages/oslo_concurrency/lockutils.py:355}}
Sep 23 22:00:12.181548 n-d-810776-1 devstack@n-api.service[110024]: DEBUG oslo_concurrency.lockutils [None req-59a7d8f8-2b2b-42b0-869f-99e34a76d916 tempest-DeleteServersAdminTestJSON-1275163555 tempest-DeleteServersAdminTestJSON-1275163555-project] Lock "f689ffc7-5945-4757-b6d8-11e4642bd6c3" released by "nova.context.set_target_cell..get_or_set_cached_cell_and_set_connections" :: held 0.002s {{(pid=110024) inner /usr/local/lib/python3.8/dist-packages/oslo_concurrency/lockutils.py:367}}
Sep 23 22:00:12.186903 n-d-810776-1 devstack@n-api.service[110024]: DEBUG oslo_concurrency.lockutils [None req-59a7d8f8-2b2b-42b0-869f-99e34a76d916 tempest-DeleteServersAdminTestJSON-1275163555 tempest-DeleteServersAdminTestJSON-1275163555-project] Lock "f689ffc7-5945-4757-b6d8-11e4642bd6c3" acquired by "nova.context.set_target_cell..get_or_set_cached_cell_and_set_connections" :: waited 0.000s {{(pid=110024) inner /usr/local/lib/python3.8/dist-packages/oslo_concurrency/lockutils.py:355}}
Sep 23 22:00:12.187698 n-d-810776-1 devstack@n-api.service[110024]: DEBUG oslo_concurrency.lockutils [None req-59a7d8f8-2b2b-42b0-869f-99e34a76d916 tempest-DeleteServersAdminTestJSON-1275163555 tempest-DeleteServersAdminTestJSON-1275163555-project] Lock "f689ffc7-5945-4757-b6d8-11e4642bd6c3" released by "nova.context.set_target_cell..get_or_set_cached_cell_and_set_connections" :: held 0.005s {{(pid=110024) inner /usr/local/lib/python3.8/dist-packages/oslo_concurrency/lockutils.py:367}}
Sep 23 22:00:12.212724 n-d-810776-1 devstack@n-api.service[110025]: INFO nova.api.openstack.requestlog [None req-654234de-3d15-401a-a5f4-b372a0480ef6 tempest-FlavorsAdminTestJSON-489772893 tempest-FlavorsAdminTestJSON-489772893-project-admin] 10.222.0.57 "POST /compute/v2.1/flavors" status: 200 len: 507 microversion: 2.1 time: 0.056719
Sep 23 22:00:12.214139 n-d-810776-1 devstack@n-api.service[110025]: [pid: 110025|app: 0|req: 126/298] 10.222.0.57 () {60 vars in 1147 bytes} [Thu Sep 23 22:00:12 2021] POST /compute/v2.1/flavors => generated 507 bytes in 58 msecs (HTTP/1.1 200) 9 headers in 357 bytes (1 switches on core 0)
Sep 23 22:00:12.233116 n-d-810776-1 devstack@n-api.service[110025]: DEBUG nova.api.openstack.wsgi [None req-d58aea09-d7fe-4027-a0d3-13cced0418e3 tempest-FlavorsAdminTestJSON-489772893 tempest-FlavorsAdminTestJSON-489772893-project-admin] Calling method '>' {{(pid=110025) _process_stack /opt/stack/nova/nova/api/openstack/wsgi.py:513}}
Sep 23 22:00:12.233897 n-d-810776-1 devstack@n-api.service[110025]: /usr/local/lib/python3.8/dist-packages/oslo_policy/policy.py:1064: UserWarning: Policy os_compute_api:os-flavor-manage:delete failed scope check. The token used to make the request was project scoped but the policy requires ['system'] scope. This behavior may change in the future where using the intended scope is required
Sep 23 22:00:12.233897 n-d-810776-1 devstack@n-api.service[110025]: warnings.warn(msg)
Sep 23 22:00:12.293273 n-d-810776-1 devstack@n-api.service[110025]: INFO nova.api.openstack.requestlog [None req-d58aea09-d7fe-4027-a0d3-13cced0418e3 tempest-FlavorsAdminTestJSON-489772893 tempest-FlavorsAdminTestJSON-489772893-project-admin] 10.222.0.57 "DELETE /compute/v2.1/flavors/40ec167c-0f91-4000-b6fe-d28a81b35e0d" status: 202 len: 0 microversion: 2.1 time: 0.069184
Sep 23 22:00:12.294201 n-d-810776-1 devstack@n-api.service[110025]: [pid: 110025|app: 0|req: 127/299] 10.222.0.57 () {58 vars in 1239 bytes} [Thu Sep 23 22:00:12 2021] DELETE /compute/v2.1/flavors/40ec167c-0f91-4000-b6fe-d28a81b35e0d => generated 0 bytes in 72 msecs (HTTP/1.1 202) 9 headers in 361 bytes (1 switches on core 0)
Sep 23 22:00:12.305464 n-d-810776-1 devstack@n-api.service[110025]: DEBUG nova.api.openstack.wsgi [None req-783e59f5-afaa-4fa1-8937-b2f77c2a0a25 tempest-FlavorsAdminTestJSON-489772893 tempest-FlavorsAdminTestJSON-489772893-project-admin] Calling method '>' {{(pid=110025) _process_stack /opt/stack/nova/nova/api/openstack/wsgi.py:513}}
Sep 23 22:00:12.364812 n-d-810776-1 devstack@n-api.service[110025]: INFO nova.api.openstack.requestlog [None req-783e59f5-afaa-4fa1-8937-b2f77c2a0a25 tempest-FlavorsAdminTestJSON-489772893 tempest-FlavorsAdminTestJSON-489772893-project-admin] 10.222.0.57 "GET /compute/v2.1/flavors/detail" status: 200 len: 4991 microversion: 2.1 time: 0.066584
Sep 23 22:00:12.379589 n-d-810776-1 devstack@n-api.service[110025]: [pid: 110025|app: 0|req: 128/300] 10.222.0.57 () {58 vars in 1146 bytes} [Thu Sep 23 22:00:12 2021] GET /compute/v2.1/flavors/detail => generated 4991 bytes in 82 msecs (HTTP/1.1 200) 9 headers in 358 bytes (2 switches on core 0)
Sep 23 22:00:12.395757 n-d-810776-1 devstack@n-api.service[110025]: DEBUG nova.api.openstack.wsgi [None req-d817eb5b-424d-4f70-b3e9-ad904089fbb6 tempest-FlavorsAdminTestJSON-489772893 tempest-FlavorsAdminTestJSON-489772893-project-admin] Action: 'create', calling method: >, body: {"flavor": {"ram": 512, "vcpus": 1, "disk": 10, "name": "tempest-test_flavor_-1050824680", "id": 1700970214, "os-flavor-access:is_public": "True"}} {{(pid=110025) _process_stack /opt/stack/nova/nova/api/openstack/wsgi.py:511}}
Sep 23 22:00:12.438302 n-d-810776-1 devstack@n-api.service[110024]: DEBUG nova.policy [None req-59a7d8f8-2b2b-42b0-869f-99e34a76d916 tempest-DeleteServersAdminTestJSON-1275163555 tempest-DeleteServersAdminTestJSON-1275163555-project] Policy check for os_compute_api:os-extended-server-attributes failed with credentials {'is_admin': False, 'user_id': 'a9e89d27f3bb4ab6a2bcb4b9e1aa0547', 'user_domain_id': 'default', 'system_scope': None, 'domain_id': None, 'project_id': 'd7fc5c638e8a411786951fc854ded382', 'project_domain_id': 'default', 'roles': ['member', 'reader'], 'is_admin_project': True, 'service_user_id': None, 'service_user_domain_id': None, 'service_project_id': None, 'service_project_domain_id': None, 'service_roles': []} {{(pid=110024) authorize /opt/stack/nova/nova/policy.py:199}}
Sep 23 22:00:12.446651 n-d-810776-1 devstack@n-api.service[110025]: INFO nova.api.openstack.requestlog [None req-d817eb5b-424d-4f70-b3e9-ad904089fbb6 tempest-FlavorsAdminTestJSON-489772893 tempest-FlavorsAdminTestJSON-489772893-project-admin] 10.222.0.57 "POST /compute/v2.1/flavors" status: 200 len: 414 microversion: 2.1 time: 0.064715
Sep 23 22:00:12.449853 n-d-810776-1 devstack@n-api.service[110025]: [pid: 110025|app: 0|req: 129/301] 10.222.0.57 () {60 vars in 1147 bytes} [Thu Sep 23 22:00:12 2021] POST /compute/v2.1/flavors => generated 414 bytes in 69 msecs (HTTP/1.1 200) 9 headers in 357 bytes (1 switches on core 0)
Sep 23 22:00:12.456707 n-d-810776-1 devstack@n-api.service[110024]: INFO nova.api.openstack.requestlog [None req-59a7d8f8-2b2b-42b0-869f-99e34a76d916 tempest-DeleteServersAdminTestJSON-1275163555 tempest-DeleteServersAdminTestJSON-1275163555-project] 10.222.0.57 "GET /compute/v2.1/servers/7b3a6145-7ea8-4612-8c9b-116395760272" status: 200 len: 1272 microversion: 2.1 time: 0.323920
Sep 23 22:00:12.458375 n-d-810776-1 devstack@n-api.service[110024]: [pid: 110024|app: 0|req: 173/302] 10.222.0.57 () {58 vars in 1236 bytes} [Thu Sep 23 22:00:12 2021] GET /compute/v2.1/servers/7b3a6145-7ea8-4612-8c9b-116395760272 => generated 1272 bytes in 326 msecs (HTTP/1.1 200) 9 headers in 358 bytes (1 switches on core 0)
Sep 23 22:00:12.469056 n-d-810776-1 devstack@n-api.service[110025]: DEBUG nova.api.openstack.wsgi [None req-eee29fe4-7150-4b00-928b-133f6c7e2f32 tempest-FlavorsAdminTestJSON-489772893 tempest-FlavorsAdminTestJSON-489772893-project-admin] Calling method '>' {{(pid=110025) _process_stack /opt/stack/nova/nova/api/openstack/wsgi.py:513}}
Sep 23 22:00:12.483031 n-d-810776-1 devstack@n-api.service[110025]: INFO nova.api.openstack.requestlog [None req-eee29fe4-7150-4b00-928b-133f6c7e2f32 tempest-FlavorsAdminTestJSON-489772893 tempest-FlavorsAdminTestJSON-489772893-project-admin] 10.222.0.57 "GET /compute/v2.1/flavors/1700970214" status: 200 len: 414 microversion: 2.1 time: 0.027060
Sep 23 22:00:12.483795 n-d-810776-1 devstack@n-api.service[110025]: [pid: 110025|app: 0|req: 130/303] 10.222.0.57 () {58 vars in 1158 bytes} [Thu Sep 23 22:00:12 2021] GET /compute/v2.1/flavors/1700970214 => generated 414 bytes in 29 msecs (HTTP/1.1 200) 9 headers in 357 bytes (1 switches on core 0)
Sep 23 22:00:12.567155 n-d-810776-1 devstack@n-api.service[110025]: DEBUG nova.api.openstack.wsgi [None req-fdc026c2-d269-4b85-969d-59ac0d3fa6a1 tempest-MigrationsAdminTest-888994921 tempest-MigrationsAdminTest-888994921-project] Calling method '>' {{(pid=110025) _process_stack /opt/stack/nova/nova/api/openstack/wsgi.py:513}}
Sep 23 22:00:12.567911 n-d-810776-1 devstack@n-api.service[110025]: DEBUG nova.compute.api [None req-fdc026c2-d269-4b85-969d-59ac0d3fa6a1 tempest-MigrationsAdminTest-888994921 tempest-MigrationsAdminTest-888994921-project] [instance: 0e4550bd-8809-4be4-9924-8b3384750d1a] Fetching instance by UUID {{(pid=110025) get /opt/stack/nova/nova/compute/api.py:2863}}
Sep 23 22:00:12.582091 n-d-810776-1 devstack@n-api.service[110025]: DEBUG oslo_concurrency.lockutils [None req-fdc026c2-d269-4b85-969d-59ac0d3fa6a1 tempest-MigrationsAdminTest-888994921 tempest-MigrationsAdminTest-888994921-project] Lock "f689ffc7-5945-4757-b6d8-11e4642bd6c3" acquired by "nova.context.set_target_cell..get_or_set_cached_cell_and_set_connections" :: waited 0.000s {{(pid=110025) inner /usr/local/lib/python3.8/dist-packages/oslo_concurrency/lockutils.py:355}}
Sep 23 22:00:12.591567 n-d-810776-1 devstack@n-api.service[110025]: DEBUG oslo_concurrency.lockutils [None req-fdc026c2-d269-4b85-969d-59ac0d3fa6a1 tempest-MigrationsAdminTest-888994921 tempest-MigrationsAdminTest-888994921-project] Lock "f689ffc7-5945-4757-b6d8-11e4642bd6c3" released by "nova.context.set_target_cell..get_or_set_cached_cell_and_set_connections" :: held 0.010s {{(pid=110025) inner /usr/local/lib/python3.8/dist-packages/oslo_concurrency/lockutils.py:367}}
Sep 23 22:00:12.594758 n-d-810776-1 devstack@n-api.service[110025]: DEBUG oslo_concurrency.lockutils [None req-fdc026c2-d269-4b85-969d-59ac0d3fa6a1 tempest-MigrationsAdminTest-888994921 tempest-MigrationsAdminTest-888994921-project] Lock "f689ffc7-5945-4757-b6d8-11e4642bd6c3" acquired by "nova.context.set_target_cell..get_or_set_cached_cell_and_set_connections" :: waited 0.001s {{(pid=110025) inner /usr/local/lib/python3.8/dist-packages/oslo_concurrency/lockutils.py:355}}
Sep 23 22:00:12.597472 n-d-810776-1 devstack@n-api.service[110025]: DEBUG oslo_concurrency.lockutils [None req-fdc026c2-d269-4b85-969d-59ac0d3fa6a1 tempest-MigrationsAdminTest-888994921 tempest-MigrationsAdminTest-888994921-project] Lock "f689ffc7-5945-4757-b6d8-11e4642bd6c3" released by "nova.context.set_target_cell..get_or_set_cached_cell_and_set_connections" :: held 0.002s {{(pid=110025) inner /usr/local/lib/python3.8/dist-packages/oslo_concurrency/lockutils.py:367}}
Sep 23 22:00:12.950875 n-d-810776-1 devstack@n-api.service[110024]: DEBUG nova.api.openstack.wsgi [None req-4e818cd0-4527-4860-85bb-89f69e031b0e tempest-FlavorsAdminTestJSON-770477411 tempest-FlavorsAdminTestJSON-770477411-project] Calling method '>' {{(pid=110024) _process_stack /opt/stack/nova/nova/api/openstack/wsgi.py:513}}
Sep 23 22:00:13.000902 n-d-810776-1 devstack@n-api.service[110024]: INFO nova.api.openstack.requestlog [None req-4e818cd0-4527-4860-85bb-89f69e031b0e tempest-FlavorsAdminTestJSON-770477411 tempest-FlavorsAdminTestJSON-770477411-project] 10.222.0.57 "GET /compute/v2.1/flavors/detail" status: 200 len: 5395 microversion: 2.1 time: 0.509176
Sep 23 22:00:13.012363 n-d-810776-1 devstack@n-api.service[110024]: [pid: 110024|app: 0|req: 174/304] 10.222.0.57 () {58 vars in 1146 bytes} [Thu Sep 23 22:00:12 2021] GET /compute/v2.1/flavors/detail => generated 5395 bytes in 522 msecs (HTTP/1.1 200) 9 headers in 358 bytes (2 switches on core 0)
Sep 23 22:00:13.019477 n-d-810776-1 devstack@n-api.service[110024]: DEBUG nova.api.openstack.wsgi [req-92e07278-fe96-4c0d-8699-4af7449cda7a req-cf5d5ee2-a8c7-4d2f-a7d1-81db7f3fb9ea service nova] Action: 'create', calling method: >, body: {"events": [{"name": "network-changed", "server_uuid": "a6d6713f-75e9-4bda-ad4b-8d1dd561f26f", "tag": "bc387adf-bb44-49f4-b064-f21b0cd4ac7f"}]} {{(pid=110024) _process_stack /opt/stack/nova/nova/api/openstack/wsgi.py:511}}
Sep 23 22:00:13.021109 n-d-810776-1 devstack@n-api.service[110024]: /usr/local/lib/python3.8/dist-packages/oslo_policy/policy.py:1064: UserWarning: Policy os_compute_api:os-server-external-events:create failed scope check. The token used to make the request was project scoped but the policy requires ['system'] scope. This behavior may change in the future where using the intended scope is required
Sep 23 22:00:13.021109 n-d-810776-1 devstack@n-api.service[110024]: warnings.warn(msg)
Sep 23 22:00:13.029267 n-d-810776-1 devstack@n-api.service[110024]: DEBUG oslo_concurrency.lockutils [req-92e07278-fe96-4c0d-8699-4af7449cda7a req-cf5d5ee2-a8c7-4d2f-a7d1-81db7f3fb9ea service nova] Lock "f689ffc7-5945-4757-b6d8-11e4642bd6c3" acquired by "nova.context.set_target_cell..get_or_set_cached_cell_and_set_connections" :: waited 0.000s {{(pid=110024) inner /usr/local/lib/python3.8/dist-packages/oslo_concurrency/lockutils.py:355}}
Sep 23 22:00:13.029702 n-d-810776-1 devstack@n-api.service[110024]: DEBUG oslo_concurrency.lockutils [req-92e07278-fe96-4c0d-8699-4af7449cda7a req-cf5d5ee2-a8c7-4d2f-a7d1-81db7f3fb9ea service nova] Lock "f689ffc7-5945-4757-b6d8-11e4642bd6c3" released by "nova.context.set_target_cell..get_or_set_cached_cell_and_set_connections" :: held 0.001s {{(pid=110024) inner /usr/local/lib/python3.8/dist-packages/oslo_concurrency/lockutils.py:367}}
Sep 23 22:00:13.057591 n-d-810776-1 devstack@n-api.service[110024]: INFO nova.api.openstack.compute.server_external_events [req-92e07278-fe96-4c0d-8699-4af7449cda7a req-cf5d5ee2-a8c7-4d2f-a7d1-81db7f3fb9ea service nova] Creating event network-changed:bc387adf-bb44-49f4-b064-f21b0cd4ac7f for instance a6d6713f-75e9-4bda-ad4b-8d1dd561f26f on n-h2-810776-1
Sep 23 22:00:13.068382 n-d-810776-1 devstack@n-api.service[110024]: INFO nova.api.openstack.requestlog [req-92e07278-fe96-4c0d-8699-4af7449cda7a req-cf5d5ee2-a8c7-4d2f-a7d1-81db7f3fb9ea service nova] 10.222.0.57 "POST /compute/v2.1/os-server-external-events" status: 200 len: 179 microversion: 2.1 time: 0.054363
Sep 23 22:00:13.069158 n-d-810776-1 devstack@n-api.service[110024]: [pid: 110024|app: 0|req: 175/305] 10.222.0.57 () {64 vars in 1318 bytes} [Thu Sep 23 22:00:13 2021] POST /compute/v2.1/os-server-external-events => generated 179 bytes in 56 msecs (HTTP/1.1 200) 9 headers in 357 bytes (1 switches on core 0)
Sep 23 22:00:13.089730 n-d-810776-1 devstack@n-api.service[110024]: DEBUG nova.api.openstack.wsgi [None req-5457cd99-102c-483f-bbf1-5e195b8275ab tempest-FlavorsAdminTestJSON-489772893 tempest-FlavorsAdminTestJSON-489772893-project-admin] Calling method '>' {{(pid=110024) _process_stack /opt/stack/nova/nova/api/openstack/wsgi.py:513}}
Sep 23 22:00:13.090959 n-d-810776-1 devstack@n-api.service[110024]: /usr/local/lib/python3.8/dist-packages/oslo_policy/policy.py:1064: UserWarning: Policy os_compute_api:os-flavor-manage:delete failed scope check. The token used to make the request was project scoped but the policy requires ['system'] scope. This behavior may change in the future where using the intended scope is required
Sep 23 22:00:13.090959 n-d-810776-1 devstack@n-api.service[110024]: warnings.warn(msg)
Sep 23 22:00:13.129809 n-d-810776-1 devstack@n-api.service[110024]: INFO nova.api.openstack.requestlog [None req-5457cd99-102c-483f-bbf1-5e195b8275ab tempest-FlavorsAdminTestJSON-489772893 tempest-FlavorsAdminTestJSON-489772893-project-admin] 10.222.0.57 "DELETE /compute/v2.1/flavors/1700970214" status: 202 len: 0 microversion: 2.1 time: 0.056954
Sep 23 22:00:13.134140 n-d-810776-1 devstack@n-api.service[110024]: [pid: 110024|app: 0|req: 176/306] 10.222.0.57 () {58 vars in 1161 bytes} [Thu Sep 23 22:00:13 2021] DELETE /compute/v2.1/flavors/1700970214 => generated 0 bytes in 61 msecs (HTTP/1.1 202) 9 headers in 361 bytes (1 switches on core 0)
Sep 23 22:00:13.141883 n-d-810776-1 devstack@n-api.service[110024]: DEBUG nova.api.openstack.wsgi [None req-3ae363cf-5bbb-487d-bf8f-8650aaff046f tempest-FlavorsAdminTestJSON-489772893 tempest-FlavorsAdminTestJSON-489772893-project-admin] Calling method '>' {{(pid=110024) _process_stack /opt/stack/nova/nova/api/openstack/wsgi.py:513}}
Sep 23 22:00:13.183568 n-d-810776-1 devstack@n-api.service[110024]: INFO nova.api.openstack.requestlog [None req-3ae363cf-5bbb-487d-bf8f-8650aaff046f tempest-FlavorsAdminTestJSON-489772893 tempest-FlavorsAdminTestJSON-489772893-project-admin] 10.222.0.57 "GET /compute/v2.1/flavors/detail" status: 200 len: 4991 microversion: 2.1 time: 0.047932
Sep 23 22:00:13.184188 n-d-810776-1 devstack@n-api.service[110024]: [pid: 110024|app: 0|req: 177/307] 10.222.0.57 () {58 vars in 1146 bytes} [Thu Sep 23 22:00:13 2021] GET /compute/v2.1/flavors/detail => generated 4991 bytes in 49 msecs (HTTP/1.1 200) 9 headers in 358 bytes (1 switches on core 0)
Sep 23 22:00:13.192699 n-d-810776-1 devstack@n-api.service[110024]: DEBUG nova.api.openstack.wsgi [None req-5b8ecca1-e78f-4650-aabb-980ca2b9eb54 tempest-ServersAdminNegativeTestJSON-1959705972 tempest-ServersAdminNegativeTestJSON-1959705972-project] Calling method '>' {{(pid=110024) _process_stack /opt/stack/nova/nova/api/openstack/wsgi.py:513}}
Sep 23 22:00:13.194411 n-d-810776-1 devstack@n-api.service[110024]: DEBUG nova.compute.api [None req-5b8ecca1-e78f-4650-aabb-980ca2b9eb54 tempest-ServersAdminNegativeTestJSON-1959705972 tempest-ServersAdminNegativeTestJSON-1959705972-project] [instance: a6d6713f-75e9-4bda-ad4b-8d1dd561f26f] Fetching instance by UUID {{(pid=110024) get /opt/stack/nova/nova/compute/api.py:2863}}
Sep 23 22:00:13.211495 n-d-810776-1 devstack@n-api.service[110024]: DEBUG oslo_concurrency.lockutils [None req-5b8ecca1-e78f-4650-aabb-980ca2b9eb54 tempest-ServersAdminNegativeTestJSON-1959705972 tempest-ServersAdminNegativeTestJSON-1959705972-project] Lock "f689ffc7-5945-4757-b6d8-11e4642bd6c3" acquired by "nova.context.set_target_cell..get_or_set_cached_cell_and_set_connections" :: waited 0.000s {{(pid=110024) inner /usr/local/lib/python3.8/dist-packages/oslo_concurrency/lockutils.py:355}}
Sep 23 22:00:13.212131 n-d-810776-1 devstack@n-api.service[110024]: DEBUG oslo_concurrency.lockutils [None req-5b8ecca1-e78f-4650-aabb-980ca2b9eb54 tempest-ServersAdminNegativeTestJSON-1959705972 tempest-ServersAdminNegativeTestJSON-1959705972-project] Lock "f689ffc7-5945-4757-b6d8-11e4642bd6c3" released by "nova.context.set_target_cell..get_or_set_cached_cell_and_set_connections" :: held 0.001s {{(pid=110024) inner /usr/local/lib/python3.8/dist-packages/oslo_concurrency/lockutils.py:367}}
Sep 23 22:00:13.213105 n-d-810776-1 devstack@n-api.service[110024]: DEBUG oslo_concurrency.lockutils [None req-5b8ecca1-e78f-4650-aabb-980ca2b9eb54 tempest-ServersAdminNegativeTestJSON-1959705972 tempest-ServersAdminNegativeTestJSON-1959705972-project] Lock "f689ffc7-5945-4757-b6d8-11e4642bd6c3" acquired by "nova.context.set_target_cell..get_or_set_cached_cell_and_set_connections" :: waited 0.000s {{(pid=110024) inner /usr/local/lib/python3.8/dist-packages/oslo_concurrency/lockutils.py:355}}
Sep 23 22:00:13.215924 n-d-810776-1 devstack@n-api.service[110024]: DEBUG oslo_concurrency.lockutils [None req-5b8ecca1-e78f-4650-aabb-980ca2b9eb54 tempest-ServersAdminNegativeTestJSON-1959705972 tempest-ServersAdminNegativeTestJSON-1959705972-project] Lock "f689ffc7-5945-4757-b6d8-11e4642bd6c3" released by "nova.context.set_target_cell..get_or_set_cached_cell_and_set_connections" :: held 0.003s {{(pid=110024) inner /usr/local/lib/python3.8/dist-packages/oslo_concurrency/lockutils.py:367}}
Sep 23 22:00:13.724931 n-d-810776-1 devstack@n-api.service[110024]: DEBUG nova.policy [None req-5b8ecca1-e78f-4650-aabb-980ca2b9eb54 tempest-ServersAdminNegativeTestJSON-1959705972 tempest-ServersAdminNegativeTestJSON-1959705972-project] Policy check for os_compute_api:os-extended-server-attributes failed with credentials {'is_admin': False, 'user_id': '42b06e3e394d4f29b06a89c318b6b5ce', 'user_domain_id': 'default', 'system_scope': None, 'domain_id': None, 'project_id': '1f22470ef3ee4be2aa0c84207fdb942e', 'project_domain_id': 'default', 'roles': ['member', 'reader'], 'is_admin_project': True, 'service_user_id': None, 'service_user_domain_id': None, 'service_project_id': None, 'service_project_domain_id': None, 'service_roles': []} {{(pid=110024) authorize /opt/stack/nova/nova/policy.py:199}}
Sep 23 22:00:13.731534 n-d-810776-1 devstack@n-api.service[110025]: DEBUG nova.policy [None req-fdc026c2-d269-4b85-969d-59ac0d3fa6a1 tempest-MigrationsAdminTest-888994921 tempest-MigrationsAdminTest-888994921-project] Policy check for os_compute_api:os-extended-server-attributes failed with credentials {'is_admin': False, 'user_id': 'dd20fafc203b4ef08af19cd6e94d5dc5', 'user_domain_id': 'default', 'system_scope': None, 'domain_id': None, 'project_id': '0a56f3b0ebfc48f7a4ef7c06d4421a37', 'project_domain_id': 'default', 'roles': ['member', 'reader'], 'is_admin_project': True, 'service_user_id': None, 'service_user_domain_id': None, 'service_project_id': None, 'service_project_domain_id': None, 'service_roles': []} {{(pid=110025) authorize /opt/stack/nova/nova/policy.py:199}}
Sep 23 22:00:13.732752 n-d-810776-1 devstack@n-api.service[110024]: INFO nova.api.openstack.requestlog [None req-5b8ecca1-e78f-4650-aabb-980ca2b9eb54 tempest-ServersAdminNegativeTestJSON-1959705972 tempest-ServersAdminNegativeTestJSON-1959705972-project] 10.222.0.57 "GET /compute/v2.1/servers/a6d6713f-75e9-4bda-ad4b-8d1dd561f26f" status: 200 len: 1322 microversion: 2.1 time: 0.547393
Sep 23 22:00:13.733319 n-d-810776-1 devstack@n-api.service[110024]: [pid: 110024|app: 0|req: 178/308] 10.222.0.57 () {58 vars in 1236 bytes} [Thu Sep 23 22:00:13 2021] GET /compute/v2.1/servers/a6d6713f-75e9-4bda-ad4b-8d1dd561f26f => generated 1322 bytes in 548 msecs (HTTP/1.1 200) 9 headers in 358 bytes (1 switches on core 0)
Sep 23 22:00:13.742233 n-d-810776-1 devstack@n-api.service[110025]: INFO nova.api.openstack.requestlog [None req-fdc026c2-d269-4b85-969d-59ac0d3fa6a1 tempest-MigrationsAdminTest-888994921 tempest-MigrationsAdminTest-888994921-project] 10.222.0.57 "GET /compute/v2.1/servers/0e4550bd-8809-4be4-9924-8b3384750d1a" status: 200 len: 1470 microversion: 2.1 time: 1.178822
Sep 23 22:00:13.748537 n-d-810776-1 devstack@n-api.service[110024]: DEBUG nova.api.openstack.wsgi [None req-8d0c8985-3fd4-466c-830b-fc09dc843809 tempest-LiveMigrationTest-1702730752 tempest-LiveMigrationTest-1702730752-project] Calling method '>' {{(pid=110024) _process_stack /opt/stack/nova/nova/api/openstack/wsgi.py:513}}
Sep 23 22:00:13.749340 n-d-810776-1 devstack@n-api.service[110024]: DEBUG nova.compute.api [None req-8d0c8985-3fd4-466c-830b-fc09dc843809 tempest-LiveMigrationTest-1702730752 tempest-LiveMigrationTest-1702730752-project] [instance: 5773bc6c-c1c0-4427-a7d9-a045185be5ef] Fetching instance by UUID {{(pid=110024) get /opt/stack/nova/nova/compute/api.py:2863}}
Sep 23 22:00:13.749734 n-d-810776-1 devstack@n-api.service[110025]: [pid: 110025|app: 0|req: 131/309] 10.222.0.57 () {58 vars in 1236 bytes} [Thu Sep 23 22:00:12 2021] GET /compute/v2.1/servers/0e4550bd-8809-4be4-9924-8b3384750d1a => generated 1470 bytes in 1189 msecs (HTTP/1.1 200) 9 headers in 358 bytes (1 switches on core 0)
Sep 23 22:00:13.755212 n-d-810776-1 devstack@n-api.service[110025]: DEBUG nova.api.openstack.wsgi [None req-e49f1d8b-63e6-4538-a151-3100f5b0fc65 tempest-FlavorsAdminTestJSON-489772893 tempest-FlavorsAdminTestJSON-489772893-project-admin] Action: 'create', calling method: >, body: {"flavor": {"ram": 512, "vcpus": 1, "disk": 10, "name": "tempest-FlavorsAdminTestJSON-flavor-1541164579", "id": 880543823, "os-flavor-access:is_public": "False"}} {{(pid=110025) _process_stack /opt/stack/nova/nova/api/openstack/wsgi.py:511}}
Sep 23 22:00:13.756704 n-d-810776-1 devstack@n-api.service[110025]: /usr/local/lib/python3.8/dist-packages/oslo_policy/policy.py:1064: UserWarning: Policy os_compute_api:os-flavor-manage:create failed scope check. The token used to make the request was project scoped but the policy requires ['system'] scope. This behavior may change in the future where using the intended scope is required
Sep 23 22:00:13.756704 n-d-810776-1 devstack@n-api.service[110025]: warnings.warn(msg)
Sep 23 22:00:13.760892 n-d-810776-1 devstack@n-api.service[110024]: DEBUG oslo_concurrency.lockutils [None req-8d0c8985-3fd4-466c-830b-fc09dc843809 tempest-LiveMigrationTest-1702730752 tempest-LiveMigrationTest-1702730752-project] Lock "f689ffc7-5945-4757-b6d8-11e4642bd6c3" acquired by "nova.context.set_target_cell..get_or_set_cached_cell_and_set_connections" :: waited 0.000s {{(pid=110024) inner /usr/local/lib/python3.8/dist-packages/oslo_concurrency/lockutils.py:355}}
Sep 23 22:00:13.761344 n-d-810776-1 devstack@n-api.service[110024]: DEBUG oslo_concurrency.lockutils [None req-8d0c8985-3fd4-466c-830b-fc09dc843809 tempest-LiveMigrationTest-1702730752 tempest-LiveMigrationTest-1702730752-project] Lock "f689ffc7-5945-4757-b6d8-11e4642bd6c3" released by "nova.context.set_target_cell..get_or_set_cached_cell_and_set_connections" :: held 0.003s {{(pid=110024) inner /usr/local/lib/python3.8/dist-packages/oslo_concurrency/lockutils.py:367}}
Sep 23 22:00:13.762723 n-d-810776-1 devstack@n-api.service[110024]: DEBUG oslo_concurrency.lockutils [None req-8d0c8985-3fd4-466c-830b-fc09dc843809 tempest-LiveMigrationTest-1702730752 tempest-LiveMigrationTest-1702730752-project] Lock "f689ffc7-5945-4757-b6d8-11e4642bd6c3" acquired by "nova.context.set_target_cell..get_or_set_cached_cell_and_set_connections" :: waited 0.000s {{(pid=110024) inner /usr/local/lib/python3.8/dist-packages/oslo_concurrency/lockutils.py:355}}
Sep 23 22:00:13.763261 n-d-810776-1 devstack@n-api.service[110024]: DEBUG oslo_concurrency.lockutils [None req-8d0c8985-3fd4-466c-830b-fc09dc843809 tempest-LiveMigrationTest-1702730752 tempest-LiveMigrationTest-1702730752-project] Lock "f689ffc7-5945-4757-b6d8-11e4642bd6c3" released by "nova.context.set_target_cell..get_or_set_cached_cell_and_set_connections" :: held 0.001s {{(pid=110024) inner /usr/local/lib/python3.8/dist-packages/oslo_concurrency/lockutils.py:367}}
Sep 23 22:00:13.807303 n-d-810776-1 devstack@n-api.service[110025]: INFO nova.api.openstack.requestlog [None req-e49f1d8b-63e6-4538-a151-3100f5b0fc65 tempest-FlavorsAdminTestJSON-489772893 tempest-FlavorsAdminTestJSON-489772893-project-admin] 10.222.0.57 "POST /compute/v2.1/flavors" status: 200 len: 427 microversion: 2.1 time: 0.055631
Sep 23 22:00:13.810623 n-d-810776-1 devstack@n-api.service[110025]: [pid: 110025|app: 0|req: 132/310] 10.222.0.57 () {60 vars in 1147 bytes} [Thu Sep 23 22:00:13 2021] POST /compute/v2.1/flavors => generated 427 bytes in 60 msecs (HTTP/1.1 200) 9 headers in 357 bytes (1 switches on core 0)
Sep 23 22:00:13.825052 n-d-810776-1 devstack@n-api.service[110025]: DEBUG nova.api.openstack.wsgi [None req-c358e8f5-1cf5-4c1f-8813-a4497c54f20c tempest-DeleteServersAdminTestJSON-1275163555 tempest-DeleteServersAdminTestJSON-1275163555-project] Calling method '>' {{(pid=110025) _process_stack /opt/stack/nova/nova/api/openstack/wsgi.py:513}}
Sep 23 22:00:13.825719 n-d-810776-1 devstack@n-api.service[110025]: DEBUG nova.compute.api [None req-c358e8f5-1cf5-4c1f-8813-a4497c54f20c tempest-DeleteServersAdminTestJSON-1275163555 tempest-DeleteServersAdminTestJSON-1275163555-project] [instance: 7b3a6145-7ea8-4612-8c9b-116395760272] Fetching instance by UUID {{(pid=110025) get /opt/stack/nova/nova/compute/api.py:2863}}
Sep 23 22:00:13.835343 n-d-810776-1 devstack@n-api.service[110025]: DEBUG oslo_concurrency.lockutils [None req-c358e8f5-1cf5-4c1f-8813-a4497c54f20c tempest-DeleteServersAdminTestJSON-1275163555 tempest-DeleteServersAdminTestJSON-1275163555-project] Lock "f689ffc7-5945-4757-b6d8-11e4642bd6c3" acquired by "nova.context.set_target_cell..get_or_set_cached_cell_and_set_connections" :: waited 0.000s {{(pid=110025) inner /usr/local/lib/python3.8/dist-packages/oslo_concurrency/lockutils.py:355}}
