Sep 25 06:58:27.818995 n-d-810220-4 cinder-volume[109544]: DEBUG oslo_concurrency.lockutils [req-92694b4b-5b9b-4889-bdde-1afd50ce350d req-fadebcda-20b1-423d-8327-325666477c13 tempest-ServersTestBootFromVolume-128408460 None] Lock "lioadm" acquired by "cinder.volume.targets.lio.LioAdm._execute" :: waited 0.000s {{(pid=109544) inner /usr/local/lib/python3.8/dist-packages/oslo_concurrency/lockutils.py:355}}
Sep 25 06:58:27.819592 n-d-810220-4 cinder-volume[109544]: DEBUG oslo_concurrency.processutils [req-92694b4b-5b9b-4889-bdde-1afd50ce350d req-fadebcda-20b1-423d-8327-325666477c13 tempest-ServersTestBootFromVolume-128408460 None] Running cmd (subprocess): sudo cinder-rootwrap /etc/cinder/rootwrap.conf cinder-rtstool add-initiator iqn.2010-10.org.openstack:volume-4705d482-cbe2-40d9-a7ca-1f819c056f03 kT3KEAgACFB95jhXGYrd rEGXuJeqKGSZS9YR iqn.1991-05.com.microsoft:n-h1-810220-4.cbci-810220-4.local {{(pid=109544) execute /usr/local/lib/python3.8/dist-packages/oslo_concurrency/processutils.py:384}}
Sep 25 06:58:27.851891 n-d-810220-4 sudo[130137]: ubuntu : TTY=unknown ; PWD=/ ; USER=root ; COMMAND=/usr/local/bin/cinder-rootwrap /etc/cinder/rootwrap.conf cinder-rtstool add-initiator iqn.2010-10.org.openstack:volume-4705d482-cbe2-40d9-a7ca-1f819c056f03 kT3KEAgACFB95jhXGYrd rEGXuJeqKGSZS9YR iqn.1991-05.com.microsoft:n-h1-810220-4.cbci-810220-4.local
Sep 25 06:58:27.853365 n-d-810220-4 sudo[130137]: pam_unix(sudo:session): session opened for user root by (uid=0)
Sep 25 06:58:28.709592 n-d-810220-4 sudo[130137]: pam_unix(sudo:session): session closed for user root
Sep 25 06:58:28.711878 n-d-810220-4 cinder-volume[109544]: DEBUG oslo_concurrency.processutils [req-92694b4b-5b9b-4889-bdde-1afd50ce350d req-fadebcda-20b1-423d-8327-325666477c13 tempest-ServersTestBootFromVolume-128408460 None] CMD "sudo cinder-rootwrap /etc/cinder/rootwrap.conf cinder-rtstool add-initiator iqn.2010-10.org.openstack:volume-4705d482-cbe2-40d9-a7ca-1f819c056f03 kT3KEAgACFB95jhXGYrd rEGXuJeqKGSZS9YR iqn.1991-05.com.microsoft:n-h1-810220-4.cbci-810220-4.local" returned: 0 in 0.892s {{(pid=109544) execute /usr/local/lib/python3.8/dist-packages/oslo_concurrency/processutils.py:422}}
Sep 25 06:58:28.712771 n-d-810220-4 cinder-volume[109544]: DEBUG oslo_concurrency.lockutils [req-92694b4b-5b9b-4889-bdde-1afd50ce350d req-fadebcda-20b1-423d-8327-325666477c13 tempest-ServersTestBootFromVolume-128408460 None] Lock "lioadm" released by "cinder.volume.targets.lio.LioAdm._execute" :: held 0.894s {{(pid=109544) inner /usr/local/lib/python3.8/dist-packages/oslo_concurrency/lockutils.py:367}}
Sep 25 06:58:28.713616 n-d-810220-4 cinder-volume[109544]: DEBUG oslo_concurrency.lockutils [req-92694b4b-5b9b-4889-bdde-1afd50ce350d req-fadebcda-20b1-423d-8327-325666477c13 tempest-ServersTestBootFromVolume-128408460 None] Lock "lioadm" acquired by "cinder.volume.targets.lio.LioAdm._execute" :: waited 0.000s {{(pid=109544) inner /usr/local/lib/python3.8/dist-packages/oslo_concurrency/lockutils.py:355}}
Sep 25 06:58:28.714478 n-d-810220-4 cinder-volume[109544]: DEBUG oslo_concurrency.processutils [req-92694b4b-5b9b-4889-bdde-1afd50ce350d req-fadebcda-20b1-423d-8327-325666477c13 tempest-ServersTestBootFromVolume-128408460 None] Running cmd (subprocess): sudo cinder-rootwrap /etc/cinder/rootwrap.conf cinder-rtstool save {{(pid=109544) execute /usr/local/lib/python3.8/dist-packages/oslo_concurrency/processutils.py:384}}
Sep 25 06:58:28.790480 n-d-810220-4 sudo[130142]: ubuntu : TTY=unknown ; PWD=/ ; USER=root ; COMMAND=/usr/local/bin/cinder-rootwrap /etc/cinder/rootwrap.conf cinder-rtstool save
Sep 25 06:58:28.794230 n-d-810220-4 sudo[130142]: pam_unix(sudo:session): session opened for user root by (uid=0)
Sep 25 06:58:29.085390 n-d-810220-4 cinder-volume[109544]: DEBUG cinder.volume.flows.manager.create_volume [None req-7a111097-c1c8-459d-990a-1effd983c4b1 tempest-VolumesSnapshotTestJSON-37451407 None] Volume reschedule parameters: True retry: {'num_attempts': 1, 'backends': ['n-d-810220-4@lvmdriver-1#lvmdriver-1'], 'hosts': ['n-d-810220-4@lvmdriver-1#lvmdriver-1']} {{(pid=109544) get_flow /opt/stack/cinder/cinder/volume/flows/manager/create_volume.py:1348}}
Sep 25 06:58:29.092985 n-d-810220-4 cinder-volume[109544]: WARNING stevedore.named [None req-7a111097-c1c8-459d-990a-1effd983c4b1 tempest-VolumesSnapshotTestJSON-37451407 None] Could not load cinder.keymgr.conf_key_mgr.ConfKeyManager
Sep 25 06:58:29.093867 n-d-810220-4 cinder-volume[109544]: WARNING castellan.key_manager [None req-7a111097-c1c8-459d-990a-1effd983c4b1 tempest-VolumesSnapshotTestJSON-37451407 None] Deprecation Warning : cinder.keymgr.conf_key_mgr.ConfKeyManager is not a stevedore based driver, trying to load it as a class: stevedore.exception.NoMatches: No 'castellan.drivers' driver found, looking for 'cinder.keymgr.conf_key_mgr.ConfKeyManager'
Sep 25 06:58:29.111421 n-d-810220-4 cinder-volume[109544]: DEBUG cinder.volume.manager [None req-7a111097-c1c8-459d-990a-1effd983c4b1 tempest-VolumesSnapshotTestJSON-37451407 None] Flow 'volume_create_manager' (09dc0aaa-b2fd-4a11-b550-8eabad305c0b) transitioned into state 'RUNNING' from state 'PENDING' {{(pid=109544) _flow_receiver /usr/local/lib/python3.8/dist-packages/taskflow/listeners/logging.py:141}}
Sep 25 06:58:29.116686 n-d-810220-4 cinder-volume[109544]: DEBUG cinder.volume.manager [None req-7a111097-c1c8-459d-990a-1effd983c4b1 tempest-VolumesSnapshotTestJSON-37451407 None] Task 'cinder.volume.flows.manager.create_volume.ExtractVolumeRefTask;volume:create' (c7a38bc1-3669-4bbe-a078-d7ee05430d5a) transitioned into state 'RUNNING' from state 'PENDING' {{(pid=109544) _task_receiver /usr/local/lib/python3.8/dist-packages/taskflow/listeners/logging.py:190}}
Sep 25 06:58:29.172239 n-d-810220-4 cinder-volume[109544]: DEBUG oslo_db.sqlalchemy.engines [None req-7a111097-c1c8-459d-990a-1effd983c4b1 tempest-VolumesSnapshotTestJSON-37451407 None] MySQL server mode set to STRICT_TRANS_TABLES,STRICT_ALL_TABLES,NO_ZERO_IN_DATE,NO_ZERO_DATE,ERROR_FOR_DIVISION_BY_ZERO,TRADITIONAL,NO_ENGINE_SUBSTITUTION {{(pid=109544) _check_effective_sql_mode /usr/local/lib/python3.8/dist-packages/oslo_db/sqlalchemy/engines.py:314}}
Sep 25 06:58:29.205063 n-d-810220-4 cinder-volume[109544]: DEBUG cinder.volume.manager [None req-7a111097-c1c8-459d-990a-1effd983c4b1 tempest-VolumesSnapshotTestJSON-37451407 None] Task 'cinder.volume.flows.manager.create_volume.ExtractVolumeRefTask;volume:create' (c7a38bc1-3669-4bbe-a078-d7ee05430d5a) transitioned into state 'SUCCESS' from state 'RUNNING' with result 'Volume(_name_id=None,admin_metadata=,attach_status='detached',availability_zone='nova',bootable=False,cluster=,cluster_name=None,consistencygroup=,consistencygroup_id=None,created_at=2021-09-25T06:58:29Z,deleted=False,deleted_at=None,display_description=None,display_name='tempest-VolumesSnapshotTestJSON-Volume-2028916977',ec2_id=None,encryption_key_id=None,glance_metadata=,group=,group_id=None,host='n-d-810220-4@lvmdriver-1#lvmdriver-1',id=49bf5eb4-ddc7-4202-92b4-49d5a69afa92,launched_at=None,metadata={},migration_status=None,multiattach=False,previous_status=None,project_id='73dfe8d716a446108f79c11e81d229e0',provider_auth=None,provider_geometry=None,provider_id=None,provider_location=None,replication_driver_data=None,replication_extended_status=None,replication_status=None,scheduled_at=2021-09-25T06:58:29Z,service_uuid=None,shared_targets=True,size=1,snapshot_id=None,snapshots=,source_volid=None,status='creating',terminated_at=None,updated_at=2021-09-25T06:58:29Z,use_quota=True,user_id='8eaa8aa624f848cc976c7f22eb85709c',volume_attachment=,volume_type=VolumeType(e1fb8d45-dae9-46b7-9f6e-b906eee532e4),volume_type_id=e1fb8d45-dae9-46b7-9f6e-b906eee532e4)' {{(pid=109544) _task_receiver /usr/local/lib/python3.8/dist-packages/taskflow/listeners/logging.py:178}}
Sep 25 06:58:29.211020 n-d-810220-4 cinder-volume[109544]: DEBUG cinder.volume.manager [None req-7a111097-c1c8-459d-990a-1effd983c4b1 tempest-VolumesSnapshotTestJSON-37451407 None] Task 'cinder.volume.flows.manager.create_volume.OnFailureRescheduleTask;volume:create' (d314c502-2c8e-44bb-b0fb-b262ab2b54e7) transitioned into state 'RUNNING' from state 'PENDING' {{(pid=109544) _task_receiver /usr/local/lib/python3.8/dist-packages/taskflow/listeners/logging.py:190}}
Sep 25 06:58:29.213709 n-d-810220-4 cinder-volume[109544]: DEBUG cinder.volume.manager [None req-7a111097-c1c8-459d-990a-1effd983c4b1 tempest-VolumesSnapshotTestJSON-37451407 None] Task 'cinder.volume.flows.manager.create_volume.OnFailureRescheduleTask;volume:create' (d314c502-2c8e-44bb-b0fb-b262ab2b54e7) transitioned into state 'SUCCESS' from state 'RUNNING' with result 'None' {{(pid=109544) _task_receiver /usr/local/lib/python3.8/dist-packages/taskflow/listeners/logging.py:178}}
Sep 25 06:58:29.216849 n-d-810220-4 cinder-volume[109544]: DEBUG cinder.volume.manager [None req-7a111097-c1c8-459d-990a-1effd983c4b1 tempest-VolumesSnapshotTestJSON-37451407 None] Task 'cinder.volume.flows.manager.create_volume.ExtractVolumeSpecTask;volume:create' (17a4935b-837f-4581-8e3c-74868cf7df6d) transitioned into state 'RUNNING' from state 'PENDING' {{(pid=109544) _task_receiver /usr/local/lib/python3.8/dist-packages/taskflow/listeners/logging.py:190}}
Sep 25 06:58:29.219858 n-d-810220-4 cinder-volume[109544]: DEBUG cinder.volume.manager [None req-7a111097-c1c8-459d-990a-1effd983c4b1 tempest-VolumesSnapshotTestJSON-37451407 None] Task 'cinder.volume.flows.manager.create_volume.ExtractVolumeSpecTask;volume:create' (17a4935b-837f-4581-8e3c-74868cf7df6d) transitioned into state 'SUCCESS' from state 'RUNNING' with result '{'status': 'creating', 'type': 'raw', 'volume_id': '49bf5eb4-ddc7-4202-92b4-49d5a69afa92', 'volume_name': 'volume-49bf5eb4-ddc7-4202-92b4-49d5a69afa92', 'volume_size': 1}' {{(pid=109544) _task_receiver /usr/local/lib/python3.8/dist-packages/taskflow/listeners/logging.py:178}}
Sep 25 06:58:29.223365 n-d-810220-4 cinder-volume[109544]: DEBUG cinder.volume.manager [None req-7a111097-c1c8-459d-990a-1effd983c4b1 tempest-VolumesSnapshotTestJSON-37451407 None] Task 'cinder.volume.flows.manager.create_volume.NotifyVolumeActionTask;volume:create, create.start' (db80b10e-8c80-4560-8184-9c2175f43cb8) transitioned into state 'RUNNING' from state 'PENDING' {{(pid=109544) _task_receiver /usr/local/lib/python3.8/dist-packages/taskflow/listeners/logging.py:190}}
Sep 25 06:58:29.225674 n-d-810220-4 cinder-volume[109544]: DEBUG cinder.volume.manager [None req-7a111097-c1c8-459d-990a-1effd983c4b1 tempest-VolumesSnapshotTestJSON-37451407 None] Task 'cinder.volume.flows.manager.create_volume.NotifyVolumeActionTask;volume:create, create.start' (db80b10e-8c80-4560-8184-9c2175f43cb8) transitioned into state 'SUCCESS' from state 'RUNNING' with result 'None' {{(pid=109544) _task_receiver /usr/local/lib/python3.8/dist-packages/taskflow/listeners/logging.py:178}}
Sep 25 06:58:29.228814 n-d-810220-4 cinder-volume[109544]: DEBUG cinder.volume.manager [None req-7a111097-c1c8-459d-990a-1effd983c4b1 tempest-VolumesSnapshotTestJSON-37451407 None] Task 'cinder.volume.flows.manager.create_volume.CreateVolumeFromSpecTask;volume:create' (d11e0862-9230-45e9-9600-21e15fb0d519) transitioned into state 'RUNNING' from state 'PENDING' {{(pid=109544) _task_receiver /usr/local/lib/python3.8/dist-packages/taskflow/listeners/logging.py:190}}
Sep 25 06:58:29.230024 n-d-810220-4 cinder-volume[109544]: INFO cinder.volume.flows.manager.create_volume [None req-7a111097-c1c8-459d-990a-1effd983c4b1 tempest-VolumesSnapshotTestJSON-37451407 None] Volume 49bf5eb4-ddc7-4202-92b4-49d5a69afa92: being created as raw with specification: {'status': 'creating', 'volume_name': 'volume-49bf5eb4-ddc7-4202-92b4-49d5a69afa92', 'volume_size': 1}
Sep 25 06:58:29.231859 n-d-810220-4 cinder-volume[109544]: DEBUG oslo_concurrency.processutils [None req-7a111097-c1c8-459d-990a-1effd983c4b1 tempest-VolumesSnapshotTestJSON-37451407 None] Running cmd (subprocess): sudo cinder-rootwrap /etc/cinder/rootwrap.conf env LC_ALL=C lvcreate -n volume-49bf5eb4-ddc7-4202-92b4-49d5a69afa92 stack-volumes-lvmdriver-1 -L 1g {{(pid=109544) execute /usr/local/lib/python3.8/dist-packages/oslo_concurrency/processutils.py:384}}
Sep 25 06:58:29.281152 n-d-810220-4 sudo[130145]: ubuntu : TTY=unknown ; PWD=/ ; USER=root ; COMMAND=/usr/local/bin/cinder-rootwrap /etc/cinder/rootwrap.conf env LC_ALL=C lvcreate -n volume-49bf5eb4-ddc7-4202-92b4-49d5a69afa92 stack-volumes-lvmdriver-1 -L 1g
Sep 25 06:58:29.283193 n-d-810220-4 sudo[130145]: pam_unix(sudo:session): session opened for user root by (uid=0)
Sep 25 06:58:29.792965 n-d-810220-4 sudo[130142]: pam_unix(sudo:session): session closed for user root
Sep 25 06:58:29.795343 n-d-810220-4 cinder-volume[109544]: DEBUG oslo_concurrency.processutils [req-92694b4b-5b9b-4889-bdde-1afd50ce350d req-fadebcda-20b1-423d-8327-325666477c13 tempest-ServersTestBootFromVolume-128408460 None] CMD "sudo cinder-rootwrap /etc/cinder/rootwrap.conf cinder-rtstool save" returned: 0 in 1.080s {{(pid=109544) execute /usr/local/lib/python3.8/dist-packages/oslo_concurrency/processutils.py:422}}
Sep 25 06:58:29.796718 n-d-810220-4 cinder-volume[109544]: DEBUG oslo_concurrency.lockutils [req-92694b4b-5b9b-4889-bdde-1afd50ce350d req-fadebcda-20b1-423d-8327-325666477c13 tempest-ServersTestBootFromVolume-128408460 None] Lock "lioadm" released by "cinder.volume.targets.lio.LioAdm._execute" :: held 1.083s {{(pid=109544) inner /usr/local/lib/python3.8/dist-packages/oslo_concurrency/lockutils.py:367}}
Sep 25 06:58:29.842822 n-d-810220-4 cinder-volume[109544]: DEBUG cinder.volume.manager [req-92694b4b-5b9b-4889-bdde-1afd50ce350d req-fadebcda-20b1-423d-8327-325666477c13 tempest-ServersTestBootFromVolume-128408460 None] Connection info returned from driver {'target_discovered': False, 'target_portal': '10.222.0.39:3260', 'target_iqn': 'iqn.2010-10.org.openstack:volume-4705d482-cbe2-40d9-a7ca-1f819c056f03', 'target_lun': 0, 'volume_id': '4705d482-cbe2-40d9-a7ca-1f819c056f03', 'auth_method': 'CHAP', 'auth_username': 'kT3KEAgACFB95jhXGYrd', 'auth_password': '***', 'encrypted': False, 'qos_specs': None, 'access_mode': 'rw', 'cacheable': False, 'driver_volume_type': 'iscsi', 'attachment_id': '136626e8-6c5f-4f11-8f79-117b2fc383d7'} {{(pid=109544) _connection_create /opt/stack/cinder/cinder/volume/manager.py:4808}}
Sep 25 06:58:29.943603 n-d-810220-4 cinder-volume[109544]: INFO cinder.volume.manager [req-92694b4b-5b9b-4889-bdde-1afd50ce350d req-fadebcda-20b1-423d-8327-325666477c13 tempest-ServersTestBootFromVolume-128408460 None] attachment_update completed successfully.
Sep 25 06:58:30.010433 n-d-810220-4 sudo[130145]: pam_unix(sudo:session): session closed for user root
Sep 25 06:58:30.012311 n-d-810220-4 cinder-volume[109544]: DEBUG oslo_concurrency.processutils [None req-7a111097-c1c8-459d-990a-1effd983c4b1 tempest-VolumesSnapshotTestJSON-37451407 None] CMD "sudo cinder-rootwrap /etc/cinder/rootwrap.conf env LC_ALL=C lvcreate -n volume-49bf5eb4-ddc7-4202-92b4-49d5a69afa92 stack-volumes-lvmdriver-1 -L 1g" returned: 0 in 0.780s {{(pid=109544) execute /usr/local/lib/python3.8/dist-packages/oslo_concurrency/processutils.py:422}}
Sep 25 06:58:30.016245 n-d-810220-4 cinder-volume[109544]: DEBUG cinder.volume.manager [None req-7a111097-c1c8-459d-990a-1effd983c4b1 tempest-VolumesSnapshotTestJSON-37451407 None] Task 'cinder.volume.flows.manager.create_volume.CreateVolumeFromSpecTask;volume:create' (d11e0862-9230-45e9-9600-21e15fb0d519) transitioned into state 'SUCCESS' from state 'RUNNING' with result '{'status': 'creating', 'volume_name': 'volume-49bf5eb4-ddc7-4202-92b4-49d5a69afa92', 'volume_size': 1}' {{(pid=109544) _task_receiver /usr/local/lib/python3.8/dist-packages/taskflow/listeners/logging.py:178}}
Sep 25 06:58:30.018999 n-d-810220-4 cinder-volume[109544]: DEBUG cinder.volume.manager [None req-7a111097-c1c8-459d-990a-1effd983c4b1 tempest-VolumesSnapshotTestJSON-37451407 None] Task 'cinder.volume.flows.manager.create_volume.CreateVolumeOnFinishTask;volume:create, create.end' (bcc1a082-727f-4bd8-8d29-c7447a605392) transitioned into state 'RUNNING' from state 'PENDING' {{(pid=109544) _task_receiver /usr/local/lib/python3.8/dist-packages/taskflow/listeners/logging.py:190}}
Sep 25 06:58:30.030599 n-d-810220-4 cinder-volume[109544]: INFO cinder.volume.flows.manager.create_volume [None req-7a111097-c1c8-459d-990a-1effd983c4b1 tempest-VolumesSnapshotTestJSON-37451407 None] Volume volume-49bf5eb4-ddc7-4202-92b4-49d5a69afa92 (49bf5eb4-ddc7-4202-92b4-49d5a69afa92): created successfully
Sep 25 06:58:30.033646 n-d-810220-4 cinder-volume[109544]: DEBUG cinder.volume.manager [None req-7a111097-c1c8-459d-990a-1effd983c4b1 tempest-VolumesSnapshotTestJSON-37451407 None] Task 'cinder.volume.flows.manager.create_volume.CreateVolumeOnFinishTask;volume:create, create.end' (bcc1a082-727f-4bd8-8d29-c7447a605392) transitioned into state 'SUCCESS' from state 'RUNNING' with result 'None' {{(pid=109544) _task_receiver /usr/local/lib/python3.8/dist-packages/taskflow/listeners/logging.py:178}}
Sep 25 06:58:30.037274 n-d-810220-4 cinder-volume[109544]: DEBUG cinder.volume.manager [None req-7a111097-c1c8-459d-990a-1effd983c4b1 tempest-VolumesSnapshotTestJSON-37451407 None] Flow 'volume_create_manager' (09dc0aaa-b2fd-4a11-b550-8eabad305c0b) transitioned into state 'SUCCESS' from state 'RUNNING' {{(pid=109544) _flow_receiver /usr/local/lib/python3.8/dist-packages/taskflow/listeners/logging.py:141}}
Sep 25 06:58:30.049602 n-d-810220-4 cinder-volume[109544]: INFO cinder.volume.manager [None req-7a111097-c1c8-459d-990a-1effd983c4b1 tempest-VolumesSnapshotTestJSON-37451407 None] Created volume successfully.
Sep 25 06:58:31.602111 n-d-810220-4 cinder-volume[109544]: DEBUG oslo_concurrency.processutils [None req-8cafdd03-7a85-4e91-b2a9-297c981c1859 tempest-VolumesSnapshotTestJSON-37451407 None] Running cmd (subprocess): sudo cinder-rootwrap /etc/cinder/rootwrap.conf env LC_ALL=C lvs --noheadings --unit=g -o vg_name,name,size --nosuffix --readonly stack-volumes-lvmdriver-1/volume-49bf5eb4-ddc7-4202-92b4-49d5a69afa92 {{(pid=109544) execute /usr/local/lib/python3.8/dist-packages/oslo_concurrency/processutils.py:384}}
Sep 25 06:58:31.661951 n-d-810220-4 sudo[130182]: ubuntu : TTY=unknown ; PWD=/ ; USER=root ; COMMAND=/usr/local/bin/cinder-rootwrap /etc/cinder/rootwrap.conf env LC_ALL=C lvs --noheadings --unit=g -o vg_name,name,size --nosuffix --readonly stack-volumes-lvmdriver-1/volume-49bf5eb4-ddc7-4202-92b4-49d5a69afa92
Sep 25 06:58:31.664786 n-d-810220-4 sudo[130182]: pam_unix(sudo:session): session opened for user root by (uid=0)
Sep 25 06:58:32.391031 n-d-810220-4 sudo[130182]: pam_unix(sudo:session): session closed for user root
Sep 25 06:58:32.393762 n-d-810220-4 cinder-volume[109544]: DEBUG oslo_concurrency.processutils [None req-8cafdd03-7a85-4e91-b2a9-297c981c1859 tempest-VolumesSnapshotTestJSON-37451407 None] CMD "sudo cinder-rootwrap /etc/cinder/rootwrap.conf env LC_ALL=C lvs --noheadings --unit=g -o vg_name,name,size --nosuffix --readonly stack-volumes-lvmdriver-1/volume-49bf5eb4-ddc7-4202-92b4-49d5a69afa92" returned: 0 in 0.791s {{(pid=109544) execute /usr/local/lib/python3.8/dist-packages/oslo_concurrency/processutils.py:422}}
Sep 25 06:58:32.396932 n-d-810220-4 cinder-volume[109544]: DEBUG oslo_concurrency.processutils [None req-8cafdd03-7a85-4e91-b2a9-297c981c1859 tempest-VolumesSnapshotTestJSON-37451407 None] Running cmd (subprocess): sudo cinder-rootwrap /etc/cinder/rootwrap.conf env LC_ALL=C lvcreate --name _snapshot-2cb54419-2f86-4a04-bb48-2aa71fb4b79e --snapshot stack-volumes-lvmdriver-1/volume-49bf5eb4-ddc7-4202-92b4-49d5a69afa92 -L 1.00g {{(pid=109544) execute /usr/local/lib/python3.8/dist-packages/oslo_concurrency/processutils.py:384}}
Sep 25 06:58:32.431778 n-d-810220-4 sudo[130185]: ubuntu : TTY=unknown ; PWD=/ ; USER=root ; COMMAND=/usr/local/bin/cinder-rootwrap /etc/cinder/rootwrap.conf env LC_ALL=C lvcreate --name _snapshot-2cb54419-2f86-4a04-bb48-2aa71fb4b79e --snapshot stack-volumes-lvmdriver-1/volume-49bf5eb4-ddc7-4202-92b4-49d5a69afa92 -L 1.00g
Sep 25 06:58:32.432778 n-d-810220-4 sudo[130185]: pam_unix(sudo:session): session opened for user root by (uid=0)
Sep 25 06:58:33.375616 n-d-810220-4 sudo[130185]: pam_unix(sudo:session): session closed for user root
Sep 25 06:58:33.377865 n-d-810220-4 cinder-volume[109544]: DEBUG oslo_concurrency.processutils [None req-8cafdd03-7a85-4e91-b2a9-297c981c1859 tempest-VolumesSnapshotTestJSON-37451407 None] CMD "sudo cinder-rootwrap /etc/cinder/rootwrap.conf env LC_ALL=C lvcreate --name _snapshot-2cb54419-2f86-4a04-bb48-2aa71fb4b79e --snapshot stack-volumes-lvmdriver-1/volume-49bf5eb4-ddc7-4202-92b4-49d5a69afa92 -L 1.00g" returned: 0 in 0.981s {{(pid=109544) execute /usr/local/lib/python3.8/dist-packages/oslo_concurrency/processutils.py:422}}
Sep 25 06:58:33.438282 n-d-810220-4 cinder-volume[109544]: INFO cinder.volume.manager [None req-8cafdd03-7a85-4e91-b2a9-297c981c1859 tempest-VolumesSnapshotTestJSON-37451407 None] Create snapshot completed successfully
Sep 25 06:58:36.380115 n-d-810220-4 cinder-volume[109544]: DEBUG cinder.volume.driver [None req-7d25dc0e-7342-4c07-ae91-a9cdb8339eae tempest-VolumesSnapshotTestJSON-37451407 None] Creating a new backup for volume volume-49bf5eb4-ddc7-4202-92b4-49d5a69afa92. {{(pid=109544) _get_backup_volume_temp_volume /opt/stack/cinder/cinder/volume/driver.py:1226}}
Sep 25 06:58:36.424656 n-d-810220-4 cinder-volume[109544]: DEBUG oslo_concurrency.processutils [None req-7d25dc0e-7342-4c07-ae91-a9cdb8339eae tempest-VolumesSnapshotTestJSON-37451407 None] Running cmd (subprocess): sudo cinder-rootwrap /etc/cinder/rootwrap.conf env LC_ALL=C lvcreate -n volume-095d1497-de3f-4c5a-999a-60f460ab18f2 stack-volumes-lvmdriver-1 -L 1g {{(pid=109544) execute /usr/local/lib/python3.8/dist-packages/oslo_concurrency/processutils.py:384}}
Sep 25 06:58:36.485609 n-d-810220-4 sudo[130328]: ubuntu : TTY=unknown ; PWD=/ ; USER=root ; COMMAND=/usr/local/bin/cinder-rootwrap /etc/cinder/rootwrap.conf env LC_ALL=C lvcreate -n volume-095d1497-de3f-4c5a-999a-60f460ab18f2 stack-volumes-lvmdriver-1 -L 1g
Sep 25 06:58:36.487576 n-d-810220-4 sudo[130328]: pam_unix(sudo:session): session opened for user root by (uid=0)
Sep 25 06:58:37.220068 n-d-810220-4 sudo[130328]: pam_unix(sudo:session): session closed for user root
Sep 25 06:58:37.222100 n-d-810220-4 cinder-volume[109544]: DEBUG oslo_concurrency.processutils [None req-7d25dc0e-7342-4c07-ae91-a9cdb8339eae tempest-VolumesSnapshotTestJSON-37451407 None] CMD "sudo cinder-rootwrap /etc/cinder/rootwrap.conf env LC_ALL=C lvcreate -n volume-095d1497-de3f-4c5a-999a-60f460ab18f2 stack-volumes-lvmdriver-1 -L 1g" returned: 0 in 0.797s {{(pid=109544) execute /usr/local/lib/python3.8/dist-packages/oslo_concurrency/processutils.py:422}}
Sep 25 06:58:37.223906 n-d-810220-4 cinder-volume[109544]: DEBUG oslo_concurrency.processutils [None req-7d25dc0e-7342-4c07-ae91-a9cdb8339eae tempest-VolumesSnapshotTestJSON-37451407 None] Running cmd (subprocess): env LC_ALL=C lvm version {{(pid=109544) execute /usr/local/lib/python3.8/dist-packages/oslo_concurrency/processutils.py:384}}
Sep 25 06:58:37.273192 n-d-810220-4 cinder-volume[109544]: DEBUG oslo_concurrency.processutils [None req-7d25dc0e-7342-4c07-ae91-a9cdb8339eae tempest-VolumesSnapshotTestJSON-37451407 None] CMD "env LC_ALL=C lvm version" returned: 0 in 0.048s {{(pid=109544) execute /usr/local/lib/python3.8/dist-packages/oslo_concurrency/processutils.py:422}}
Sep 25 06:58:37.275614 n-d-810220-4 cinder-volume[109544]: DEBUG oslo_concurrency.processutils [None req-7d25dc0e-7342-4c07-ae91-a9cdb8339eae tempest-VolumesSnapshotTestJSON-37451407 None] Running cmd (subprocess): sudo cinder-rootwrap /etc/cinder/rootwrap.conf lvchange -a y --yes -K stack-volumes-lvmdriver-1/_snapshot-2cb54419-2f86-4a04-bb48-2aa71fb4b79e {{(pid=109544) execute /usr/local/lib/python3.8/dist-packages/oslo_concurrency/processutils.py:384}}
Sep 25 06:58:37.301166 n-d-810220-4 sudo[130359]: ubuntu : TTY=unknown ; PWD=/ ; USER=root ; COMMAND=/usr/local/bin/cinder-rootwrap /etc/cinder/rootwrap.conf lvchange -a y --yes -K stack-volumes-lvmdriver-1/_snapshot-2cb54419-2f86-4a04-bb48-2aa71fb4b79e
Sep 25 06:58:37.302880 n-d-810220-4 sudo[130359]: pam_unix(sudo:session): session opened for user root by (uid=0)
Sep 25 06:58:37.912690 n-d-810220-4 sudo[130359]: pam_unix(sudo:session): session closed for user root
Sep 25 06:58:37.917654 n-d-810220-4 cinder-volume[109544]: DEBUG oslo_concurrency.processutils [None req-7d25dc0e-7342-4c07-ae91-a9cdb8339eae tempest-VolumesSnapshotTestJSON-37451407 None] CMD "sudo cinder-rootwrap /etc/cinder/rootwrap.conf lvchange -a y --yes -K stack-volumes-lvmdriver-1/_snapshot-2cb54419-2f86-4a04-bb48-2aa71fb4b79e" returned: 0 in 0.642s {{(pid=109544) execute /usr/local/lib/python3.8/dist-packages/oslo_concurrency/processutils.py:422}}
Sep 25 06:58:37.920637 n-d-810220-4 cinder-volume[109544]: DEBUG oslo_concurrency.processutils [None req-7d25dc0e-7342-4c07-ae91-a9cdb8339eae tempest-VolumesSnapshotTestJSON-37451407 None] Running cmd (subprocess): sudo cinder-rootwrap /etc/cinder/rootwrap.conf dd count=0 if=/dev/mapper/stack--volumes--lvmdriver--1-_snapshot--2cb54419--2f86--4a04--bb48--2aa71fb4b79e of=/dev/mapper/stack--volumes--lvmdriver--1-volume--095d1497--de3f--4c5a--999a--60f460ab18f2 iflag=direct {{(pid=109544) execute /usr/local/lib/python3.8/dist-packages/oslo_concurrency/processutils.py:384}}
Sep 25 06:58:37.949122 n-d-810220-4 sudo[130364]: ubuntu : TTY=unknown ; PWD=/ ; USER=root ; COMMAND=/usr/local/bin/cinder-rootwrap /etc/cinder/rootwrap.conf dd count=0 if=/dev/mapper/stack--volumes--lvmdriver--1-_snapshot--2cb54419--2f86--4a04--bb48--2aa71fb4b79e of=/dev/mapper/stack--volumes--lvmdriver--1-volume--095d1497--de3f--4c5a--999a--60f460ab18f2 iflag=direct
Sep 25 06:58:37.949955 n-d-810220-4 sudo[130364]: pam_unix(sudo:session): session opened for user root by (uid=0)
Sep 25 06:58:38.413125 n-d-810220-4 sudo[130364]: pam_unix(sudo:session): session closed for user root
Sep 25 06:58:38.417895 n-d-810220-4 cinder-volume[109544]: DEBUG oslo_concurrency.processutils [None req-7d25dc0e-7342-4c07-ae91-a9cdb8339eae tempest-VolumesSnapshotTestJSON-37451407 None] CMD "sudo cinder-rootwrap /etc/cinder/rootwrap.conf dd count=0 if=/dev/mapper/stack--volumes--lvmdriver--1-_snapshot--2cb54419--2f86--4a04--bb48--2aa71fb4b79e of=/dev/mapper/stack--volumes--lvmdriver--1-volume--095d1497--de3f--4c5a--999a--60f460ab18f2 iflag=direct" returned: 0 in 0.496s {{(pid=109544) execute /usr/local/lib/python3.8/dist-packages/oslo_concurrency/processutils.py:422}}
Sep 25 06:58:38.419086 n-d-810220-4 cinder-volume[109544]: DEBUG oslo_concurrency.processutils [None req-7d25dc0e-7342-4c07-ae91-a9cdb8339eae tempest-VolumesSnapshotTestJSON-37451407 None] Running cmd (subprocess): sudo cinder-rootwrap /etc/cinder/rootwrap.conf dd count=0 if=/dev/mapper/stack--volumes--lvmdriver--1-_snapshot--2cb54419--2f86--4a04--bb48--2aa71fb4b79e of=/dev/mapper/stack--volumes--lvmdriver--1-volume--095d1497--de3f--4c5a--999a--60f460ab18f2 oflag=direct {{(pid=109544) execute /usr/local/lib/python3.8/dist-packages/oslo_concurrency/processutils.py:384}}
Sep 25 06:58:38.440843 n-d-810220-4 sudo[130376]: ubuntu : TTY=unknown ; PWD=/ ; USER=root ; COMMAND=/usr/local/bin/cinder-rootwrap /etc/cinder/rootwrap.conf dd count=0 if=/dev/mapper/stack--volumes--lvmdriver--1-_snapshot--2cb54419--2f86--4a04--bb48--2aa71fb4b79e of=/dev/mapper/stack--volumes--lvmdriver--1-volume--095d1497--de3f--4c5a--999a--60f460ab18f2 oflag=direct
Sep 25 06:58:38.442421 n-d-810220-4 sudo[130376]: pam_unix(sudo:session): session opened for user root by (uid=0)
Sep 25 06:58:39.052015 n-d-810220-4 sudo[130376]: pam_unix(sudo:session): session closed for user root
Sep 25 06:58:39.054391 n-d-810220-4 cinder-volume[109544]: DEBUG oslo_concurrency.processutils [None req-7d25dc0e-7342-4c07-ae91-a9cdb8339eae tempest-VolumesSnapshotTestJSON-37451407 None] CMD "sudo cinder-rootwrap /etc/cinder/rootwrap.conf dd count=0 if=/dev/mapper/stack--volumes--lvmdriver--1-_snapshot--2cb54419--2f86--4a04--bb48--2aa71fb4b79e of=/dev/mapper/stack--volumes--lvmdriver--1-volume--095d1497--de3f--4c5a--999a--60f460ab18f2 oflag=direct" returned: 0 in 0.635s {{(pid=109544) execute /usr/local/lib/python3.8/dist-packages/oslo_concurrency/processutils.py:422}}
Sep 25 06:58:39.056581 n-d-810220-4 cinder-volume[109544]: DEBUG oslo_concurrency.processutils [None req-7d25dc0e-7342-4c07-ae91-a9cdb8339eae tempest-VolumesSnapshotTestJSON-37451407 None] Running cmd (subprocess): sudo cinder-rootwrap /etc/cinder/rootwrap.conf dd if=/dev/mapper/stack--volumes--lvmdriver--1-_snapshot--2cb54419--2f86--4a04--bb48--2aa71fb4b79e of=/dev/mapper/stack--volumes--lvmdriver--1-volume--095d1497--de3f--4c5a--999a--60f460ab18f2 count=1073741824 bs=1M iflag=count_bytes,direct oflag=direct {{(pid=109544) execute /usr/local/lib/python3.8/dist-packages/oslo_concurrency/processutils.py:384}}
Sep 25 06:58:39.115574 n-d-810220-4 sudo[130388]: ubuntu : TTY=unknown ; PWD=/ ; USER=root ; COMMAND=/usr/local/bin/cinder-rootwrap /etc/cinder/rootwrap.conf dd if=/dev/mapper/stack--volumes--lvmdriver--1-_snapshot--2cb54419--2f86--4a04--bb48--2aa71fb4b79e of=/dev/mapper/stack--volumes--lvmdriver--1-volume--095d1497--de3f--4c5a--999a--60f460ab18f2 count=1073741824 bs=1M iflag=count_bytes,direct oflag=direct
Sep 25 06:58:39.118461 n-d-810220-4 sudo[130388]: pam_unix(sudo:session): session opened for user root by (uid=0)
Sep 25 06:58:47.355004 n-d-810220-4 sudo[130388]: pam_unix(sudo:session): session closed for user root
Sep 25 06:58:47.357120 n-d-810220-4 cinder-volume[109544]: DEBUG oslo_concurrency.processutils [None req-7d25dc0e-7342-4c07-ae91-a9cdb8339eae tempest-VolumesSnapshotTestJSON-37451407 None] CMD "sudo cinder-rootwrap /etc/cinder/rootwrap.conf dd if=/dev/mapper/stack--volumes--lvmdriver--1-_snapshot--2cb54419--2f86--4a04--bb48--2aa71fb4b79e of=/dev/mapper/stack--volumes--lvmdriver--1-volume--095d1497--de3f--4c5a--999a--60f460ab18f2 count=1073741824 bs=1M iflag=count_bytes,direct oflag=direct" returned: 0 in 8.301s {{(pid=109544) execute /usr/local/lib/python3.8/dist-packages/oslo_concurrency/processutils.py:422}}
Sep 25 06:58:47.358289 n-d-810220-4 cinder-volume[109544]: DEBUG cinder.volume.volume_utils [None req-7d25dc0e-7342-4c07-ae91-a9cdb8339eae tempest-VolumesSnapshotTestJSON-37451407 None] Volume copy details: src /dev/mapper/stack--volumes--lvmdriver--1-_snapshot--2cb54419--2f86--4a04--bb48--2aa71fb4b79e, dest /dev/mapper/stack--volumes--lvmdriver--1-volume--095d1497--de3f--4c5a--999a--60f460ab18f2, size 1024.00 MB, duration 8.30 sec {{(pid=109544) _copy_volume_with_path /opt/stack/cinder/cinder/volume/volume_utils.py:550}}
Sep 25 06:58:47.358876 n-d-810220-4 cinder-volume[109544]: INFO cinder.volume.volume_utils [None req-7d25dc0e-7342-4c07-ae91-a9cdb8339eae tempest-VolumesSnapshotTestJSON-37451407 None] Volume copy 1024.00 MB at 123.33 MB/s
Sep 25 06:58:47.397543 n-d-810220-4 cinder-volume[109544]: DEBUG oslo_concurrency.processutils [None req-7d25dc0e-7342-4c07-ae91-a9cdb8339eae tempest-VolumesSnapshotTestJSON-37451407 None] Running cmd (subprocess): sudo cinder-rootwrap /etc/cinder/rootwrap.conf lvchange -a y --yes -K stack-volumes-lvmdriver-1/volume-095d1497-de3f-4c5a-999a-60f460ab18f2 {{(pid=109544) execute /usr/local/lib/python3.8/dist-packages/oslo_concurrency/processutils.py:384}}
Sep 25 06:58:47.419864 n-d-810220-4 sudo[130402]: ubuntu : TTY=unknown ; PWD=/ ; USER=root ; COMMAND=/usr/local/bin/cinder-rootwrap /etc/cinder/rootwrap.conf lvchange -a y --yes -K stack-volumes-lvmdriver-1/volume-095d1497-de3f-4c5a-999a-60f460ab18f2
Sep 25 06:58:47.421498 n-d-810220-4 sudo[130402]: pam_unix(sudo:session): session opened for user root by (uid=0)
Sep 25 06:58:48.346229 n-d-810220-4 sudo[130402]: pam_unix(sudo:session): session closed for user root
Sep 25 06:58:48.349474 n-d-810220-4 cinder-volume[109544]: DEBUG oslo_concurrency.processutils [None req-7d25dc0e-7342-4c07-ae91-a9cdb8339eae tempest-VolumesSnapshotTestJSON-37451407 None] CMD "sudo cinder-rootwrap /etc/cinder/rootwrap.conf lvchange -a y --yes -K stack-volumes-lvmdriver-1/volume-095d1497-de3f-4c5a-999a-60f460ab18f2" returned: 0 in 0.952s {{(pid=109544) execute /usr/local/lib/python3.8/dist-packages/oslo_concurrency/processutils.py:422}}
Sep 25 06:58:48.382381 n-d-810220-4 cinder-volume[109544]: INFO cinder.volume.targets.lio [None req-7d25dc0e-7342-4c07-ae91-a9cdb8339eae tempest-VolumesSnapshotTestJSON-37451407 None] Creating iscsi_target for volume: volume-095d1497-de3f-4c5a-999a-60f460ab18f2
Sep 25 06:58:48.384068 n-d-810220-4 cinder-volume[109544]: DEBUG oslo_concurrency.lockutils [None req-7d25dc0e-7342-4c07-ae91-a9cdb8339eae tempest-VolumesSnapshotTestJSON-37451407 None] Lock "lioadm" acquired by "cinder.volume.targets.lio.LioAdm._execute" :: waited 0.001s {{(pid=109544) inner /usr/local/lib/python3.8/dist-packages/oslo_concurrency/lockutils.py:355}}
Sep 25 06:58:48.384994 n-d-810220-4 cinder-volume[109544]: DEBUG oslo_concurrency.processutils [None req-7d25dc0e-7342-4c07-ae91-a9cdb8339eae tempest-VolumesSnapshotTestJSON-37451407 None] Running cmd (subprocess): sudo cinder-rootwrap /etc/cinder/rootwrap.conf cinder-rtstool create /dev/stack-volumes-lvmdriver-1/volume-095d1497-de3f-4c5a-999a-60f460ab18f2 iqn.2010-10.org.openstack:volume-095d1497-de3f-4c5a-999a-60f460ab18f2 MEw2HrrV9MF95DStdo8f ZT7yGKvsUCvsARWP False -p3260 -a10.222.0.39 {{(pid=109544) execute /usr/local/lib/python3.8/dist-packages/oslo_concurrency/processutils.py:384}}
Sep 25 06:58:48.447706 n-d-810220-4 sudo[130407]: ubuntu : TTY=unknown ; PWD=/ ; USER=root ; COMMAND=/usr/local/bin/cinder-rootwrap /etc/cinder/rootwrap.conf cinder-rtstool create /dev/stack-volumes-lvmdriver-1/volume-095d1497-de3f-4c5a-999a-60f460ab18f2 iqn.2010-10.org.openstack:volume-095d1497-de3f-4c5a-999a-60f460ab18f2 MEw2HrrV9MF95DStdo8f ZT7yGKvsUCvsARWP False -p3260 -a10.222.0.39
Sep 25 06:58:48.449552 n-d-810220-4 sudo[130407]: pam_unix(sudo:session): session opened for user root by (uid=0)
Sep 25 06:58:49.401664 n-d-810220-4 sudo[130407]: pam_unix(sudo:session): session closed for user root
Sep 25 06:58:49.404253 n-d-810220-4 cinder-volume[109544]: DEBUG oslo_concurrency.processutils [None req-7d25dc0e-7342-4c07-ae91-a9cdb8339eae tempest-VolumesSnapshotTestJSON-37451407 None] CMD "sudo cinder-rootwrap /etc/cinder/rootwrap.conf cinder-rtstool create /dev/stack-volumes-lvmdriver-1/volume-095d1497-de3f-4c5a-999a-60f460ab18f2 iqn.2010-10.org.openstack:volume-095d1497-de3f-4c5a-999a-60f460ab18f2 MEw2HrrV9MF95DStdo8f ZT7yGKvsUCvsARWP False -p3260 -a10.222.0.39" returned: 0 in 1.019s {{(pid=109544) execute /usr/local/lib/python3.8/dist-packages/oslo_concurrency/processutils.py:422}}
Sep 25 06:58:49.406117 n-d-810220-4 cinder-volume[109544]: DEBUG oslo_concurrency.lockutils [None req-7d25dc0e-7342-4c07-ae91-a9cdb8339eae tempest-VolumesSnapshotTestJSON-37451407 None] Lock "lioadm" released by "cinder.volume.targets.lio.LioAdm._execute" :: held 1.023s {{(pid=109544) inner /usr/local/lib/python3.8/dist-packages/oslo_concurrency/lockutils.py:367}}
Sep 25 06:58:49.408340 n-d-810220-4 cinder-volume[109544]: DEBUG oslo_concurrency.lockutils [None req-7d25dc0e-7342-4c07-ae91-a9cdb8339eae tempest-VolumesSnapshotTestJSON-37451407 None] Lock "lioadm" acquired by "cinder.volume.targets.lio.LioAdm._execute" :: waited 0.001s {{(pid=109544) inner /usr/local/lib/python3.8/dist-packages/oslo_concurrency/lockutils.py:355}}
Sep 25 06:58:49.409948 n-d-810220-4 cinder-volume[109544]: DEBUG oslo_concurrency.processutils [None req-7d25dc0e-7342-4c07-ae91-a9cdb8339eae tempest-VolumesSnapshotTestJSON-37451407 None] Running cmd (subprocess): sudo cinder-rootwrap /etc/cinder/rootwrap.conf cinder-rtstool get-targets {{(pid=109544) execute /usr/local/lib/python3.8/dist-packages/oslo_concurrency/processutils.py:384}}
Sep 25 06:58:49.434069 n-d-810220-4 sudo[130421]: ubuntu : TTY=unknown ; PWD=/ ; USER=root ; COMMAND=/usr/local/bin/cinder-rootwrap /etc/cinder/rootwrap.conf cinder-rtstool get-targets
Sep 25 06:58:49.435523 n-d-810220-4 sudo[130421]: pam_unix(sudo:session): session opened for user root by (uid=0)
Sep 25 06:58:50.242432 n-d-810220-4 sudo[130421]: pam_unix(sudo:session): session closed for user root
Sep 25 06:58:50.245029 n-d-810220-4 cinder-volume[109544]: DEBUG oslo_concurrency.processutils [None req-7d25dc0e-7342-4c07-ae91-a9cdb8339eae tempest-VolumesSnapshotTestJSON-37451407 None] CMD "sudo cinder-rootwrap /etc/cinder/rootwrap.conf cinder-rtstool get-targets" returned: 0 in 0.835s {{(pid=109544) execute /usr/local/lib/python3.8/dist-packages/oslo_concurrency/processutils.py:422}}
Sep 25 06:58:50.245885 n-d-810220-4 cinder-volume[109544]: DEBUG oslo_concurrency.lockutils [None req-7d25dc0e-7342-4c07-ae91-a9cdb8339eae tempest-VolumesSnapshotTestJSON-37451407 None] Lock "lioadm" released by "cinder.volume.targets.lio.LioAdm._execute" :: held 0.838s {{(pid=109544) inner /usr/local/lib/python3.8/dist-packages/oslo_concurrency/lockutils.py:367}}
Sep 25 06:58:50.246772 n-d-810220-4 cinder-volume[109544]: DEBUG oslo_concurrency.lockutils [None req-7d25dc0e-7342-4c07-ae91-a9cdb8339eae tempest-VolumesSnapshotTestJSON-37451407 None] Lock "lioadm" acquired by "cinder.volume.targets.lio.LioAdm._execute" :: waited 0.000s {{(pid=109544) inner /usr/local/lib/python3.8/dist-packages/oslo_concurrency/lockutils.py:355}}
Sep 25 06:58:50.247974 n-d-810220-4 cinder-volume[109544]: DEBUG oslo_concurrency.processutils [None req-7d25dc0e-7342-4c07-ae91-a9cdb8339eae tempest-VolumesSnapshotTestJSON-37451407 None] Running cmd (subprocess): sudo cinder-rootwrap /etc/cinder/rootwrap.conf cinder-rtstool save {{(pid=109544) execute /usr/local/lib/python3.8/dist-packages/oslo_concurrency/processutils.py:384}}
Sep 25 06:58:50.286989 n-d-810220-4 sudo[130426]: ubuntu : TTY=unknown ; PWD=/ ; USER=root ; COMMAND=/usr/local/bin/cinder-rootwrap /etc/cinder/rootwrap.conf cinder-rtstool save
Sep 25 06:58:50.287801 n-d-810220-4 sudo[130426]: pam_unix(sudo:session): session opened for user root by (uid=0)
Sep 25 06:58:51.518534 n-d-810220-4 sudo[130426]: pam_unix(sudo:session): session closed for user root
Sep 25 06:58:51.522090 n-d-810220-4 cinder-volume[109544]: DEBUG oslo_concurrency.processutils [None req-7d25dc0e-7342-4c07-ae91-a9cdb8339eae tempest-VolumesSnapshotTestJSON-37451407 None] CMD "sudo cinder-rootwrap /etc/cinder/rootwrap.conf cinder-rtstool save" returned: 0 in 1.274s {{(pid=109544) execute /usr/local/lib/python3.8/dist-packages/oslo_concurrency/processutils.py:422}}
Sep 25 06:58:51.523492 n-d-810220-4 cinder-volume[109544]: DEBUG oslo_concurrency.lockutils [None req-7d25dc0e-7342-4c07-ae91-a9cdb8339eae tempest-VolumesSnapshotTestJSON-37451407 None] Lock "lioadm" released by "cinder.volume.targets.lio.LioAdm._execute" :: held 1.277s {{(pid=109544) inner /usr/local/lib/python3.8/dist-packages/oslo_concurrency/lockutils.py:367}}
Sep 25 06:58:51.525257 n-d-810220-4 cinder-volume[109544]: DEBUG cinder.volume.targets.iscsi [None req-7d25dc0e-7342-4c07-ae91-a9cdb8339eae tempest-VolumesSnapshotTestJSON-37451407 None] Set provider_location to: 10.222.0.39:3260,iqn.2010-10.org.openstack:volume-095d1497-de3f-4c5a-999a-60f460ab18f2 iqn.2010-10.org.openstack:volume-095d1497-de3f-4c5a-999a-60f460ab18f2 0 {{(pid=109544) create_export /opt/stack/cinder/cinder/volume/targets/iscsi.py:204}}
Sep 25 06:58:51.562110 n-d-810220-4 cinder-volume[109544]: DEBUG oslo_concurrency.lockutils [None req-7d25dc0e-7342-4c07-ae91-a9cdb8339eae tempest-VolumesSnapshotTestJSON-37451407 None] Lock "lioadm" acquired by "cinder.volume.targets.lio.LioAdm._execute" :: waited 0.001s {{(pid=109544) inner /usr/local/lib/python3.8/dist-packages/oslo_concurrency/lockutils.py:355}}
Sep 25 06:58:51.563666 n-d-810220-4 cinder-volume[109544]: DEBUG oslo_concurrency.processutils [None req-7d25dc0e-7342-4c07-ae91-a9cdb8339eae tempest-VolumesSnapshotTestJSON-37451407 None] Running cmd (subprocess): sudo cinder-rootwrap /etc/cinder/rootwrap.conf cinder-rtstool add-initiator iqn.2010-10.org.openstack:volume-095d1497-de3f-4c5a-999a-60f460ab18f2 MEw2HrrV9MF95DStdo8f ZT7yGKvsUCvsARWP iqn.1993-08.org.debian:01:e244752766a {{(pid=109544) execute /usr/local/lib/python3.8/dist-packages/oslo_concurrency/processutils.py:384}}
Sep 25 06:58:51.598616 n-d-810220-4 sudo[130431]: ubuntu : TTY=unknown ; PWD=/ ; USER=root ; COMMAND=/usr/local/bin/cinder-rootwrap /etc/cinder/rootwrap.conf cinder-rtstool add-initiator iqn.2010-10.org.openstack:volume-095d1497-de3f-4c5a-999a-60f460ab18f2 MEw2HrrV9MF95DStdo8f ZT7yGKvsUCvsARWP iqn.1993-08.org.debian:01:e244752766a
Sep 25 06:58:51.604411 n-d-810220-4 sudo[130431]: pam_unix(sudo:session): session opened for user root by (uid=0)
Sep 25 06:58:52.868957 n-d-810220-4 sudo[130431]: pam_unix(sudo:session): session closed for user root
Sep 25 06:58:52.871714 n-d-810220-4 cinder-volume[109544]: DEBUG oslo_concurrency.processutils [None req-7d25dc0e-7342-4c07-ae91-a9cdb8339eae tempest-VolumesSnapshotTestJSON-37451407 None] CMD "sudo cinder-rootwrap /etc/cinder/rootwrap.conf cinder-rtstool add-initiator iqn.2010-10.org.openstack:volume-095d1497-de3f-4c5a-999a-60f460ab18f2 MEw2HrrV9MF95DStdo8f ZT7yGKvsUCvsARWP iqn.1993-08.org.debian:01:e244752766a" returned: 0 in 1.308s {{(pid=109544) execute /usr/local/lib/python3.8/dist-packages/oslo_concurrency/processutils.py:422}}
Sep 25 06:58:52.873669 n-d-810220-4 cinder-volume[109544]: DEBUG oslo_concurrency.lockutils [None req-7d25dc0e-7342-4c07-ae91-a9cdb8339eae tempest-VolumesSnapshotTestJSON-37451407 None] Lock "lioadm" released by "cinder.volume.targets.lio.LioAdm._execute" :: held 1.312s {{(pid=109544) inner /usr/local/lib/python3.8/dist-packages/oslo_concurrency/lockutils.py:367}}
Sep 25 06:58:52.875031 n-d-810220-4 cinder-volume[109544]: DEBUG oslo_concurrency.lockutils [None req-7d25dc0e-7342-4c07-ae91-a9cdb8339eae tempest-VolumesSnapshotTestJSON-37451407 None] Lock "lioadm" acquired by "cinder.volume.targets.lio.LioAdm._execute" :: waited 0.000s {{(pid=109544) inner /usr/local/lib/python3.8/dist-packages/oslo_concurrency/lockutils.py:355}}
Sep 25 06:58:52.880427 n-d-810220-4 cinder-volume[109544]: DEBUG oslo_concurrency.processutils [None req-7d25dc0e-7342-4c07-ae91-a9cdb8339eae tempest-VolumesSnapshotTestJSON-37451407 None] Running cmd (subprocess): sudo cinder-rootwrap /etc/cinder/rootwrap.conf cinder-rtstool save {{(pid=109544) execute /usr/local/lib/python3.8/dist-packages/oslo_concurrency/processutils.py:384}}
Sep 25 06:58:52.903363 n-d-810220-4 sudo[130469]: ubuntu : TTY=unknown ; PWD=/ ; USER=root ; COMMAND=/usr/local/bin/cinder-rootwrap /etc/cinder/rootwrap.conf cinder-rtstool save
Sep 25 06:58:52.906045 n-d-810220-4 sudo[130469]: pam_unix(sudo:session): session opened for user root by (uid=0)
Sep 25 06:58:54.269283 n-d-810220-4 sudo[130469]: pam_unix(sudo:session): session closed for user root
Sep 25 06:58:54.272293 n-d-810220-4 cinder-volume[109544]: DEBUG oslo_concurrency.processutils [None req-7d25dc0e-7342-4c07-ae91-a9cdb8339eae tempest-VolumesSnapshotTestJSON-37451407 None] CMD "sudo cinder-rootwrap /etc/cinder/rootwrap.conf cinder-rtstool save" returned: 0 in 1.395s {{(pid=109544) execute /usr/local/lib/python3.8/dist-packages/oslo_concurrency/processutils.py:422}}
Sep 25 06:58:54.273760 n-d-810220-4 cinder-volume[109544]: DEBUG oslo_concurrency.lockutils [None req-7d25dc0e-7342-4c07-ae91-a9cdb8339eae tempest-VolumesSnapshotTestJSON-37451407 None] Lock "lioadm" released by "cinder.volume.targets.lio.LioAdm._execute" :: held 1.399s {{(pid=109544) inner /usr/local/lib/python3.8/dist-packages/oslo_concurrency/lockutils.py:367}}
Sep 25 06:58:54.316253 n-d-810220-4 cinder-volume[109544]: INFO cinder.volume.manager [None req-7d25dc0e-7342-4c07-ae91-a9cdb8339eae tempest-VolumesSnapshotTestJSON-37451407 None] Initialize volume connection completed successfully.
Sep 25 06:59:20.083502 n-d-810220-4 cinder-volume[109544]: DEBUG oslo_service.periodic_task [None req-337a6bb8-137d-4d03-be9f-0cfac3879cde None None] Running periodic task VolumeManager.publish_service_capabilities {{(pid=109544) run_periodic_tasks /usr/local/lib/python3.8/dist-packages/oslo_service/periodic_task.py:210}}
Sep 25 06:59:20.085074 n-d-810220-4 cinder-volume[109544]: DEBUG cinder.volume.drivers.lvm [None req-337a6bb8-137d-4d03-be9f-0cfac3879cde None None] Updating volume stats {{(pid=109544) _update_volume_stats /opt/stack/cinder/cinder/volume/drivers/lvm.py:213}}
Sep 25 06:59:20.086880 n-d-810220-4 cinder-volume[109544]: DEBUG oslo_concurrency.processutils [None req-337a6bb8-137d-4d03-be9f-0cfac3879cde None None] Running cmd (subprocess): sudo cinder-rootwrap /etc/cinder/rootwrap.conf env LC_ALL=C vgs --noheadings --unit=g -o name,size,free,lv_count,uuid --separator : --nosuffix stack-volumes-lvmdriver-1 {{(pid=109544) execute /usr/local/lib/python3.8/dist-packages/oslo_concurrency/processutils.py:384}}
Sep 25 06:59:20.352296 n-d-810220-4 sudo[130823]: ubuntu : TTY=unknown ; PWD=/ ; USER=root ; COMMAND=/usr/local/bin/cinder-rootwrap /etc/cinder/rootwrap.conf env LC_ALL=C vgs --noheadings --unit=g -o name,size,free,lv_count,uuid --separator : --nosuffix stack-volumes-lvmdriver-1
Sep 25 06:59:20.353184 n-d-810220-4 sudo[130823]: pam_unix(sudo:session): session opened for user root by (uid=0)
Sep 25 06:59:21.596542 n-d-810220-4 sudo[130823]: pam_unix(sudo:session): session closed for user root
Sep 25 06:59:21.600101 n-d-810220-4 cinder-volume[109544]: DEBUG oslo_concurrency.processutils [None req-337a6bb8-137d-4d03-be9f-0cfac3879cde None None] CMD "sudo cinder-rootwrap /etc/cinder/rootwrap.conf env LC_ALL=C vgs --noheadings --unit=g -o name,size,free,lv_count,uuid --separator : --nosuffix stack-volumes-lvmdriver-1" returned: 0 in 1.513s {{(pid=109544) execute /usr/local/lib/python3.8/dist-packages/oslo_concurrency/processutils.py:422}}
Sep 25 06:59:21.602411 n-d-810220-4 cinder-volume[109544]: DEBUG oslo_concurrency.processutils [None req-337a6bb8-137d-4d03-be9f-0cfac3879cde None None] Running cmd (subprocess): sudo cinder-rootwrap /etc/cinder/rootwrap.conf env LC_ALL=C lvs --noheadings --unit=g -o vg_name,name,size --nosuffix --readonly stack-volumes-lvmdriver-1 {{(pid=109544) execute /usr/local/lib/python3.8/dist-packages/oslo_concurrency/processutils.py:384}}
Sep 25 06:59:21.626932 n-d-810220-4 sudo[130846]: ubuntu : TTY=unknown ; PWD=/ ; USER=root ; COMMAND=/usr/local/bin/cinder-rootwrap /etc/cinder/rootwrap.conf env LC_ALL=C lvs --noheadings --unit=g -o vg_name,name,size --nosuffix --readonly stack-volumes-lvmdriver-1
Sep 25 06:59:21.628661 n-d-810220-4 sudo[130846]: pam_unix(sudo:session): session opened for user root by (uid=0)
Sep 25 06:59:22.710240 n-d-810220-4 sudo[130846]: pam_unix(sudo:session): session closed for user root
Sep 25 06:59:22.712822 n-d-810220-4 cinder-volume[109544]: DEBUG oslo_concurrency.processutils [None req-337a6bb8-137d-4d03-be9f-0cfac3879cde None None] CMD "sudo cinder-rootwrap /etc/cinder/rootwrap.conf env LC_ALL=C lvs --noheadings --unit=g -o vg_name,name,size --nosuffix --readonly stack-volumes-lvmdriver-1" returned: 0 in 1.110s {{(pid=109544) execute /usr/local/lib/python3.8/dist-packages/oslo_concurrency/processutils.py:422}}
Sep 25 06:59:22.715509 n-d-810220-4 cinder-volume[109544]: DEBUG cinder.manager [None req-337a6bb8-137d-4d03-be9f-0cfac3879cde None None] Notifying Schedulers of capabilities ... {{(pid=109544) _publish_service_capabilities /opt/stack/cinder/cinder/manager.py:202}}
Sep 25 06:59:46.585385 n-d-810220-4 cinder-volume[109544]: DEBUG oslo_concurrency.lockutils [None req-7d25dc0e-7342-4c07-ae91-a9cdb8339eae tempest-VolumesSnapshotTestJSON-37451407 None] Lock "lioadm" acquired by "cinder.volume.targets.lio.LioAdm._execute" :: waited 0.001s {{(pid=109544) inner /usr/local/lib/python3.8/dist-packages/oslo_concurrency/lockutils.py:355}}
Sep 25 06:59:46.586168 n-d-810220-4 cinder-volume[109544]: DEBUG oslo_concurrency.processutils [None req-7d25dc0e-7342-4c07-ae91-a9cdb8339eae tempest-VolumesSnapshotTestJSON-37451407 None] Running cmd (subprocess): sudo cinder-rootwrap /etc/cinder/rootwrap.conf cinder-rtstool delete-initiator iqn.2010-10.org.openstack:volume-095d1497-de3f-4c5a-999a-60f460ab18f2 iqn.1993-08.org.debian:01:e244752766a {{(pid=109544) execute /usr/local/lib/python3.8/dist-packages/oslo_concurrency/processutils.py:384}}
Sep 25 06:59:46.680800 n-d-810220-4 sudo[131104]: ubuntu : TTY=unknown ; PWD=/ ; USER=root ; COMMAND=/usr/local/bin/cinder-rootwrap /etc/cinder/rootwrap.conf cinder-rtstool delete-initiator iqn.2010-10.org.openstack:volume-095d1497-de3f-4c5a-999a-60f460ab18f2 iqn.1993-08.org.debian:01:e244752766a
Sep 25 06:59:46.684265 n-d-810220-4 sudo[131104]: pam_unix(sudo:session): session opened for user root by (uid=0)
Sep 25 06:59:47.627850 n-d-810220-4 sudo[131104]: pam_unix(sudo:session): session closed for user root
Sep 25 06:59:47.630092 n-d-810220-4 cinder-volume[109544]: DEBUG oslo_concurrency.processutils [None req-7d25dc0e-7342-4c07-ae91-a9cdb8339eae tempest-VolumesSnapshotTestJSON-37451407 None] CMD "sudo cinder-rootwrap /etc/cinder/rootwrap.conf cinder-rtstool delete-initiator iqn.2010-10.org.openstack:volume-095d1497-de3f-4c5a-999a-60f460ab18f2 iqn.1993-08.org.debian:01:e244752766a" returned: 0 in 1.044s {{(pid=109544) execute /usr/local/lib/python3.8/dist-packages/oslo_concurrency/processutils.py:422}}
Sep 25 06:59:47.630995 n-d-810220-4 cinder-volume[109544]: DEBUG oslo_concurrency.lockutils [None req-7d25dc0e-7342-4c07-ae91-a9cdb8339eae tempest-VolumesSnapshotTestJSON-37451407 None] Lock "lioadm" released by "cinder.volume.targets.lio.LioAdm._execute" :: held 1.045s {{(pid=109544) inner /usr/local/lib/python3.8/dist-packages/oslo_concurrency/lockutils.py:367}}
