Sep 19 03:00:28.060450 n-d-809936-1 neutron-server[94723]: DEBUG neutron_lib.callbacks.manager [None req-af774e74-0c27-4f73-98c8-3bdd99e19efd admin admin] Notify callbacks ['neutron.plugins.ml2.ovo_rpc._ObjectChangeHandler.handle_event-632019'] for security_group, after_delete {{(pid=94723) _notify_loop /usr/local/lib/python3.8/dist-packages/neutron_lib/callbacks/manager.py:192}}
Sep 19 03:00:28.063695 n-d-809936-1 neutron-server[94723]: DEBUG neutron_lib.callbacks.manager [None req-af774e74-0c27-4f73-98c8-3bdd99e19efd admin admin] Notify callbacks [] for security_group, before_response {{(pid=94723) _notify_loop /usr/local/lib/python3.8/dist-packages/neutron_lib/callbacks/manager.py:192}}
Sep 19 03:00:28.065253 n-d-809936-1 neutron-server[94723]: INFO neutron.wsgi [None req-af774e74-0c27-4f73-98c8-3bdd99e19efd admin admin] 10.222.0.22 "DELETE /v2.0/security-groups/9b6d01e2-0f53-479a-8a5b-b5b8aae70f3e HTTP/1.1" status: 204 len: 168 time: 0.5523012
Sep 19 03:00:28.147524 n-d-809936-1 neutron-server[94723]: DEBUG neutron.api.rpc.handlers.resources_rpc [None req-af774e74-0c27-4f73-98c8-3bdd99e19efd admin admin] Pushing event deleted for resources: {'SecurityGroup': ['ID=9b6d01e2-0f53-479a-8a5b-b5b8aae70f3e,revision_number=None']} {{(pid=94723) push /opt/stack/neutron/neutron/api/rpc/handlers/resources_rpc.py:237}}
Sep 19 03:00:28.209953 n-d-809936-1 neutron-server[94723]: DEBUG neutron_lib.callbacks.manager [req-522c6c71-222f-4bee-aa8c-9f627823f037 req-95835087-4f08-4ef1-bd27-050ea59bedf7 tempest-SecurityGroupsTestAdminJSON-938086132 tempest-SecurityGroupsTestAdminJSON-938086132-project] Notify callbacks ['neutron.plugins.ml2.ovo_rpc._ObjectChangeHandler.handle_event-632019'] for security_group, after_delete {{(pid=94723) _notify_loop /usr/local/lib/python3.8/dist-packages/neutron_lib/callbacks/manager.py:192}}
Sep 19 03:00:28.212545 n-d-809936-1 neutron-server[94723]: DEBUG neutron_lib.callbacks.manager [req-522c6c71-222f-4bee-aa8c-9f627823f037 req-95835087-4f08-4ef1-bd27-050ea59bedf7 tempest-SecurityGroupsTestAdminJSON-938086132 tempest-SecurityGroupsTestAdminJSON-938086132-project] Notify callbacks [] for security_group, before_response {{(pid=94723) _notify_loop /usr/local/lib/python3.8/dist-packages/neutron_lib/callbacks/manager.py:192}}
Sep 19 03:00:28.213669 n-d-809936-1 neutron-server[94723]: INFO neutron.wsgi [req-522c6c71-222f-4bee-aa8c-9f627823f037 req-95835087-4f08-4ef1-bd27-050ea59bedf7 tempest-SecurityGroupsTestAdminJSON-938086132 tempest-SecurityGroupsTestAdminJSON-938086132-project] 10.222.0.22 "DELETE /v2.0/security-groups/3d5a750d-0940-4e48-9310-8221945f79de HTTP/1.1" status: 204 len: 173 time: 0.5675399
Sep 19 03:00:28.233039 n-d-809936-1 neutron-server[94723]: INFO neutron.wsgi [req-5d0e0fd4-1eff-4b08-ba92-a3f5f0cbc828 req-ad0c8e5a-13a2-4769-9781-51baa2d5880b tempest-LiveMigrationTest-624979070 tempest-LiveMigrationTest-624979070-project-admin] 10.222.0.22 "GET /v2.0/security-groups?id=8eb69665-3aec-41d8-af92-7c7b927b825e&fields=id&fields=name HTTP/1.1" status: 200 len: 286 time: 0.1491480
Sep 19 03:00:28.244634 n-d-809936-1 neutron-server[94723]: DEBUG neutron.api.rpc.handlers.resources_rpc [None req-95835087-4f08-4ef1-bd27-050ea59bedf7 tempest-SecurityGroupsTestAdminJSON-938086132 tempest-SecurityGroupsTestAdminJSON-938086132-project] Pushing event deleted for resources: {'SecurityGroup': ['ID=3d5a750d-0940-4e48-9310-8221945f79de,revision_number=None']} {{(pid=94723) push /opt/stack/neutron/neutron/api/rpc/handlers/resources_rpc.py:237}}
Sep 19 03:00:28.303136 n-d-809936-1 neutron-server[94723]: DEBUG neutron.pecan_wsgi.hooks.quota_enforcement [req-d59be727-2e19-4cf6-9c4a-accb5aff2f6d req-c4c5adfc-be23-48f8-8485-92a6c10b2e1e tempest-ServersAdminNegativeTestJSON-1639574039 tempest-ServersAdminNegativeTestJSON-1639574039-project] Made reservation on behalf of c592b8061e83448fabdabaf9a34750dc for: {'port': 1} {{(pid=94723) before /opt/stack/neutron/neutron/pecan_wsgi/hooks/quota_enforcement.py:53}}
Sep 19 03:00:28.311733 n-d-809936-1 neutron-server[94723]: DEBUG neutron_lib.callbacks.manager [req-d59be727-2e19-4cf6-9c4a-accb5aff2f6d req-c4c5adfc-be23-48f8-8485-92a6c10b2e1e tempest-ServersAdminNegativeTestJSON-1639574039 tempest-ServersAdminNegativeTestJSON-1639574039-project] Notify callbacks ['neutron.plugins.ml2.plugin.SecurityGroupDbMixin._ensure_default_security_group_handler-3545131'] for port, before_create {{(pid=94723) _notify_loop /usr/local/lib/python3.8/dist-packages/neutron_lib/callbacks/manager.py:192}}
Sep 19 03:00:28.344662 n-d-809936-1 neutron-server[94724]: DEBUG neutron.plugins.ml2.rpc [None req-369f4e8d-f9cd-4711-b79d-d0d2c0ce55c6 None None] Device f5e5cc76-3b4b-4766-ad91-400e2e42d1c9 details requested by agent hyperv_n-h1-809936-1 with host n-h1-809936-1 {{(pid=94724) get_device_details /opt/stack/neutron/neutron/plugins/ml2/rpc.py:102}}
Sep 19 03:00:28.387602 n-d-809936-1 neutron-server[94724]: DEBUG neutron.plugins.ml2.rpc [None req-369f4e8d-f9cd-4711-b79d-d0d2c0ce55c6 None None] Device 52642ea0-4c73-4ce5-9dce-de8b49bf448e no longer exists at agent hyperv_n-h1-809936-1 {{(pid=94724) update_device_down /opt/stack/neutron/neutron/plugins/ml2/rpc.py:259}}
Sep 19 03:00:28.392463 n-d-809936-1 neutron-server[94723]: INFO neutron.wsgi [req-91629981-43d2-4846-bfca-64e696699e8e req-bc0cb9c9-8b02-4304-ac44-dcd4dfa35b69 service neutron] 10.222.0.30 "GET /v2.0/networks/3810f77b-1d45-47d0-9799-ca71fe616613?fields=provider%3Aphysical_network&fields=provider%3Anetwork_type HTTP/1.1" status: 200 len: 281 time: 0.3235826
Sep 19 03:00:28.409423 n-d-809936-1 neutron-server[94724]: DEBUG neutron.plugins.ml2.plugin [None req-369f4e8d-f9cd-4711-b79d-d0d2c0ce55c6 None None] No Port match for: 52642ea0-4c73-4ce5-9dce-de8b49bf448e {{(pid=94724) port_bound_to_host /opt/stack/neutron/neutron/plugins/ml2/plugin.py:2267}}
Sep 19 03:00:28.409786 n-d-809936-1 neutron-server[94724]: DEBUG neutron.plugins.ml2.rpc [None req-369f4e8d-f9cd-4711-b79d-d0d2c0ce55c6 None None] Device 52642ea0-4c73-4ce5-9dce-de8b49bf448e not bound to the agent host n-h1-809936-1 {{(pid=94724) update_device_down /opt/stack/neutron/neutron/plugins/ml2/rpc.py:269}}
Sep 19 03:00:28.449501 n-d-809936-1 neutron-server[94723]: INFO neutron.wsgi [req-18e6ad71-5bf6-4dd2-8239-4162823bbac7 req-fd7b5f88-4e29-4e35-bd3a-8f68df11264b tempest-ServersAdminNegativeTestJSON-1639574039 tempest-ServersAdminNegativeTestJSON-1639574039-project] 10.222.0.22 "GET /v2.0/ports?device_id=119a8935-2591-4008-b820-75d535679e6b HTTP/1.1" status: 200 len: 210 time: 0.0409002
Sep 19 03:00:28.508137 n-d-809936-1 neutron-server[94723]: DEBUG neutron.pecan_wsgi.hooks.policy_enforcement [req-de43034b-0744-4c59-a0f4-ff95e42a6bb4 req-f9e12ae7-f190-4ac8-8ab8-b620b3657ec6 tempest-LiveMigrationTest-624979070 tempest-LiveMigrationTest-624979070-project-admin] Attributes excluded by policy engine: ['standard_attr_id'] {{(pid=94723) _exclude_attributes_by_policy /opt/stack/neutron/neutron/pecan_wsgi/hooks/policy_enforcement.py:255}}
Sep 19 03:00:28.510405 n-d-809936-1 neutron-server[94723]: INFO neutron.wsgi [req-de43034b-0744-4c59-a0f4-ff95e42a6bb4 req-f9e12ae7-f190-4ac8-8ab8-b620b3657ec6 tempest-LiveMigrationTest-624979070 tempest-LiveMigrationTest-624979070-project-admin] 10.222.0.22 "GET /v2.0/ports?device_id=980f1cce-0187-4cae-9976-c924d386fc54 HTTP/1.1" status: 200 len: 1118 time: 0.1536686
Sep 19 03:00:28.559677 n-d-809936-1 neutron-server[94724]: DEBUG neutron.plugins.ml2.db [None req-369f4e8d-f9cd-4711-b79d-d0d2c0ce55c6 None None] For port f5e5cc76-3b4b-4766-ad91-400e2e42d1c9, host n-h2-809936-1, got binding levels [PortBindingLevel(driver='hyperv',host='n-h2-809936-1',level=0,port_id=f5e5cc76-3b4b-4766-ad91-400e2e42d1c9,segment=NetworkSegment(f66a1ba5-74c8-4171-a52f-73cdc07838ac),segment_id=f66a1ba5-74c8-4171-a52f-73cdc07838ac)] {{(pid=94724) get_binding_level_objs /opt/stack/neutron/neutron/plugins/ml2/db.py:74}}
Sep 19 03:00:28.570633 n-d-809936-1 neutron-server[94724]: DEBUG neutron.plugins.ml2.rpc [None req-369f4e8d-f9cd-4711-b79d-d0d2c0ce55c6 None None] Device f5e5cc76-3b4b-4766-ad91-400e2e42d1c9 has no active binding in host n-h1-809936-1 {{(pid=94724) _get_device_details /opt/stack/neutron/neutron/plugins/ml2/rpc.py:158}}
Sep 19 03:00:28.626462 n-d-809936-1 neutron-server[94723]: INFO neutron.wsgi [req-de43034b-0744-4c59-a0f4-ff95e42a6bb4 req-6ecd4228-74d0-4769-89a9-6864c9d9dfe9 tempest-LiveMigrationTest-624979070 tempest-LiveMigrationTest-624979070-project-admin] 10.222.0.22 "GET /v2.0/security-groups?id=8eb69665-3aec-41d8-af92-7c7b927b825e&fields=id&fields=name HTTP/1.1" status: 200 len: 286 time: 0.1054437
Sep 19 03:00:28.642370 n-d-809936-1 neutron-server[94723]: DEBUG neutron.db.db_base_plugin_common [req-d59be727-2e19-4cf6-9c4a-accb5aff2f6d req-c4c5adfc-be23-48f8-8485-92a6c10b2e1e tempest-ServersAdminNegativeTestJSON-1639574039 tempest-ServersAdminNegativeTestJSON-1639574039-project] Allocated IP 192.168.233.82 (3810f77b-1d45-47d0-9799-ca71fe616613/31efae36-85f1-453c-9c7e-c72c6dacf8b3/2b1bd39e-5483-41c9-a239-d489194d95fe) {{(pid=94723) _store_ip_allocation /opt/stack/neutron/neutron/db/db_base_plugin_common.py:131}}
Sep 19 03:00:28.654952 n-d-809936-1 neutron-server[94723]: DEBUG neutron.wsgi [-] (94723) accepted ('10.222.0.22', 58974) {{(pid=94723) server /usr/local/lib/python3.8/dist-packages/eventlet/wsgi.py:982}}
Sep 19 03:00:28.673396 n-d-809936-1 neutron-server[94723]: DEBUG neutron.pecan_wsgi.hooks.policy_enforcement [req-8c91acbd-466d-481b-bc8c-24527ad27fac req-83af3008-4140-40b0-9115-d15c1144285c tempest-LiveAutoBlockMigrationV225Test-605436758 tempest-LiveAutoBlockMigrationV225Test-605436758-project] Attributes excluded by policy engine: ['standard_attr_id', 'binding:profile', 'binding:host_id', 'binding:vif_type', 'binding:vif_details'] {{(pid=94723) _exclude_attributes_by_policy /opt/stack/neutron/neutron/pecan_wsgi/hooks/policy_enforcement.py:255}}
Sep 19 03:00:28.674985 n-d-809936-1 neutron-server[94723]: INFO neutron.wsgi [req-8c91acbd-466d-481b-bc8c-24527ad27fac req-83af3008-4140-40b0-9115-d15c1144285c tempest-LiveAutoBlockMigrationV225Test-605436758 tempest-LiveAutoBlockMigrationV225Test-605436758-project] 10.222.0.22 "GET /v2.0/ports?device_id=15bcd6d4-9d17-4731-924e-4beb52f4f2df HTTP/1.1" status: 200 len: 943 time: 0.1044450
Sep 19 03:00:28.695248 n-d-809936-1 neutron-server[94722]: DEBUG neutron.wsgi [-] (94722) accepted ('10.222.0.22', 58978) {{(pid=94722) server /usr/local/lib/python3.8/dist-packages/eventlet/wsgi.py:982}}
Sep 19 03:00:28.772627 n-d-809936-1 neutron-server[94723]: INFO neutron.wsgi [req-8c91acbd-466d-481b-bc8c-24527ad27fac req-955df4e9-8bea-46db-a305-896cc6e0e88e tempest-LiveAutoBlockMigrationV225Test-605436758 tempest-LiveAutoBlockMigrationV225Test-605436758-project] 10.222.0.22 "GET /v2.0/security-groups?id=d843b473-1bd1-406a-8839-7ce18c7bd34c&fields=id&fields=name HTTP/1.1" status: 200 len: 286 time: 0.0846064
Sep 19 03:00:28.884756 n-d-809936-1 neutron-server[94722]: DEBUG neutron.notifiers.nova [-] Sending events: [{'name': 'network-changed', 'server_uuid': '15bcd6d4-9d17-4731-924e-4beb52f4f2df', 'tag': 'f5e5cc76-3b4b-4766-ad91-400e2e42d1c9'}] {{(pid=94722) send_events /opt/stack/neutron/neutron/notifiers/nova.py:262}}
Sep 19 03:00:28.887546 n-d-809936-1 neutron-server[94722]: DEBUG novaclient.v2.client [-] REQ: curl -g -i --cacert "/opt/stack/data/ca-bundle.pem" -X POST http://10.222.0.22/compute/v2.1/os-server-external-events -H "Accept: application/json" -H "Content-Type: application/json" -H "User-Agent: python-novaclient" -H "X-Auth-Token: {SHA256}71d1068d007c1c94723cc498bbc1785b166bd65a8221ec9ddc2b76505f6d5a57" -H "X-OpenStack-Nova-API-Version: 2.1" -H "X-OpenStack-Request-ID: req-4d2ba739-8949-4fb9-9edf-e687a77ce9ba" -d '{"events": [{"name": "network-changed", "server_uuid": "15bcd6d4-9d17-4731-924e-4beb52f4f2df", "tag": "f5e5cc76-3b4b-4766-ad91-400e2e42d1c9"}]}' {{(pid=94722) _http_log_request /usr/local/lib/python3.8/dist-packages/keystoneauth1/session.py:519}}
Sep 19 03:00:28.901686 n-d-809936-1 neutron-server[94722]: INFO neutron.wsgi [None req-fe0b35d4-ac42-4a36-a0c5-c30f250a5bbd admin admin] 10.222.0.22 "GET /v2.0/security-groups?tenant_id=5bea2980aa66490bb26d9ec9ef8919db&name=default HTTP/1.1" status: 200 len: 2979 time: 0.2044532
Sep 19 03:00:28.904978 n-d-809936-1 neutron-server[94722]: DEBUG neutron.wsgi [-] (94722) accepted ('10.222.0.22', 58992) {{(pid=94722) server /usr/local/lib/python3.8/dist-packages/eventlet/wsgi.py:982}}
Sep 19 03:00:28.914147 n-d-809936-1 neutron-server[94723]: DEBUG neutron.pecan_wsgi.hooks.policy_enforcement [req-d49b8c1f-6db0-4175-94c2-bfe59f62c0d9 req-e2340c96-ad8f-41c2-b6e1-5a5a589c880c tempest-DeleteServersAdminTestJSON-194051467 tempest-DeleteServersAdminTestJSON-194051467-project] Attributes excluded by policy engine: ['standard_attr_id', 'binding:profile', 'binding:host_id', 'binding:vif_type', 'binding:vif_details'] {{(pid=94723) _exclude_attributes_by_policy /opt/stack/neutron/neutron/pecan_wsgi/hooks/policy_enforcement.py:255}}
Sep 19 03:00:28.916414 n-d-809936-1 neutron-server[94723]: INFO neutron.wsgi [req-d49b8c1f-6db0-4175-94c2-bfe59f62c0d9 req-e2340c96-ad8f-41c2-b6e1-5a5a589c880c tempest-DeleteServersAdminTestJSON-194051467 tempest-DeleteServersAdminTestJSON-194051467-project] 10.222.0.22 "GET /v2.0/ports?device_id=3e9da3eb-dac2-444c-803d-cc9df677b244 HTTP/1.1" status: 200 len: 948 time: 0.1574609
Sep 19 03:00:28.926990 n-d-809936-1 neutron-server[94723]: INFO neutron.wsgi [None req-b709dbbe-ca6b-403c-8f58-797a7fbd9820 admin admin] 10.222.0.22 "GET /v2.0/security-groups?tenant_id=b56bbe5b1ce44366aeec65f770fd01fd&name=default HTTP/1.1" status: 200 len: 2979 time: 0.2678661
Sep 19 03:00:28.929049 n-d-809936-1 neutron-server[94723]: DEBUG neutron.wsgi [-] (94723) accepted ('10.222.0.22', 58994) {{(pid=94723) server /usr/local/lib/python3.8/dist-packages/eventlet/wsgi.py:982}}
Sep 19 03:00:28.957988 n-d-809936-1 neutron-server[94723]: DEBUG neutron_lib.callbacks.manager [req-d59be727-2e19-4cf6-9c4a-accb5aff2f6d req-c4c5adfc-be23-48f8-8485-92a6c10b2e1e tempest-ServersAdminNegativeTestJSON-1639574039 tempest-ServersAdminNegativeTestJSON-1639574039-project] Notify callbacks [] for port, precommit_create {{(pid=94723) _notify_loop /usr/local/lib/python3.8/dist-packages/neutron_lib/callbacks/manager.py:192}}
Sep 19 03:00:28.961814 n-d-809936-1 neutron-server[94722]: DEBUG neutron_lib.callbacks.manager [None req-7fb566df-4a89-48cc-81a2-67e0f5957b1b admin admin] Notify callbacks [] for security_group, before_delete {{(pid=94722) _notify_loop /usr/local/lib/python3.8/dist-packages/neutron_lib/callbacks/manager.py:192}}
Sep 19 03:00:28.972935 n-d-809936-1 neutron-server[94723]: DEBUG neutron.wsgi [req-84381f9f-c514-4cfd-acf3-e1902cb76e9f req-917edcfa-4acc-4948-8e44-93b88c4e3f5a service neutron] http://10.222.0.22:9696/v2.0/extensions returned with HTTP 200 {{(pid=94723) __call__ /opt/stack/neutron/neutron/wsgi.py:729}}
Sep 19 03:00:28.973933 n-d-809936-1 neutron-server[94723]: INFO neutron.wsgi [req-84381f9f-c514-4cfd-acf3-e1902cb76e9f req-917edcfa-4acc-4948-8e44-93b88c4e3f5a service neutron] 10.222.0.22 "GET /v2.0/extensions HTTP/1.1" status: 200 len: 13640 time: 0.0082595
Sep 19 03:00:28.992530 n-d-809936-1 neutron-server[94722]: DEBUG neutron_lib.callbacks.manager [None req-7fb566df-4a89-48cc-81a2-67e0f5957b1b admin admin] Notify callbacks [] for security_group, precommit_delete {{(pid=94722) _notify_loop /usr/local/lib/python3.8/dist-packages/neutron_lib/callbacks/manager.py:192}}
Sep 19 03:00:29.023421 n-d-809936-1 neutron-server[94723]: INFO neutron.wsgi [req-d49b8c1f-6db0-4175-94c2-bfe59f62c0d9 req-99df996a-8e40-4745-9108-8427d769dfd1 tempest-DeleteServersAdminTestJSON-194051467 tempest-DeleteServersAdminTestJSON-194051467-project] 10.222.0.22 "GET /v2.0/security-groups?id=184e273a-6173-48ff-9c1c-15cb5330d4f5&fields=id&fields=name HTTP/1.1" status: 200 len: 286 time: 0.0975323
Sep 19 03:00:29.085027 n-d-809936-1 neutron-server[94722]: DEBUG neutron_lib.callbacks.manager [None req-7fb566df-4a89-48cc-81a2-67e0f5957b1b admin admin] Notify callbacks ['neutron.plugins.ml2.ovo_rpc._ObjectChangeHandler.handle_event-632019'] for security_group, after_delete {{(pid=94722) _notify_loop /usr/local/lib/python3.8/dist-packages/neutron_lib/callbacks/manager.py:192}}
Sep 19 03:00:29.088333 n-d-809936-1 neutron-server[94722]: DEBUG neutron_lib.callbacks.manager [None req-7fb566df-4a89-48cc-81a2-67e0f5957b1b admin admin] Notify callbacks [] for security_group, before_response {{(pid=94722) _notify_loop /usr/local/lib/python3.8/dist-packages/neutron_lib/callbacks/manager.py:192}}
Sep 19 03:00:29.092382 n-d-809936-1 neutron-server[94722]: INFO neutron.wsgi [None req-7fb566df-4a89-48cc-81a2-67e0f5957b1b admin admin] 10.222.0.22 "DELETE /v2.0/security-groups/5037d565-2fef-49e2-8248-d205a87ea1f9 HTTP/1.1" status: 204 len: 168 time: 0.1862996
Sep 19 03:00:29.100847 n-d-809936-1 neutron-server[94722]: DEBUG neutron.api.rpc.handlers.resources_rpc [None req-7fb566df-4a89-48cc-81a2-67e0f5957b1b admin admin] Pushing event deleted for resources: {'SecurityGroup': ['ID=5037d565-2fef-49e2-8248-d205a87ea1f9,revision_number=None']} {{(pid=94722) push /opt/stack/neutron/neutron/api/rpc/handlers/resources_rpc.py:237}}
Sep 19 03:00:29.106191 n-d-809936-1 neutron-server[94723]: DEBUG neutron_lib.callbacks.manager [None req-751c08f1-0687-44a0-9cc8-343dbf3ea5da admin admin] Notify callbacks [] for security_group, before_delete {{(pid=94723) _notify_loop /usr/local/lib/python3.8/dist-packages/neutron_lib/callbacks/manager.py:192}}
Sep 19 03:00:29.110771 n-d-809936-1 neutron-server[94722]: DEBUG neutron.api.rpc.callbacks.version_manager [None req-7fb566df-4a89-48cc-81a2-67e0f5957b1b admin admin] Version for resource type AddressGroup changed None to 1.2 on consumer Open vSwitch agent@n-d-809936-1 {{(pid=94722) _set_version /opt/stack/neutron/neutron/api/rpc/callbacks/version_manager.py:113}}
Sep 19 03:00:29.111423 n-d-809936-1 neutron-server[94722]: DEBUG neutron.api.rpc.callbacks.version_manager [None req-7fb566df-4a89-48cc-81a2-67e0f5957b1b admin admin] Version for resource type ConntrackHelper changed None to 1.0 on consumer Open vSwitch agent@n-d-809936-1 {{(pid=94722) _set_version /opt/stack/neutron/neutron/api/rpc/callbacks/version_manager.py:113}}
Sep 19 03:00:29.111923 n-d-809936-1 neutron-server[94722]: DEBUG neutron.api.rpc.callbacks.version_manager [None req-7fb566df-4a89-48cc-81a2-67e0f5957b1b admin admin] Version for resource type Log changed None to 1.0 on consumer Open vSwitch agent@n-d-809936-1 {{(pid=94722) _set_version /opt/stack/neutron/neutron/api/rpc/callbacks/version_manager.py:113}}
Sep 19 03:00:29.112406 n-d-809936-1 neutron-server[94722]: DEBUG neutron.api.rpc.callbacks.version_manager [None req-7fb566df-4a89-48cc-81a2-67e0f5957b1b admin admin] Version for resource type Network changed None to 1.1 on consumer Open vSwitch agent@n-d-809936-1 {{(pid=94722) _set_version /opt/stack/neutron/neutron/api/rpc/callbacks/version_manager.py:113}}
Sep 19 03:00:29.112881 n-d-809936-1 neutron-server[94722]: DEBUG neutron.api.rpc.callbacks.version_manager [None req-7fb566df-4a89-48cc-81a2-67e0f5957b1b admin admin] Version for resource type Port changed None to 1.7 on consumer Open vSwitch agent@n-d-809936-1 {{(pid=94722) _set_version /opt/stack/neutron/neutron/api/rpc/callbacks/version_manager.py:113}}
Sep 19 03:00:29.113398 n-d-809936-1 neutron-server[94722]: DEBUG neutron.api.rpc.callbacks.version_manager [None req-7fb566df-4a89-48cc-81a2-67e0f5957b1b admin admin] Version for resource type PortForwarding changed None to 1.2 on consumer Open vSwitch agent@n-d-809936-1 {{(pid=94722) _set_version /opt/stack/neutron/neutron/api/rpc/callbacks/version_manager.py:113}}
Sep 19 03:00:29.114040 n-d-809936-1 neutron-server[94722]: DEBUG neutron.api.rpc.callbacks.version_manager [None req-7fb566df-4a89-48cc-81a2-67e0f5957b1b admin admin] Version for resource type QosPolicy changed None to 1.9 on consumer Open vSwitch agent@n-d-809936-1 {{(pid=94722) _set_version /opt/stack/neutron/neutron/api/rpc/callbacks/version_manager.py:113}}
Sep 19 03:00:29.114606 n-d-809936-1 neutron-server[94722]: DEBUG neutron.api.rpc.callbacks.version_manager [None req-7fb566df-4a89-48cc-81a2-67e0f5957b1b admin admin] Version for resource type SecurityGroup changed None to 1.4 on consumer Open vSwitch agent@n-d-809936-1 {{(pid=94722) _set_version /opt/stack/neutron/neutron/api/rpc/callbacks/version_manager.py:113}}
Sep 19 03:00:29.115232 n-d-809936-1 neutron-server[94722]: DEBUG neutron.api.rpc.callbacks.version_manager [None req-7fb566df-4a89-48cc-81a2-67e0f5957b1b admin admin] Version for resource type SecurityGroupRule changed None to 1.2 on consumer Open vSwitch agent@n-d-809936-1 {{(pid=94722) _set_version /opt/stack/neutron/neutron/api/rpc/callbacks/version_manager.py:113}}
Sep 19 03:00:29.115809 n-d-809936-1 neutron-server[94722]: DEBUG neutron.api.rpc.callbacks.version_manager [None req-7fb566df-4a89-48cc-81a2-67e0f5957b1b admin admin] Version for resource type SubPort changed None to 1.0 on consumer Open vSwitch agent@n-d-809936-1 {{(pid=94722) _set_version /opt/stack/neutron/neutron/api/rpc/callbacks/version_manager.py:113}}
Sep 19 03:00:29.116350 n-d-809936-1 neutron-server[94722]: DEBUG neutron.api.rpc.callbacks.version_manager [None req-7fb566df-4a89-48cc-81a2-67e0f5957b1b admin admin] Version for resource type Subnet changed None to 1.1 on consumer Open vSwitch agent@n-d-809936-1 {{(pid=94722) _set_version /opt/stack/neutron/neutron/api/rpc/callbacks/version_manager.py:113}}
Sep 19 03:00:29.116898 n-d-809936-1 neutron-server[94722]: DEBUG neutron.api.rpc.callbacks.version_manager [None req-7fb566df-4a89-48cc-81a2-67e0f5957b1b admin admin] Version for resource type Trunk changed None to 1.1 on consumer Open vSwitch agent@n-d-809936-1 {{(pid=94722) _set_version /opt/stack/neutron/neutron/api/rpc/callbacks/version_manager.py:113}}
Sep 19 03:00:29.124487 n-d-809936-1 neutron-server[94723]: DEBUG neutron_lib.callbacks.manager [req-d59be727-2e19-4cf6-9c4a-accb5aff2f6d req-c4c5adfc-be23-48f8-8485-92a6c10b2e1e tempest-ServersAdminNegativeTestJSON-1639574039 tempest-ServersAdminNegativeTestJSON-1639574039-project] Notify callbacks ['neutron.plugins.ml2.plugin.SecurityGroupServerNotifierRpcMixin._notify_sg_on_port_change-3545194', 'neutron.plugins.ml2.ovo_rpc._ObjectChangeHandler.handle_event-35956', 'neutron.api.rpc.agentnotifiers.dhcp_rpc_agent_api.DhcpAgentNotifyAPI._native_event_send_dhcp_notification-530244', 'neutron.db.l3_dvrscheduler_db._notify_l3_agent_new_port-8759691796152', 'neutron.services.segments.plugin.NovaSegmentNotifier._notify_port_created_or_deleted-59475833'] for port, after_create {{(pid=94723) _notify_loop /usr/local/lib/python3.8/dist-packages/neutron_lib/callbacks/manager.py:192}}
Sep 19 03:00:29.134468 n-d-809936-1 neutron-server[94722]: DEBUG novaclient.v2.client [-] RESP: [200] Connection: close Content-Length: 179 Content-Type: application/json Date: Sun, 19 Sep 2021 03:00:28 GMT OpenStack-API-Version: compute 2.1 Server: Apache/2.4.41 (Ubuntu) Vary: OpenStack-API-Version,X-OpenStack-Nova-API-Version X-OpenStack-Nova-API-Version: 2.1 x-compute-request-id: req-c967e368-7cc6-4eed-bea1-fe1b36e7e6ee x-openstack-request-id: req-c967e368-7cc6-4eed-bea1-fe1b36e7e6ee {{(pid=94722) _http_log_response /usr/local/lib/python3.8/dist-packages/keystoneauth1/session.py:550}}
Sep 19 03:00:29.135074 n-d-809936-1 neutron-server[94722]: DEBUG novaclient.v2.client [-] RESP BODY: {"events": [{"name": "network-changed", "server_uuid": "15bcd6d4-9d17-4731-924e-4beb52f4f2df", "tag": "f5e5cc76-3b4b-4766-ad91-400e2e42d1c9", "status": "completed", "code": 200}]} {{(pid=94722) _http_log_response /usr/local/lib/python3.8/dist-packages/keystoneauth1/session.py:582}}
Sep 19 03:00:29.135545 n-d-809936-1 neutron-server[94722]: DEBUG novaclient.v2.client [-] POST call to compute for http://10.222.0.22/compute/v2.1/os-server-external-events used request id req-c967e368-7cc6-4eed-bea1-fe1b36e7e6ee {{(pid=94722) request /usr/local/lib/python3.8/dist-packages/keystoneauth1/session.py:954}}
Sep 19 03:00:29.136149 n-d-809936-1 neutron-server[94722]: INFO neutron.notifiers.nova [-] Nova event response: {'name': 'network-changed', 'server_uuid': '15bcd6d4-9d17-4731-924e-4beb52f4f2df', 'tag': 'f5e5cc76-3b4b-4766-ad91-400e2e42d1c9', 'status': 'completed', 'code': 200}
Sep 19 03:00:29.160349 n-d-809936-1 neutron-server[94724]: DEBUG neutron.plugins.ml2.db [None req-4292d4cc-156f-432c-8cb4-007bb60ef2d1 None None] get_ports_and_sgs() called for port_ids ['679e5483-4fda-4515-8cde-b5977c823d33'] {{(pid=94724) get_ports_and_sgs /opt/stack/neutron/neutron/plugins/ml2/db.py:156}}
Sep 19 03:00:29.196007 n-d-809936-1 neutron-server[94723]: DEBUG neutron_lib.callbacks.manager [None req-751c08f1-0687-44a0-9cc8-343dbf3ea5da admin admin] Notify callbacks [] for security_group, precommit_delete {{(pid=94723) _notify_loop /usr/local/lib/python3.8/dist-packages/neutron_lib/callbacks/manager.py:192}}
Sep 19 03:00:29.216387 n-d-809936-1 neutron-server[94723]: DEBUG neutron.scheduler.dhcp_agent_scheduler [req-d59be727-2e19-4cf6-9c4a-accb5aff2f6d req-c4c5adfc-be23-48f8-8485-92a6c10b2e1e tempest-ServersAdminNegativeTestJSON-1639574039 tempest-ServersAdminNegativeTestJSON-1639574039-project] Network 3810f77b-1d45-47d0-9799-ca71fe616613 is already hosted by enough agents. {{(pid=94723) _get_dhcp_agents_hosting_network /opt/stack/neutron/neutron/scheduler/dhcp_agent_scheduler.py:275}}
Sep 19 03:00:29.226380 n-d-809936-1 neutron-server[94723]: DEBUG neutron.scheduler.base_scheduler [req-d59be727-2e19-4cf6-9c4a-accb5aff2f6d req-c4c5adfc-be23-48f8-8485-92a6c10b2e1e tempest-ServersAdminNegativeTestJSON-1639574039 tempest-ServersAdminNegativeTestJSON-1639574039-project] Resources bound (agent type, host, resource id): {{(pid=94723) schedule /opt/stack/neutron/neutron/scheduler/base_scheduler.py:57}}
Sep 19 03:00:29.231990 n-d-809936-1 neutron-server[94723]: DEBUG neutron.db.l3_dvrscheduler_db [req-d59be727-2e19-4cf6-9c4a-accb5aff2f6d req-c4c5adfc-be23-48f8-8485-92a6c10b2e1e tempest-ServersAdminNegativeTestJSON-1639574039 tempest-ServersAdminNegativeTestJSON-1639574039-project] Received port after_create {{(pid=94723) _notify_l3_agent_new_port /opt/stack/neutron/neutron/db/l3_dvrscheduler_db.py:535}}
Sep 19 03:00:29.269714 n-d-809936-1 neutron-server[94722]: DEBUG neutron.pecan_wsgi.hooks.policy_enforcement [req-4d2ba739-8949-4fb9-9edf-e687a77ce9ba req-7a8bf6a9-0ff4-4764-ae12-cccfd8e829e2 service neutron] Attributes excluded by policy engine: ['standard_attr_id'] {{(pid=94722) _exclude_attributes_by_policy /opt/stack/neutron/neutron/pecan_wsgi/hooks/policy_enforcement.py:255}}
Sep 19 03:00:29.272350 n-d-809936-1 neutron-server[94722]: INFO neutron.wsgi [req-4d2ba739-8949-4fb9-9edf-e687a77ce9ba req-7a8bf6a9-0ff4-4764-ae12-cccfd8e829e2 service neutron] 10.222.0.32 "GET /v2.0/ports?tenant_id=ef934edf9ce84369a7d7646bf99a2728&device_id=15bcd6d4-9d17-4731-924e-4beb52f4f2df HTTP/1.1" status: 200 len: 1124 time: 0.0986841
Sep 19 03:00:29.337141 n-d-809936-1 neutron-server[94723]: DEBUG neutron.api.rpc.handlers.resources_rpc [None req-c4c5adfc-be23-48f8-8485-92a6c10b2e1e tempest-ServersAdminNegativeTestJSON-1639574039 tempest-ServersAdminNegativeTestJSON-1639574039-project] Pushing event updated for resources: {'Port': ['ID=2b1bd39e-5483-41c9-a239-d489194d95fe,revision_number=1']} {{(pid=94723) push /opt/stack/neutron/neutron/api/rpc/handlers/resources_rpc.py:237}}
Sep 19 03:00:29.403790 n-d-809936-1 neutron-server[94723]: DEBUG neutron.api.rpc.callbacks.version_manager [None req-c4c5adfc-be23-48f8-8485-92a6c10b2e1e tempest-ServersAdminNegativeTestJSON-1639574039 tempest-ServersAdminNegativeTestJSON-1639574039-project] Version for resource type AddressGroup changed None to 1.2 on consumer Open vSwitch agent@n-d-809936-1 {{(pid=94723) _set_version /opt/stack/neutron/neutron/api/rpc/callbacks/version_manager.py:113}}
Sep 19 03:00:29.412058 n-d-809936-1 neutron-server[94722]: DEBUG neutron.pecan_wsgi.hooks.policy_enforcement [req-4d2ba739-8949-4fb9-9edf-e687a77ce9ba req-fb4c13de-c92c-48b0-8ef0-bde04c731c3f service neutron] Attributes excluded by policy engine: ['standard_attr_id', 'vlan_transparent'] {{(pid=94722) _exclude_attributes_by_policy /opt/stack/neutron/neutron/pecan_wsgi/hooks/policy_enforcement.py:255}}
Sep 19 03:00:29.414486 n-d-809936-1 neutron-server[94722]: INFO neutron.wsgi [req-4d2ba739-8949-4fb9-9edf-e687a77ce9ba req-fb4c13de-c92c-48b0-8ef0-bde04c731c3f service neutron] 10.222.0.32 "GET /v2.0/networks?id=f541e3a0-407b-4757-b916-a146249c9a6a HTTP/1.1" status: 200 len: 921 time: 0.1326675
Sep 19 03:00:29.415606 n-d-809936-1 neutron-server[94723]: DEBUG neutron.api.rpc.callbacks.version_manager [None req-c4c5adfc-be23-48f8-8485-92a6c10b2e1e tempest-ServersAdminNegativeTestJSON-1639574039 tempest-ServersAdminNegativeTestJSON-1639574039-project] Version for resource type ConntrackHelper changed None to 1.0 on consumer Open vSwitch agent@n-d-809936-1 {{(pid=94723) _set_version /opt/stack/neutron/neutron/api/rpc/callbacks/version_manager.py:113}}
Sep 19 03:00:29.416051 n-d-809936-1 neutron-server[94723]: DEBUG neutron.api.rpc.callbacks.version_manager [None req-c4c5adfc-be23-48f8-8485-92a6c10b2e1e tempest-ServersAdminNegativeTestJSON-1639574039 tempest-ServersAdminNegativeTestJSON-1639574039-project] Version for resource type Log changed None to 1.0 on consumer Open vSwitch agent@n-d-809936-1 {{(pid=94723) _set_version /opt/stack/neutron/neutron/api/rpc/callbacks/version_manager.py:113}}
Sep 19 03:00:29.416677 n-d-809936-1 neutron-server[94723]: DEBUG neutron.api.rpc.callbacks.version_manager [None req-c4c5adfc-be23-48f8-8485-92a6c10b2e1e tempest-ServersAdminNegativeTestJSON-1639574039 tempest-ServersAdminNegativeTestJSON-1639574039-project] Version for resource type Network changed None to 1.1 on consumer Open vSwitch agent@n-d-809936-1 {{(pid=94723) _set_version /opt/stack/neutron/neutron/api/rpc/callbacks/version_manager.py:113}}
Sep 19 03:00:29.416677 n-d-809936-1 neutron-server[94723]: DEBUG neutron.api.rpc.callbacks.version_manager [None req-c4c5adfc-be23-48f8-8485-92a6c10b2e1e tempest-ServersAdminNegativeTestJSON-1639574039 tempest-ServersAdminNegativeTestJSON-1639574039-project] Version for resource type Port changed None to 1.7 on consumer Open vSwitch agent@n-d-809936-1 {{(pid=94723) _set_version /opt/stack/neutron/neutron/api/rpc/callbacks/version_manager.py:113}}
Sep 19 03:00:29.417046 n-d-809936-1 neutron-server[94723]: DEBUG neutron.api.rpc.callbacks.version_manager [None req-c4c5adfc-be23-48f8-8485-92a6c10b2e1e tempest-ServersAdminNegativeTestJSON-1639574039 tempest-ServersAdminNegativeTestJSON-1639574039-project] Version for resource type PortForwarding changed None to 1.2 on consumer Open vSwitch agent@n-d-809936-1 {{(pid=94723) _set_version /opt/stack/neutron/neutron/api/rpc/callbacks/version_manager.py:113}}
Sep 19 03:00:29.417365 n-d-809936-1 neutron-server[94723]: DEBUG neutron.api.rpc.callbacks.version_manager [None req-c4c5adfc-be23-48f8-8485-92a6c10b2e1e tempest-ServersAdminNegativeTestJSON-1639574039 tempest-ServersAdminNegativeTestJSON-1639574039-project] Version for resource type QosPolicy changed None to 1.9 on consumer Open vSwitch agent@n-d-809936-1 {{(pid=94723) _set_version /opt/stack/neutron/neutron/api/rpc/callbacks/version_manager.py:113}}
Sep 19 03:00:29.417706 n-d-809936-1 neutron-server[94723]: DEBUG neutron.api.rpc.callbacks.version_manager [None req-c4c5adfc-be23-48f8-8485-92a6c10b2e1e tempest-ServersAdminNegativeTestJSON-1639574039 tempest-ServersAdminNegativeTestJSON-1639574039-project] Version for resource type SecurityGroup changed None to 1.4 on consumer Open vSwitch agent@n-d-809936-1 {{(pid=94723) _set_version /opt/stack/neutron/neutron/api/rpc/callbacks/version_manager.py:113}}
Sep 19 03:00:29.418021 n-d-809936-1 neutron-server[94723]: DEBUG neutron.api.rpc.callbacks.version_manager [None req-c4c5adfc-be23-48f8-8485-92a6c10b2e1e tempest-ServersAdminNegativeTestJSON-1639574039 tempest-ServersAdminNegativeTestJSON-1639574039-project] Version for resource type SecurityGroupRule changed None to 1.2 on consumer Open vSwitch agent@n-d-809936-1 {{(pid=94723) _set_version /opt/stack/neutron/neutron/api/rpc/callbacks/version_manager.py:113}}
Sep 19 03:00:29.418335 n-d-809936-1 neutron-server[94723]: DEBUG neutron.api.rpc.callbacks.version_manager [None req-c4c5adfc-be23-48f8-8485-92a6c10b2e1e tempest-ServersAdminNegativeTestJSON-1639574039 tempest-ServersAdminNegativeTestJSON-1639574039-project] Version for resource type SubPort changed None to 1.0 on consumer Open vSwitch agent@n-d-809936-1 {{(pid=94723) _set_version /opt/stack/neutron/neutron/api/rpc/callbacks/version_manager.py:113}}
Sep 19 03:00:29.418665 n-d-809936-1 neutron-server[94723]: DEBUG neutron.api.rpc.callbacks.version_manager [None req-c4c5adfc-be23-48f8-8485-92a6c10b2e1e tempest-ServersAdminNegativeTestJSON-1639574039 tempest-ServersAdminNegativeTestJSON-1639574039-project] Version for resource type Subnet changed None to 1.1 on consumer Open vSwitch agent@n-d-809936-1 {{(pid=94723) _set_version /opt/stack/neutron/neutron/api/rpc/callbacks/version_manager.py:113}}
Sep 19 03:00:29.418984 n-d-809936-1 neutron-server[94723]: DEBUG neutron.api.rpc.callbacks.version_manager [None req-c4c5adfc-be23-48f8-8485-92a6c10b2e1e tempest-ServersAdminNegativeTestJSON-1639574039 tempest-ServersAdminNegativeTestJSON-1639574039-project] Version for resource type Trunk changed None to 1.1 on consumer Open vSwitch agent@n-d-809936-1 {{(pid=94723) _set_version /opt/stack/neutron/neutron/api/rpc/callbacks/version_manager.py:113}}
Sep 19 03:00:29.458247 n-d-809936-1 neutron-server[94723]: DEBUG neutron.pecan_wsgi.hooks.policy_enforcement [req-d59be727-2e19-4cf6-9c4a-accb5aff2f6d req-c4c5adfc-be23-48f8-8485-92a6c10b2e1e tempest-ServersAdminNegativeTestJSON-1639574039 tempest-ServersAdminNegativeTestJSON-1639574039-project] Attributes excluded by policy engine: ['standard_attr_id', 'binding:profile', 'binding:host_id', 'binding:vif_type', 'binding:vif_details', 'network'] {{(pid=94723) _exclude_attributes_by_policy /opt/stack/neutron/neutron/pecan_wsgi/hooks/policy_enforcement.py:255}}
Sep 19 03:00:29.458958 n-d-809936-1 neutron-server[94723]: DEBUG neutron_lib.callbacks.manager [req-d59be727-2e19-4cf6-9c4a-accb5aff2f6d req-c4c5adfc-be23-48f8-8485-92a6c10b2e1e tempest-ServersAdminNegativeTestJSON-1639574039 tempest-ServersAdminNegativeTestJSON-1639574039-project] Notify callbacks ['neutron.notifiers.nova.Notifier._send_nova_notification-996628'] for port, before_response {{(pid=94723) _notify_loop /usr/local/lib/python3.8/dist-packages/neutron_lib/callbacks/manager.py:192}}
Sep 19 03:00:29.482308 n-d-809936-1 neutron-server[94723]: INFO neutron.wsgi [req-d59be727-2e19-4cf6-9c4a-accb5aff2f6d req-c4c5adfc-be23-48f8-8485-92a6c10b2e1e tempest-ServersAdminNegativeTestJSON-1639574039 tempest-ServersAdminNegativeTestJSON-1639574039-project] 10.222.0.32 "POST /v2.0/ports HTTP/1.1" status: 201 len: 937 time: 1.4985974
Sep 19 03:00:29.489451 n-d-809936-1 neutron-server[94723]: DEBUG neutron_lib.callbacks.manager [None req-751c08f1-0687-44a0-9cc8-343dbf3ea5da admin admin] Notify callbacks ['neutron.plugins.ml2.ovo_rpc._ObjectChangeHandler.handle_event-632019'] for security_group, after_delete {{(pid=94723) _notify_loop /usr/local/lib/python3.8/dist-packages/neutron_lib/callbacks/manager.py:192}}
Sep 19 03:00:29.493336 n-d-809936-1 neutron-server[94722]: INFO neutron.wsgi [req-4d2ba739-8949-4fb9-9edf-e687a77ce9ba req-9487de6a-2d2f-462e-aa57-e55d0c3c7315 service neutron] 10.222.0.32 "GET /v2.0/floatingips?fixed_ip_address=172.20.0.8&port_id=f5e5cc76-3b4b-4766-ad91-400e2e42d1c9 HTTP/1.1" status: 200 len: 217 time: 0.0701056
Sep 19 03:00:29.493523 n-d-809936-1 neutron-server[94723]: DEBUG neutron_lib.callbacks.manager [None req-751c08f1-0687-44a0-9cc8-343dbf3ea5da admin admin] Notify callbacks [] for security_group, before_response {{(pid=94723) _notify_loop /usr/local/lib/python3.8/dist-packages/neutron_lib/callbacks/manager.py:192}}
Sep 19 03:00:29.497566 n-d-809936-1 neutron-server[94723]: INFO neutron.wsgi [None req-751c08f1-0687-44a0-9cc8-343dbf3ea5da admin admin] 10.222.0.22 "DELETE /v2.0/security-groups/46d33fea-1704-446f-a250-d7e14b5e038c HTTP/1.1" status: 204 len: 168 time: 0.5645127
Sep 19 03:00:29.515400 n-d-809936-1 neutron-server[94724]: DEBUG neutron_lib.callbacks.manager [None req-4292d4cc-156f-432c-8cb4-007bb60ef2d1 None None] Notify callbacks ['neutron.services.segments.db._update_segment_host_mapping_for_agent-8759692327307', 'neutron.plugins.ml2.plugin.Ml2Plugin._retry_binding_revived_agents-3586076'] for agent, after_update {{(pid=94724) _notify_loop /usr/local/lib/python3.8/dist-packages/neutron_lib/callbacks/manager.py:192}}
Sep 19 03:00:29.529797 n-d-809936-1 neutron-server[94723]: DEBUG neutron.notifiers.nova [-] Sending events: [{'name': 'network-changed', 'server_uuid': '3e9da3eb-dac2-444c-803d-cc9df677b244', 'tag': '3007211c-7c9e-41ab-9277-f5e8bffbe17b'}] {{(pid=94723) send_events /opt/stack/neutron/neutron/notifiers/nova.py:262}}
Sep 19 03:00:29.536307 n-d-809936-1 neutron-server[94723]: DEBUG novaclient.v2.client [-] REQ: curl -g -i --cacert "/opt/stack/data/ca-bundle.pem" -X POST http://10.222.0.22/compute/v2.1/os-server-external-events -H "Accept: application/json" -H "Content-Type: application/json" -H "User-Agent: python-novaclient" -H "X-Auth-Token: {SHA256}5c0fc3bd912dea0f0eefe7ac8f923680061426d70c92900a58aca5c7f1eb60e4" -H "X-OpenStack-Nova-API-Version: 2.1" -H "X-OpenStack-Request-ID: req-7fd609c2-c6b5-425f-b06c-c1d856fab09d" -d '{"events": [{"name": "network-changed", "server_uuid": "3e9da3eb-dac2-444c-803d-cc9df677b244", "tag": "3007211c-7c9e-41ab-9277-f5e8bffbe17b"}]}' {{(pid=94723) _http_log_request /usr/local/lib/python3.8/dist-packages/keystoneauth1/session.py:519}}
Sep 19 03:00:29.546419 n-d-809936-1 neutron-server[94723]: DEBUG neutron.api.rpc.handlers.resources_rpc [None req-751c08f1-0687-44a0-9cc8-343dbf3ea5da admin admin] Pushing event deleted for resources: {'SecurityGroup': ['ID=46d33fea-1704-446f-a250-d7e14b5e038c,revision_number=None']} {{(pid=94723) push /opt/stack/neutron/neutron/api/rpc/handlers/resources_rpc.py:237}}
Sep 19 03:00:29.556809 n-d-809936-1 neutron-server[94723]: DEBUG neutron.api.v2.base [req-d59be727-2e19-4cf6-9c4a-accb5aff2f6d req-c1276034-8241-4525-b8de-7150334cb5f0 service neutron] Request body: {'port': {'device_id': '119a8935-2591-4008-b820-75d535679e6b', 'device_owner': 'compute:nova', 'binding:host_id': 'n-h2-809936-1'}} {{(pid=94723) prepare_request_body /opt/stack/neutron/neutron/api/v2/base.py:730}}
Sep 19 03:00:29.630895 n-d-809936-1 neutron-server[94722]: DEBUG neutron.pecan_wsgi.hooks.policy_enforcement [req-4d2ba739-8949-4fb9-9edf-e687a77ce9ba req-00d2a0a1-6cb3-4fff-9bc4-5ad2fa084208 service neutron] Attributes excluded by policy engine: ['standard_attr_id', 'shared', 'segment_id'] {{(pid=94722) _exclude_attributes_by_policy /opt/stack/neutron/neutron/pecan_wsgi/hooks/policy_enforcement.py:255}}
Sep 19 03:00:29.632389 n-d-809936-1 neutron-server[94722]: INFO neutron.wsgi [req-4d2ba739-8949-4fb9-9edf-e687a77ce9ba req-00d2a0a1-6cb3-4fff-9bc4-5ad2fa084208 service neutron] 10.222.0.32 "GET /v2.0/subnets?id=58e173fd-59d2-4cdd-9fca-055d94aea1a8 HTTP/1.1" status: 200 len: 860 time: 0.1146903
Sep 19 03:00:29.675641 n-d-809936-1 neutron-server[94723]: DEBUG neutron_lib.callbacks.manager [req-d59be727-2e19-4cf6-9c4a-accb5aff2f6d req-c1276034-8241-4525-b8de-7150334cb5f0 service neutron] Notify callbacks ['neutron.plugins.ml2.plugin.SecurityGroupDbMixin._ensure_default_security_group_handler-3545131'] for port, before_update {{(pid=94723) _notify_loop /usr/local/lib/python3.8/dist-packages/neutron_lib/callbacks/manager.py:192}}
Sep 19 03:00:29.675881 n-d-809936-1 neutron-server[94724]: DEBUG neutron.db.provisioning_blocks [None req-68c0f61a-dfff-4ddc-ba53-c8cafeaeeba9 None None] Provisioning complete for port 2b1bd39e-5483-41c9-a239-d489194d95fe triggered by entity DHCP. {{(pid=94724) provisioning_complete /opt/stack/neutron/neutron/db/provisioning_blocks.py:139}}
Sep 19 03:00:29.677166 n-d-809936-1 neutron-server[94724]: DEBUG neutron_lib.callbacks.manager [None req-68c0f61a-dfff-4ddc-ba53-c8cafeaeeba9 None None] Notify callbacks ['neutron.plugins.ml2.plugin.Ml2Plugin._port_provisioned-3586023'] for port, provisioning_complete {{(pid=94724) _notify_loop /usr/local/lib/python3.8/dist-packages/neutron_lib/callbacks/manager.py:192}}
Sep 19 03:00:29.705731 n-d-809936-1 neutron-server[94722]: INFO neutron.wsgi [req-4d2ba739-8949-4fb9-9edf-e687a77ce9ba req-06f7a5cc-b935-419a-8570-68635323c79e service neutron] 10.222.0.32 "GET /v2.0/ports?network_id=f541e3a0-407b-4757-b916-a146249c9a6a&device_owner=network%3Adhcp HTTP/1.1" status: 200 len: 210 time: 0.0611830
Sep 19 03:00:29.749085 n-d-809936-1 neutron-server[94724]: DEBUG neutron.plugins.ml2.plugin [None req-68c0f61a-dfff-4ddc-ba53-c8cafeaeeba9 None None] Port 2b1bd39e-5483-41c9-a239-d489194d95fe cannot update to ACTIVE because it is not bound. {{(pid=94724) _port_provisioned /opt/stack/neutron/neutron/plugins/ml2/plugin.py:338}}
Sep 19 03:00:29.831472 n-d-809936-1 neutron-server[94723]: DEBUG neutron.pecan_wsgi.hooks.policy_enforcement [req-4ba55f70-59c9-4eb3-9af9-731e057fc8dc req-5486fb7f-2af6-418c-9c0b-3cdddebe49a2 tempest-ServersAdminNegativeTestJSON-1639574039 tempest-ServersAdminNegativeTestJSON-1639574039-project] Attributes excluded by policy engine: ['standard_attr_id', 'binding:profile', 'binding:host_id', 'binding:vif_type', 'binding:vif_details'] {{(pid=94723) _exclude_attributes_by_policy /opt/stack/neutron/neutron/pecan_wsgi/hooks/policy_enforcement.py:255}}
Sep 19 03:00:29.833413 n-d-809936-1 neutron-server[94723]: INFO neutron.wsgi [req-4ba55f70-59c9-4eb3-9af9-731e057fc8dc req-5486fb7f-2af6-418c-9c0b-3cdddebe49a2 tempest-ServersAdminNegativeTestJSON-1639574039 tempest-ServersAdminNegativeTestJSON-1639574039-project] 10.222.0.22 "GET /v2.0/ports?device_id=119a8935-2591-4008-b820-75d535679e6b HTTP/1.1" status: 200 len: 935 time: 0.1956725
Sep 19 03:00:29.871738 n-d-809936-1 neutron-server[94723]: DEBUG neutron.wsgi [-] (94723) accepted ('10.222.0.22', 59024) {{(pid=94723) server /usr/local/lib/python3.8/dist-packages/eventlet/wsgi.py:982}}
Sep 19 03:00:29.877850 n-d-809936-1 neutron-server[94722]: INFO neutron.wsgi [req-4d2ba739-8949-4fb9-9edf-e687a77ce9ba req-735ab205-a7db-494d-9562-8239dd6d1ea0 service neutron] 10.222.0.32 "GET /v2.0/networks/f541e3a0-407b-4757-b916-a146249c9a6a?fields=segments HTTP/1.1" status: 200 len: 212 time: 0.1572452
Sep 19 03:00:29.982667 n-d-809936-1 neutron-server[94723]: INFO neutron.wsgi [req-4ba55f70-59c9-4eb3-9af9-731e057fc8dc req-ceb84f18-11b7-4b92-a3b7-43a247572acf tempest-ServersAdminNegativeTestJSON-1639574039 tempest-ServersAdminNegativeTestJSON-1639574039-project] 10.222.0.22 "GET /v2.0/security-groups?id=4221451a-467a-4ce3-8012-f6770c234cca&fields=id&fields=name HTTP/1.1" status: 200 len: 286 time: 0.1347704
Sep 19 03:00:29.991734 n-d-809936-1 neutron-server[94722]: INFO neutron.wsgi [req-4d2ba739-8949-4fb9-9edf-e687a77ce9ba req-6f6af11c-0b7e-4ca0-89c7-fbd1d9c2547b service neutron] 10.222.0.32 "GET /v2.0/networks/f541e3a0-407b-4757-b916-a146249c9a6a?fields=provider%3Aphysical_network&fields=provider%3Anetwork_type HTTP/1.1" status: 200 len: 281 time: 0.1051066
Sep 19 03:00:30.008560 n-d-809936-1 neutron-server[94723]: INFO neutron.wsgi [None req-e045c49e-9102-4367-b805-f79695af5720 admin admin] 10.222.0.22 "GET /v2.0/security-groups?tenant_id=029ed558442f47fc92b9a0eb73bd0b7f&name=default HTTP/1.1" status: 200 len: 2979 time: 0.1355331
Sep 19 03:00:30.013437 n-d-809936-1 neutron-server[94722]: DEBUG neutron.wsgi [-] (94722) accepted ('10.222.0.22', 59030) {{(pid=94722) server /usr/local/lib/python3.8/dist-packages/eventlet/wsgi.py:982}}
Sep 19 03:00:30.110061 n-d-809936-1 neutron-server[94723]: DEBUG novaclient.v2.client [-] RESP: [200] Connection: close Content-Length: 179 Content-Type: application/json Date: Sun, 19 Sep 2021 03:00:29 GMT OpenStack-API-Version: compute 2.1 Server: Apache/2.4.41 (Ubuntu) Vary: OpenStack-API-Version,X-OpenStack-Nova-API-Version X-OpenStack-Nova-API-Version: 2.1 x-compute-request-id: req-75cbdfc7-e88b-467b-a9ad-5e757edfaee8 x-openstack-request-id: req-75cbdfc7-e88b-467b-a9ad-5e757edfaee8 {{(pid=94723) _http_log_response /usr/local/lib/python3.8/dist-packages/keystoneauth1/session.py:550}}
Sep 19 03:00:30.110562 n-d-809936-1 neutron-server[94723]: DEBUG novaclient.v2.client [-] RESP BODY: {"events": [{"name": "network-changed", "server_uuid": "3e9da3eb-dac2-444c-803d-cc9df677b244", "tag": "3007211c-7c9e-41ab-9277-f5e8bffbe17b", "status": "completed", "code": 200}]} {{(pid=94723) _http_log_response /usr/local/lib/python3.8/dist-packages/keystoneauth1/session.py:582}}
Sep 19 03:00:30.110912 n-d-809936-1 neutron-server[94723]: DEBUG novaclient.v2.client [-] POST call to compute for http://10.222.0.22/compute/v2.1/os-server-external-events used request id req-75cbdfc7-e88b-467b-a9ad-5e757edfaee8 {{(pid=94723) request /usr/local/lib/python3.8/dist-packages/keystoneauth1/session.py:954}}
Sep 19 03:00:30.111375 n-d-809936-1 neutron-server[94723]: INFO neutron.notifiers.nova [-] Nova event response: {'name': 'network-changed', 'server_uuid': '3e9da3eb-dac2-444c-803d-cc9df677b244', 'tag': '3007211c-7c9e-41ab-9277-f5e8bffbe17b', 'status': 'completed', 'code': 200}
Sep 19 03:00:30.144038 n-d-809936-1 neutron-server[94722]: DEBUG neutron_lib.callbacks.manager [None req-abbb4952-86ff-4ea5-9ceb-1590672204ac admin admin] Notify callbacks [] for security_group, before_delete {{(pid=94722) _notify_loop /usr/local/lib/python3.8/dist-packages/neutron_lib/callbacks/manager.py:192}}
Sep 19 03:00:30.167627 n-d-809936-1 neutron-server[94722]: DEBUG neutron_lib.callbacks.manager [None req-abbb4952-86ff-4ea5-9ceb-1590672204ac admin admin] Notify callbacks [] for security_group, precommit_delete {{(pid=94722) _notify_loop /usr/local/lib/python3.8/dist-packages/neutron_lib/callbacks/manager.py:192}}
Sep 19 03:00:30.177570 n-d-809936-1 neutron-server[94723]: DEBUG neutron.notifiers.nova [req-d59be727-2e19-4cf6-9c4a-accb5aff2f6d req-c1276034-8241-4525-b8de-7150334cb5f0 service neutron] Ignoring state change previous_port_status: DOWN current_port_status: DOWN port_id 2b1bd39e-5483-41c9-a239-d489194d95fe {{(pid=94723) record_port_status_changed /opt/stack/neutron/neutron/notifiers/nova.py:224}}
Sep 19 03:00:30.197088 n-d-809936-1 neutron-server[94723]: DEBUG neutron_lib.callbacks.manager [req-d59be727-2e19-4cf6-9c4a-accb5aff2f6d req-c1276034-8241-4525-b8de-7150334cb5f0 service neutron] Notify callbacks [] for port, precommit_update {{(pid=94723) _notify_loop /usr/local/lib/python3.8/dist-packages/neutron_lib/callbacks/manager.py:192}}
Sep 19 03:00:30.231107 n-d-809936-1 neutron-server[94723]: DEBUG neutron.pecan_wsgi.hooks.policy_enforcement [req-7fd609c2-c6b5-425f-b06c-c1d856fab09d req-97030a99-7268-49cb-88da-2b97e8264c95 service neutron] Attributes excluded by policy engine: ['standard_attr_id'] {{(pid=94723) _exclude_attributes_by_policy /opt/stack/neutron/neutron/pecan_wsgi/hooks/policy_enforcement.py:255}}
Sep 19 03:00:30.233782 n-d-809936-1 neutron-server[94723]: INFO neutron.wsgi [req-7fd609c2-c6b5-425f-b06c-c1d856fab09d req-97030a99-7268-49cb-88da-2b97e8264c95 service neutron] 10.222.0.30 "GET /v2.0/ports?tenant_id=be83815390fa4d22905739e57f4da04f&device_id=3e9da3eb-dac2-444c-803d-cc9df677b244 HTTP/1.1" status: 200 len: 1099 time: 0.1114209
Sep 19 03:00:30.237527 n-d-809936-1 neutron-server[94723]: DEBUG neutron.db.provisioning_blocks [req-d59be727-2e19-4cf6-9c4a-accb5aff2f6d req-c1276034-8241-4525-b8de-7150334cb5f0 service neutron] Transition to ACTIVE for port object 2b1bd39e-5483-41c9-a239-d489194d95fe will not be triggered until provisioned by entity L2. {{(pid=94723) add_provisioning_component /opt/stack/neutron/neutron/db/provisioning_blocks.py:73}}
Sep 19 03:00:30.238577 n-d-809936-1 neutron-server[94722]: DEBUG neutron_lib.callbacks.manager [None req-abbb4952-86ff-4ea5-9ceb-1590672204ac admin admin] Notify callbacks ['neutron.plugins.ml2.ovo_rpc._ObjectChangeHandler.handle_event-632019'] for security_group, after_delete {{(pid=94722) _notify_loop /usr/local/lib/python3.8/dist-packages/neutron_lib/callbacks/manager.py:192}}
Sep 19 03:00:30.246475 n-d-809936-1 neutron-server[94722]: DEBUG neutron_lib.callbacks.manager [None req-abbb4952-86ff-4ea5-9ceb-1590672204ac admin admin] Notify callbacks [] for security_group, before_response {{(pid=94722) _notify_loop /usr/local/lib/python3.8/dist-packages/neutron_lib/callbacks/manager.py:192}}
Sep 19 03:00:30.249390 n-d-809936-1 neutron-server[94722]: INFO neutron.wsgi [None req-abbb4952-86ff-4ea5-9ceb-1590672204ac admin admin] 10.222.0.22 "DELETE /v2.0/security-groups/cf55fff6-fc65-444d-9383-21c1b01aba41 HTTP/1.1" status: 204 len: 168 time: 0.2337887
Sep 19 03:00:30.255222 n-d-809936-1 neutron-server[94723]: DEBUG neutron_lib.callbacks.manager [req-d59be727-2e19-4cf6-9c4a-accb5aff2f6d req-c1276034-8241-4525-b8de-7150334cb5f0 service neutron] Notify callbacks ['neutron.plugins.ml2.plugin.SecurityGroupServerNotifierRpcMixin._notify_sg_on_port_change-3545194', 'neutron.plugins.ml2.ovo_rpc._ObjectChangeHandler.handle_event-35956', 'neutron.api.rpc.agentnotifiers.dhcp_rpc_agent_api.DhcpAgentNotifyAPI._native_event_send_dhcp_notification-530244', 'neutron.db.l3_db.L3RpcNotifierMixin._notify_gateway_port_ip_changed-8759692319757', 'neutron.db.l3_dvrscheduler_db._notify_l3_agent_port_update-8759691796170', 'neutron.db.l3_hascheduler_db._notify_l3_agent_ha_port_update-8759691796188', 'neutron.services.segments.plugin.NovaSegmentNotifier._notify_port_updated-59475808'] for port, after_update {{(pid=94723) _notify_loop /usr/local/lib/python3.8/dist-packages/neutron_lib/callbacks/manager.py:192}}
