Sep 20 12:28:10.446106 n-d-809934-3 devstack@placement-api.service[95996]: DEBUG placement.objects.research_context [req-168a9160-bdde-483c-9d9c-254ba6d4fae6 req-37aec2e5-3b12-483a-aa69-e93a8dd601aa service placement] found 2 providers after filtering by previous result {{(pid=95996) get_provider_ids_matching /opt/stack/placement/placement/objects/research_context.py:580}}
Sep 20 12:28:10.459695 n-d-809934-3 devstack@placement-api.service[95996]: DEBUG placement.objects.allocation_candidate [req-168a9160-bdde-483c-9d9c-254ba6d4fae6 req-37aec2e5-3b12-483a-aa69-e93a8dd601aa service placement] RequestGroup(use_same_provider=False, resources={DISK_GB:1, MEMORY_MB:1024, VCPU:1}, traits=[], aggregates=[]) (suffix '') returned 2 matches {{(pid=95996) _get_by_requests /opt/stack/placement/placement/objects/allocation_candidate.py:145}}
Sep 20 12:28:10.460583 n-d-809934-3 devstack@placement-api.service[95996]: DEBUG placement.objects.allocation_candidate [req-168a9160-bdde-483c-9d9c-254ba6d4fae6 req-37aec2e5-3b12-483a-aa69-e93a8dd601aa service placement] Merging candidates yields 2 allocation requests and 2 provider summaries {{(pid=95996) _merge_candidates /opt/stack/placement/placement/objects/allocation_candidate.py:783}}
Sep 20 12:28:10.462650 n-d-809934-3 devstack@placement-api.service[95996]: INFO placement.requestlog [req-168a9160-bdde-483c-9d9c-254ba6d4fae6 req-37aec2e5-3b12-483a-aa69-e93a8dd601aa service placement] 10.222.0.37 "GET /placement/allocation_candidates?limit=1000&resources=DISK_GB%3A1%2CMEMORY_MB%3A1024%2CVCPU%3A1&root_required=%21COMPUTE_STATUS_DISABLED" status: 200 len: 1309 microversion: 1.36
Sep 20 12:28:10.464222 n-d-809934-3 devstack@placement-api.service[95996]: [pid: 95996|app: 0|req: 231/463] 10.222.0.37 () {60 vars in 1507 bytes} [Mon Sep 20 12:28:10 2021] GET /placement/allocation_candidates?limit=1000&resources=DISK_GB%3A1%2CMEMORY_MB%3A1024%2CVCPU%3A1&root_required=%21COMPUTE_STATUS_DISABLED => generated 1309 bytes in 97 msecs (HTTP/1.1 200) 8 headers in 297 bytes (1 switches on core 0)
Sep 20 12:28:10.530945 n-d-809934-3 devstack@placement-api.service[95997]: DEBUG placement.requestlog [req-168a9160-bdde-483c-9d9c-254ba6d4fae6 req-1419d70a-ba36-4de7-b2d1-64745b150cd1 None None] Starting request: 10.222.0.37 "GET /placement/allocations/4eb01979-212b-4249-b2f7-87c7ad30abba" {{(pid=95997) __call__ /opt/stack/placement/placement/requestlog.py:55}}
Sep 20 12:28:10.545826 n-d-809934-3 devstack@placement-api.service[95997]: INFO placement.requestlog [req-168a9160-bdde-483c-9d9c-254ba6d4fae6 req-1419d70a-ba36-4de7-b2d1-64745b150cd1 service placement] 10.222.0.37 "GET /placement/allocations/4eb01979-212b-4249-b2f7-87c7ad30abba" status: 200 len: 19 microversion: 1.28
Sep 20 12:28:10.546383 n-d-809934-3 devstack@placement-api.service[95997]: [pid: 95997|app: 0|req: 233/464] 10.222.0.37 () {60 vars in 1381 bytes} [Mon Sep 20 12:28:10 2021] GET /placement/allocations/4eb01979-212b-4249-b2f7-87c7ad30abba => generated 19 bytes in 16 msecs (HTTP/1.1 200) 8 headers in 295 bytes (1 switches on core 0)
Sep 20 12:28:10.554185 n-d-809934-3 devstack@placement-api.service[95996]: DEBUG placement.requestlog [req-168a9160-bdde-483c-9d9c-254ba6d4fae6 req-6b608243-645f-4d79-9bfc-32642791558c None None] Starting request: 10.222.0.37 "PUT /placement/allocations/4eb01979-212b-4249-b2f7-87c7ad30abba" {{(pid=95996) __call__ /opt/stack/placement/placement/requestlog.py:55}}
Sep 20 12:28:10.816797 n-d-809934-3 devstack@placement-api.service[95996]: DEBUG placement.handlers.allocation [req-168a9160-bdde-483c-9d9c-254ba6d4fae6 req-6b608243-645f-4d79-9bfc-32642791558c service placement] Successfully wrote allocations [, , ] {{(pid=95996) _update_consumers_and_create_allocations /opt/stack/placement/placement/handlers/allocation.py:462}}
Sep 20 12:28:10.919364 n-d-809934-3 devstack@placement-api.service[95996]: INFO placement.requestlog [req-168a9160-bdde-483c-9d9c-254ba6d4fae6 req-6b608243-645f-4d79-9bfc-32642791558c service placement] 10.222.0.37 "PUT /placement/allocations/4eb01979-212b-4249-b2f7-87c7ad30abba" status: 204 len: 0 microversion: 1.36
Sep 20 12:28:10.922610 n-d-809934-3 devstack@placement-api.service[95996]: [pid: 95996|app: 0|req: 232/465] 10.222.0.37 () {64 vars in 1434 bytes} [Mon Sep 20 12:28:10 2021] PUT /placement/allocations/4eb01979-212b-4249-b2f7-87c7ad30abba => generated 0 bytes in 366 msecs (HTTP/1.1 204) 5 headers in 199 bytes (1 switches on core 0)
Sep 20 12:28:11.061170 n-d-809934-3 devstack@placement-api.service[95997]: DEBUG placement.requestlog [req-f828bc27-93e7-4233-b486-9e14a2f935c4 req-8e998f0f-04e1-44d1-800d-d2ac4400004c None None] Starting request: 10.222.0.37 "GET /placement/allocation_candidates?limit=1000&resources=MEMORY_MB%3A1024%2CVCPU%3A1&root_required=%21COMPUTE_STATUS_DISABLED" {{(pid=95997) __call__ /opt/stack/placement/placement/requestlog.py:55}}
Sep 20 12:28:11.130787 n-d-809934-3 devstack@placement-api.service[95997]: DEBUG placement.objects.research_context [req-f828bc27-93e7-4233-b486-9e14a2f935c4 req-8e998f0f-04e1-44d1-800d-d2ac4400004c service placement] getting providers with 1024 MEMORY_MB {{(pid=95997) __init__ /opt/stack/placement/placement/objects/research_context.py:126}}
Sep 20 12:28:11.138457 n-d-809934-3 devstack@placement-api.service[95997]: DEBUG placement.objects.research_context [req-f828bc27-93e7-4233-b486-9e14a2f935c4 req-8e998f0f-04e1-44d1-800d-d2ac4400004c service placement] getting providers with 1 VCPU {{(pid=95997) __init__ /opt/stack/placement/placement/objects/research_context.py:126}}
Sep 20 12:28:11.158259 n-d-809934-3 devstack@placement-api.service[95997]: DEBUG placement.objects.research_context [req-f828bc27-93e7-4233-b486-9e14a2f935c4 req-8e998f0f-04e1-44d1-800d-d2ac4400004c service placement] found 2 providers with available 1024 MEMORY_MB {{(pid=95997) get_provider_ids_matching /opt/stack/placement/placement/objects/research_context.py:549}}
Sep 20 12:28:11.158652 n-d-809934-3 devstack@placement-api.service[95997]: DEBUG placement.objects.research_context [req-f828bc27-93e7-4233-b486-9e14a2f935c4 req-8e998f0f-04e1-44d1-800d-d2ac4400004c service placement] found 2 providers with available 1 VCPU {{(pid=95997) get_provider_ids_matching /opt/stack/placement/placement/objects/research_context.py:549}}
Sep 20 12:28:11.160364 n-d-809934-3 devstack@placement-api.service[95997]: DEBUG placement.objects.research_context [req-f828bc27-93e7-4233-b486-9e14a2f935c4 req-8e998f0f-04e1-44d1-800d-d2ac4400004c service placement] found 2 providers after filtering by previous result {{(pid=95997) get_provider_ids_matching /opt/stack/placement/placement/objects/research_context.py:580}}
Sep 20 12:28:11.195380 n-d-809934-3 devstack@placement-api.service[95997]: DEBUG placement.objects.allocation_candidate [req-f828bc27-93e7-4233-b486-9e14a2f935c4 req-8e998f0f-04e1-44d1-800d-d2ac4400004c service placement] RequestGroup(use_same_provider=False, resources={MEMORY_MB:1024, VCPU:1}, traits=[], aggregates=[]) (suffix '') returned 2 matches {{(pid=95997) _get_by_requests /opt/stack/placement/placement/objects/allocation_candidate.py:145}}
Sep 20 12:28:11.195750 n-d-809934-3 devstack@placement-api.service[95997]: DEBUG placement.objects.allocation_candidate [req-f828bc27-93e7-4233-b486-9e14a2f935c4 req-8e998f0f-04e1-44d1-800d-d2ac4400004c service placement] Merging candidates yields 2 allocation requests and 2 provider summaries {{(pid=95997) _merge_candidates /opt/stack/placement/placement/objects/allocation_candidate.py:783}}
Sep 20 12:28:11.201746 n-d-809934-3 devstack@placement-api.service[95997]: INFO placement.requestlog [req-f828bc27-93e7-4233-b486-9e14a2f935c4 req-8e998f0f-04e1-44d1-800d-d2ac4400004c service placement] 10.222.0.37 "GET /placement/allocation_candidates?limit=1000&resources=MEMORY_MB%3A1024%2CVCPU%3A1&root_required=%21COMPUTE_STATUS_DISABLED" status: 200 len: 1281 microversion: 1.36
Sep 20 12:28:11.201996 n-d-809934-3 devstack@placement-api.service[95997]: [pid: 95997|app: 0|req: 234/466] 10.222.0.37 () {60 vars in 1479 bytes} [Mon Sep 20 12:28:11 2021] GET /placement/allocation_candidates?limit=1000&resources=MEMORY_MB%3A1024%2CVCPU%3A1&root_required=%21COMPUTE_STATUS_DISABLED => generated 1281 bytes in 141 msecs (HTTP/1.1 200) 8 headers in 297 bytes (1 switches on core 0)
Sep 20 12:28:11.311532 n-d-809934-3 devstack@placement-api.service[95996]: DEBUG placement.requestlog [req-f828bc27-93e7-4233-b486-9e14a2f935c4 req-f5b06cc9-20fb-4329-b6d6-52c0542e3fc3 None None] Starting request: 10.222.0.37 "GET /placement/allocations/d6cb303d-eed6-48ba-91ee-f295ef896dd6" {{(pid=95996) __call__ /opt/stack/placement/placement/requestlog.py:55}}
Sep 20 12:28:11.331089 n-d-809934-3 devstack@placement-api.service[95996]: INFO placement.requestlog [req-f828bc27-93e7-4233-b486-9e14a2f935c4 req-f5b06cc9-20fb-4329-b6d6-52c0542e3fc3 service placement] 10.222.0.37 "GET /placement/allocations/d6cb303d-eed6-48ba-91ee-f295ef896dd6" status: 200 len: 19 microversion: 1.28
Sep 20 12:28:11.332408 n-d-809934-3 devstack@placement-api.service[95996]: [pid: 95996|app: 0|req: 233/467] 10.222.0.37 () {60 vars in 1381 bytes} [Mon Sep 20 12:28:11 2021] GET /placement/allocations/d6cb303d-eed6-48ba-91ee-f295ef896dd6 => generated 19 bytes in 21 msecs (HTTP/1.1 200) 8 headers in 295 bytes (1 switches on core 0)
Sep 20 12:28:11.349897 n-d-809934-3 devstack@placement-api.service[95997]: DEBUG placement.requestlog [req-f828bc27-93e7-4233-b486-9e14a2f935c4 req-26fa8a6c-3669-40c8-965b-1013a2592fa2 None None] Starting request: 10.222.0.37 "PUT /placement/allocations/d6cb303d-eed6-48ba-91ee-f295ef896dd6" {{(pid=95997) __call__ /opt/stack/placement/placement/requestlog.py:55}}
Sep 20 12:28:11.818780 n-d-809934-3 devstack@placement-api.service[95997]: DEBUG placement.handlers.allocation [req-f828bc27-93e7-4233-b486-9e14a2f935c4 req-26fa8a6c-3669-40c8-965b-1013a2592fa2 service placement] Successfully wrote allocations [, ] {{(pid=95997) _update_consumers_and_create_allocations /opt/stack/placement/placement/handlers/allocation.py:462}}
Sep 20 12:28:11.980616 n-d-809934-3 devstack@placement-api.service[95997]: INFO placement.requestlog [req-f828bc27-93e7-4233-b486-9e14a2f935c4 req-26fa8a6c-3669-40c8-965b-1013a2592fa2 service placement] 10.222.0.37 "PUT /placement/allocations/d6cb303d-eed6-48ba-91ee-f295ef896dd6" status: 204 len: 0 microversion: 1.36
Sep 20 12:28:11.980890 n-d-809934-3 devstack@placement-api.service[95997]: [pid: 95997|app: 0|req: 235/468] 10.222.0.37 () {64 vars in 1434 bytes} [Mon Sep 20 12:28:11 2021] PUT /placement/allocations/d6cb303d-eed6-48ba-91ee-f295ef896dd6 => generated 0 bytes in 631 msecs (HTTP/1.1 204) 5 headers in 199 bytes (1 switches on core 0)
Sep 20 12:28:12.484650 n-d-809934-3 devstack@placement-api.service[95996]: DEBUG placement.requestlog [req-168a9160-bdde-483c-9d9c-254ba6d4fae6 req-6953aa05-75a0-4ba9-b3a4-e28ee4a4805c None None] Starting request: 10.222.0.32 "GET /placement/allocations/4eb01979-212b-4249-b2f7-87c7ad30abba" {{(pid=95996) __call__ /opt/stack/placement/placement/requestlog.py:55}}
Sep 20 12:28:12.546216 n-d-809934-3 devstack@placement-api.service[95996]: INFO placement.requestlog [req-168a9160-bdde-483c-9d9c-254ba6d4fae6 req-6953aa05-75a0-4ba9-b3a4-e28ee4a4805c service placement] 10.222.0.32 "GET /placement/allocations/4eb01979-212b-4249-b2f7-87c7ad30abba" status: 200 len: 259 microversion: 1.28
Sep 20 12:28:12.551863 n-d-809934-3 devstack@placement-api.service[95996]: [pid: 95996|app: 0|req: 234/469] 10.222.0.32 () {60 vars in 1378 bytes} [Mon Sep 20 12:28:12 2021] GET /placement/allocations/4eb01979-212b-4249-b2f7-87c7ad30abba => generated 259 bytes in 67 msecs (HTTP/1.1 200) 8 headers in 296 bytes (1 switches on core 0)
Sep 20 12:28:13.731714 n-d-809934-3 devstack@placement-api.service[95997]: DEBUG placement.requestlog [req-f828bc27-93e7-4233-b486-9e14a2f935c4 req-d8bb5381-a3bc-470b-b535-f6f92d9d08af None None] Starting request: 10.222.0.32 "GET /placement/allocations/d6cb303d-eed6-48ba-91ee-f295ef896dd6" {{(pid=95997) __call__ /opt/stack/placement/placement/requestlog.py:55}}
Sep 20 12:28:13.759987 n-d-809934-3 devstack@placement-api.service[95997]: INFO placement.requestlog [req-f828bc27-93e7-4233-b486-9e14a2f935c4 req-d8bb5381-a3bc-470b-b535-f6f92d9d08af service placement] 10.222.0.32 "GET /placement/allocations/d6cb303d-eed6-48ba-91ee-f295ef896dd6" status: 200 len: 245 microversion: 1.28
Sep 20 12:28:13.765989 n-d-809934-3 devstack@placement-api.service[95997]: [pid: 95997|app: 0|req: 236/470] 10.222.0.32 () {60 vars in 1378 bytes} [Mon Sep 20 12:28:13 2021] GET /placement/allocations/d6cb303d-eed6-48ba-91ee-f295ef896dd6 => generated 245 bytes in 29 msecs (HTTP/1.1 200) 8 headers in 296 bytes (1 switches on core 0)
Sep 20 12:28:25.603944 n-d-809934-3 devstack@placement-api.service[95996]: DEBUG placement.requestlog [req-36e64673-62c3-4b5c-8c29-51696f16e3ce req-b53f2c94-763b-40a6-9339-f5f9dcd3b1b7 None None] Starting request: 10.222.0.21 "GET /placement/allocations/72cf531c-c469-4160-81d8-0acec7ecbae9" {{(pid=95996) __call__ /opt/stack/placement/placement/requestlog.py:55}}
Sep 20 12:28:25.669264 n-d-809934-3 devstack@placement-api.service[95996]: INFO placement.requestlog [req-36e64673-62c3-4b5c-8c29-51696f16e3ce req-b53f2c94-763b-40a6-9339-f5f9dcd3b1b7 service placement] 10.222.0.21 "GET /placement/allocations/72cf531c-c469-4160-81d8-0acec7ecbae9" status: 200 len: 259 microversion: 1.28
Sep 20 12:28:25.672482 n-d-809934-3 devstack@placement-api.service[95996]: [pid: 95996|app: 0|req: 235/471] 10.222.0.21 () {60 vars in 1378 bytes} [Mon Sep 20 12:28:25 2021] GET /placement/allocations/72cf531c-c469-4160-81d8-0acec7ecbae9 => generated 259 bytes in 70 msecs (HTTP/1.1 200) 8 headers in 296 bytes (1 switches on core 0)
Sep 20 12:28:29.507210 n-d-809934-3 devstack@placement-api.service[95997]: DEBUG placement.requestlog [req-365a9ced-1645-4e1e-a928-258d9893eb29 req-3edbf962-dc1c-4570-bb20-80be22b335bd None None] Starting request: 10.222.0.37 "GET /placement/allocation_candidates?limit=1000&resources=DISK_GB%3A1%2CMEMORY_MB%3A1024%2CVCPU%3A1&root_required=%21COMPUTE_STATUS_DISABLED" {{(pid=95997) __call__ /opt/stack/placement/placement/requestlog.py:55}}
Sep 20 12:28:29.573210 n-d-809934-3 devstack@placement-api.service[95997]: DEBUG placement.objects.research_context [req-365a9ced-1645-4e1e-a928-258d9893eb29 req-3edbf962-dc1c-4570-bb20-80be22b335bd service placement] getting providers with 1 DISK_GB {{(pid=95997) __init__ /opt/stack/placement/placement/objects/research_context.py:126}}
Sep 20 12:28:29.576600 n-d-809934-3 devstack@placement-api.service[95997]: DEBUG placement.objects.research_context [req-365a9ced-1645-4e1e-a928-258d9893eb29 req-3edbf962-dc1c-4570-bb20-80be22b335bd service placement] getting providers with 1024 MEMORY_MB {{(pid=95997) __init__ /opt/stack/placement/placement/objects/research_context.py:126}}
Sep 20 12:28:29.583832 n-d-809934-3 devstack@placement-api.service[95997]: DEBUG placement.objects.research_context [req-365a9ced-1645-4e1e-a928-258d9893eb29 req-3edbf962-dc1c-4570-bb20-80be22b335bd service placement] getting providers with 1 VCPU {{(pid=95997) __init__ /opt/stack/placement/placement/objects/research_context.py:126}}
Sep 20 12:28:29.590877 n-d-809934-3 devstack@placement-api.service[95997]: DEBUG placement.objects.research_context [req-365a9ced-1645-4e1e-a928-258d9893eb29 req-3edbf962-dc1c-4570-bb20-80be22b335bd service placement] found 2 providers with available 1 DISK_GB {{(pid=95997) get_provider_ids_matching /opt/stack/placement/placement/objects/research_context.py:549}}
Sep 20 12:28:29.591435 n-d-809934-3 devstack@placement-api.service[95997]: DEBUG placement.objects.research_context [req-365a9ced-1645-4e1e-a928-258d9893eb29 req-3edbf962-dc1c-4570-bb20-80be22b335bd service placement] found 2 providers with available 1024 MEMORY_MB {{(pid=95997) get_provider_ids_matching /opt/stack/placement/placement/objects/research_context.py:549}}
Sep 20 12:28:29.591914 n-d-809934-3 devstack@placement-api.service[95997]: DEBUG placement.objects.research_context [req-365a9ced-1645-4e1e-a928-258d9893eb29 req-3edbf962-dc1c-4570-bb20-80be22b335bd service placement] found 2 providers after filtering by previous result {{(pid=95997) get_provider_ids_matching /opt/stack/placement/placement/objects/research_context.py:580}}
Sep 20 12:28:29.592356 n-d-809934-3 devstack@placement-api.service[95997]: DEBUG placement.objects.research_context [req-365a9ced-1645-4e1e-a928-258d9893eb29 req-3edbf962-dc1c-4570-bb20-80be22b335bd service placement] found 2 providers with available 1 VCPU {{(pid=95997) get_provider_ids_matching /opt/stack/placement/placement/objects/research_context.py:549}}
Sep 20 12:28:29.593581 n-d-809934-3 devstack@placement-api.service[95997]: DEBUG placement.objects.research_context [req-365a9ced-1645-4e1e-a928-258d9893eb29 req-3edbf962-dc1c-4570-bb20-80be22b335bd service placement] found 2 providers after filtering by previous result {{(pid=95997) get_provider_ids_matching /opt/stack/placement/placement/objects/research_context.py:580}}
Sep 20 12:28:29.625527 n-d-809934-3 devstack@placement-api.service[95997]: DEBUG placement.objects.allocation_candidate [req-365a9ced-1645-4e1e-a928-258d9893eb29 req-3edbf962-dc1c-4570-bb20-80be22b335bd service placement] RequestGroup(use_same_provider=False, resources={DISK_GB:1, MEMORY_MB:1024, VCPU:1}, traits=[], aggregates=[]) (suffix '') returned 2 matches {{(pid=95997) _get_by_requests /opt/stack/placement/placement/objects/allocation_candidate.py:145}}
Sep 20 12:28:29.626213 n-d-809934-3 devstack@placement-api.service[95997]: DEBUG placement.objects.allocation_candidate [req-365a9ced-1645-4e1e-a928-258d9893eb29 req-3edbf962-dc1c-4570-bb20-80be22b335bd service placement] Merging candidates yields 2 allocation requests and 2 provider summaries {{(pid=95997) _merge_candidates /opt/stack/placement/placement/objects/allocation_candidate.py:783}}
Sep 20 12:28:29.631634 n-d-809934-3 devstack@placement-api.service[95997]: INFO placement.requestlog [req-365a9ced-1645-4e1e-a928-258d9893eb29 req-3edbf962-dc1c-4570-bb20-80be22b335bd service placement] 10.222.0.37 "GET /placement/allocation_candidates?limit=1000&resources=DISK_GB%3A1%2CMEMORY_MB%3A1024%2CVCPU%3A1&root_required=%21COMPUTE_STATUS_DISABLED" status: 200 len: 1309 microversion: 1.36
Sep 20 12:28:29.632443 n-d-809934-3 devstack@placement-api.service[95997]: [pid: 95997|app: 0|req: 237/472] 10.222.0.37 () {60 vars in 1507 bytes} [Mon Sep 20 12:28:29 2021] GET /placement/allocation_candidates?limit=1000&resources=DISK_GB%3A1%2CMEMORY_MB%3A1024%2CVCPU%3A1&root_required=%21COMPUTE_STATUS_DISABLED => generated 1309 bytes in 125 msecs (HTTP/1.1 200) 8 headers in 297 bytes (1 switches on core 0)
Sep 20 12:28:29.752484 n-d-809934-3 devstack@placement-api.service[95996]: DEBUG placement.requestlog [req-365a9ced-1645-4e1e-a928-258d9893eb29 req-0f554f34-c69d-4617-a781-e7e52c9f0239 None None] Starting request: 10.222.0.37 "GET /placement/allocations/79dd083f-253d-4d41-a8ca-9d138d185721" {{(pid=95996) __call__ /opt/stack/placement/placement/requestlog.py:55}}
Sep 20 12:28:29.767435 n-d-809934-3 devstack@placement-api.service[95996]: INFO placement.requestlog [req-365a9ced-1645-4e1e-a928-258d9893eb29 req-0f554f34-c69d-4617-a781-e7e52c9f0239 service placement] 10.222.0.37 "GET /placement/allocations/79dd083f-253d-4d41-a8ca-9d138d185721" status: 200 len: 19 microversion: 1.28
Sep 20 12:28:29.768035 n-d-809934-3 devstack@placement-api.service[95996]: [pid: 95996|app: 0|req: 236/473] 10.222.0.37 () {60 vars in 1381 bytes} [Mon Sep 20 12:28:29 2021] GET /placement/allocations/79dd083f-253d-4d41-a8ca-9d138d185721 => generated 19 bytes in 16 msecs (HTTP/1.1 200) 8 headers in 295 bytes (1 switches on core 0)
Sep 20 12:28:29.774284 n-d-809934-3 devstack@placement-api.service[95997]: DEBUG placement.requestlog [req-365a9ced-1645-4e1e-a928-258d9893eb29 req-8c2f76b3-e9c5-40e0-878e-b5ac505d7967 None None] Starting request: 10.222.0.37 "PUT /placement/allocations/79dd083f-253d-4d41-a8ca-9d138d185721" {{(pid=95997) __call__ /opt/stack/placement/placement/requestlog.py:55}}
Sep 20 12:28:30.250823 n-d-809934-3 devstack@placement-api.service[95997]: DEBUG placement.handlers.allocation [req-365a9ced-1645-4e1e-a928-258d9893eb29 req-8c2f76b3-e9c5-40e0-878e-b5ac505d7967 service placement] Successfully wrote allocations [, , ] {{(pid=95997) _update_consumers_and_create_allocations /opt/stack/placement/placement/handlers/allocation.py:462}}
Sep 20 12:28:30.417333 n-d-809934-3 devstack@placement-api.service[95997]: INFO placement.requestlog [req-365a9ced-1645-4e1e-a928-258d9893eb29 req-8c2f76b3-e9c5-40e0-878e-b5ac505d7967 service placement] 10.222.0.37 "PUT /placement/allocations/79dd083f-253d-4d41-a8ca-9d138d185721" status: 204 len: 0 microversion: 1.36
Sep 20 12:28:30.418863 n-d-809934-3 devstack@placement-api.service[95997]: [pid: 95997|app: 0|req: 238/474] 10.222.0.37 () {64 vars in 1434 bytes} [Mon Sep 20 12:28:29 2021] PUT /placement/allocations/79dd083f-253d-4d41-a8ca-9d138d185721 => generated 0 bytes in 645 msecs (HTTP/1.1 204) 5 headers in 199 bytes (1 switches on core 0)
Sep 20 12:28:33.164920 n-d-809934-3 devstack@placement-api.service[95996]: DEBUG placement.requestlog [req-365a9ced-1645-4e1e-a928-258d9893eb29 req-bdc19518-d106-4b4b-b136-c0967939e145 None None] Starting request: 10.222.0.21 "GET /placement/allocations/79dd083f-253d-4d41-a8ca-9d138d185721" {{(pid=95996) __call__ /opt/stack/placement/placement/requestlog.py:55}}
Sep 20 12:28:33.192976 n-d-809934-3 devstack@placement-api.service[95996]: INFO placement.requestlog [req-365a9ced-1645-4e1e-a928-258d9893eb29 req-bdc19518-d106-4b4b-b136-c0967939e145 service placement] 10.222.0.21 "GET /placement/allocations/79dd083f-253d-4d41-a8ca-9d138d185721" status: 200 len: 259 microversion: 1.28
Sep 20 12:28:33.194199 n-d-809934-3 devstack@placement-api.service[95996]: [pid: 95996|app: 0|req: 237/475] 10.222.0.21 () {60 vars in 1378 bytes} [Mon Sep 20 12:28:33 2021] GET /placement/allocations/79dd083f-253d-4d41-a8ca-9d138d185721 => generated 259 bytes in 30 msecs (HTTP/1.1 200) 8 headers in 296 bytes (1 switches on core 0)
Sep 20 12:28:53.487573 n-d-809934-3 devstack@placement-api.service[95997]: DEBUG placement.requestlog [None req-69a701be-4b5e-461b-b920-285da0cb7939 None None] Starting request: 10.222.0.37 "GET /placement/" {{(pid=95997) __call__ /opt/stack/placement/placement/requestlog.py:55}}
Sep 20 12:28:53.489136 n-d-809934-3 devstack@placement-api.service[95997]: INFO placement.requestlog [None req-69a701be-4b5e-461b-b920-285da0cb7939 None None] 10.222.0.37 "GET /placement/" status: 200 len: 136 microversion: 1.0
Sep 20 12:28:53.489533 n-d-809934-3 devstack@placement-api.service[95997]: [pid: 95997|app: 0|req: 239/476] 10.222.0.37 () {54 vars in 916 bytes} [Mon Sep 20 12:28:53 2021] GET /placement => generated 136 bytes in 3 msecs (HTTP/1.1 200) 6 headers in 224 bytes (1 switches on core 0)
Sep 20 12:28:53.501537 n-d-809934-3 devstack@placement-api.service[95996]: DEBUG placement.requestlog [req-2f626bc4-e2cc-4086-8fe8-636f2f1fc4a8 req-c857bece-58c7-4a06-931a-a749a028844e None None] Starting request: 10.222.0.37 "GET /placement/allocations/925e559d-f77d-4305-881c-7a7f596c6930" {{(pid=95996) __call__ /opt/stack/placement/placement/requestlog.py:55}}
Sep 20 12:28:53.673792 n-d-809934-3 devstack@placement-api.service[95996]: INFO placement.requestlog [req-2f626bc4-e2cc-4086-8fe8-636f2f1fc4a8 req-c857bece-58c7-4a06-931a-a749a028844e service placement] 10.222.0.37 "GET /placement/allocations/925e559d-f77d-4305-881c-7a7f596c6930" status: 200 len: 259 microversion: 1.28
Sep 20 12:28:53.674579 n-d-809934-3 devstack@placement-api.service[95996]: [pid: 95996|app: 0|req: 238/477] 10.222.0.37 () {60 vars in 1381 bytes} [Mon Sep 20 12:28:53 2021] GET /placement/allocations/925e559d-f77d-4305-881c-7a7f596c6930 => generated 259 bytes in 173 msecs (HTTP/1.1 200) 8 headers in 296 bytes (1 switches on core 0)
Sep 20 12:28:53.685248 n-d-809934-3 devstack@placement-api.service[95997]: DEBUG placement.requestlog [req-2f626bc4-e2cc-4086-8fe8-636f2f1fc4a8 req-bd044df6-e3ad-4ac2-917f-f6e2c7f9c396 None None] Starting request: 10.222.0.37 "GET /placement/allocations/925e559d-f77d-4305-881c-7a7f596c6930" {{(pid=95997) __call__ /opt/stack/placement/placement/requestlog.py:55}}
Sep 20 12:28:53.725330 n-d-809934-3 devstack@placement-api.service[95997]: INFO placement.requestlog [req-2f626bc4-e2cc-4086-8fe8-636f2f1fc4a8 req-bd044df6-e3ad-4ac2-917f-f6e2c7f9c396 service placement] 10.222.0.37 "GET /placement/allocations/925e559d-f77d-4305-881c-7a7f596c6930" status: 200 len: 259 microversion: 1.28
Sep 20 12:28:53.736742 n-d-809934-3 devstack@placement-api.service[95996]: DEBUG placement.requestlog [req-2f626bc4-e2cc-4086-8fe8-636f2f1fc4a8 req-b3aa467a-12ca-4946-a8fa-59e7725b641a None None] Starting request: 10.222.0.37 "GET /placement/allocations/a9c30b4a-4ed2-4efc-b292-9aacf14fafd9" {{(pid=95996) __call__ /opt/stack/placement/placement/requestlog.py:55}}
Sep 20 12:28:53.743610 n-d-809934-3 devstack@placement-api.service[95997]: [pid: 95997|app: 0|req: 240/478] 10.222.0.37 () {60 vars in 1381 bytes} [Mon Sep 20 12:28:53 2021] GET /placement/allocations/925e559d-f77d-4305-881c-7a7f596c6930 => generated 259 bytes in 57 msecs (HTTP/1.1 200) 8 headers in 296 bytes (1 switches on core 0)
Sep 20 12:28:53.751234 n-d-809934-3 devstack@placement-api.service[95996]: INFO placement.requestlog [req-2f626bc4-e2cc-4086-8fe8-636f2f1fc4a8 req-b3aa467a-12ca-4946-a8fa-59e7725b641a service placement] 10.222.0.37 "GET /placement/allocations/a9c30b4a-4ed2-4efc-b292-9aacf14fafd9" status: 200 len: 19 microversion: 1.28
Sep 20 12:28:53.751469 n-d-809934-3 devstack@placement-api.service[95996]: [pid: 95996|app: 0|req: 239/479] 10.222.0.37 () {60 vars in 1381 bytes} [Mon Sep 20 12:28:53 2021] GET /placement/allocations/a9c30b4a-4ed2-4efc-b292-9aacf14fafd9 => generated 19 bytes in 15 msecs (HTTP/1.1 200) 8 headers in 295 bytes (2 switches on core 0)
Sep 20 12:28:53.758781 n-d-809934-3 devstack@placement-api.service[95997]: DEBUG placement.requestlog [req-2f626bc4-e2cc-4086-8fe8-636f2f1fc4a8 req-dce45889-b85e-455e-93d7-197513152a59 None None] Starting request: 10.222.0.37 "POST /placement/allocations" {{(pid=95997) __call__ /opt/stack/placement/placement/requestlog.py:55}}
Sep 20 12:28:54.020082 n-d-809934-3 devstack@placement-api.service[95997]: DEBUG placement.handlers.allocation [req-2f626bc4-e2cc-4086-8fe8-636f2f1fc4a8 req-dce45889-b85e-455e-93d7-197513152a59 service placement] Successfully wrote allocations [, , , , , ] {{(pid=95997) _update_consumers_and_create_allocations /opt/stack/placement/placement/handlers/allocation.py:572}}
Sep 20 12:28:54.235072 n-d-809934-3 devstack@placement-api.service[95997]: INFO placement.requestlog [req-2f626bc4-e2cc-4086-8fe8-636f2f1fc4a8 req-dce45889-b85e-455e-93d7-197513152a59 service placement] 10.222.0.37 "POST /placement/allocations" status: 204 len: 0 microversion: 1.28
Sep 20 12:28:54.235970 n-d-809934-3 devstack@placement-api.service[95997]: [pid: 95997|app: 0|req: 241/480] 10.222.0.37 () {64 vars in 1324 bytes} [Mon Sep 20 12:28:53 2021] POST /placement/allocations => generated 0 bytes in 477 msecs (HTTP/1.1 204) 5 headers in 199 bytes (1 switches on core 0)
Sep 20 12:28:54.268020 n-d-809934-3 devstack@placement-api.service[95996]: DEBUG placement.requestlog [req-2f626bc4-e2cc-4086-8fe8-636f2f1fc4a8 req-a11b63d4-505b-4d52-ac41-4a3508fb2d1e None None] Starting request: 10.222.0.37 "GET /placement/allocations/925e559d-f77d-4305-881c-7a7f596c6930" {{(pid=95996) __call__ /opt/stack/placement/placement/requestlog.py:55}}
Sep 20 12:28:54.278875 n-d-809934-3 devstack@placement-api.service[95996]: INFO placement.requestlog [req-2f626bc4-e2cc-4086-8fe8-636f2f1fc4a8 req-a11b63d4-505b-4d52-ac41-4a3508fb2d1e service placement] 10.222.0.37 "GET /placement/allocations/925e559d-f77d-4305-881c-7a7f596c6930" status: 200 len: 19 microversion: 1.28
Sep 20 12:28:54.279419 n-d-809934-3 devstack@placement-api.service[95996]: [pid: 95996|app: 0|req: 240/481] 10.222.0.37 () {60 vars in 1381 bytes} [Mon Sep 20 12:28:54 2021] GET /placement/allocations/925e559d-f77d-4305-881c-7a7f596c6930 => generated 19 bytes in 12 msecs (HTTP/1.1 200) 8 headers in 295 bytes (1 switches on core 0)
Sep 20 12:28:54.291288 n-d-809934-3 devstack@placement-api.service[95997]: DEBUG placement.requestlog [req-2f626bc4-e2cc-4086-8fe8-636f2f1fc4a8 req-d0f2af96-f061-4e18-b404-d796abac501a None None] Starting request: 10.222.0.37 "PUT /placement/allocations/925e559d-f77d-4305-881c-7a7f596c6930" {{(pid=95997) __call__ /opt/stack/placement/placement/requestlog.py:55}}
Sep 20 12:28:54.511443 n-d-809934-3 devstack@placement-api.service[95997]: DEBUG placement.handlers.allocation [req-2f626bc4-e2cc-4086-8fe8-636f2f1fc4a8 req-d0f2af96-f061-4e18-b404-d796abac501a service placement] Successfully wrote allocations [, , ] {{(pid=95997) _update_consumers_and_create_allocations /opt/stack/placement/placement/handlers/allocation.py:462}}
Sep 20 12:28:54.602769 n-d-809934-3 devstack@placement-api.service[95997]: INFO placement.requestlog [req-2f626bc4-e2cc-4086-8fe8-636f2f1fc4a8 req-d0f2af96-f061-4e18-b404-d796abac501a service placement] 10.222.0.37 "PUT /placement/allocations/925e559d-f77d-4305-881c-7a7f596c6930" status: 204 len: 0 microversion: 1.28
Sep 20 12:28:54.603313 n-d-809934-3 devstack@placement-api.service[95997]: [pid: 95997|app: 0|req: 242/482] 10.222.0.37 () {64 vars in 1434 bytes} [Mon Sep 20 12:28:54 2021] PUT /placement/allocations/925e559d-f77d-4305-881c-7a7f596c6930 => generated 0 bytes in 312 msecs (HTTP/1.1 204) 5 headers in 199 bytes (1 switches on core 0)
Sep 20 12:28:54.803829 n-d-809934-3 devstack@placement-api.service[95996]: DEBUG placement.requestlog [req-2f626bc4-e2cc-4086-8fe8-636f2f1fc4a8 req-c5d7159a-561a-4a13-ad3f-4ccaafd87546 None None] Starting request: 10.222.0.21 "GET /placement/allocations/925e559d-f77d-4305-881c-7a7f596c6930" {{(pid=95996) __call__ /opt/stack/placement/placement/requestlog.py:55}}
Sep 20 12:28:54.828866 n-d-809934-3 devstack@placement-api.service[95996]: INFO placement.requestlog [req-2f626bc4-e2cc-4086-8fe8-636f2f1fc4a8 req-c5d7159a-561a-4a13-ad3f-4ccaafd87546 service placement] 10.222.0.21 "GET /placement/allocations/925e559d-f77d-4305-881c-7a7f596c6930" status: 200 len: 259 microversion: 1.28
Sep 20 12:28:54.830018 n-d-809934-3 devstack@placement-api.service[95996]: [pid: 95996|app: 0|req: 241/483] 10.222.0.21 () {60 vars in 1378 bytes} [Mon Sep 20 12:28:54 2021] GET /placement/allocations/925e559d-f77d-4305-881c-7a7f596c6930 => generated 259 bytes in 26 msecs (HTTP/1.1 200) 8 headers in 296 bytes (1 switches on core 0)
Sep 20 12:28:57.948429 n-d-809934-3 devstack@placement-api.service[95997]: DEBUG placement.requestlog [req-bdc1e6ac-2a33-48a5-940f-2c4696ce1721 req-60ee3850-071a-4576-b721-a30807dac2e1 None None] Starting request: 10.222.0.21 "GET /placement/allocations/72cf531c-c469-4160-81d8-0acec7ecbae9" {{(pid=95997) __call__ /opt/stack/placement/placement/requestlog.py:55}}
Sep 20 12:28:57.989394 n-d-809934-3 devstack@placement-api.service[95997]: INFO placement.requestlog [req-bdc1e6ac-2a33-48a5-940f-2c4696ce1721 req-60ee3850-071a-4576-b721-a30807dac2e1 service placement] 10.222.0.21 "GET /placement/allocations/72cf531c-c469-4160-81d8-0acec7ecbae9" status: 200 len: 259 microversion: 1.28
Sep 20 12:28:57.989947 n-d-809934-3 devstack@placement-api.service[95997]: [pid: 95997|app: 0|req: 243/484] 10.222.0.21 () {60 vars in 1378 bytes} [Mon Sep 20 12:28:57 2021] GET /placement/allocations/72cf531c-c469-4160-81d8-0acec7ecbae9 => generated 259 bytes in 42 msecs (HTTP/1.1 200) 8 headers in 296 bytes (1 switches on core 0)
Sep 20 12:28:59.829857 n-d-809934-3 devstack@placement-api.service[95996]: DEBUG placement.requestlog [req-60270663-4f08-49b2-8b6d-16137af42366 req-2e8c13df-b705-4a01-81e5-133a0eef7fa5 None None] Starting request: 10.222.0.32 "GET /placement/resource_providers/bd3f2dae-5120-49f0-8380-03dd83bd8cac/allocations" {{(pid=95996) __call__ /opt/stack/placement/placement/requestlog.py:55}}
Sep 20 12:28:59.889426 n-d-809934-3 devstack@placement-api.service[95996]: INFO placement.requestlog [req-60270663-4f08-49b2-8b6d-16137af42366 req-2e8c13df-b705-4a01-81e5-133a0eef7fa5 service placement] 10.222.0.32 "GET /placement/resource_providers/bd3f2dae-5120-49f0-8380-03dd83bd8cac/allocations" status: 200 len: 342 microversion: 1.0
Sep 20 12:28:59.890154 n-d-809934-3 devstack@placement-api.service[95996]: [pid: 95996|app: 0|req: 242/485] 10.222.0.32 () {58 vars in 1391 bytes} [Mon Sep 20 12:28:59 2021] GET /placement/resource_providers/bd3f2dae-5120-49f0-8380-03dd83bd8cac/allocations => generated 342 bytes in 60 msecs (HTTP/1.1 200) 6 headers in 224 bytes (1 switches on core 0)
Sep 20 12:29:03.552366 n-d-809934-3 devstack@placement-api.service[95997]: DEBUG placement.requestlog [req-3ff48d89-2029-4742-85c9-959fd5ad8f1b req-800feb0f-24c9-418c-ad41-7faf54f24648 None None] Starting request: 10.222.0.21 "GET /placement/resource_providers/ba03844e-2b6d-401a-a813-5f3b60f7b669/allocations" {{(pid=95997) __call__ /opt/stack/placement/placement/requestlog.py:55}}
Sep 20 12:29:03.602925 n-d-809934-3 devstack@placement-api.service[95997]: INFO placement.requestlog [req-3ff48d89-2029-4742-85c9-959fd5ad8f1b req-800feb0f-24c9-418c-ad41-7faf54f24648 service placement] 10.222.0.21 "GET /placement/resource_providers/ba03844e-2b6d-401a-a813-5f3b60f7b669/allocations" status: 200 len: 760 microversion: 1.0
Sep 20 12:29:03.603589 n-d-809934-3 devstack@placement-api.service[95997]: [pid: 95997|app: 0|req: 244/486] 10.222.0.21 () {58 vars in 1391 bytes} [Mon Sep 20 12:29:03 2021] GET /placement/resource_providers/ba03844e-2b6d-401a-a813-5f3b60f7b669/allocations => generated 760 bytes in 51 msecs (HTTP/1.1 200) 6 headers in 224 bytes (1 switches on core 0)
Sep 20 12:29:34.992249 n-d-809934-3 devstack@placement-api.service[95996]: DEBUG placement.requestlog [req-2f626bc4-e2cc-4086-8fe8-636f2f1fc4a8 req-b9f5cd52-4edb-4eb6-9588-5ad66da49031 None None] Starting request: 10.222.0.32 "GET /placement/resource_providers/bd3f2dae-5120-49f0-8380-03dd83bd8cac/allocations" {{(pid=95996) __call__ /opt/stack/placement/placement/requestlog.py:55}}
Sep 20 12:29:35.040734 n-d-809934-3 devstack@placement-api.service[95996]: INFO placement.requestlog [req-2f626bc4-e2cc-4086-8fe8-636f2f1fc4a8 req-b9f5cd52-4edb-4eb6-9588-5ad66da49031 service placement] 10.222.0.32 "GET /placement/resource_providers/bd3f2dae-5120-49f0-8380-03dd83bd8cac/allocations" status: 200 len: 342 microversion: 1.0
Sep 20 12:29:35.041261 n-d-809934-3 devstack@placement-api.service[95996]: [pid: 95996|app: 0|req: 243/487] 10.222.0.32 () {58 vars in 1391 bytes} [Mon Sep 20 12:29:34 2021] GET /placement/resource_providers/bd3f2dae-5120-49f0-8380-03dd83bd8cac/allocations => generated 342 bytes in 50 msecs (HTTP/1.1 200) 6 headers in 224 bytes (1 switches on core 0)
Sep 20 12:29:35.536561 n-d-809934-3 devstack@placement-api.service[95997]: DEBUG placement.requestlog [req-2f626bc4-e2cc-4086-8fe8-636f2f1fc4a8 req-37b51f86-6230-4f22-b58e-489c44370f0c None None] Starting request: 10.222.0.32 "GET /placement/allocations/a9c30b4a-4ed2-4efc-b292-9aacf14fafd9" {{(pid=95997) __call__ /opt/stack/placement/placement/requestlog.py:55}}
Sep 20 12:29:35.562296 n-d-809934-3 devstack@placement-api.service[95997]: INFO placement.requestlog [req-2f626bc4-e2cc-4086-8fe8-636f2f1fc4a8 req-37b51f86-6230-4f22-b58e-489c44370f0c service placement] 10.222.0.32 "GET /placement/allocations/a9c30b4a-4ed2-4efc-b292-9aacf14fafd9" status: 200 len: 259 microversion: 1.28
Sep 20 12:29:35.566766 n-d-809934-3 devstack@placement-api.service[95997]: [pid: 95997|app: 0|req: 245/488] 10.222.0.32 () {60 vars in 1378 bytes} [Mon Sep 20 12:29:35 2021] GET /placement/allocations/a9c30b4a-4ed2-4efc-b292-9aacf14fafd9 => generated 259 bytes in 30 msecs (HTTP/1.1 200) 8 headers in 296 bytes (1 switches on core 0)
Sep 20 12:29:35.574546 n-d-809934-3 devstack@placement-api.service[95996]: DEBUG placement.requestlog [req-2f626bc4-e2cc-4086-8fe8-636f2f1fc4a8 req-e3c4002b-ebd4-44b2-8b04-185c42af8345 None None] Starting request: 10.222.0.32 "PUT /placement/allocations/a9c30b4a-4ed2-4efc-b292-9aacf14fafd9" {{(pid=95996) __call__ /opt/stack/placement/placement/requestlog.py:55}}
Sep 20 12:29:35.694089 n-d-809934-3 devstack@placement-api.service[95996]: DEBUG placement.handlers.allocation [req-2f626bc4-e2cc-4086-8fe8-636f2f1fc4a8 req-e3c4002b-ebd4-44b2-8b04-185c42af8345 service placement] Successfully wrote allocations [, , ] {{(pid=95996) _update_consumers_and_create_allocations /opt/stack/placement/placement/handlers/allocation.py:462}}
Sep 20 12:29:35.772279 n-d-809934-3 devstack@placement-api.service[95996]: INFO placement.requestlog [req-2f626bc4-e2cc-4086-8fe8-636f2f1fc4a8 req-e3c4002b-ebd4-44b2-8b04-185c42af8345 service placement] 10.222.0.32 "PUT /placement/allocations/a9c30b4a-4ed2-4efc-b292-9aacf14fafd9" status: 204 len: 0 microversion: 1.28
Sep 20 12:29:35.773161 n-d-809934-3 devstack@placement-api.service[95996]: [pid: 95996|app: 0|req: 244/489] 10.222.0.32 () {64 vars in 1431 bytes} [Mon Sep 20 12:29:35 2021] PUT /placement/allocations/a9c30b4a-4ed2-4efc-b292-9aacf14fafd9 => generated 0 bytes in 199 msecs (HTTP/1.1 204) 5 headers in 199 bytes (2 switches on core 0)
Sep 20 12:29:36.444275 n-d-809934-3 devstack@placement-api.service[95997]: DEBUG placement.requestlog [req-832bc7b7-4928-42f0-b73f-f8cb3951c605 req-c0acf05f-553d-423c-a93b-cfaa2662f2a6 None None] Starting request: 10.222.0.37 "GET /placement/allocation_candidates?limit=1000&resources=MEMORY_MB%3A1024%2CVCPU%3A1&root_required=%21COMPUTE_STATUS_DISABLED" {{(pid=95997) __call__ /opt/stack/placement/placement/requestlog.py:55}}
Sep 20 12:29:36.516654 n-d-809934-3 devstack@placement-api.service[95997]: DEBUG placement.objects.research_context [req-832bc7b7-4928-42f0-b73f-f8cb3951c605 req-c0acf05f-553d-423c-a93b-cfaa2662f2a6 service placement] getting providers with 1024 MEMORY_MB {{(pid=95997) __init__ /opt/stack/placement/placement/objects/research_context.py:126}}
Sep 20 12:29:36.525377 n-d-809934-3 devstack@placement-api.service[95997]: DEBUG placement.objects.research_context [req-832bc7b7-4928-42f0-b73f-f8cb3951c605 req-c0acf05f-553d-423c-a93b-cfaa2662f2a6 service placement] getting providers with 1 VCPU {{(pid=95997) __init__ /opt/stack/placement/placement/objects/research_context.py:126}}
Sep 20 12:29:36.536953 n-d-809934-3 devstack@placement-api.service[95997]: DEBUG placement.objects.research_context [req-832bc7b7-4928-42f0-b73f-f8cb3951c605 req-c0acf05f-553d-423c-a93b-cfaa2662f2a6 service placement] found 2 providers with available 1024 MEMORY_MB {{(pid=95997) get_provider_ids_matching /opt/stack/placement/placement/objects/research_context.py:549}}
Sep 20 12:29:36.537740 n-d-809934-3 devstack@placement-api.service[95997]: DEBUG placement.objects.research_context [req-832bc7b7-4928-42f0-b73f-f8cb3951c605 req-c0acf05f-553d-423c-a93b-cfaa2662f2a6 service placement] found 2 providers with available 1 VCPU {{(pid=95997) get_provider_ids_matching /opt/stack/placement/placement/objects/research_context.py:549}}
Sep 20 12:29:36.537740 n-d-809934-3 devstack@placement-api.service[95997]: DEBUG placement.objects.research_context [req-832bc7b7-4928-42f0-b73f-f8cb3951c605 req-c0acf05f-553d-423c-a93b-cfaa2662f2a6 service placement] found 2 providers after filtering by previous result {{(pid=95997) get_provider_ids_matching /opt/stack/placement/placement/objects/research_context.py:580}}
Sep 20 12:29:36.552787 n-d-809934-3 devstack@placement-api.service[95997]: DEBUG placement.objects.allocation_candidate [req-832bc7b7-4928-42f0-b73f-f8cb3951c605 req-c0acf05f-553d-423c-a93b-cfaa2662f2a6 service placement] RequestGroup(use_same_provider=False, resources={MEMORY_MB:1024, VCPU:1}, traits=[], aggregates=[]) (suffix '') returned 2 matches {{(pid=95997) _get_by_requests /opt/stack/placement/placement/objects/allocation_candidate.py:145}}
Sep 20 12:29:36.553696 n-d-809934-3 devstack@placement-api.service[95997]: DEBUG placement.objects.allocation_candidate [req-832bc7b7-4928-42f0-b73f-f8cb3951c605 req-c0acf05f-553d-423c-a93b-cfaa2662f2a6 service placement] Merging candidates yields 2 allocation requests and 2 provider summaries {{(pid=95997) _merge_candidates /opt/stack/placement/placement/objects/allocation_candidate.py:783}}
Sep 20 12:29:36.555387 n-d-809934-3 devstack@placement-api.service[95997]: INFO placement.requestlog [req-832bc7b7-4928-42f0-b73f-f8cb3951c605 req-c0acf05f-553d-423c-a93b-cfaa2662f2a6 service placement] 10.222.0.37 "GET /placement/allocation_candidates?limit=1000&resources=MEMORY_MB%3A1024%2CVCPU%3A1&root_required=%21COMPUTE_STATUS_DISABLED" status: 200 len: 1281 microversion: 1.36
Sep 20 12:29:36.565138 n-d-809934-3 devstack@placement-api.service[95997]: [pid: 95997|app: 0|req: 246/490] 10.222.0.37 () {60 vars in 1479 bytes} [Mon Sep 20 12:29:36 2021] GET /placement/allocation_candidates?limit=1000&resources=MEMORY_MB%3A1024%2CVCPU%3A1&root_required=%21COMPUTE_STATUS_DISABLED => generated 1281 bytes in 120 msecs (HTTP/1.1 200) 8 headers in 297 bytes (1 switches on core 0)
Sep 20 12:29:36.606599 n-d-809934-3 devstack@placement-api.service[95996]: DEBUG placement.requestlog [req-832bc7b7-4928-42f0-b73f-f8cb3951c605 req-dc206367-59df-41a5-ab39-4a4d4a69820b None None] Starting request: 10.222.0.37 "GET /placement/allocations/dee4ac55-229d-4f9e-b7ae-642b4ab6c8ba" {{(pid=95996) __call__ /opt/stack/placement/placement/requestlog.py:55}}
Sep 20 12:29:36.619344 n-d-809934-3 devstack@placement-api.service[95996]: INFO placement.requestlog [req-832bc7b7-4928-42f0-b73f-f8cb3951c605 req-dc206367-59df-41a5-ab39-4a4d4a69820b service placement] 10.222.0.37 "GET /placement/allocations/dee4ac55-229d-4f9e-b7ae-642b4ab6c8ba" status: 200 len: 19 microversion: 1.28
Sep 20 12:29:36.620134 n-d-809934-3 devstack@placement-api.service[95996]: [pid: 95996|app: 0|req: 245/491] 10.222.0.37 () {60 vars in 1381 bytes} [Mon Sep 20 12:29:36 2021] GET /placement/allocations/dee4ac55-229d-4f9e-b7ae-642b4ab6c8ba => generated 19 bytes in 14 msecs (HTTP/1.1 200) 8 headers in 295 bytes (1 switches on core 0)
Sep 20 12:29:36.626620 n-d-809934-3 devstack@placement-api.service[95997]: DEBUG placement.requestlog [req-832bc7b7-4928-42f0-b73f-f8cb3951c605 req-2565af99-3703-4dd8-b039-67b12e708619 None None] Starting request: 10.222.0.37 "PUT /placement/allocations/dee4ac55-229d-4f9e-b7ae-642b4ab6c8ba" {{(pid=95997) __call__ /opt/stack/placement/placement/requestlog.py:55}}
Sep 20 12:29:36.835636 n-d-809934-3 devstack@placement-api.service[95997]: DEBUG placement.handlers.allocation [req-832bc7b7-4928-42f0-b73f-f8cb3951c605 req-2565af99-3703-4dd8-b039-67b12e708619 service placement] Successfully wrote allocations [, ] {{(pid=95997) _update_consumers_and_create_allocations /opt/stack/placement/placement/handlers/allocation.py:462}}
Sep 20 12:29:36.903326 n-d-809934-3 devstack@placement-api.service[95997]: INFO placement.requestlog [req-832bc7b7-4928-42f0-b73f-f8cb3951c605 req-2565af99-3703-4dd8-b039-67b12e708619 service placement] 10.222.0.37 "PUT /placement/allocations/dee4ac55-229d-4f9e-b7ae-642b4ab6c8ba" status: 204 len: 0 microversion: 1.36
Sep 20 12:29:36.905182 n-d-809934-3 devstack@placement-api.service[95997]: [pid: 95997|app: 0|req: 247/492] 10.222.0.37 () {64 vars in 1434 bytes} [Mon Sep 20 12:29:36 2021] PUT /placement/allocations/dee4ac55-229d-4f9e-b7ae-642b4ab6c8ba => generated 0 bytes in 279 msecs (HTTP/1.1 204) 5 headers in 199 bytes (2 switches on core 0)
Sep 20 12:29:37.935662 n-d-809934-3 devstack@placement-api.service[95996]: DEBUG placement.requestlog [req-8f3b678b-c3e1-4b5b-98ca-1f17b5607d7b req-d63e7395-7182-48d3-90e9-b85f3e9e01a6 None None] Starting request: 10.222.0.32 "DELETE /placement/allocations/4eb01979-212b-4249-b2f7-87c7ad30abba" {{(pid=95996) __call__ /opt/stack/placement/placement/requestlog.py:55}}
Sep 20 12:29:38.043280 n-d-809934-3 devstack@placement-api.service[95997]: DEBUG placement.requestlog [req-832bc7b7-4928-42f0-b73f-f8cb3951c605 req-33bad640-2c0a-4349-9cdf-bad7b61d3327 None None] Starting request: 10.222.0.32 "GET /placement/allocations/dee4ac55-229d-4f9e-b7ae-642b4ab6c8ba" {{(pid=95997) __call__ /opt/stack/placement/placement/requestlog.py:55}}
Sep 20 12:29:38.070553 n-d-809934-3 devstack@placement-api.service[95997]: INFO placement.requestlog [req-832bc7b7-4928-42f0-b73f-f8cb3951c605 req-33bad640-2c0a-4349-9cdf-bad7b61d3327 service placement] 10.222.0.32 "GET /placement/allocations/dee4ac55-229d-4f9e-b7ae-642b4ab6c8ba" status: 200 len: 245 microversion: 1.28
Sep 20 12:29:38.071321 n-d-809934-3 devstack@placement-api.service[95997]: [pid: 95997|app: 0|req: 248/493] 10.222.0.32 () {60 vars in 1378 bytes} [Mon Sep 20 12:29:38 2021] GET /placement/allocations/dee4ac55-229d-4f9e-b7ae-642b4ab6c8ba => generated 245 bytes in 28 msecs (HTTP/1.1 200) 8 headers in 296 bytes (1 switches on core 0)
Sep 20 12:29:38.095434 n-d-809934-3 devstack@placement-api.service[95996]: DEBUG placement.handlers.allocation [req-8f3b678b-c3e1-4b5b-98ca-1f17b5607d7b req-d63e7395-7182-48d3-90e9-b85f3e9e01a6 service placement] Successfully deleted allocations [, , ] {{(pid=95996) delete_allocations /opt/stack/placement/placement/handlers/allocation.py:627}}
Sep 20 12:29:38.096624 n-d-809934-3 devstack@placement-api.service[95996]: INFO placement.requestlog [req-8f3b678b-c3e1-4b5b-98ca-1f17b5607d7b req-d63e7395-7182-48d3-90e9-b85f3e9e01a6 service placement] 10.222.0.32 "DELETE /placement/allocations/4eb01979-212b-4249-b2f7-87c7ad30abba" status: 204 len: 0 microversion: 1.0
Sep 20 12:29:38.097444 n-d-809934-3 devstack@placement-api.service[95996]: [pid: 95996|app: 0|req: 246/494] 10.222.0.32 () {60 vars in 1356 bytes} [Mon Sep 20 12:29:37 2021] DELETE /placement/allocations/4eb01979-212b-4249-b2f7-87c7ad30abba => generated 0 bytes in 162 msecs (HTTP/1.1 204) 5 headers in 198 bytes (1 switches on core 0)
Sep 20 12:29:42.100990 n-d-809934-3 devstack@placement-api.service[95997]: DEBUG placement.requestlog [req-cb3b02b2-c435-465f-8c16-23f6e98384d4 req-662c1ff1-14c0-4e39-b736-560397dddfed None None] Starting request: 10.222.0.37 "GET /placement/allocation_candidates?limit=1000&resources=DISK_GB%3A1%2CMEMORY_MB%3A1024%2CVCPU%3A1&root_required=%21COMPUTE_STATUS_DISABLED" {{(pid=95997) __call__ /opt/stack/placement/placement/requestlog.py:55}}
Sep 20 12:29:42.157937 n-d-809934-3 devstack@placement-api.service[95997]: DEBUG placement.objects.research_context [req-cb3b02b2-c435-465f-8c16-23f6e98384d4 req-662c1ff1-14c0-4e39-b736-560397dddfed service placement] getting providers with 1 DISK_GB {{(pid=95997) __init__ /opt/stack/placement/placement/objects/research_context.py:126}}
Sep 20 12:29:42.168079 n-d-809934-3 devstack@placement-api.service[95997]: DEBUG placement.objects.research_context [req-cb3b02b2-c435-465f-8c16-23f6e98384d4 req-662c1ff1-14c0-4e39-b736-560397dddfed service placement] getting providers with 1024 MEMORY_MB {{(pid=95997) __init__ /opt/stack/placement/placement/objects/research_context.py:126}}
Sep 20 12:29:42.174713 n-d-809934-3 devstack@placement-api.service[95997]: DEBUG placement.objects.research_context [req-cb3b02b2-c435-465f-8c16-23f6e98384d4 req-662c1ff1-14c0-4e39-b736-560397dddfed service placement] getting providers with 1 VCPU {{(pid=95997) __init__ /opt/stack/placement/placement/objects/research_context.py:126}}
Sep 20 12:29:42.184389 n-d-809934-3 devstack@placement-api.service[95997]: DEBUG placement.objects.research_context [req-cb3b02b2-c435-465f-8c16-23f6e98384d4 req-662c1ff1-14c0-4e39-b736-560397dddfed service placement] found 2 providers with available 1 DISK_GB {{(pid=95997) get_provider_ids_matching /opt/stack/placement/placement/objects/research_context.py:549}}
Sep 20 12:29:42.185210 n-d-809934-3 devstack@placement-api.service[95997]: DEBUG placement.objects.research_context [req-cb3b02b2-c435-465f-8c16-23f6e98384d4 req-662c1ff1-14c0-4e39-b736-560397dddfed service placement] found 2 providers with available 1024 MEMORY_MB {{(pid=95997) get_provider_ids_matching /opt/stack/placement/placement/objects/research_context.py:549}}
Sep 20 12:29:42.185750 n-d-809934-3 devstack@placement-api.service[95997]: DEBUG placement.objects.research_context [req-cb3b02b2-c435-465f-8c16-23f6e98384d4 req-662c1ff1-14c0-4e39-b736-560397dddfed service placement] found 2 providers after filtering by previous result {{(pid=95997) get_provider_ids_matching /opt/stack/placement/placement/objects/research_context.py:580}}
Sep 20 12:29:42.186253 n-d-809934-3 devstack@placement-api.service[95997]: DEBUG placement.objects.research_context [req-cb3b02b2-c435-465f-8c16-23f6e98384d4 req-662c1ff1-14c0-4e39-b736-560397dddfed service placement] found 2 providers with available 1 VCPU {{(pid=95997) get_provider_ids_matching /opt/stack/placement/placement/objects/research_context.py:549}}
Sep 20 12:29:42.186743 n-d-809934-3 devstack@placement-api.service[95997]: DEBUG placement.objects.research_context [req-cb3b02b2-c435-465f-8c16-23f6e98384d4 req-662c1ff1-14c0-4e39-b736-560397dddfed service placement] found 2 providers after filtering by previous result {{(pid=95997) get_provider_ids_matching /opt/stack/placement/placement/objects/research_context.py:580}}
Sep 20 12:29:42.203636 n-d-809934-3 devstack@placement-api.service[95997]: DEBUG placement.objects.allocation_candidate [req-cb3b02b2-c435-465f-8c16-23f6e98384d4 req-662c1ff1-14c0-4e39-b736-560397dddfed service placement] RequestGroup(use_same_provider=False, resources={DISK_GB:1, MEMORY_MB:1024, VCPU:1}, traits=[], aggregates=[]) (suffix '') returned 2 matches {{(pid=95997) _get_by_requests /opt/stack/placement/placement/objects/allocation_candidate.py:145}}
