Sep 20 12:24:59.935976 n-d-809934-3 devstack@placement-api.service[95996]: DEBUG placement.requestlog [req-9f6a4b11-5000-4e64-b6a8-a5b0299c8e24 req-ba4cbb54-26ec-4c46-96b0-2215d2eefc85 None None] Starting request: 10.222.0.37 "GET /placement/allocation_candidates?limit=1000&resources=DISK_GB%3A1%2CMEMORY_MB%3A1024%2CVCPU%3A1&root_required=%21COMPUTE_STATUS_DISABLED" {{(pid=95996) __call__ /opt/stack/placement/placement/requestlog.py:55}}
Sep 20 12:24:59.999458 n-d-809934-3 devstack@placement-api.service[95996]: DEBUG placement.objects.research_context [req-9f6a4b11-5000-4e64-b6a8-a5b0299c8e24 req-ba4cbb54-26ec-4c46-96b0-2215d2eefc85 service placement] getting providers with 1 DISK_GB {{(pid=95996) __init__ /opt/stack/placement/placement/objects/research_context.py:126}}
Sep 20 12:25:00.008820 n-d-809934-3 devstack@placement-api.service[95996]: DEBUG placement.objects.research_context [req-9f6a4b11-5000-4e64-b6a8-a5b0299c8e24 req-ba4cbb54-26ec-4c46-96b0-2215d2eefc85 service placement] getting providers with 1024 MEMORY_MB {{(pid=95996) __init__ /opt/stack/placement/placement/objects/research_context.py:126}}
Sep 20 12:25:00.015271 n-d-809934-3 devstack@placement-api.service[95996]: DEBUG placement.objects.research_context [req-9f6a4b11-5000-4e64-b6a8-a5b0299c8e24 req-ba4cbb54-26ec-4c46-96b0-2215d2eefc85 service placement] getting providers with 1 VCPU {{(pid=95996) __init__ /opt/stack/placement/placement/objects/research_context.py:126}}
Sep 20 12:25:00.023087 n-d-809934-3 devstack@placement-api.service[95996]: DEBUG placement.objects.research_context [req-9f6a4b11-5000-4e64-b6a8-a5b0299c8e24 req-ba4cbb54-26ec-4c46-96b0-2215d2eefc85 service placement] found 2 providers with available 1 DISK_GB {{(pid=95996) get_provider_ids_matching /opt/stack/placement/placement/objects/research_context.py:549}}
Sep 20 12:25:00.023574 n-d-809934-3 devstack@placement-api.service[95996]: DEBUG placement.objects.research_context [req-9f6a4b11-5000-4e64-b6a8-a5b0299c8e24 req-ba4cbb54-26ec-4c46-96b0-2215d2eefc85 service placement] found 2 providers with available 1024 MEMORY_MB {{(pid=95996) get_provider_ids_matching /opt/stack/placement/placement/objects/research_context.py:549}}
Sep 20 12:25:00.023999 n-d-809934-3 devstack@placement-api.service[95996]: DEBUG placement.objects.research_context [req-9f6a4b11-5000-4e64-b6a8-a5b0299c8e24 req-ba4cbb54-26ec-4c46-96b0-2215d2eefc85 service placement] found 2 providers after filtering by previous result {{(pid=95996) get_provider_ids_matching /opt/stack/placement/placement/objects/research_context.py:580}}
Sep 20 12:25:00.024475 n-d-809934-3 devstack@placement-api.service[95996]: DEBUG placement.objects.research_context [req-9f6a4b11-5000-4e64-b6a8-a5b0299c8e24 req-ba4cbb54-26ec-4c46-96b0-2215d2eefc85 service placement] found 2 providers with available 1 VCPU {{(pid=95996) get_provider_ids_matching /opt/stack/placement/placement/objects/research_context.py:549}}
Sep 20 12:25:00.025193 n-d-809934-3 devstack@placement-api.service[95996]: DEBUG placement.objects.research_context [req-9f6a4b11-5000-4e64-b6a8-a5b0299c8e24 req-ba4cbb54-26ec-4c46-96b0-2215d2eefc85 service placement] found 2 providers after filtering by previous result {{(pid=95996) get_provider_ids_matching /opt/stack/placement/placement/objects/research_context.py:580}}
Sep 20 12:25:00.058582 n-d-809934-3 devstack@placement-api.service[95996]: DEBUG placement.objects.allocation_candidate [req-9f6a4b11-5000-4e64-b6a8-a5b0299c8e24 req-ba4cbb54-26ec-4c46-96b0-2215d2eefc85 service placement] RequestGroup(use_same_provider=False, resources={DISK_GB:1, MEMORY_MB:1024, VCPU:1}, traits=[], aggregates=[]) (suffix '') returned 2 matches {{(pid=95996) _get_by_requests /opt/stack/placement/placement/objects/allocation_candidate.py:145}}
Sep 20 12:25:00.059001 n-d-809934-3 devstack@placement-api.service[95996]: DEBUG placement.objects.allocation_candidate [req-9f6a4b11-5000-4e64-b6a8-a5b0299c8e24 req-ba4cbb54-26ec-4c46-96b0-2215d2eefc85 service placement] Merging candidates yields 2 allocation requests and 2 provider summaries {{(pid=95996) _merge_candidates /opt/stack/placement/placement/objects/allocation_candidate.py:783}}
Sep 20 12:25:00.063178 n-d-809934-3 devstack@placement-api.service[95996]: INFO placement.requestlog [req-9f6a4b11-5000-4e64-b6a8-a5b0299c8e24 req-ba4cbb54-26ec-4c46-96b0-2215d2eefc85 service placement] 10.222.0.37 "GET /placement/allocation_candidates?limit=1000&resources=DISK_GB%3A1%2CMEMORY_MB%3A1024%2CVCPU%3A1&root_required=%21COMPUTE_STATUS_DISABLED" status: 200 len: 1309 microversion: 1.36
Sep 20 12:25:00.065658 n-d-809934-3 devstack@placement-api.service[95996]: [pid: 95996|app: 0|req: 154/313] 10.222.0.37 () {60 vars in 1507 bytes} [Mon Sep 20 12:24:59 2021] GET /placement/allocation_candidates?limit=1000&resources=DISK_GB%3A1%2CMEMORY_MB%3A1024%2CVCPU%3A1&root_required=%21COMPUTE_STATUS_DISABLED => generated 1309 bytes in 130 msecs (HTTP/1.1 200) 8 headers in 297 bytes (1 switches on core 0)
Sep 20 12:25:00.162658 n-d-809934-3 devstack@placement-api.service[95997]: DEBUG placement.requestlog [req-9f6a4b11-5000-4e64-b6a8-a5b0299c8e24 req-2fad6d21-8735-4af5-9596-21fe89f64c9b None None] Starting request: 10.222.0.37 "GET /placement/allocations/19167053-5685-40ff-b0cb-7ad4889cfc3d" {{(pid=95997) __call__ /opt/stack/placement/placement/requestlog.py:55}}
Sep 20 12:25:00.178847 n-d-809934-3 devstack@placement-api.service[95997]: INFO placement.requestlog [req-9f6a4b11-5000-4e64-b6a8-a5b0299c8e24 req-2fad6d21-8735-4af5-9596-21fe89f64c9b service placement] 10.222.0.37 "GET /placement/allocations/19167053-5685-40ff-b0cb-7ad4889cfc3d" status: 200 len: 19 microversion: 1.28
Sep 20 12:25:00.179070 n-d-809934-3 devstack@placement-api.service[95997]: [pid: 95997|app: 0|req: 160/314] 10.222.0.37 () {60 vars in 1381 bytes} [Mon Sep 20 12:25:00 2021] GET /placement/allocations/19167053-5685-40ff-b0cb-7ad4889cfc3d => generated 19 bytes in 17 msecs (HTTP/1.1 200) 8 headers in 295 bytes (1 switches on core 0)
Sep 20 12:25:00.185945 n-d-809934-3 devstack@placement-api.service[95996]: DEBUG placement.requestlog [req-9f6a4b11-5000-4e64-b6a8-a5b0299c8e24 req-158b68be-79a5-437e-b2f1-7d564a77536c None None] Starting request: 10.222.0.37 "PUT /placement/allocations/19167053-5685-40ff-b0cb-7ad4889cfc3d" {{(pid=95996) __call__ /opt/stack/placement/placement/requestlog.py:55}}
Sep 20 12:25:00.578724 n-d-809934-3 devstack@placement-api.service[95996]: DEBUG placement.handlers.allocation [req-9f6a4b11-5000-4e64-b6a8-a5b0299c8e24 req-158b68be-79a5-437e-b2f1-7d564a77536c service placement] Successfully wrote allocations [, , ] {{(pid=95996) _update_consumers_and_create_allocations /opt/stack/placement/placement/handlers/allocation.py:462}}
Sep 20 12:25:00.679066 n-d-809934-3 devstack@placement-api.service[95996]: INFO placement.requestlog [req-9f6a4b11-5000-4e64-b6a8-a5b0299c8e24 req-158b68be-79a5-437e-b2f1-7d564a77536c service placement] 10.222.0.37 "PUT /placement/allocations/19167053-5685-40ff-b0cb-7ad4889cfc3d" status: 204 len: 0 microversion: 1.36
Sep 20 12:25:00.679692 n-d-809934-3 devstack@placement-api.service[95996]: [pid: 95996|app: 0|req: 155/315] 10.222.0.37 () {64 vars in 1434 bytes} [Mon Sep 20 12:25:00 2021] PUT /placement/allocations/19167053-5685-40ff-b0cb-7ad4889cfc3d => generated 0 bytes in 494 msecs (HTTP/1.1 204) 5 headers in 199 bytes (1 switches on core 0)
Sep 20 12:25:02.092621 n-d-809934-3 devstack@placement-api.service[95997]: DEBUG placement.requestlog [req-9f6a4b11-5000-4e64-b6a8-a5b0299c8e24 req-4069f4d0-dd87-4c16-ac40-1f7b409ad6eb None None] Starting request: 10.222.0.32 "GET /placement/allocations/19167053-5685-40ff-b0cb-7ad4889cfc3d" {{(pid=95997) __call__ /opt/stack/placement/placement/requestlog.py:55}}
Sep 20 12:25:02.120004 n-d-809934-3 devstack@placement-api.service[95997]: INFO placement.requestlog [req-9f6a4b11-5000-4e64-b6a8-a5b0299c8e24 req-4069f4d0-dd87-4c16-ac40-1f7b409ad6eb service placement] 10.222.0.32 "GET /placement/allocations/19167053-5685-40ff-b0cb-7ad4889cfc3d" status: 200 len: 259 microversion: 1.28
Sep 20 12:25:02.124566 n-d-809934-3 devstack@placement-api.service[95997]: [pid: 95997|app: 0|req: 161/316] 10.222.0.32 () {60 vars in 1378 bytes} [Mon Sep 20 12:25:02 2021] GET /placement/allocations/19167053-5685-40ff-b0cb-7ad4889cfc3d => generated 259 bytes in 29 msecs (HTTP/1.1 200) 8 headers in 296 bytes (1 switches on core 0)
Sep 20 12:25:02.909165 n-d-809934-3 devstack@placement-api.service[95996]: DEBUG placement.requestlog [req-d8b2d58d-ac68-46b1-afac-c0cc6cf96606 req-5839a12e-493b-4fda-aa4b-ee1f1e7cb26d None None] Starting request: 10.222.0.37 "GET /placement/allocation_candidates?limit=1000&resources=DISK_GB%3A1%2CMEMORY_MB%3A1024%2CVCPU%3A1&root_required=%21COMPUTE_STATUS_DISABLED" {{(pid=95996) __call__ /opt/stack/placement/placement/requestlog.py:55}}
Sep 20 12:25:02.971952 n-d-809934-3 devstack@placement-api.service[95997]: DEBUG placement.requestlog [req-14e729a0-2597-46fa-a0f6-cc5587550474 req-3345841f-69b8-462e-be2f-4abb557403ea None None] Starting request: 10.222.0.37 "GET /placement/allocation_candidates?limit=1000&resources=DISK_GB%3A1%2CMEMORY_MB%3A1024%2CVCPU%3A1&root_required=%21COMPUTE_STATUS_DISABLED" {{(pid=95997) __call__ /opt/stack/placement/placement/requestlog.py:55}}
Sep 20 12:25:03.032277 n-d-809934-3 devstack@placement-api.service[95996]: DEBUG placement.objects.research_context [req-d8b2d58d-ac68-46b1-afac-c0cc6cf96606 req-5839a12e-493b-4fda-aa4b-ee1f1e7cb26d service placement] getting providers with 1 DISK_GB {{(pid=95996) __init__ /opt/stack/placement/placement/objects/research_context.py:126}}
Sep 20 12:25:03.042171 n-d-809934-3 devstack@placement-api.service[95996]: DEBUG placement.objects.research_context [req-d8b2d58d-ac68-46b1-afac-c0cc6cf96606 req-5839a12e-493b-4fda-aa4b-ee1f1e7cb26d service placement] getting providers with 1024 MEMORY_MB {{(pid=95996) __init__ /opt/stack/placement/placement/objects/research_context.py:126}}
Sep 20 12:25:03.049220 n-d-809934-3 devstack@placement-api.service[95996]: DEBUG placement.objects.research_context [req-d8b2d58d-ac68-46b1-afac-c0cc6cf96606 req-5839a12e-493b-4fda-aa4b-ee1f1e7cb26d service placement] getting providers with 1 VCPU {{(pid=95996) __init__ /opt/stack/placement/placement/objects/research_context.py:126}}
Sep 20 12:25:03.050022 n-d-809934-3 devstack@placement-api.service[95997]: DEBUG placement.objects.research_context [req-14e729a0-2597-46fa-a0f6-cc5587550474 req-3345841f-69b8-462e-be2f-4abb557403ea service placement] getting providers with 1 DISK_GB {{(pid=95997) __init__ /opt/stack/placement/placement/objects/research_context.py:126}}
Sep 20 12:25:03.055688 n-d-809934-3 devstack@placement-api.service[95996]: DEBUG placement.objects.research_context [req-d8b2d58d-ac68-46b1-afac-c0cc6cf96606 req-5839a12e-493b-4fda-aa4b-ee1f1e7cb26d service placement] found 2 providers with available 1 DISK_GB {{(pid=95996) get_provider_ids_matching /opt/stack/placement/placement/objects/research_context.py:549}}
Sep 20 12:25:03.056181 n-d-809934-3 devstack@placement-api.service[95996]: DEBUG placement.objects.research_context [req-d8b2d58d-ac68-46b1-afac-c0cc6cf96606 req-5839a12e-493b-4fda-aa4b-ee1f1e7cb26d service placement] found 2 providers with available 1024 MEMORY_MB {{(pid=95996) get_provider_ids_matching /opt/stack/placement/placement/objects/research_context.py:549}}
Sep 20 12:25:03.056607 n-d-809934-3 devstack@placement-api.service[95996]: DEBUG placement.objects.research_context [req-d8b2d58d-ac68-46b1-afac-c0cc6cf96606 req-5839a12e-493b-4fda-aa4b-ee1f1e7cb26d service placement] found 2 providers after filtering by previous result {{(pid=95996) get_provider_ids_matching /opt/stack/placement/placement/objects/research_context.py:580}}
Sep 20 12:25:03.057152 n-d-809934-3 devstack@placement-api.service[95996]: DEBUG placement.objects.research_context [req-d8b2d58d-ac68-46b1-afac-c0cc6cf96606 req-5839a12e-493b-4fda-aa4b-ee1f1e7cb26d service placement] found 2 providers with available 1 VCPU {{(pid=95996) get_provider_ids_matching /opt/stack/placement/placement/objects/research_context.py:549}}
Sep 20 12:25:03.057588 n-d-809934-3 devstack@placement-api.service[95996]: DEBUG placement.objects.research_context [req-d8b2d58d-ac68-46b1-afac-c0cc6cf96606 req-5839a12e-493b-4fda-aa4b-ee1f1e7cb26d service placement] found 2 providers after filtering by previous result {{(pid=95996) get_provider_ids_matching /opt/stack/placement/placement/objects/research_context.py:580}}
Sep 20 12:25:03.068358 n-d-809934-3 devstack@placement-api.service[95997]: DEBUG placement.objects.research_context [req-14e729a0-2597-46fa-a0f6-cc5587550474 req-3345841f-69b8-462e-be2f-4abb557403ea service placement] getting providers with 1024 MEMORY_MB {{(pid=95997) __init__ /opt/stack/placement/placement/objects/research_context.py:126}}
Sep 20 12:25:03.074403 n-d-809934-3 devstack@placement-api.service[95996]: DEBUG placement.objects.allocation_candidate [req-d8b2d58d-ac68-46b1-afac-c0cc6cf96606 req-5839a12e-493b-4fda-aa4b-ee1f1e7cb26d service placement] RequestGroup(use_same_provider=False, resources={DISK_GB:1, MEMORY_MB:1024, VCPU:1}, traits=[], aggregates=[]) (suffix '') returned 2 matches {{(pid=95996) _get_by_requests /opt/stack/placement/placement/objects/allocation_candidate.py:145}}
Sep 20 12:25:03.074767 n-d-809934-3 devstack@placement-api.service[95997]: DEBUG placement.objects.research_context [req-14e729a0-2597-46fa-a0f6-cc5587550474 req-3345841f-69b8-462e-be2f-4abb557403ea service placement] getting providers with 1 VCPU {{(pid=95997) __init__ /opt/stack/placement/placement/objects/research_context.py:126}}
Sep 20 12:25:03.075165 n-d-809934-3 devstack@placement-api.service[95996]: DEBUG placement.objects.allocation_candidate [req-d8b2d58d-ac68-46b1-afac-c0cc6cf96606 req-5839a12e-493b-4fda-aa4b-ee1f1e7cb26d service placement] Merging candidates yields 2 allocation requests and 2 provider summaries {{(pid=95996) _merge_candidates /opt/stack/placement/placement/objects/allocation_candidate.py:783}}
Sep 20 12:25:03.077842 n-d-809934-3 devstack@placement-api.service[95996]: INFO placement.requestlog [req-d8b2d58d-ac68-46b1-afac-c0cc6cf96606 req-5839a12e-493b-4fda-aa4b-ee1f1e7cb26d service placement] 10.222.0.37 "GET /placement/allocation_candidates?limit=1000&resources=DISK_GB%3A1%2CMEMORY_MB%3A1024%2CVCPU%3A1&root_required=%21COMPUTE_STATUS_DISABLED" status: 200 len: 1309 microversion: 1.36
Sep 20 12:25:03.079705 n-d-809934-3 devstack@placement-api.service[95996]: [pid: 95996|app: 0|req: 156/317] 10.222.0.37 () {60 vars in 1507 bytes} [Mon Sep 20 12:25:02 2021] GET /placement/allocation_candidates?limit=1000&resources=DISK_GB%3A1%2CMEMORY_MB%3A1024%2CVCPU%3A1&root_required=%21COMPUTE_STATUS_DISABLED => generated 1309 bytes in 171 msecs (HTTP/1.1 200) 8 headers in 297 bytes (1 switches on core 0)
Sep 20 12:25:03.086426 n-d-809934-3 devstack@placement-api.service[95997]: DEBUG placement.objects.research_context [req-14e729a0-2597-46fa-a0f6-cc5587550474 req-3345841f-69b8-462e-be2f-4abb557403ea service placement] found 2 providers with available 1 DISK_GB {{(pid=95997) get_provider_ids_matching /opt/stack/placement/placement/objects/research_context.py:549}}
Sep 20 12:25:03.086716 n-d-809934-3 devstack@placement-api.service[95997]: DEBUG placement.objects.research_context [req-14e729a0-2597-46fa-a0f6-cc5587550474 req-3345841f-69b8-462e-be2f-4abb557403ea service placement] found 2 providers with available 1024 MEMORY_MB {{(pid=95997) get_provider_ids_matching /opt/stack/placement/placement/objects/research_context.py:549}}
Sep 20 12:25:03.086998 n-d-809934-3 devstack@placement-api.service[95997]: DEBUG placement.objects.research_context [req-14e729a0-2597-46fa-a0f6-cc5587550474 req-3345841f-69b8-462e-be2f-4abb557403ea service placement] found 2 providers after filtering by previous result {{(pid=95997) get_provider_ids_matching /opt/stack/placement/placement/objects/research_context.py:580}}
Sep 20 12:25:03.087258 n-d-809934-3 devstack@placement-api.service[95997]: DEBUG placement.objects.research_context [req-14e729a0-2597-46fa-a0f6-cc5587550474 req-3345841f-69b8-462e-be2f-4abb557403ea service placement] found 2 providers with available 1 VCPU {{(pid=95997) get_provider_ids_matching /opt/stack/placement/placement/objects/research_context.py:549}}
Sep 20 12:25:03.087515 n-d-809934-3 devstack@placement-api.service[95997]: DEBUG placement.objects.research_context [req-14e729a0-2597-46fa-a0f6-cc5587550474 req-3345841f-69b8-462e-be2f-4abb557403ea service placement] found 2 providers after filtering by previous result {{(pid=95997) get_provider_ids_matching /opt/stack/placement/placement/objects/research_context.py:580}}
Sep 20 12:25:03.121108 n-d-809934-3 devstack@placement-api.service[95997]: DEBUG placement.objects.allocation_candidate [req-14e729a0-2597-46fa-a0f6-cc5587550474 req-3345841f-69b8-462e-be2f-4abb557403ea service placement] RequestGroup(use_same_provider=False, resources={DISK_GB:1, MEMORY_MB:1024, VCPU:1}, traits=[], aggregates=[]) (suffix '') returned 2 matches {{(pid=95997) _get_by_requests /opt/stack/placement/placement/objects/allocation_candidate.py:145}}
Sep 20 12:25:03.121705 n-d-809934-3 devstack@placement-api.service[95997]: DEBUG placement.objects.allocation_candidate [req-14e729a0-2597-46fa-a0f6-cc5587550474 req-3345841f-69b8-462e-be2f-4abb557403ea service placement] Merging candidates yields 2 allocation requests and 2 provider summaries {{(pid=95997) _merge_candidates /opt/stack/placement/placement/objects/allocation_candidate.py:783}}
Sep 20 12:25:03.126693 n-d-809934-3 devstack@placement-api.service[95997]: INFO placement.requestlog [req-14e729a0-2597-46fa-a0f6-cc5587550474 req-3345841f-69b8-462e-be2f-4abb557403ea service placement] 10.222.0.37 "GET /placement/allocation_candidates?limit=1000&resources=DISK_GB%3A1%2CMEMORY_MB%3A1024%2CVCPU%3A1&root_required=%21COMPUTE_STATUS_DISABLED" status: 200 len: 1309 microversion: 1.36
Sep 20 12:25:03.130213 n-d-809934-3 devstack@placement-api.service[95997]: [pid: 95997|app: 0|req: 162/318] 10.222.0.37 () {60 vars in 1507 bytes} [Mon Sep 20 12:25:02 2021] GET /placement/allocation_candidates?limit=1000&resources=DISK_GB%3A1%2CMEMORY_MB%3A1024%2CVCPU%3A1&root_required=%21COMPUTE_STATUS_DISABLED => generated 1309 bytes in 155 msecs (HTTP/1.1 200) 8 headers in 297 bytes (2 switches on core 0)
Sep 20 12:25:03.153779 n-d-809934-3 devstack@placement-api.service[95996]: DEBUG placement.requestlog [req-d8b2d58d-ac68-46b1-afac-c0cc6cf96606 req-ca3f75c3-80ea-4a0e-ab44-8683449134f0 None None] Starting request: 10.222.0.37 "GET /placement/allocations/dabb221c-0ebe-454f-b7cd-c1f08aac789f" {{(pid=95996) __call__ /opt/stack/placement/placement/requestlog.py:55}}
Sep 20 12:25:03.175692 n-d-809934-3 devstack@placement-api.service[95996]: INFO placement.requestlog [req-d8b2d58d-ac68-46b1-afac-c0cc6cf96606 req-ca3f75c3-80ea-4a0e-ab44-8683449134f0 service placement] 10.222.0.37 "GET /placement/allocations/dabb221c-0ebe-454f-b7cd-c1f08aac789f" status: 200 len: 19 microversion: 1.28
Sep 20 12:25:03.175692 n-d-809934-3 devstack@placement-api.service[95996]: [pid: 95996|app: 0|req: 157/319] 10.222.0.37 () {60 vars in 1381 bytes} [Mon Sep 20 12:25:03 2021] GET /placement/allocations/dabb221c-0ebe-454f-b7cd-c1f08aac789f => generated 19 bytes in 22 msecs (HTTP/1.1 200) 8 headers in 295 bytes (1 switches on core 0)
Sep 20 12:25:03.179090 n-d-809934-3 devstack@placement-api.service[95997]: DEBUG placement.requestlog [req-d8b2d58d-ac68-46b1-afac-c0cc6cf96606 req-c9dca59c-34e0-45c8-9293-770629c28023 None None] Starting request: 10.222.0.37 "PUT /placement/allocations/dabb221c-0ebe-454f-b7cd-c1f08aac789f" {{(pid=95997) __call__ /opt/stack/placement/placement/requestlog.py:55}}
Sep 20 12:25:03.217731 n-d-809934-3 devstack@placement-api.service[95996]: DEBUG placement.requestlog [req-14e729a0-2597-46fa-a0f6-cc5587550474 req-212511f3-79ae-45f2-95f5-21864194c5b7 None None] Starting request: 10.222.0.37 "GET /placement/allocations/cbef1655-04f9-44fe-8d18-0d12950bf02f" {{(pid=95996) __call__ /opt/stack/placement/placement/requestlog.py:55}}
Sep 20 12:25:03.231443 n-d-809934-3 devstack@placement-api.service[95996]: INFO placement.requestlog [req-14e729a0-2597-46fa-a0f6-cc5587550474 req-212511f3-79ae-45f2-95f5-21864194c5b7 service placement] 10.222.0.37 "GET /placement/allocations/cbef1655-04f9-44fe-8d18-0d12950bf02f" status: 200 len: 19 microversion: 1.28
Sep 20 12:25:03.231673 n-d-809934-3 devstack@placement-api.service[95996]: [pid: 95996|app: 0|req: 158/320] 10.222.0.37 () {60 vars in 1381 bytes} [Mon Sep 20 12:25:03 2021] GET /placement/allocations/cbef1655-04f9-44fe-8d18-0d12950bf02f => generated 19 bytes in 15 msecs (HTTP/1.1 200) 8 headers in 295 bytes (1 switches on core 0)
Sep 20 12:25:03.246603 n-d-809934-3 devstack@placement-api.service[95996]: DEBUG placement.requestlog [req-14e729a0-2597-46fa-a0f6-cc5587550474 req-72609cee-72ce-4089-afdb-0521cfee4c9f None None] Starting request: 10.222.0.37 "PUT /placement/allocations/cbef1655-04f9-44fe-8d18-0d12950bf02f" {{(pid=95996) __call__ /opt/stack/placement/placement/requestlog.py:55}}
Sep 20 12:25:03.385942 n-d-809934-3 devstack@placement-api.service[95997]: DEBUG placement.handlers.allocation [req-d8b2d58d-ac68-46b1-afac-c0cc6cf96606 req-c9dca59c-34e0-45c8-9293-770629c28023 service placement] Successfully wrote allocations [, , ] {{(pid=95997) _update_consumers_and_create_allocations /opt/stack/placement/placement/handlers/allocation.py:462}}
Sep 20 12:25:03.465855 n-d-809934-3 devstack@placement-api.service[95997]: INFO placement.requestlog [req-d8b2d58d-ac68-46b1-afac-c0cc6cf96606 req-c9dca59c-34e0-45c8-9293-770629c28023 service placement] 10.222.0.37 "PUT /placement/allocations/dabb221c-0ebe-454f-b7cd-c1f08aac789f" status: 204 len: 0 microversion: 1.36
Sep 20 12:25:03.466073 n-d-809934-3 devstack@placement-api.service[95997]: [pid: 95997|app: 0|req: 163/321] 10.222.0.37 () {64 vars in 1434 bytes} [Mon Sep 20 12:25:03 2021] PUT /placement/allocations/dabb221c-0ebe-454f-b7cd-c1f08aac789f => generated 0 bytes in 287 msecs (HTTP/1.1 204) 5 headers in 199 bytes (1 switches on core 0)
Sep 20 12:25:03.517666 n-d-809934-3 devstack@placement-api.service[95996]: DEBUG placement.handlers.allocation [req-14e729a0-2597-46fa-a0f6-cc5587550474 req-72609cee-72ce-4089-afdb-0521cfee4c9f service placement] Successfully wrote allocations [, , ] {{(pid=95996) _update_consumers_and_create_allocations /opt/stack/placement/placement/handlers/allocation.py:462}}
Sep 20 12:25:03.686268 n-d-809934-3 devstack@placement-api.service[95996]: INFO placement.requestlog [req-14e729a0-2597-46fa-a0f6-cc5587550474 req-72609cee-72ce-4089-afdb-0521cfee4c9f service placement] 10.222.0.37 "PUT /placement/allocations/cbef1655-04f9-44fe-8d18-0d12950bf02f" status: 204 len: 0 microversion: 1.36
Sep 20 12:25:03.691784 n-d-809934-3 devstack@placement-api.service[95996]: [pid: 95996|app: 0|req: 159/322] 10.222.0.37 () {64 vars in 1434 bytes} [Mon Sep 20 12:25:03 2021] PUT /placement/allocations/cbef1655-04f9-44fe-8d18-0d12950bf02f => generated 0 bytes in 442 msecs (HTTP/1.1 204) 5 headers in 199 bytes (1 switches on core 0)
Sep 20 12:25:04.821089 n-d-809934-3 devstack@placement-api.service[95997]: DEBUG placement.requestlog [req-d8b2d58d-ac68-46b1-afac-c0cc6cf96606 req-a98bada7-2a26-47be-9e61-b6a0dee47d3b None None] Starting request: 10.222.0.21 "GET /placement/allocations/dabb221c-0ebe-454f-b7cd-c1f08aac789f" {{(pid=95997) __call__ /opt/stack/placement/placement/requestlog.py:55}}
Sep 20 12:25:04.839960 n-d-809934-3 devstack@placement-api.service[95997]: INFO placement.requestlog [req-d8b2d58d-ac68-46b1-afac-c0cc6cf96606 req-a98bada7-2a26-47be-9e61-b6a0dee47d3b service placement] 10.222.0.21 "GET /placement/allocations/dabb221c-0ebe-454f-b7cd-c1f08aac789f" status: 200 len: 259 microversion: 1.28
Sep 20 12:25:04.840684 n-d-809934-3 devstack@placement-api.service[95997]: [pid: 95997|app: 0|req: 164/323] 10.222.0.21 () {60 vars in 1378 bytes} [Mon Sep 20 12:25:04 2021] GET /placement/allocations/dabb221c-0ebe-454f-b7cd-c1f08aac789f => generated 259 bytes in 20 msecs (HTTP/1.1 200) 8 headers in 296 bytes (1 switches on core 0)
Sep 20 12:25:05.136535 n-d-809934-3 devstack@placement-api.service[95996]: DEBUG placement.requestlog [req-14e729a0-2597-46fa-a0f6-cc5587550474 req-d5244730-aa77-4e74-935c-eaa347ebd824 None None] Starting request: 10.222.0.21 "GET /placement/allocations/cbef1655-04f9-44fe-8d18-0d12950bf02f" {{(pid=95996) __call__ /opt/stack/placement/placement/requestlog.py:55}}
Sep 20 12:25:05.153948 n-d-809934-3 devstack@placement-api.service[95996]: INFO placement.requestlog [req-14e729a0-2597-46fa-a0f6-cc5587550474 req-d5244730-aa77-4e74-935c-eaa347ebd824 service placement] 10.222.0.21 "GET /placement/allocations/cbef1655-04f9-44fe-8d18-0d12950bf02f" status: 200 len: 259 microversion: 1.28
Sep 20 12:25:05.154202 n-d-809934-3 devstack@placement-api.service[95996]: [pid: 95996|app: 0|req: 160/324] 10.222.0.21 () {60 vars in 1378 bytes} [Mon Sep 20 12:25:05 2021] GET /placement/allocations/cbef1655-04f9-44fe-8d18-0d12950bf02f => generated 259 bytes in 18 msecs (HTTP/1.1 200) 8 headers in 296 bytes (1 switches on core 0)
Sep 20 12:25:05.337704 n-d-809934-3 devstack@placement-api.service[95997]: DEBUG placement.requestlog [req-54898dd0-908f-4d02-8061-33fde911ed3b req-06b35855-4401-4c2a-a96d-5e22dbb3048b None None] Starting request: 10.222.0.32 "DELETE /placement/allocations/cab77af0-c255-4235-bb3e-d7061f323662" {{(pid=95997) __call__ /opt/stack/placement/placement/requestlog.py:55}}
Sep 20 12:25:05.570290 n-d-809934-3 devstack@placement-api.service[95997]: DEBUG placement.handlers.allocation [req-54898dd0-908f-4d02-8061-33fde911ed3b req-06b35855-4401-4c2a-a96d-5e22dbb3048b service placement] Successfully deleted allocations [, , ] {{(pid=95997) delete_allocations /opt/stack/placement/placement/handlers/allocation.py:627}}
Sep 20 12:25:05.571131 n-d-809934-3 devstack@placement-api.service[95997]: INFO placement.requestlog [req-54898dd0-908f-4d02-8061-33fde911ed3b req-06b35855-4401-4c2a-a96d-5e22dbb3048b service placement] 10.222.0.32 "DELETE /placement/allocations/cab77af0-c255-4235-bb3e-d7061f323662" status: 204 len: 0 microversion: 1.0
Sep 20 12:25:05.571648 n-d-809934-3 devstack@placement-api.service[95997]: [pid: 95997|app: 0|req: 165/325] 10.222.0.32 () {60 vars in 1356 bytes} [Mon Sep 20 12:25:05 2021] DELETE /placement/allocations/cab77af0-c255-4235-bb3e-d7061f323662 => generated 0 bytes in 234 msecs (HTTP/1.1 204) 5 headers in 198 bytes (2 switches on core 0)
Sep 20 12:25:11.940478 n-d-809934-3 devstack@placement-api.service[95996]: DEBUG placement.requestlog [req-b38bc3c2-5492-49a5-a41b-08778bd1b4df req-70dbc88b-98dc-47da-b020-6ff8e83cb3b6 None None] Starting request: 10.222.0.21 "DELETE /placement/allocations/4f385f19-7330-4610-ae8a-b65dc03fd909" {{(pid=95996) __call__ /opt/stack/placement/placement/requestlog.py:55}}
Sep 20 12:25:12.136201 n-d-809934-3 devstack@placement-api.service[95996]: DEBUG placement.handlers.allocation [req-b38bc3c2-5492-49a5-a41b-08778bd1b4df req-70dbc88b-98dc-47da-b020-6ff8e83cb3b6 service placement] Successfully deleted allocations [, , ] {{(pid=95996) delete_allocations /opt/stack/placement/placement/handlers/allocation.py:627}}
Sep 20 12:25:12.137533 n-d-809934-3 devstack@placement-api.service[95996]: INFO placement.requestlog [req-b38bc3c2-5492-49a5-a41b-08778bd1b4df req-70dbc88b-98dc-47da-b020-6ff8e83cb3b6 service placement] 10.222.0.21 "DELETE /placement/allocations/4f385f19-7330-4610-ae8a-b65dc03fd909" status: 204 len: 0 microversion: 1.0
Sep 20 12:25:12.138272 n-d-809934-3 devstack@placement-api.service[95996]: [pid: 95996|app: 0|req: 161/326] 10.222.0.21 () {60 vars in 1356 bytes} [Mon Sep 20 12:25:11 2021] DELETE /placement/allocations/4f385f19-7330-4610-ae8a-b65dc03fd909 => generated 0 bytes in 198 msecs (HTTP/1.1 204) 5 headers in 198 bytes (1 switches on core 0)
Sep 20 12:25:22.166900 n-d-809934-3 devstack@placement-api.service[95997]: DEBUG placement.requestlog [None req-c6802416-f0b2-477b-86b3-fdf95900facf None None] Starting request: 10.222.0.37 "GET /placement/" {{(pid=95997) __call__ /opt/stack/placement/placement/requestlog.py:55}}
Sep 20 12:25:22.168732 n-d-809934-3 devstack@placement-api.service[95997]: INFO placement.requestlog [None req-c6802416-f0b2-477b-86b3-fdf95900facf None None] 10.222.0.37 "GET /placement/" status: 200 len: 136 microversion: 1.0
Sep 20 12:25:22.168732 n-d-809934-3 devstack@placement-api.service[95997]: [pid: 95997|app: 0|req: 166/327] 10.222.0.37 () {54 vars in 907 bytes} [Mon Sep 20 12:25:22 2021] GET /placement => generated 136 bytes in 2 msecs (HTTP/1.1 200) 6 headers in 224 bytes (1 switches on core 0)
Sep 20 12:25:22.183775 n-d-809934-3 devstack@placement-api.service[95996]: DEBUG placement.requestlog [req-e63aad6e-d0f5-400a-bc0e-9ee885ab6db8 req-c8b513ac-0621-439c-bbf4-dbc9fea7c119 None None] Starting request: 10.222.0.37 "GET /placement/resource_providers/ba03844e-2b6d-401a-a813-5f3b60f7b669/traits" {{(pid=95996) __call__ /opt/stack/placement/placement/requestlog.py:55}}
Sep 20 12:25:22.313601 n-d-809934-3 devstack@placement-api.service[95996]: INFO placement.requestlog [req-e63aad6e-d0f5-400a-bc0e-9ee885ab6db8 req-c8b513ac-0621-439c-bbf4-dbc9fea7c119 service placement] 10.222.0.37 "GET /placement/resource_providers/ba03844e-2b6d-401a-a813-5f3b60f7b669/traits" status: 200 len: 212 microversion: 1.6
Sep 20 12:25:22.313818 n-d-809934-3 devstack@placement-api.service[95996]: [pid: 95996|app: 0|req: 162/328] 10.222.0.37 () {60 vars in 1413 bytes} [Mon Sep 20 12:25:22 2021] GET /placement/resource_providers/ba03844e-2b6d-401a-a813-5f3b60f7b669/traits => generated 212 bytes in 130 msecs (HTTP/1.1 200) 6 headers in 224 bytes (1 switches on core 0)
Sep 20 12:25:22.973521 n-d-809934-3 devstack@placement-api.service[95997]: DEBUG placement.requestlog [req-14eeaafb-7d35-43fc-a982-e3aca2c8b947 req-3f3f6f69-9933-412f-af4f-d294085f6a96 None None] Starting request: 10.222.0.32 "GET /placement/resource_providers/bd3f2dae-5120-49f0-8380-03dd83bd8cac/allocations" {{(pid=95997) __call__ /opt/stack/placement/placement/requestlog.py:55}}
Sep 20 12:25:22.999056 n-d-809934-3 devstack@placement-api.service[95997]: INFO placement.requestlog [req-14eeaafb-7d35-43fc-a982-e3aca2c8b947 req-3f3f6f69-9933-412f-af4f-d294085f6a96 service placement] 10.222.0.32 "GET /placement/resource_providers/bd3f2dae-5120-49f0-8380-03dd83bd8cac/allocations" status: 200 len: 745 microversion: 1.0
Sep 20 12:25:22.999428 n-d-809934-3 devstack@placement-api.service[95997]: [pid: 95997|app: 0|req: 167/329] 10.222.0.32 () {58 vars in 1391 bytes} [Mon Sep 20 12:25:22 2021] GET /placement/resource_providers/bd3f2dae-5120-49f0-8380-03dd83bd8cac/allocations => generated 745 bytes in 26 msecs (HTTP/1.1 200) 6 headers in 224 bytes (1 switches on core 0)
Sep 20 12:25:23.409429 n-d-809934-3 devstack@placement-api.service[95996]: DEBUG placement.requestlog [None req-479be30a-8c58-4b78-ad29-b53e978a9967 None None] Starting request: 10.222.0.37 "GET /placement/" {{(pid=95996) __call__ /opt/stack/placement/placement/requestlog.py:55}}
Sep 20 12:25:23.410497 n-d-809934-3 devstack@placement-api.service[95996]: INFO placement.requestlog [None req-479be30a-8c58-4b78-ad29-b53e978a9967 None None] 10.222.0.37 "GET /placement/" status: 200 len: 136 microversion: 1.0
Sep 20 12:25:23.410942 n-d-809934-3 devstack@placement-api.service[95996]: [pid: 95996|app: 0|req: 163/330] 10.222.0.37 () {54 vars in 916 bytes} [Mon Sep 20 12:25:23 2021] GET /placement => generated 136 bytes in 2 msecs (HTTP/1.1 200) 6 headers in 224 bytes (1 switches on core 0)
Sep 20 12:25:23.419735 n-d-809934-3 devstack@placement-api.service[95997]: DEBUG placement.requestlog [req-e63aad6e-d0f5-400a-bc0e-9ee885ab6db8 req-3a3ab88d-ce0c-4617-82ac-60d798200234 None None] Starting request: 10.222.0.37 "GET /placement/allocations/dabb221c-0ebe-454f-b7cd-c1f08aac789f" {{(pid=95997) __call__ /opt/stack/placement/placement/requestlog.py:55}}
Sep 20 12:25:23.493641 n-d-809934-3 devstack@placement-api.service[95997]: INFO placement.requestlog [req-e63aad6e-d0f5-400a-bc0e-9ee885ab6db8 req-3a3ab88d-ce0c-4617-82ac-60d798200234 service placement] 10.222.0.37 "GET /placement/allocations/dabb221c-0ebe-454f-b7cd-c1f08aac789f" status: 200 len: 259 microversion: 1.28
Sep 20 12:25:23.493842 n-d-809934-3 devstack@placement-api.service[95997]: [pid: 95997|app: 0|req: 168/331] 10.222.0.37 () {60 vars in 1381 bytes} [Mon Sep 20 12:25:23 2021] GET /placement/allocations/dabb221c-0ebe-454f-b7cd-c1f08aac789f => generated 259 bytes in 74 msecs (HTTP/1.1 200) 8 headers in 296 bytes (1 switches on core 0)
Sep 20 12:25:23.500835 n-d-809934-3 devstack@placement-api.service[95996]: DEBUG placement.requestlog [req-e63aad6e-d0f5-400a-bc0e-9ee885ab6db8 req-56826431-df1d-403b-beb9-8e159d26c59f None None] Starting request: 10.222.0.37 "GET /placement/allocations/dabb221c-0ebe-454f-b7cd-c1f08aac789f" {{(pid=95996) __call__ /opt/stack/placement/placement/requestlog.py:55}}
Sep 20 12:25:23.518564 n-d-809934-3 devstack@placement-api.service[95996]: INFO placement.requestlog [req-e63aad6e-d0f5-400a-bc0e-9ee885ab6db8 req-56826431-df1d-403b-beb9-8e159d26c59f service placement] 10.222.0.37 "GET /placement/allocations/dabb221c-0ebe-454f-b7cd-c1f08aac789f" status: 200 len: 259 microversion: 1.28
Sep 20 12:25:23.519309 n-d-809934-3 devstack@placement-api.service[95996]: [pid: 95996|app: 0|req: 164/332] 10.222.0.37 () {60 vars in 1381 bytes} [Mon Sep 20 12:25:23 2021] GET /placement/allocations/dabb221c-0ebe-454f-b7cd-c1f08aac789f => generated 259 bytes in 19 msecs (HTTP/1.1 200) 8 headers in 296 bytes (1 switches on core 0)
Sep 20 12:25:23.522891 n-d-809934-3 devstack@placement-api.service[95997]: DEBUG placement.requestlog [req-14eeaafb-7d35-43fc-a982-e3aca2c8b947 req-66a92487-a65e-4b9f-b229-35e392677947 None None] Starting request: 10.222.0.32 "GET /placement/allocations/99dc0184-b2a2-49a5-81d0-f40526f64f31" {{(pid=95997) __call__ /opt/stack/placement/placement/requestlog.py:55}}
Sep 20 12:25:23.525873 n-d-809934-3 devstack@placement-api.service[95996]: DEBUG placement.requestlog [req-e63aad6e-d0f5-400a-bc0e-9ee885ab6db8 req-1d63f7f8-3e08-4b98-b982-98e095c954c3 None None] Starting request: 10.222.0.37 "GET /placement/allocations/c31f398f-74a7-4617-a786-dac565783922" {{(pid=95996) __call__ /opt/stack/placement/placement/requestlog.py:55}}
Sep 20 12:25:23.536734 n-d-809934-3 devstack@placement-api.service[95996]: INFO placement.requestlog [req-e63aad6e-d0f5-400a-bc0e-9ee885ab6db8 req-1d63f7f8-3e08-4b98-b982-98e095c954c3 service placement] 10.222.0.37 "GET /placement/allocations/c31f398f-74a7-4617-a786-dac565783922" status: 200 len: 19 microversion: 1.28
Sep 20 12:25:23.537074 n-d-809934-3 devstack@placement-api.service[95996]: [pid: 95996|app: 0|req: 165/333] 10.222.0.37 () {60 vars in 1381 bytes} [Mon Sep 20 12:25:23 2021] GET /placement/allocations/c31f398f-74a7-4617-a786-dac565783922 => generated 19 bytes in 11 msecs (HTTP/1.1 200) 8 headers in 295 bytes (1 switches on core 0)
Sep 20 12:25:23.537547 n-d-809934-3 devstack@placement-api.service[95997]: INFO placement.requestlog [req-14eeaafb-7d35-43fc-a982-e3aca2c8b947 req-66a92487-a65e-4b9f-b229-35e392677947 service placement] 10.222.0.32 "GET /placement/allocations/99dc0184-b2a2-49a5-81d0-f40526f64f31" status: 200 len: 245 microversion: 1.28
Sep 20 12:25:23.537777 n-d-809934-3 devstack@placement-api.service[95997]: [pid: 95997|app: 0|req: 169/334] 10.222.0.32 () {60 vars in 1378 bytes} [Mon Sep 20 12:25:23 2021] GET /placement/allocations/99dc0184-b2a2-49a5-81d0-f40526f64f31 => generated 245 bytes in 15 msecs (HTTP/1.1 200) 8 headers in 296 bytes (2 switches on core 0)
Sep 20 12:25:23.543074 n-d-809934-3 devstack@placement-api.service[95996]: DEBUG placement.requestlog [req-e63aad6e-d0f5-400a-bc0e-9ee885ab6db8 req-d9b16ec4-d995-47ea-a781-906bb0c5bd73 None None] Starting request: 10.222.0.37 "POST /placement/allocations" {{(pid=95996) __call__ /opt/stack/placement/placement/requestlog.py:55}}
Sep 20 12:25:23.546025 n-d-809934-3 devstack@placement-api.service[95997]: DEBUG placement.requestlog [req-14eeaafb-7d35-43fc-a982-e3aca2c8b947 req-c642951c-c849-4565-921b-b936f49975ce None None] Starting request: 10.222.0.32 "PUT /placement/allocations/99dc0184-b2a2-49a5-81d0-f40526f64f31" {{(pid=95997) __call__ /opt/stack/placement/placement/requestlog.py:55}}
Sep 20 12:25:23.594633 n-d-809934-3 devstack@placement-api.service[95997]: DEBUG placement.handlers.allocation [req-14eeaafb-7d35-43fc-a982-e3aca2c8b947 req-c642951c-c849-4565-921b-b936f49975ce service placement] Successfully wrote allocations [, ] {{(pid=95997) _update_consumers_and_create_allocations /opt/stack/placement/placement/handlers/allocation.py:462}}
Sep 20 12:25:23.890326 n-d-809934-3 devstack@placement-api.service[95997]: INFO placement.requestlog [req-14eeaafb-7d35-43fc-a982-e3aca2c8b947 req-c642951c-c849-4565-921b-b936f49975ce service placement] 10.222.0.32 "PUT /placement/allocations/99dc0184-b2a2-49a5-81d0-f40526f64f31" status: 204 len: 0 microversion: 1.28
Sep 20 12:25:23.892071 n-d-809934-3 devstack@placement-api.service[95997]: [pid: 95997|app: 0|req: 170/335] 10.222.0.32 () {64 vars in 1431 bytes} [Mon Sep 20 12:25:23 2021] PUT /placement/allocations/99dc0184-b2a2-49a5-81d0-f40526f64f31 => generated 0 bytes in 346 msecs (HTTP/1.1 204) 5 headers in 199 bytes (2 switches on core 0)
Sep 20 12:25:23.933355 n-d-809934-3 devstack@placement-api.service[95996]: DEBUG placement.handlers.allocation [req-e63aad6e-d0f5-400a-bc0e-9ee885ab6db8 req-d9b16ec4-d995-47ea-a781-906bb0c5bd73 service placement] Successfully wrote allocations [, , , , , ] {{(pid=95996) _update_consumers_and_create_allocations /opt/stack/placement/placement/handlers/allocation.py:572}}
Sep 20 12:25:24.217947 n-d-809934-3 devstack@placement-api.service[95996]: INFO placement.requestlog [req-e63aad6e-d0f5-400a-bc0e-9ee885ab6db8 req-d9b16ec4-d995-47ea-a781-906bb0c5bd73 service placement] 10.222.0.37 "POST /placement/allocations" status: 204 len: 0 microversion: 1.28
Sep 20 12:25:24.217947 n-d-809934-3 devstack@placement-api.service[95996]: [pid: 95996|app: 0|req: 166/336] 10.222.0.37 () {64 vars in 1324 bytes} [Mon Sep 20 12:25:23 2021] POST /placement/allocations => generated 0 bytes in 670 msecs (HTTP/1.1 204) 5 headers in 199 bytes (2 switches on core 0)
Sep 20 12:25:24.239181 n-d-809934-3 devstack@placement-api.service[95997]: DEBUG placement.requestlog [req-e63aad6e-d0f5-400a-bc0e-9ee885ab6db8 req-e3619dd8-64fc-4187-8b83-27a406e3c38e None None] Starting request: 10.222.0.37 "GET /placement/allocation_candidates?limit=1000&resources=DISK_GB%3A1%2CMEMORY_MB%3A1024%2CVCPU%3A1&root_required=%21COMPUTE_STATUS_DISABLED" {{(pid=95997) __call__ /opt/stack/placement/placement/requestlog.py:55}}
Sep 20 12:25:24.406360 n-d-809934-3 devstack@placement-api.service[95997]: DEBUG placement.objects.research_context [req-e63aad6e-d0f5-400a-bc0e-9ee885ab6db8 req-e3619dd8-64fc-4187-8b83-27a406e3c38e service placement] getting providers with 1 DISK_GB {{(pid=95997) __init__ /opt/stack/placement/placement/objects/research_context.py:126}}
Sep 20 12:25:24.410325 n-d-809934-3 devstack@placement-api.service[95997]: DEBUG placement.objects.research_context [req-e63aad6e-d0f5-400a-bc0e-9ee885ab6db8 req-e3619dd8-64fc-4187-8b83-27a406e3c38e service placement] getting providers with 1024 MEMORY_MB {{(pid=95997) __init__ /opt/stack/placement/placement/objects/research_context.py:126}}
Sep 20 12:25:24.415864 n-d-809934-3 devstack@placement-api.service[95997]: DEBUG placement.objects.research_context [req-e63aad6e-d0f5-400a-bc0e-9ee885ab6db8 req-e3619dd8-64fc-4187-8b83-27a406e3c38e service placement] getting providers with 1 VCPU {{(pid=95997) __init__ /opt/stack/placement/placement/objects/research_context.py:126}}
Sep 20 12:25:24.422717 n-d-809934-3 devstack@placement-api.service[95997]: DEBUG placement.objects.research_context [req-e63aad6e-d0f5-400a-bc0e-9ee885ab6db8 req-e3619dd8-64fc-4187-8b83-27a406e3c38e service placement] found 2 providers with available 1 DISK_GB {{(pid=95997) get_provider_ids_matching /opt/stack/placement/placement/objects/research_context.py:549}}
Sep 20 12:25:24.423628 n-d-809934-3 devstack@placement-api.service[95997]: DEBUG placement.objects.research_context [req-e63aad6e-d0f5-400a-bc0e-9ee885ab6db8 req-e3619dd8-64fc-4187-8b83-27a406e3c38e service placement] found 2 providers with available 1024 MEMORY_MB {{(pid=95997) get_provider_ids_matching /opt/stack/placement/placement/objects/research_context.py:549}}
Sep 20 12:25:24.423975 n-d-809934-3 devstack@placement-api.service[95997]: DEBUG placement.objects.research_context [req-e63aad6e-d0f5-400a-bc0e-9ee885ab6db8 req-e3619dd8-64fc-4187-8b83-27a406e3c38e service placement] found 2 providers after filtering by previous result {{(pid=95997) get_provider_ids_matching /opt/stack/placement/placement/objects/research_context.py:580}}
Sep 20 12:25:24.424301 n-d-809934-3 devstack@placement-api.service[95997]: DEBUG placement.objects.research_context [req-e63aad6e-d0f5-400a-bc0e-9ee885ab6db8 req-e3619dd8-64fc-4187-8b83-27a406e3c38e service placement] found 2 providers with available 1 VCPU {{(pid=95997) get_provider_ids_matching /opt/stack/placement/placement/objects/research_context.py:549}}
Sep 20 12:25:24.424592 n-d-809934-3 devstack@placement-api.service[95997]: DEBUG placement.objects.research_context [req-e63aad6e-d0f5-400a-bc0e-9ee885ab6db8 req-e3619dd8-64fc-4187-8b83-27a406e3c38e service placement] found 2 providers after filtering by previous result {{(pid=95997) get_provider_ids_matching /opt/stack/placement/placement/objects/research_context.py:580}}
Sep 20 12:25:24.436459 n-d-809934-3 devstack@placement-api.service[95997]: DEBUG placement.objects.allocation_candidate [req-e63aad6e-d0f5-400a-bc0e-9ee885ab6db8 req-e3619dd8-64fc-4187-8b83-27a406e3c38e service placement] RequestGroup(use_same_provider=False, resources={DISK_GB:1, MEMORY_MB:1024, VCPU:1}, traits=[], aggregates=[]) (suffix '') returned 2 matches {{(pid=95997) _get_by_requests /opt/stack/placement/placement/objects/allocation_candidate.py:145}}
Sep 20 12:25:24.436888 n-d-809934-3 devstack@placement-api.service[95997]: DEBUG placement.objects.allocation_candidate [req-e63aad6e-d0f5-400a-bc0e-9ee885ab6db8 req-e3619dd8-64fc-4187-8b83-27a406e3c38e service placement] Merging candidates yields 2 allocation requests and 2 provider summaries {{(pid=95997) _merge_candidates /opt/stack/placement/placement/objects/allocation_candidate.py:783}}
Sep 20 12:25:24.439144 n-d-809934-3 devstack@placement-api.service[95997]: INFO placement.requestlog [req-e63aad6e-d0f5-400a-bc0e-9ee885ab6db8 req-e3619dd8-64fc-4187-8b83-27a406e3c38e service placement] 10.222.0.37 "GET /placement/allocation_candidates?limit=1000&resources=DISK_GB%3A1%2CMEMORY_MB%3A1024%2CVCPU%3A1&root_required=%21COMPUTE_STATUS_DISABLED" status: 200 len: 1309 microversion: 1.36
Sep 20 12:25:24.439324 n-d-809934-3 devstack@placement-api.service[95997]: [pid: 95997|app: 0|req: 171/337] 10.222.0.37 () {60 vars in 1507 bytes} [Mon Sep 20 12:25:24 2021] GET /placement/allocation_candidates?limit=1000&resources=DISK_GB%3A1%2CMEMORY_MB%3A1024%2CVCPU%3A1&root_required=%21COMPUTE_STATUS_DISABLED => generated 1309 bytes in 200 msecs (HTTP/1.1 200) 8 headers in 297 bytes (1 switches on core 0)
Sep 20 12:25:24.493639 n-d-809934-3 devstack@placement-api.service[95996]: DEBUG placement.requestlog [req-e63aad6e-d0f5-400a-bc0e-9ee885ab6db8 req-c82ce313-4d69-4575-b707-197caa858864 None None] Starting request: 10.222.0.37 "GET /placement/allocations/dabb221c-0ebe-454f-b7cd-c1f08aac789f" {{(pid=95996) __call__ /opt/stack/placement/placement/requestlog.py:55}}
Sep 20 12:25:24.512025 n-d-809934-3 devstack@placement-api.service[95996]: INFO placement.requestlog [req-e63aad6e-d0f5-400a-bc0e-9ee885ab6db8 req-c82ce313-4d69-4575-b707-197caa858864 service placement] 10.222.0.37 "GET /placement/allocations/dabb221c-0ebe-454f-b7cd-c1f08aac789f" status: 200 len: 19 microversion: 1.28
Sep 20 12:25:24.527479 n-d-809934-3 devstack@placement-api.service[95996]: [pid: 95996|app: 0|req: 167/338] 10.222.0.37 () {60 vars in 1381 bytes} [Mon Sep 20 12:25:24 2021] GET /placement/allocations/dabb221c-0ebe-454f-b7cd-c1f08aac789f => generated 19 bytes in 19 msecs (HTTP/1.1 200) 8 headers in 295 bytes (1 switches on core 0)
Sep 20 12:25:24.527792 n-d-809934-3 devstack@placement-api.service[95997]: DEBUG placement.requestlog [req-e63aad6e-d0f5-400a-bc0e-9ee885ab6db8 req-266096c0-1012-468e-a8cd-07aadae73c22 None None] Starting request: 10.222.0.37 "PUT /placement/allocations/dabb221c-0ebe-454f-b7cd-c1f08aac789f" {{(pid=95997) __call__ /opt/stack/placement/placement/requestlog.py:55}}
Sep 20 12:25:24.772470 n-d-809934-3 devstack@placement-api.service[95997]: DEBUG placement.handlers.allocation [req-e63aad6e-d0f5-400a-bc0e-9ee885ab6db8 req-266096c0-1012-468e-a8cd-07aadae73c22 service placement] Successfully wrote allocations [, , ] {{(pid=95997) _update_consumers_and_create_allocations /opt/stack/placement/placement/handlers/allocation.py:462}}
Sep 20 12:25:24.874984 n-d-809934-3 devstack@placement-api.service[95997]: INFO placement.requestlog [req-e63aad6e-d0f5-400a-bc0e-9ee885ab6db8 req-266096c0-1012-468e-a8cd-07aadae73c22 service placement] 10.222.0.37 "PUT /placement/allocations/dabb221c-0ebe-454f-b7cd-c1f08aac789f" status: 204 len: 0 microversion: 1.36
Sep 20 12:25:24.875290 n-d-809934-3 devstack@placement-api.service[95997]: [pid: 95997|app: 0|req: 172/339] 10.222.0.37 () {64 vars in 1434 bytes} [Mon Sep 20 12:25:24 2021] PUT /placement/allocations/dabb221c-0ebe-454f-b7cd-c1f08aac789f => generated 0 bytes in 356 msecs (HTTP/1.1 204) 5 headers in 199 bytes (1 switches on core 0)
Sep 20 12:25:25.824911 n-d-809934-3 devstack@placement-api.service[95996]: DEBUG placement.requestlog [req-e63aad6e-d0f5-400a-bc0e-9ee885ab6db8 req-48c1976e-0566-4224-8d28-42e8308bcdba None None] Starting request: 10.222.0.32 "GET /placement/allocations/dabb221c-0ebe-454f-b7cd-c1f08aac789f" {{(pid=95996) __call__ /opt/stack/placement/placement/requestlog.py:55}}
Sep 20 12:25:25.845461 n-d-809934-3 devstack@placement-api.service[95996]: INFO placement.requestlog [req-e63aad6e-d0f5-400a-bc0e-9ee885ab6db8 req-48c1976e-0566-4224-8d28-42e8308bcdba service placement] 10.222.0.32 "GET /placement/allocations/dabb221c-0ebe-454f-b7cd-c1f08aac789f" status: 200 len: 259 microversion: 1.28
Sep 20 12:25:25.845461 n-d-809934-3 devstack@placement-api.service[95996]: [pid: 95996|app: 0|req: 168/340] 10.222.0.32 () {60 vars in 1378 bytes} [Mon Sep 20 12:25:25 2021] GET /placement/allocations/dabb221c-0ebe-454f-b7cd-c1f08aac789f => generated 259 bytes in 17 msecs (HTTP/1.1 200) 8 headers in 296 bytes (1 switches on core 0)
Sep 20 12:25:30.717486 n-d-809934-3 devstack@placement-api.service[95997]: DEBUG placement.requestlog [req-d80cda1b-4367-4d05-a04c-74293f4188d1 req-6bf086d4-6814-405b-ad00-651b3058fd29 None None] Starting request: 10.222.0.21 "DELETE /placement/allocations/cbef1655-04f9-44fe-8d18-0d12950bf02f" {{(pid=95997) __call__ /opt/stack/placement/placement/requestlog.py:55}}
Sep 20 12:25:30.952604 n-d-809934-3 devstack@placement-api.service[95997]: DEBUG placement.handlers.allocation [req-d80cda1b-4367-4d05-a04c-74293f4188d1 req-6bf086d4-6814-405b-ad00-651b3058fd29 service placement] Successfully deleted allocations [, , ] {{(pid=95997) delete_allocations /opt/stack/placement/placement/handlers/allocation.py:627}}
Sep 20 12:25:30.954170 n-d-809934-3 devstack@placement-api.service[95997]: INFO placement.requestlog [req-d80cda1b-4367-4d05-a04c-74293f4188d1 req-6bf086d4-6814-405b-ad00-651b3058fd29 service placement] 10.222.0.21 "DELETE /placement/allocations/cbef1655-04f9-44fe-8d18-0d12950bf02f" status: 204 len: 0 microversion: 1.0
Sep 20 12:25:30.954978 n-d-809934-3 devstack@placement-api.service[95997]: [pid: 95997|app: 0|req: 173/341] 10.222.0.21 () {60 vars in 1356 bytes} [Mon Sep 20 12:25:30 2021] DELETE /placement/allocations/cbef1655-04f9-44fe-8d18-0d12950bf02f => generated 0 bytes in 238 msecs (HTTP/1.1 204) 5 headers in 198 bytes (2 switches on core 0)
Sep 20 12:25:31.075702 n-d-809934-3 devstack@placement-api.service[95996]: DEBUG placement.requestlog [req-ed95e667-8e81-4151-ad53-fc5f248ce13d req-e3ac101f-2344-481d-8ee9-c7eb18ec542f None None] Starting request: 10.222.0.37 "GET /placement/allocation_candidates?limit=1000&resources=DISK_GB%3A1%2CMEMORY_MB%3A1024%2CVCPU%3A1&root_required=%21COMPUTE_STATUS_DISABLED" {{(pid=95996) __call__ /opt/stack/placement/placement/requestlog.py:55}}
Sep 20 12:25:31.150337 n-d-809934-3 devstack@placement-api.service[95996]: DEBUG placement.objects.research_context [req-ed95e667-8e81-4151-ad53-fc5f248ce13d req-e3ac101f-2344-481d-8ee9-c7eb18ec542f service placement] getting providers with 1 DISK_GB {{(pid=95996) __init__ /opt/stack/placement/placement/objects/research_context.py:126}}
Sep 20 12:25:31.158304 n-d-809934-3 devstack@placement-api.service[95996]: DEBUG placement.objects.research_context [req-ed95e667-8e81-4151-ad53-fc5f248ce13d req-e3ac101f-2344-481d-8ee9-c7eb18ec542f service placement] getting providers with 1024 MEMORY_MB {{(pid=95996) __init__ /opt/stack/placement/placement/objects/research_context.py:126}}
Sep 20 12:25:31.165886 n-d-809934-3 devstack@placement-api.service[95996]: DEBUG placement.objects.research_context [req-ed95e667-8e81-4151-ad53-fc5f248ce13d req-e3ac101f-2344-481d-8ee9-c7eb18ec542f service placement] getting providers with 1 VCPU {{(pid=95996) __init__ /opt/stack/placement/placement/objects/research_context.py:126}}
