Sep 20 12:11:34.373530 n-d-809934-3 devstack@n-api.service[94773]: INFO nova.api.openstack.requestlog [None req-895f5d4e-4f89-418d-ac00-b0163e75b45f admin admin] 10.222.0.37 "GET /compute/v2.1" status: 200 len: 388 microversion: 2.1 time: 0.002583
Sep 20 12:11:34.374250 n-d-809934-3 devstack@n-api.service[94773]: [pid: 94773|app: 0|req: 10/21] 10.222.0.37 () {54 vars in 931 bytes} [Mon Sep 20 12:11:34 2021] GET /compute/v2.1 => generated 388 bytes in 4 msecs (HTTP/1.1 200) 9 headers in 357 bytes (1 switches on core 0)
Sep 20 12:11:34.439641 n-d-809934-3 devstack@n-api.service[94774]: DEBUG nova.api.openstack.wsgi [None req-468304f3-ab3a-4a14-9dd0-327bf9b2b228 admin admin] Action: 'create', calling method: >, body: {"flavor": {"os-flavor-access:is_public": true, "OS-FLV-EXT-DATA:ephemeral": 0, "vcpus": 1, "ram": 512, "disk": 1, "rxtx_factor": 1.0, "id": "1", "swap": 0, "name": "m1.tiny"}} {{(pid=94774) _process_stack /opt/stack/nova/nova/api/openstack/wsgi.py:511}}
Sep 20 12:11:34.500186 n-d-809934-3 devstack@n-api.service[94774]: INFO nova.api.openstack.requestlog [None req-468304f3-ab3a-4a14-9dd0-327bf9b2b228 admin admin] 10.222.0.37 "POST /compute/v2.1/flavors" status: 200 len: 402 microversion: 2.61 time: 0.119176
Sep 20 12:11:34.509890 n-d-809934-3 devstack@n-api.service[94774]: [pid: 94774|app: 0|req: 12/22] 10.222.0.37 () {64 vars in 1283 bytes} [Mon Sep 20 12:11:34 2021] POST /compute/v2.1/flavors => generated 402 bytes in 121 msecs (HTTP/1.1 200) 9 headers in 359 bytes (1 switches on core 0)
Sep 20 12:11:34.515658 n-d-809934-3 devstack@n-api.service[94773]: DEBUG nova.api.openstack.wsgi [None req-352076cf-48a6-4a50-adb0-ca6110cd0b99 admin admin] Action: 'create', calling method: >, body: {"extra_specs": {"hw_rng:allowed": "True"}} {{(pid=94773) _process_stack /opt/stack/nova/nova/api/openstack/wsgi.py:511}}
Sep 20 12:11:34.598851 n-d-809934-3 devstack@n-api.service[94773]: INFO nova.api.openstack.requestlog [None req-352076cf-48a6-4a50-adb0-ca6110cd0b99 admin admin] 10.222.0.37 "POST /compute/v2.1/flavors/1/os-extra_specs" status: 200 len: 43 microversion: 2.61 time: 0.087525
Sep 20 12:11:34.599607 n-d-809934-3 devstack@n-api.service[94773]: [pid: 94773|app: 0|req: 11/23] 10.222.0.37 () {64 vars in 1333 bytes} [Mon Sep 20 12:11:34 2021] POST /compute/v2.1/flavors/1/os-extra_specs => generated 43 bytes in 89 msecs (HTTP/1.1 200) 9 headers in 358 bytes (2 switches on core 0)
Sep 20 12:11:36.817513 n-d-809934-3 devstack@n-api.service[94774]: DEBUG nova.api.openstack.wsgi [None req-468304f3-ab3a-4a14-9dd0-327bf9b2b228 admin admin] Calling method '>' {{(pid=94774) _process_stack /opt/stack/nova/nova/api/openstack/wsgi.py:513}}
Sep 20 12:11:36.818856 n-d-809934-3 devstack@n-api.service[94774]: INFO nova.api.openstack.requestlog [None req-468304f3-ab3a-4a14-9dd0-327bf9b2b228 admin admin] 10.222.0.37 "GET /compute/v2.1" status: 200 len: 388 microversion: 2.1 time: 0.001980
Sep 20 12:11:36.819414 n-d-809934-3 devstack@n-api.service[94774]: [pid: 94774|app: 0|req: 13/24] 10.222.0.37 () {54 vars in 931 bytes} [Mon Sep 20 12:11:36 2021] GET /compute/v2.1 => generated 388 bytes in 3 msecs (HTTP/1.1 200) 9 headers in 357 bytes (1 switches on core 0)
Sep 20 12:11:36.885078 n-d-809934-3 devstack@n-api.service[94773]: DEBUG nova.api.openstack.wsgi [None req-b2bd491d-c260-49d2-ad2e-dbd2eb0fe178 admin admin] Action: 'create', calling method: >, body: {"flavor": {"vcpus": 1, "OS-FLV-EXT-DATA:ephemeral": 0, "os-flavor-access:is_public": true, "id": "2", "swap": 0, "rxtx_factor": 1.0, "ram": 2048, "name": "m1.small", "disk": 20}} {{(pid=94773) _process_stack /opt/stack/nova/nova/api/openstack/wsgi.py:511}}
Sep 20 12:11:36.973572 n-d-809934-3 devstack@n-api.service[94773]: INFO nova.api.openstack.requestlog [None req-b2bd491d-c260-49d2-ad2e-dbd2eb0fe178 admin admin] 10.222.0.37 "POST /compute/v2.1/flavors" status: 200 len: 405 microversion: 2.61 time: 0.144997
Sep 20 12:11:36.974304 n-d-809934-3 devstack@n-api.service[94773]: [pid: 94773|app: 0|req: 12/25] 10.222.0.37 () {64 vars in 1283 bytes} [Mon Sep 20 12:11:36 2021] POST /compute/v2.1/flavors => generated 405 bytes in 147 msecs (HTTP/1.1 200) 9 headers in 359 bytes (2 switches on core 0)
Sep 20 12:11:36.987530 n-d-809934-3 devstack@n-api.service[94774]: DEBUG nova.api.openstack.wsgi [None req-ec671495-6438-4311-ba0a-8460ecb30e7e admin admin] Action: 'create', calling method: >, body: {"extra_specs": {"hw_rng:allowed": "True"}} {{(pid=94774) _process_stack /opt/stack/nova/nova/api/openstack/wsgi.py:511}}
Sep 20 12:11:37.079653 n-d-809934-3 devstack@n-api.service[94774]: INFO nova.api.openstack.requestlog [None req-ec671495-6438-4311-ba0a-8460ecb30e7e admin admin] 10.222.0.37 "POST /compute/v2.1/flavors/2/os-extra_specs" status: 200 len: 43 microversion: 2.61 time: 0.095712
Sep 20 12:11:37.080259 n-d-809934-3 devstack@n-api.service[94774]: [pid: 94774|app: 0|req: 14/26] 10.222.0.37 () {64 vars in 1333 bytes} [Mon Sep 20 12:11:36 2021] POST /compute/v2.1/flavors/2/os-extra_specs => generated 43 bytes in 97 msecs (HTTP/1.1 200) 9 headers in 358 bytes (1 switches on core 0)
Sep 20 12:11:39.291660 n-d-809934-3 devstack@n-api.service[94773]: DEBUG nova.api.openstack.wsgi [None req-b2bd491d-c260-49d2-ad2e-dbd2eb0fe178 admin admin] Calling method '>' {{(pid=94773) _process_stack /opt/stack/nova/nova/api/openstack/wsgi.py:513}}
Sep 20 12:11:39.292665 n-d-809934-3 devstack@n-api.service[94773]: INFO nova.api.openstack.requestlog [None req-b2bd491d-c260-49d2-ad2e-dbd2eb0fe178 admin admin] 10.222.0.37 "GET /compute/v2.1" status: 200 len: 388 microversion: 2.1 time: 0.002177
Sep 20 12:11:39.293154 n-d-809934-3 devstack@n-api.service[94773]: [pid: 94773|app: 0|req: 13/27] 10.222.0.37 () {54 vars in 931 bytes} [Mon Sep 20 12:11:39 2021] GET /compute/v2.1 => generated 388 bytes in 3 msecs (HTTP/1.1 200) 9 headers in 357 bytes (1 switches on core 0)
Sep 20 12:11:39.352946 n-d-809934-3 devstack@n-api.service[94774]: DEBUG nova.api.openstack.wsgi [None req-350187fe-4195-4dbf-bf8e-6f18adac1719 admin admin] Action: 'create', calling method: >, body: {"flavor": {"name": "m1.medium", "os-flavor-access:is_public": true, "rxtx_factor": 1.0, "swap": 0, "id": "3", "vcpus": 2, "disk": 40, "ram": 4096, "OS-FLV-EXT-DATA:ephemeral": 0}} {{(pid=94774) _process_stack /opt/stack/nova/nova/api/openstack/wsgi.py:511}}
Sep 20 12:11:39.419690 n-d-809934-3 devstack@n-api.service[94774]: INFO nova.api.openstack.requestlog [None req-350187fe-4195-4dbf-bf8e-6f18adac1719 admin admin] 10.222.0.37 "POST /compute/v2.1/flavors" status: 200 len: 406 microversion: 2.61 time: 0.119319
Sep 20 12:11:39.419690 n-d-809934-3 devstack@n-api.service[94774]: [pid: 94774|app: 0|req: 15/28] 10.222.0.37 () {64 vars in 1283 bytes} [Mon Sep 20 12:11:39 2021] POST /compute/v2.1/flavors => generated 406 bytes in 121 msecs (HTTP/1.1 200) 9 headers in 359 bytes (2 switches on core 0)
Sep 20 12:11:39.433232 n-d-809934-3 devstack@n-api.service[94773]: DEBUG nova.api.openstack.wsgi [None req-e7429e9f-8ae0-4903-b581-0353a15c7129 admin admin] Action: 'create', calling method: >, body: {"extra_specs": {"hw_rng:allowed": "True"}} {{(pid=94773) _process_stack /opt/stack/nova/nova/api/openstack/wsgi.py:511}}
Sep 20 12:11:39.522626 n-d-809934-3 devstack@n-api.service[94773]: INFO nova.api.openstack.requestlog [None req-e7429e9f-8ae0-4903-b581-0353a15c7129 admin admin] 10.222.0.37 "POST /compute/v2.1/flavors/3/os-extra_specs" status: 200 len: 43 microversion: 2.61 time: 0.093678
Sep 20 12:11:39.523174 n-d-809934-3 devstack@n-api.service[94773]: [pid: 94773|app: 0|req: 14/29] 10.222.0.37 () {64 vars in 1333 bytes} [Mon Sep 20 12:11:39 2021] POST /compute/v2.1/flavors/3/os-extra_specs => generated 43 bytes in 95 msecs (HTTP/1.1 200) 9 headers in 358 bytes (1 switches on core 0)
Sep 20 12:11:41.994618 n-d-809934-3 devstack@n-api.service[94774]: DEBUG nova.api.openstack.wsgi [None req-350187fe-4195-4dbf-bf8e-6f18adac1719 admin admin] Calling method '>' {{(pid=94774) _process_stack /opt/stack/nova/nova/api/openstack/wsgi.py:513}}
Sep 20 12:11:41.995623 n-d-809934-3 devstack@n-api.service[94774]: INFO nova.api.openstack.requestlog [None req-350187fe-4195-4dbf-bf8e-6f18adac1719 admin admin] 10.222.0.37 "GET /compute/v2.1" status: 200 len: 388 microversion: 2.1 time: 0.001457
Sep 20 12:11:41.996023 n-d-809934-3 devstack@n-api.service[94774]: [pid: 94774|app: 0|req: 16/30] 10.222.0.37 () {54 vars in 931 bytes} [Mon Sep 20 12:11:41 2021] GET /compute/v2.1 => generated 388 bytes in 3 msecs (HTTP/1.1 200) 9 headers in 357 bytes (1 switches on core 0)
Sep 20 12:11:42.062870 n-d-809934-3 devstack@n-api.service[94773]: DEBUG nova.api.openstack.wsgi [None req-687e250b-7552-43cc-ba03-e14a69574410 admin admin] Action: 'create', calling method: >, body: {"flavor": {"id": "4", "disk": 80, "OS-FLV-EXT-DATA:ephemeral": 0, "rxtx_factor": 1.0, "os-flavor-access:is_public": true, "name": "m1.large", "swap": 0, "ram": 8192, "vcpus": 4}} {{(pid=94773) _process_stack /opt/stack/nova/nova/api/openstack/wsgi.py:511}}
Sep 20 12:11:42.164755 n-d-809934-3 devstack@n-api.service[94773]: INFO nova.api.openstack.requestlog [None req-687e250b-7552-43cc-ba03-e14a69574410 admin admin] 10.222.0.37 "POST /compute/v2.1/flavors" status: 200 len: 405 microversion: 2.61 time: 0.161868
Sep 20 12:11:42.166017 n-d-809934-3 devstack@n-api.service[94773]: [pid: 94773|app: 0|req: 15/31] 10.222.0.37 () {64 vars in 1283 bytes} [Mon Sep 20 12:11:42 2021] POST /compute/v2.1/flavors => generated 405 bytes in 164 msecs (HTTP/1.1 200) 9 headers in 359 bytes (2 switches on core 0)
Sep 20 12:11:42.178336 n-d-809934-3 devstack@n-api.service[94774]: DEBUG nova.api.openstack.wsgi [None req-7fa71a64-2f26-457d-93f5-afa1c32d2419 admin admin] Action: 'create', calling method: >, body: {"extra_specs": {"hw_rng:allowed": "True"}} {{(pid=94774) _process_stack /opt/stack/nova/nova/api/openstack/wsgi.py:511}}
Sep 20 12:11:42.665987 n-d-809934-3 devstack@n-api.service[94774]: INFO nova.api.openstack.requestlog [None req-7fa71a64-2f26-457d-93f5-afa1c32d2419 admin admin] 10.222.0.37 "POST /compute/v2.1/flavors/4/os-extra_specs" status: 200 len: 43 microversion: 2.61 time: 0.491210
Sep 20 12:11:42.666596 n-d-809934-3 devstack@n-api.service[94774]: [pid: 94774|app: 0|req: 17/32] 10.222.0.37 () {64 vars in 1333 bytes} [Mon Sep 20 12:11:42 2021] POST /compute/v2.1/flavors/4/os-extra_specs => generated 43 bytes in 492 msecs (HTTP/1.1 200) 9 headers in 358 bytes (1 switches on core 0)
Sep 20 12:11:44.879284 n-d-809934-3 devstack@n-api.service[94773]: DEBUG nova.api.openstack.wsgi [None req-687e250b-7552-43cc-ba03-e14a69574410 admin admin] Calling method '>' {{(pid=94773) _process_stack /opt/stack/nova/nova/api/openstack/wsgi.py:513}}
Sep 20 12:11:44.880324 n-d-809934-3 devstack@n-api.service[94773]: INFO nova.api.openstack.requestlog [None req-687e250b-7552-43cc-ba03-e14a69574410 admin admin] 10.222.0.37 "GET /compute/v2.1" status: 200 len: 388 microversion: 2.1 time: 0.001446
Sep 20 12:11:44.880726 n-d-809934-3 devstack@n-api.service[94773]: [pid: 94773|app: 0|req: 16/33] 10.222.0.37 () {54 vars in 931 bytes} [Mon Sep 20 12:11:44 2021] GET /compute/v2.1 => generated 388 bytes in 3 msecs (HTTP/1.1 200) 9 headers in 357 bytes (2 switches on core 0)
Sep 20 12:11:44.940035 n-d-809934-3 devstack@n-api.service[94774]: DEBUG nova.api.openstack.wsgi [None req-f3bf7316-0512-4777-8906-bd7147b4803a admin admin] Action: 'create', calling method: >, body: {"flavor": {"disk": 160, "rxtx_factor": 1.0, "id": "5", "os-flavor-access:is_public": true, "ram": 16384, "OS-FLV-EXT-DATA:ephemeral": 0, "name": "m1.xlarge", "vcpus": 8, "swap": 0}} {{(pid=94774) _process_stack /opt/stack/nova/nova/api/openstack/wsgi.py:511}}
Sep 20 12:11:45.016166 n-d-809934-3 devstack@n-api.service[94774]: INFO nova.api.openstack.requestlog [None req-f3bf7316-0512-4777-8906-bd7147b4803a admin admin] 10.222.0.37 "POST /compute/v2.1/flavors" status: 200 len: 408 microversion: 2.61 time: 0.128771
Sep 20 12:11:45.016711 n-d-809934-3 devstack@n-api.service[94774]: [pid: 94774|app: 0|req: 18/34] 10.222.0.37 () {64 vars in 1283 bytes} [Mon Sep 20 12:11:44 2021] POST /compute/v2.1/flavors => generated 408 bytes in 130 msecs (HTTP/1.1 200) 9 headers in 359 bytes (1 switches on core 0)
Sep 20 12:11:45.030910 n-d-809934-3 devstack@n-api.service[94773]: DEBUG nova.api.openstack.wsgi [None req-b0db653a-52a9-4c5a-beb7-3cad53f1f2ab admin admin] Action: 'create', calling method: >, body: {"extra_specs": {"hw_rng:allowed": "True"}} {{(pid=94773) _process_stack /opt/stack/nova/nova/api/openstack/wsgi.py:511}}
Sep 20 12:11:45.113791 n-d-809934-3 devstack@n-api.service[94773]: INFO nova.api.openstack.requestlog [None req-b0db653a-52a9-4c5a-beb7-3cad53f1f2ab admin admin] 10.222.0.37 "POST /compute/v2.1/flavors/5/os-extra_specs" status: 200 len: 43 microversion: 2.61 time: 0.086679
Sep 20 12:11:45.114379 n-d-809934-3 devstack@n-api.service[94773]: [pid: 94773|app: 0|req: 17/35] 10.222.0.37 () {64 vars in 1333 bytes} [Mon Sep 20 12:11:45 2021] POST /compute/v2.1/flavors/5/os-extra_specs => generated 43 bytes in 90 msecs (HTTP/1.1 200) 9 headers in 358 bytes (1 switches on core 0)
Sep 20 12:12:28.747576 n-d-809934-3 devstack@n-api.service[94774]: DEBUG nova.api.openstack.wsgi [None req-f3bf7316-0512-4777-8906-bd7147b4803a admin admin] Calling method '>' {{(pid=94774) _process_stack /opt/stack/nova/nova/api/openstack/wsgi.py:513}}
Sep 20 12:12:28.748566 n-d-809934-3 devstack@n-api.service[94774]: INFO nova.api.openstack.requestlog [None req-f3bf7316-0512-4777-8906-bd7147b4803a admin admin] 10.222.0.37 "GET /compute/v2.1" status: 200 len: 388 microversion: 2.1 time: 0.001410
Sep 20 12:12:28.748955 n-d-809934-3 devstack@n-api.service[94774]: [pid: 94774|app: 0|req: 19/36] 10.222.0.37 () {54 vars in 931 bytes} [Mon Sep 20 12:12:28 2021] GET /compute/v2.1 => generated 388 bytes in 2 msecs (HTTP/1.1 200) 9 headers in 357 bytes (1 switches on core 0)
Sep 20 12:12:28.813858 n-d-809934-3 devstack@n-api.service[94773]: DEBUG nova.api.openstack.wsgi [None req-407f4c1e-a682-4b6b-a782-0d9050fcb0f4 admin admin] Calling method '>' {{(pid=94773) _process_stack /opt/stack/nova/nova/api/openstack/wsgi.py:513}}
Sep 20 12:12:28.839109 n-d-809934-3 devstack@n-api.service[94773]: INFO nova.api.openstack.requestlog [None req-407f4c1e-a682-4b6b-a782-0d9050fcb0f4 admin admin] 10.222.0.37 "GET /compute/v2.1/flavors/detail?is_public=True" status: 200 len: 4202 microversion: 2.61 time: 0.083618
Sep 20 12:12:28.839653 n-d-809934-3 devstack@n-api.service[94773]: [pid: 94773|app: 0|req: 18/37] 10.222.0.37 () {60 vars in 1292 bytes} [Mon Sep 20 12:12:28 2021] GET /compute/v2.1/flavors/detail?is_public=True => generated 4202 bytes in 85 msecs (HTTP/1.1 200) 9 headers in 360 bytes (1 switches on core 0)
Sep 20 12:12:30.279532 n-d-809934-3 devstack@n-api.service[94774]: DEBUG nova.api.openstack.wsgi [None req-f3bf7316-0512-4777-8906-bd7147b4803a admin admin] Calling method '>' {{(pid=94774) _process_stack /opt/stack/nova/nova/api/openstack/wsgi.py:513}}
Sep 20 12:12:30.280529 n-d-809934-3 devstack@n-api.service[94774]: INFO nova.api.openstack.requestlog [None req-f3bf7316-0512-4777-8906-bd7147b4803a admin admin] 10.222.0.37 "GET /compute/v2.1" status: 200 len: 388 microversion: 2.1 time: 0.001416
Sep 20 12:12:30.280928 n-d-809934-3 devstack@n-api.service[94774]: [pid: 94774|app: 0|req: 20/38] 10.222.0.37 () {56 vars in 1075 bytes} [Mon Sep 20 12:12:30 2021] GET /compute/v2.1 => generated 388 bytes in 2 msecs (HTTP/1.1 200) 9 headers in 357 bytes (1 switches on core 0)
Sep 20 12:12:30.501211 n-d-809934-3 devstack@n-api.service[94773]: DEBUG nova.api.openstack.wsgi [None req-c3fa3758-b462-4786-aec8-4f190339cc74 admin admin] Calling method '>' {{(pid=94773) _process_stack /opt/stack/nova/nova/api/openstack/wsgi.py:513}}
Sep 20 12:12:30.506714 n-d-809934-3 devstack@n-api.service[94773]: INFO nova.api.openstack.wsgi [None req-c3fa3758-b462-4786-aec8-4f190339cc74 admin admin] HTTP exception thrown: Flavor 42 could not be found.
Sep 20 12:12:30.507282 n-d-809934-3 devstack@n-api.service[94773]: DEBUG nova.api.openstack.wsgi [None req-c3fa3758-b462-4786-aec8-4f190339cc74 admin admin] Returning 404 to user: Flavor 42 could not be found. {{(pid=94773) __call__ /opt/stack/nova/nova/api/openstack/wsgi.py:936}}
Sep 20 12:12:30.508557 n-d-809934-3 devstack@n-api.service[94773]: INFO nova.api.openstack.requestlog [None req-c3fa3758-b462-4786-aec8-4f190339cc74 admin admin] 10.222.0.37 "GET /compute/v2.1/flavors/42" status: 404 len: 75 microversion: 2.90 time: 0.063509
Sep 20 12:12:30.509088 n-d-809934-3 devstack@n-api.service[94773]: [pid: 94773|app: 0|req: 19/39] 10.222.0.37 () {60 vars in 1191 bytes} [Mon Sep 20 12:12:30 2021] GET /compute/v2.1/flavors/42 => generated 75 bytes in 65 msecs (HTTP/1.1 404) 9 headers in 380 bytes (1 switches on core 0)
Sep 20 12:12:30.518772 n-d-809934-3 devstack@n-api.service[94774]: DEBUG nova.api.openstack.wsgi [None req-b1bda2b8-f589-4f81-803d-0a9d3aaee8b1 admin admin] Calling method '>' {{(pid=94774) _process_stack /opt/stack/nova/nova/api/openstack/wsgi.py:513}}
Sep 20 12:12:30.539804 n-d-809934-3 devstack@n-api.service[94774]: INFO nova.api.openstack.requestlog [None req-b1bda2b8-f589-4f81-803d-0a9d3aaee8b1 admin admin] 10.222.0.37 "GET /compute/v2.1/flavors?is_public=None" status: 200 len: 2056 microversion: 2.90 time: 0.024534
Sep 20 12:12:30.540359 n-d-809934-3 devstack@n-api.service[94774]: [pid: 94774|app: 0|req: 21/40] 10.222.0.37 () {60 vars in 1211 bytes} [Mon Sep 20 12:12:30 2021] GET /compute/v2.1/flavors?is_public=None => generated 2056 bytes in 26 msecs (HTTP/1.1 200) 9 headers in 360 bytes (1 switches on core 0)
Sep 20 12:12:30.553124 n-d-809934-3 devstack@n-api.service[94773]: DEBUG nova.api.openstack.wsgi [None req-cd2503a7-b63d-44c0-bc90-62c9ca7ed0a3 admin admin] Calling method '>' {{(pid=94773) _process_stack /opt/stack/nova/nova/api/openstack/wsgi.py:513}}
Sep 20 12:12:30.580121 n-d-809934-3 devstack@n-api.service[94773]: INFO nova.api.openstack.requestlog [None req-cd2503a7-b63d-44c0-bc90-62c9ca7ed0a3 admin admin] 10.222.0.37 "GET /compute/v2.1/flavors?is_public=None" status: 200 len: 2056 microversion: 2.90 time: 0.032705
Sep 20 12:12:30.580684 n-d-809934-3 devstack@n-api.service[94773]: [pid: 94773|app: 0|req: 20/41] 10.222.0.37 () {60 vars in 1211 bytes} [Mon Sep 20 12:12:30 2021] GET /compute/v2.1/flavors?is_public=None => generated 2056 bytes in 34 msecs (HTTP/1.1 200) 9 headers in 360 bytes (2 switches on core 0)
Sep 20 12:12:30.590504 n-d-809934-3 devstack@n-api.service[94774]: DEBUG nova.api.openstack.wsgi [None req-9ff4434b-3002-49dc-bd1a-d80654a5861f admin admin] Calling method '>' {{(pid=94774) _process_stack /opt/stack/nova/nova/api/openstack/wsgi.py:513}}
Sep 20 12:12:30.596394 n-d-809934-3 devstack@n-api.service[94774]: INFO nova.api.openstack.wsgi [None req-9ff4434b-3002-49dc-bd1a-d80654a5861f admin admin] HTTP exception thrown: Flavor 42 could not be found.
Sep 20 12:12:30.596958 n-d-809934-3 devstack@n-api.service[94774]: DEBUG nova.api.openstack.wsgi [None req-9ff4434b-3002-49dc-bd1a-d80654a5861f admin admin] Returning 404 to user: Flavor 42 could not be found. {{(pid=94774) __call__ /opt/stack/nova/nova/api/openstack/wsgi.py:936}}
Sep 20 12:12:30.597768 n-d-809934-3 devstack@n-api.service[94774]: INFO nova.api.openstack.requestlog [None req-9ff4434b-3002-49dc-bd1a-d80654a5861f admin admin] 10.222.0.37 "GET /compute/v2.1/flavors/42" status: 404 len: 75 microversion: 2.90 time: 0.010778
Sep 20 12:12:30.598259 n-d-809934-3 devstack@n-api.service[94774]: [pid: 94774|app: 0|req: 22/42] 10.222.0.37 () {60 vars in 1191 bytes} [Mon Sep 20 12:12:30 2021] GET /compute/v2.1/flavors/42 => generated 75 bytes in 12 msecs (HTTP/1.1 404) 9 headers in 380 bytes (1 switches on core 0)
Sep 20 12:12:31.969772 n-d-809934-3 devstack@n-api.service[94773]: DEBUG nova.api.openstack.wsgi [None req-cd2503a7-b63d-44c0-bc90-62c9ca7ed0a3 admin admin] Calling method '>' {{(pid=94773) _process_stack /opt/stack/nova/nova/api/openstack/wsgi.py:513}}
Sep 20 12:12:31.970784 n-d-809934-3 devstack@n-api.service[94773]: INFO nova.api.openstack.requestlog [None req-cd2503a7-b63d-44c0-bc90-62c9ca7ed0a3 admin admin] 10.222.0.37 "GET /compute/v2.1" status: 200 len: 388 microversion: 2.1 time: 0.001518
Sep 20 12:12:31.971176 n-d-809934-3 devstack@n-api.service[94773]: [pid: 94773|app: 0|req: 21/43] 10.222.0.37 () {56 vars in 1075 bytes} [Mon Sep 20 12:12:31 2021] GET /compute/v2.1 => generated 388 bytes in 2 msecs (HTTP/1.1 200) 9 headers in 357 bytes (1 switches on core 0)
Sep 20 12:12:32.169251 n-d-809934-3 devstack@n-api.service[94774]: DEBUG nova.api.openstack.wsgi [None req-d6b0d81e-5c05-4b37-aeda-2014797febc4 admin admin] Calling method '>' {{(pid=94774) _process_stack /opt/stack/nova/nova/api/openstack/wsgi.py:513}}
Sep 20 12:12:32.175015 n-d-809934-3 devstack@n-api.service[94774]: INFO nova.api.openstack.wsgi [None req-d6b0d81e-5c05-4b37-aeda-2014797febc4 admin admin] HTTP exception thrown: Flavor 84 could not be found.
Sep 20 12:12:32.175586 n-d-809934-3 devstack@n-api.service[94774]: DEBUG nova.api.openstack.wsgi [None req-d6b0d81e-5c05-4b37-aeda-2014797febc4 admin admin] Returning 404 to user: Flavor 84 could not be found. {{(pid=94774) __call__ /opt/stack/nova/nova/api/openstack/wsgi.py:936}}
Sep 20 12:12:32.176371 n-d-809934-3 devstack@n-api.service[94774]: INFO nova.api.openstack.requestlog [None req-d6b0d81e-5c05-4b37-aeda-2014797febc4 admin admin] 10.222.0.37 "GET /compute/v2.1/flavors/84" status: 404 len: 75 microversion: 2.90 time: 0.060736
Sep 20 12:12:32.176885 n-d-809934-3 devstack@n-api.service[94774]: [pid: 94774|app: 0|req: 23/44] 10.222.0.37 () {60 vars in 1191 bytes} [Mon Sep 20 12:12:32 2021] GET /compute/v2.1/flavors/84 => generated 75 bytes in 62 msecs (HTTP/1.1 404) 9 headers in 380 bytes (1 switches on core 0)
Sep 20 12:12:32.187918 n-d-809934-3 devstack@n-api.service[94773]: DEBUG nova.api.openstack.wsgi [None req-d97ff2c4-6217-4036-aacd-06bccbded512 admin admin] Calling method '>' {{(pid=94773) _process_stack /opt/stack/nova/nova/api/openstack/wsgi.py:513}}
Sep 20 12:12:32.202330 n-d-809934-3 devstack@n-api.service[94773]: INFO nova.api.openstack.requestlog [None req-d97ff2c4-6217-4036-aacd-06bccbded512 admin admin] 10.222.0.37 "GET /compute/v2.1/flavors?is_public=None" status: 200 len: 2056 microversion: 2.90 time: 0.018179
Sep 20 12:12:32.202880 n-d-809934-3 devstack@n-api.service[94773]: [pid: 94773|app: 0|req: 22/45] 10.222.0.37 () {60 vars in 1211 bytes} [Mon Sep 20 12:12:32 2021] GET /compute/v2.1/flavors?is_public=None => generated 2056 bytes in 19 msecs (HTTP/1.1 200) 9 headers in 360 bytes (1 switches on core 0)
Sep 20 12:12:32.213748 n-d-809934-3 devstack@n-api.service[94774]: DEBUG nova.api.openstack.wsgi [None req-14e97452-f3fc-4431-b760-934dd26d66f2 admin admin] Calling method '>' {{(pid=94774) _process_stack /opt/stack/nova/nova/api/openstack/wsgi.py:513}}
Sep 20 12:12:32.227932 n-d-809934-3 devstack@n-api.service[94774]: INFO nova.api.openstack.requestlog [None req-14e97452-f3fc-4431-b760-934dd26d66f2 admin admin] 10.222.0.37 "GET /compute/v2.1/flavors?is_public=None" status: 200 len: 2056 microversion: 2.90 time: 0.018494
Sep 20 12:12:32.228445 n-d-809934-3 devstack@n-api.service[94774]: [pid: 94774|app: 0|req: 24/46] 10.222.0.37 () {60 vars in 1211 bytes} [Mon Sep 20 12:12:32 2021] GET /compute/v2.1/flavors?is_public=None => generated 2056 bytes in 20 msecs (HTTP/1.1 200) 9 headers in 360 bytes (1 switches on core 0)
Sep 20 12:12:32.238054 n-d-809934-3 devstack@n-api.service[94773]: DEBUG nova.api.openstack.wsgi [None req-aa411db8-a4fe-44b4-82f4-57a89f1fe5fb admin admin] Calling method '>' {{(pid=94773) _process_stack /opt/stack/nova/nova/api/openstack/wsgi.py:513}}
Sep 20 12:12:32.243254 n-d-809934-3 devstack@n-api.service[94773]: INFO nova.api.openstack.wsgi [None req-aa411db8-a4fe-44b4-82f4-57a89f1fe5fb admin admin] HTTP exception thrown: Flavor 84 could not be found.
Sep 20 12:12:32.243842 n-d-809934-3 devstack@n-api.service[94773]: DEBUG nova.api.openstack.wsgi [None req-aa411db8-a4fe-44b4-82f4-57a89f1fe5fb admin admin] Returning 404 to user: Flavor 84 could not be found. {{(pid=94773) __call__ /opt/stack/nova/nova/api/openstack/wsgi.py:936}}
Sep 20 12:12:32.244614 n-d-809934-3 devstack@n-api.service[94773]: INFO nova.api.openstack.requestlog [None req-aa411db8-a4fe-44b4-82f4-57a89f1fe5fb admin admin] 10.222.0.37 "GET /compute/v2.1/flavors/84" status: 404 len: 75 microversion: 2.90 time: 0.010195
Sep 20 12:12:32.245129 n-d-809934-3 devstack@n-api.service[94773]: [pid: 94773|app: 0|req: 23/47] 10.222.0.37 () {60 vars in 1191 bytes} [Mon Sep 20 12:12:32 2021] GET /compute/v2.1/flavors/84 => generated 75 bytes in 11 msecs (HTTP/1.1 404) 9 headers in 380 bytes (1 switches on core 0)
Sep 20 12:12:33.588416 n-d-809934-3 devstack@n-api.service[94774]: DEBUG nova.api.openstack.wsgi [None req-14e97452-f3fc-4431-b760-934dd26d66f2 admin admin] Calling method '>' {{(pid=94774) _process_stack /opt/stack/nova/nova/api/openstack/wsgi.py:513}}
Sep 20 12:12:33.589431 n-d-809934-3 devstack@n-api.service[94774]: INFO nova.api.openstack.requestlog [None req-14e97452-f3fc-4431-b760-934dd26d66f2 admin admin] 10.222.0.37 "GET /compute/v2.1" status: 200 len: 388 microversion: 2.1 time: 0.001397
Sep 20 12:12:33.589825 n-d-809934-3 devstack@n-api.service[94774]: [pid: 94774|app: 0|req: 25/48] 10.222.0.37 () {56 vars in 1075 bytes} [Mon Sep 20 12:12:33 2021] GET /compute/v2.1 => generated 388 bytes in 2 msecs (HTTP/1.1 200) 9 headers in 357 bytes (1 switches on core 0)
Sep 20 12:12:33.778866 n-d-809934-3 devstack@n-api.service[94773]: DEBUG nova.api.openstack.wsgi [None req-0d74a3d7-8379-4d8a-80bc-0d3a4db85e53 admin admin] Calling method '>' {{(pid=94773) _process_stack /opt/stack/nova/nova/api/openstack/wsgi.py:513}}
Sep 20 12:12:33.784365 n-d-809934-3 devstack@n-api.service[94773]: INFO nova.api.openstack.wsgi [None req-0d74a3d7-8379-4d8a-80bc-0d3a4db85e53 admin admin] HTTP exception thrown: Flavor 451 could not be found.
Sep 20 12:12:33.784915 n-d-809934-3 devstack@n-api.service[94773]: DEBUG nova.api.openstack.wsgi [None req-0d74a3d7-8379-4d8a-80bc-0d3a4db85e53 admin admin] Returning 404 to user: Flavor 451 could not be found. {{(pid=94773) __call__ /opt/stack/nova/nova/api/openstack/wsgi.py:936}}
Sep 20 12:12:33.785717 n-d-809934-3 devstack@n-api.service[94773]: INFO nova.api.openstack.requestlog [None req-0d74a3d7-8379-4d8a-80bc-0d3a4db85e53 admin admin] 10.222.0.37 "GET /compute/v2.1/flavors/451" status: 404 len: 76 microversion: 2.90 time: 0.057624
Sep 20 12:12:33.786211 n-d-809934-3 devstack@n-api.service[94773]: [pid: 94773|app: 0|req: 24/49] 10.222.0.37 () {60 vars in 1194 bytes} [Mon Sep 20 12:12:33 2021] GET /compute/v2.1/flavors/451 => generated 76 bytes in 59 msecs (HTTP/1.1 404) 9 headers in 380 bytes (2 switches on core 0)
Sep 20 12:12:33.796420 n-d-809934-3 devstack@n-api.service[94774]: DEBUG nova.api.openstack.wsgi [None req-50c8c13f-e6d2-4401-80f7-649f975cdd87 admin admin] Calling method '>' {{(pid=94774) _process_stack /opt/stack/nova/nova/api/openstack/wsgi.py:513}}
Sep 20 12:12:33.809800 n-d-809934-3 devstack@n-api.service[94774]: INFO nova.api.openstack.requestlog [None req-50c8c13f-e6d2-4401-80f7-649f975cdd87 admin admin] 10.222.0.37 "GET /compute/v2.1/flavors?is_public=None" status: 200 len: 2056 microversion: 2.90 time: 0.016756
Sep 20 12:12:33.810252 n-d-809934-3 devstack@n-api.service[94774]: [pid: 94774|app: 0|req: 26/50] 10.222.0.37 () {60 vars in 1211 bytes} [Mon Sep 20 12:12:33 2021] GET /compute/v2.1/flavors?is_public=None => generated 2056 bytes in 18 msecs (HTTP/1.1 200) 9 headers in 360 bytes (1 switches on core 0)
Sep 20 12:12:33.819756 n-d-809934-3 devstack@n-api.service[94773]: DEBUG nova.api.openstack.wsgi [None req-0c316812-685d-468e-8bac-36114b6c5640 admin admin] Calling method '>' {{(pid=94773) _process_stack /opt/stack/nova/nova/api/openstack/wsgi.py:513}}
Sep 20 12:12:33.832868 n-d-809934-3 devstack@n-api.service[94773]: INFO nova.api.openstack.requestlog [None req-0c316812-685d-468e-8bac-36114b6c5640 admin admin] 10.222.0.37 "GET /compute/v2.1/flavors?is_public=None" status: 200 len: 2056 microversion: 2.90 time: 0.016587
Sep 20 12:12:33.833401 n-d-809934-3 devstack@n-api.service[94773]: [pid: 94773|app: 0|req: 25/51] 10.222.0.37 () {60 vars in 1211 bytes} [Mon Sep 20 12:12:33 2021] GET /compute/v2.1/flavors?is_public=None => generated 2056 bytes in 18 msecs (HTTP/1.1 200) 9 headers in 360 bytes (2 switches on core 0)
Sep 20 12:12:33.843544 n-d-809934-3 devstack@n-api.service[94774]: DEBUG nova.api.openstack.wsgi [None req-de8a1cb3-dc58-41a7-a2a4-2a6bb0e374ef admin admin] Calling method '>' {{(pid=94774) _process_stack /opt/stack/nova/nova/api/openstack/wsgi.py:513}}
Sep 20 12:12:33.848482 n-d-809934-3 devstack@n-api.service[94774]: INFO nova.api.openstack.wsgi [None req-de8a1cb3-dc58-41a7-a2a4-2a6bb0e374ef admin admin] HTTP exception thrown: Flavor 451 could not be found.
Sep 20 12:12:33.849177 n-d-809934-3 devstack@n-api.service[94774]: DEBUG nova.api.openstack.wsgi [None req-de8a1cb3-dc58-41a7-a2a4-2a6bb0e374ef admin admin] Returning 404 to user: Flavor 451 could not be found. {{(pid=94774) __call__ /opt/stack/nova/nova/api/openstack/wsgi.py:936}}
Sep 20 12:12:33.849940 n-d-809934-3 devstack@n-api.service[94774]: INFO nova.api.openstack.requestlog [None req-de8a1cb3-dc58-41a7-a2a4-2a6bb0e374ef admin admin] 10.222.0.37 "GET /compute/v2.1/flavors/451" status: 404 len: 76 microversion: 2.90 time: 0.009796
Sep 20 12:12:33.850421 n-d-809934-3 devstack@n-api.service[94774]: [pid: 94774|app: 0|req: 27/52] 10.222.0.37 () {60 vars in 1194 bytes} [Mon Sep 20 12:12:33 2021] GET /compute/v2.1/flavors/451 => generated 76 bytes in 11 msecs (HTTP/1.1 404) 9 headers in 380 bytes (1 switches on core 0)
Sep 20 12:12:35.213725 n-d-809934-3 devstack@n-api.service[94773]: DEBUG nova.api.openstack.wsgi [None req-0c316812-685d-468e-8bac-36114b6c5640 admin admin] Calling method '>' {{(pid=94773) _process_stack /opt/stack/nova/nova/api/openstack/wsgi.py:513}}
Sep 20 12:12:35.214716 n-d-809934-3 devstack@n-api.service[94773]: INFO nova.api.openstack.requestlog [None req-0c316812-685d-468e-8bac-36114b6c5640 admin admin] 10.222.0.37 "GET /compute/v2.1" status: 200 len: 388 microversion: 2.1 time: 0.001445
Sep 20 12:12:35.215096 n-d-809934-3 devstack@n-api.service[94773]: [pid: 94773|app: 0|req: 26/53] 10.222.0.37 () {56 vars in 1075 bytes} [Mon Sep 20 12:12:35 2021] GET /compute/v2.1 => generated 388 bytes in 2 msecs (HTTP/1.1 200) 9 headers in 357 bytes (1 switches on core 0)
Sep 20 12:12:35.404433 n-d-809934-3 devstack@n-api.service[94774]: DEBUG nova.api.openstack.wsgi [None req-6ad36f20-c605-4e69-88b4-a9898e293a08 admin admin] Action: 'create', calling method: >, body: {"flavor": {"name": "m1.nano", "ram": 256, "vcpus": 1, "disk": 1, "id": "42", "swap": 0, "OS-FLV-EXT-DATA:ephemeral": 0, "rxtx_factor": 1.0, "os-flavor-access:is_public": true}} {{(pid=94774) _process_stack /opt/stack/nova/nova/api/openstack/wsgi.py:511}}
Sep 20 12:12:35.485091 n-d-809934-3 devstack@n-api.service[94774]: INFO nova.api.openstack.requestlog [None req-6ad36f20-c605-4e69-88b4-a9898e293a08 admin admin] 10.222.0.37 "POST /compute/v2.1/flavors" status: 200 len: 404 microversion: 2.90 time: 0.132234
Sep 20 12:12:35.485555 n-d-809934-3 devstack@n-api.service[94774]: [pid: 94774|app: 0|req: 28/54] 10.222.0.37 () {64 vars in 1236 bytes} [Mon Sep 20 12:12:35 2021] POST /compute/v2.1/flavors => generated 404 bytes in 133 msecs (HTTP/1.1 200) 9 headers in 359 bytes (1 switches on core 0)
Sep 20 12:12:36.828263 n-d-809934-3 devstack@n-api.service[94773]: DEBUG nova.api.openstack.wsgi [None req-0c316812-685d-468e-8bac-36114b6c5640 admin admin] Calling method '>' {{(pid=94773) _process_stack /opt/stack/nova/nova/api/openstack/wsgi.py:513}}
Sep 20 12:12:36.829288 n-d-809934-3 devstack@n-api.service[94773]: INFO nova.api.openstack.requestlog [None req-0c316812-685d-468e-8bac-36114b6c5640 admin admin] 10.222.0.37 "GET /compute/v2.1" status: 200 len: 388 microversion: 2.1 time: 0.001408
Sep 20 12:12:36.829676 n-d-809934-3 devstack@n-api.service[94773]: [pid: 94773|app: 0|req: 27/55] 10.222.0.37 () {56 vars in 1075 bytes} [Mon Sep 20 12:12:36 2021] GET /compute/v2.1 => generated 388 bytes in 2 msecs (HTTP/1.1 200) 9 headers in 357 bytes (1 switches on core 0)
Sep 20 12:12:37.019298 n-d-809934-3 devstack@n-api.service[94774]: DEBUG nova.api.openstack.wsgi [None req-eb09425d-50e9-488c-9088-e7e5b3aefe82 admin admin] Action: 'create', calling method: >, body: {"flavor": {"name": "m1.micro", "ram": 256, "vcpus": 1, "disk": 2, "id": "84", "swap": 0, "OS-FLV-EXT-DATA:ephemeral": 0, "rxtx_factor": 1.0, "os-flavor-access:is_public": true}} {{(pid=94774) _process_stack /opt/stack/nova/nova/api/openstack/wsgi.py:511}}
Sep 20 12:12:37.136546 n-d-809934-3 devstack@n-api.service[94774]: INFO nova.api.openstack.requestlog [None req-eb09425d-50e9-488c-9088-e7e5b3aefe82 admin admin] 10.222.0.37 "POST /compute/v2.1/flavors" status: 200 len: 405 microversion: 2.90 time: 0.168611
Sep 20 12:12:37.137046 n-d-809934-3 devstack@n-api.service[94774]: [pid: 94774|app: 0|req: 29/56] 10.222.0.37 () {64 vars in 1236 bytes} [Mon Sep 20 12:12:36 2021] POST /compute/v2.1/flavors => generated 405 bytes in 170 msecs (HTTP/1.1 200) 9 headers in 359 bytes (1 switches on core 0)
Sep 20 12:12:38.506190 n-d-809934-3 devstack@n-api.service[94773]: DEBUG nova.api.openstack.wsgi [None req-0c316812-685d-468e-8bac-36114b6c5640 admin admin] Calling method '>' {{(pid=94773) _process_stack /opt/stack/nova/nova/api/openstack/wsgi.py:513}}
Sep 20 12:12:38.507182 n-d-809934-3 devstack@n-api.service[94773]: INFO nova.api.openstack.requestlog [None req-0c316812-685d-468e-8bac-36114b6c5640 admin admin] 10.222.0.37 "GET /compute/v2.1" status: 200 len: 388 microversion: 2.1 time: 0.001402
Sep 20 12:12:38.507578 n-d-809934-3 devstack@n-api.service[94773]: [pid: 94773|app: 0|req: 28/57] 10.222.0.37 () {56 vars in 1075 bytes} [Mon Sep 20 12:12:38 2021] GET /compute/v2.1 => generated 388 bytes in 2 msecs (HTTP/1.1 200) 9 headers in 357 bytes (1 switches on core 0)
Sep 20 12:12:38.703452 n-d-809934-3 devstack@n-api.service[94774]: DEBUG nova.api.openstack.wsgi [None req-419ff380-f096-4ea2-ad26-15ca30ed9a78 admin admin] Action: 'create', calling method: >, body: {"flavor": {"name": "m1.heat", "ram": 512, "vcpus": 1, "disk": 1, "id": "451", "swap": 0, "OS-FLV-EXT-DATA:ephemeral": 0, "rxtx_factor": 1.0, "os-flavor-access:is_public": true}} {{(pid=94774) _process_stack /opt/stack/nova/nova/api/openstack/wsgi.py:511}}
Sep 20 12:12:38.783137 n-d-809934-3 devstack@n-api.service[94774]: INFO nova.api.openstack.requestlog [None req-419ff380-f096-4ea2-ad26-15ca30ed9a78 admin admin] 10.222.0.37 "POST /compute/v2.1/flavors" status: 200 len: 407 microversion: 2.90 time: 0.137895
Sep 20 12:12:38.783671 n-d-809934-3 devstack@n-api.service[94774]: [pid: 94774|app: 0|req: 30/58] 10.222.0.37 () {64 vars in 1236 bytes} [Mon Sep 20 12:12:38 2021] POST /compute/v2.1/flavors => generated 407 bytes in 139 msecs (HTTP/1.1 200) 9 headers in 359 bytes (1 switches on core 0)
Sep 20 12:12:40.140451 n-d-809934-3 devstack@n-api.service[94773]: DEBUG nova.api.openstack.wsgi [None req-0c316812-685d-468e-8bac-36114b6c5640 admin admin] Calling method '>' {{(pid=94773) _process_stack /opt/stack/nova/nova/api/openstack/wsgi.py:513}}
Sep 20 12:12:40.141469 n-d-809934-3 devstack@n-api.service[94773]: INFO nova.api.openstack.requestlog [None req-0c316812-685d-468e-8bac-36114b6c5640 admin admin] 10.222.0.37 "GET /compute/v2.1" status: 200 len: 388 microversion: 2.1 time: 0.001434
Sep 20 12:12:40.141853 n-d-809934-3 devstack@n-api.service[94773]: [pid: 94773|app: 0|req: 29/59] 10.222.0.37 () {56 vars in 1075 bytes} [Mon Sep 20 12:12:40 2021] GET /compute/v2.1 => generated 388 bytes in 2 msecs (HTTP/1.1 200) 9 headers in 357 bytes (1 switches on core 0)
Sep 20 12:12:40.331431 n-d-809934-3 devstack@n-api.service[94774]: DEBUG nova.api.openstack.wsgi [None req-0870ea7a-cf96-4bfb-88af-fbac83e28210 admin admin] Action: 'create', calling method: >, body: {"flavor": {"name": "m1.heat2", "ram": 1024, "vcpus": 1, "disk": 1, "id": "452", "swap": 0, "OS-FLV-EXT-DATA:ephemeral": 0, "rxtx_factor": 1.0, "os-flavor-access:is_public": true}} {{(pid=94774) _process_stack /opt/stack/nova/nova/api/openstack/wsgi.py:511}}
Sep 20 12:12:40.413261 n-d-809934-3 devstack@n-api.service[94774]: INFO nova.api.openstack.requestlog [None req-0870ea7a-cf96-4bfb-88af-fbac83e28210 admin admin] 10.222.0.37 "POST /compute/v2.1/flavors" status: 200 len: 409 microversion: 2.90 time: 0.134563
Sep 20 12:12:40.414307 n-d-809934-3 devstack@n-api.service[94774]: [pid: 94774|app: 0|req: 31/60] 10.222.0.37 () {64 vars in 1236 bytes} [Mon Sep 20 12:12:40 2021] POST /compute/v2.1/flavors => generated 409 bytes in 136 msecs (HTTP/1.1 200) 9 headers in 359 bytes (1 switches on core 0)
Sep 20 12:12:41.754109 n-d-809934-3 devstack@n-api.service[94773]: DEBUG nova.api.openstack.wsgi [None req-0c316812-685d-468e-8bac-36114b6c5640 admin admin] Calling method '>' {{(pid=94773) _process_stack /opt/stack/nova/nova/api/openstack/wsgi.py:513}}
Sep 20 12:12:41.755107 n-d-809934-3 devstack@n-api.service[94773]: INFO nova.api.openstack.requestlog [None req-0c316812-685d-468e-8bac-36114b6c5640 admin admin] 10.222.0.37 "GET /compute/v2.1" status: 200 len: 388 microversion: 2.1 time: 0.001403
Sep 20 12:12:41.755503 n-d-809934-3 devstack@n-api.service[94773]: [pid: 94773|app: 0|req: 30/61] 10.222.0.37 () {56 vars in 1075 bytes} [Mon Sep 20 12:12:41 2021] GET /compute/v2.1 => generated 388 bytes in 2 msecs (HTTP/1.1 200) 9 headers in 357 bytes (1 switches on core 0)
Sep 20 12:12:41.945658 n-d-809934-3 devstack@n-api.service[94774]: DEBUG nova.api.openstack.wsgi [None req-f2fb655b-ea43-4b02-9d6b-be218843b8f1 admin admin] Calling method '>' {{(pid=94774) _process_stack /opt/stack/nova/nova/api/openstack/wsgi.py:513}}
Sep 20 12:12:41.965051 n-d-809934-3 devstack@n-api.service[94774]: INFO nova.api.openstack.requestlog [None req-f2fb655b-ea43-4b02-9d6b-be218843b8f1 admin admin] 10.222.0.37 "GET /compute/v2.1/flavors/detail" status: 200 len: 5777 microversion: 2.90 time: 0.071412
Sep 20 12:12:41.965519 n-d-809934-3 devstack@n-api.service[94774]: [pid: 94774|app: 0|req: 32/62] 10.222.0.37 () {60 vars in 1203 bytes} [Mon Sep 20 12:12:41 2021] GET /compute/v2.1/flavors/detail => generated 5777 bytes in 73 msecs (HTTP/1.1 200) 9 headers in 360 bytes (1 switches on core 0)
Sep 20 12:13:27.390116 n-d-809934-3 devstack@n-api.service[94773]: DEBUG nova.api.openstack.wsgi [None req-0c316812-685d-468e-8bac-36114b6c5640 admin admin] Calling method '>' {{(pid=94773) _process_stack /opt/stack/nova/nova/api/openstack/wsgi.py:513}}
Sep 20 12:13:27.391101 n-d-809934-3 devstack@n-api.service[94773]: INFO nova.api.openstack.requestlog [None req-0c316812-685d-468e-8bac-36114b6c5640 admin admin] 10.222.0.37 "GET /compute/v2.1" status: 200 len: 388 microversion: 2.1 time: 0.001405
Sep 20 12:13:27.391492 n-d-809934-3 devstack@n-api.service[94773]: [pid: 94773|app: 0|req: 31/63] 10.222.0.37 () {54 vars in 931 bytes} [Mon Sep 20 12:13:27 2021] GET /compute/v2.1 => generated 388 bytes in 2 msecs (HTTP/1.1 200) 9 headers in 357 bytes (1 switches on core 0)
Sep 20 12:13:27.450687 n-d-809934-3 devstack@n-api.service[94774]: DEBUG nova.api.openstack.wsgi [None req-7c12fbb2-7c4d-4155-af57-41f4eac3a735 admin admin] Calling method '>' {{(pid=94774) _process_stack /opt/stack/nova/nova/api/openstack/wsgi.py:513}}
Sep 20 12:13:27.470524 n-d-809934-3 devstack@n-api.service[94774]: INFO nova.api.openstack.requestlog [None req-7c12fbb2-7c4d-4155-af57-41f4eac3a735 admin admin] 10.222.0.37 "GET /compute/v2.1/flavors/detail?is_public=True" status: 200 len: 5791 microversion: 2.61 time: 0.071822
Sep 20 12:13:27.471044 n-d-809934-3 devstack@n-api.service[94774]: [pid: 94774|app: 0|req: 33/64] 10.222.0.37 () {60 vars in 1292 bytes} [Mon Sep 20 12:13:27 2021] GET /compute/v2.1/flavors/detail?is_public=True => generated 5791 bytes in 73 msecs (HTTP/1.1 200) 9 headers in 360 bytes (1 switches on core 0)
Sep 20 12:13:27.493511 n-d-809934-3 devstack@n-api.service[94773]: DEBUG nova.api.openstack.wsgi [None req-8bd70c58-fb89-4d27-a183-44af6c1e5e0e admin admin] Calling method '>' {{(pid=94773) _process_stack /opt/stack/nova/nova/api/openstack/wsgi.py:513}}
Sep 20 12:13:27.501316 n-d-809934-3 devstack@n-api.service[94773]: INFO nova.api.openstack.requestlog [None req-8bd70c58-fb89-4d27-a183-44af6c1e5e0e admin admin] 10.222.0.37 "GET /compute/v2.1/flavors/42/os-extra_specs" status: 200 len: 19 microversion: 2.61 time: 0.011575
Sep 20 12:13:27.501841 n-d-809934-3 devstack@n-api.service[94773]: [pid: 94773|app: 0|req: 32/65] 10.222.0.37 () {60 vars in 1283 bytes} [Mon Sep 20 12:13:27 2021] GET /compute/v2.1/flavors/42/os-extra_specs => generated 19 bytes in 13 msecs (HTTP/1.1 200) 9 headers in 358 bytes (1 switches on core 0)
Sep 20 12:13:27.513952 n-d-809934-3 devstack@n-api.service[94774]: DEBUG nova.api.openstack.wsgi [None req-bd851d66-6fe3-42aa-8208-2feeddbafa48 admin admin] Calling method '>' {{(pid=94774) _process_stack /opt/stack/nova/nova/api/openstack/wsgi.py:513}}
Sep 20 12:13:27.521893 n-d-809934-3 devstack@n-api.service[94774]: INFO nova.api.openstack.requestlog [None req-bd851d66-6fe3-42aa-8208-2feeddbafa48 admin admin] 10.222.0.37 "GET /compute/v2.1/flavors/451/os-extra_specs" status: 200 len: 19 microversion: 2.61 time: 0.010768
Sep 20 12:13:27.522389 n-d-809934-3 devstack@n-api.service[94774]: [pid: 94774|app: 0|req: 34/66] 10.222.0.37 () {60 vars in 1286 bytes} [Mon Sep 20 12:13:27 2021] GET /compute/v2.1/flavors/451/os-extra_specs => generated 19 bytes in 12 msecs (HTTP/1.1 200) 9 headers in 358 bytes (2 switches on core 0)
Sep 20 12:13:27.533838 n-d-809934-3 devstack@n-api.service[94773]: DEBUG nova.api.openstack.wsgi [None req-05859ca4-92a2-4875-b90c-938ece9952ee admin admin] Calling method '>' {{(pid=94773) _process_stack /opt/stack/nova/nova/api/openstack/wsgi.py:513}}
Sep 20 12:13:27.541394 n-d-809934-3 devstack@n-api.service[94773]: INFO nova.api.openstack.requestlog [None req-05859ca4-92a2-4875-b90c-938ece9952ee admin admin] 10.222.0.37 "GET /compute/v2.1/flavors/452/os-extra_specs" status: 200 len: 19 microversion: 2.61 time: 0.010923
Sep 20 12:13:27.541904 n-d-809934-3 devstack@n-api.service[94773]: [pid: 94773|app: 0|req: 33/67] 10.222.0.37 () {60 vars in 1286 bytes} [Mon Sep 20 12:13:27 2021] GET /compute/v2.1/flavors/452/os-extra_specs => generated 19 bytes in 12 msecs (HTTP/1.1 200) 9 headers in 358 bytes (2 switches on core 0)
Sep 20 12:13:27.553616 n-d-809934-3 devstack@n-api.service[94774]: DEBUG nova.api.openstack.wsgi [None req-9c893a47-98dd-4c9a-b6a1-f197b43d8b08 admin admin] Calling method '>' {{(pid=94774) _process_stack /opt/stack/nova/nova/api/openstack/wsgi.py:513}}
Sep 20 12:13:27.560781 n-d-809934-3 devstack@n-api.service[94774]: INFO nova.api.openstack.requestlog [None req-9c893a47-98dd-4c9a-b6a1-f197b43d8b08 admin admin] 10.222.0.37 "GET /compute/v2.1/flavors/84/os-extra_specs" status: 200 len: 19 microversion: 2.61 time: 0.011121
Sep 20 12:13:27.561313 n-d-809934-3 devstack@n-api.service[94774]: [pid: 94774|app: 0|req: 35/68] 10.222.0.37 () {60 vars in 1283 bytes} [Mon Sep 20 12:13:27 2021] GET /compute/v2.1/flavors/84/os-extra_specs => generated 19 bytes in 12 msecs (HTTP/1.1 200) 9 headers in 358 bytes (1 switches on core 0)
Sep 20 12:14:54.986889 n-d-809934-3 devstack@n-api.service[94773]: DEBUG nova.api.openstack.wsgi [None req-d1a38ddd-18f7-472c-be5d-d728bebd6ae6 tempest-verify_tempest_config-394636371 tempest-verify_tempest_config-394636371-project] Calling method '>' {{(pid=94773) _process_stack /opt/stack/nova/nova/api/openstack/wsgi.py:513}}
Sep 20 12:14:54.988867 n-d-809934-3 devstack@n-api.service[94773]: INFO nova.api.openstack.requestlog [None req-d1a38ddd-18f7-472c-be5d-d728bebd6ae6 tempest-verify_tempest_config-394636371 tempest-verify_tempest_config-394636371-project] 10.222.0.37 "GET /compute/v2.1/extensions" status: 200 len: 22700 microversion: 2.1 time: 0.107077
Sep 20 12:14:54.989409 n-d-809934-3 devstack@n-api.service[94773]: [pid: 94773|app: 0|req: 34/69] 10.222.0.37 () {58 vars in 1134 bytes} [Mon Sep 20 12:14:54 2021] GET /compute/v2.1/extensions => generated 22700 bytes in 108 msecs (HTTP/1.1 200) 9 headers in 359 bytes (1 switches on core 0)
Sep 20 12:18:33.394728 n-d-809934-3 devstack@n-api.service[94774]: DEBUG nova.api.openstack.wsgi [None req-9c893a47-98dd-4c9a-b6a1-f197b43d8b08 admin admin] Calling method '>' {{(pid=94774) _process_stack /opt/stack/nova/nova/api/openstack/wsgi.py:513}}
Sep 20 12:18:33.395727 n-d-809934-3 devstack@n-api.service[94774]: INFO nova.api.openstack.requestlog [None req-9c893a47-98dd-4c9a-b6a1-f197b43d8b08 admin admin] 10.222.0.37 "GET /compute/v2.1" status: 200 len: 388 microversion: 2.1 time: 0.001421
Sep 20 12:18:33.396240 n-d-809934-3 devstack@n-api.service[94774]: [pid: 94774|app: 0|req: 36/70] 10.222.0.37 () {56 vars in 1075 bytes} [Mon Sep 20 12:18:33 2021] GET /compute/v2.1 => generated 388 bytes in 2 msecs (HTTP/1.1 200) 9 headers in 357 bytes (1 switches on core 0)
Sep 20 12:18:33.650219 n-d-809934-3 devstack@n-api.service[94773]: DEBUG nova.api.openstack.wsgi [None req-abc84061-6156-4196-97d6-be385ed8ca23 admin admin] Calling method '>' {{(pid=94773) _process_stack /opt/stack/nova/nova/api/openstack/wsgi.py:513}}
Sep 20 12:18:33.651397 n-d-809934-3 devstack@n-api.service[94773]: /usr/local/lib/python3.8/dist-packages/oslo_policy/policy.py:1064: UserWarning: Policy os_compute_api:os-services:list failed scope check. The token used to make the request was project scoped but the policy requires ['system'] scope. This behavior may change in the future where using the intended scope is required
Sep 20 12:18:33.651397 n-d-809934-3 devstack@n-api.service[94773]: warnings.warn(msg)
Sep 20 12:18:33.653570 n-d-809934-3 devstack@n-api.service[94773]: DEBUG oslo_concurrency.lockutils [None req-abc84061-6156-4196-97d6-be385ed8ca23 admin admin] Lock "00000000-0000-0000-0000-000000000000" acquired by "nova.context.set_target_cell..get_or_set_cached_cell_and_set_connections" :: waited 0.000s {{(pid=94773) inner /usr/local/lib/python3.8/dist-packages/oslo_concurrency/lockutils.py:355}}
Sep 20 12:18:33.654036 n-d-809934-3 devstack@n-api.service[94773]: DEBUG oslo_concurrency.lockutils [None req-abc84061-6156-4196-97d6-be385ed8ca23 admin admin] Lock "00000000-0000-0000-0000-000000000000" released by "nova.context.set_target_cell..get_or_set_cached_cell_and_set_connections" :: held 0.001s {{(pid=94773) inner /usr/local/lib/python3.8/dist-packages/oslo_concurrency/lockutils.py:367}}
Sep 20 12:18:33.654852 n-d-809934-3 devstack@n-api.service[94773]: DEBUG oslo_concurrency.lockutils [None req-abc84061-6156-4196-97d6-be385ed8ca23 admin admin] Lock "a55deeee-f0d1-4017-b06a-b6e3c225103d" acquired by "nova.context.set_target_cell..get_or_set_cached_cell_and_set_connections" :: waited 0.000s {{(pid=94773) inner /usr/local/lib/python3.8/dist-packages/oslo_concurrency/lockutils.py:355}}
Sep 20 12:18:33.655299 n-d-809934-3 devstack@n-api.service[94773]: DEBUG oslo_concurrency.lockutils [None req-abc84061-6156-4196-97d6-be385ed8ca23 admin admin] Lock "a55deeee-f0d1-4017-b06a-b6e3c225103d" released by "nova.context.set_target_cell..get_or_set_cached_cell_and_set_connections" :: held 0.000s {{(pid=94773) inner /usr/local/lib/python3.8/dist-packages/oslo_concurrency/lockutils.py:367}}
Sep 20 12:18:33.696121 n-d-809934-3 devstack@n-api.service[94773]: INFO nova.api.openstack.requestlog [None req-abc84061-6156-4196-97d6-be385ed8ca23 admin admin] 10.222.0.37 "GET /compute/v2.1/os-services" status: 200 len: 1239 microversion: 2.90 time: 0.159096
Sep 20 12:18:33.696702 n-d-809934-3 devstack@n-api.service[94773]: [pid: 94773|app: 0|req: 35/71] 10.222.0.37 () {60 vars in 1194 bytes} [Mon Sep 20 12:18:33 2021] GET /compute/v2.1/os-services => generated 1239 bytes in 160 msecs (HTTP/1.1 200) 9 headers in 360 bytes (1 switches on core 0)
Sep 20 12:18:35.104815 n-d-809934-3 devstack@n-api.service[94774]: DEBUG nova.api.openstack.wsgi [None req-9c893a47-98dd-4c9a-b6a1-f197b43d8b08 admin admin] Calling method '>' {{(pid=94774) _process_stack /opt/stack/nova/nova/api/openstack/wsgi.py:513}}
Sep 20 12:18:35.106213 n-d-809934-3 devstack@n-api.service[94774]: INFO nova.api.openstack.requestlog [None req-9c893a47-98dd-4c9a-b6a1-f197b43d8b08 admin admin] 10.222.0.37 "GET /compute/v2.1" status: 200 len: 388 microversion: 2.1 time: 0.001428
Sep 20 12:18:35.106608 n-d-809934-3 devstack@n-api.service[94774]: [pid: 94774|app: 0|req: 37/72] 10.222.0.37 () {56 vars in 1075 bytes} [Mon Sep 20 12:18:35 2021] GET /compute/v2.1 => generated 388 bytes in 3 msecs (HTTP/1.1 200) 9 headers in 357 bytes (1 switches on core 0)
Sep 20 12:18:35.311455 n-d-809934-3 devstack@n-api.service[94773]: DEBUG nova.api.openstack.wsgi [None req-ca9cd827-2f38-43a7-a72a-a10f7ade6d45 admin admin] Calling method '>' {{(pid=94773) _process_stack /opt/stack/nova/nova/api/openstack/wsgi.py:513}}
Sep 20 12:18:35.312649 n-d-809934-3 devstack@n-api.service[94773]: /usr/local/lib/python3.8/dist-packages/oslo_policy/policy.py:1064: UserWarning: Policy os_compute_api:os-services:list failed scope check. The token used to make the request was project scoped but the policy requires ['system'] scope. This behavior may change in the future where using the intended scope is required
Sep 20 12:18:35.312649 n-d-809934-3 devstack@n-api.service[94773]: warnings.warn(msg)
