Sep 15 15:43:09.838678 n-d-808199-2 neutron-server[102019]: INFO neutron.wsgi [req-ed489e2c-097c-429d-a766-bbfb06a678a5 req-7bbdfca9-5a7b-4734-9657-ce884364385c tempest-LiveMigrationNegativeTest-2104362854 tempest-LiveMigrationNegativeTest-2104362854-project] 10.222.0.63 "GET /v2.0/ports?device_id=112c2ef6-1e33-4e0b-98e3-b9f75f52c892 HTTP/1.1" status: 200 len: 949 time: 0.1507876
Sep 15 15:43:09.839998 n-d-808199-2 neutron-server[102018]: DEBUG neutron.wsgi [-] (102018) accepted ('10.222.0.63', 60294) {{(pid=102018) server /usr/local/lib/python3.8/dist-packages/eventlet/wsgi.py:982}}
Sep 15 15:43:09.843909 n-d-808199-2 neutron-server[102020]: DEBUG neutron.notifiers.nova [-] Sending events: [{'server_uuid': '112c2ef6-1e33-4e0b-98e3-b9f75f52c892', 'name': 'network-vif-plugged', 'status': 'completed', 'tag': 'beabee8e-75c2-45aa-b544-ee616063d641'}] {{(pid=102020) send_events /opt/stack/neutron/neutron/notifiers/nova.py:262}}
Sep 15 15:43:09.846749 n-d-808199-2 neutron-server[102020]: DEBUG novaclient.v2.client [-] REQ: curl -g -i --cacert "/opt/stack/data/ca-bundle.pem" -X POST http://10.222.0.63/compute/v2.1/os-server-external-events -H "Accept: application/json" -H "Content-Type: application/json" -H "User-Agent: python-novaclient" -H "X-Auth-Token: {SHA256}3d78cb2aa6d11585aab4e55e9019a0cb9d402e069a2c4c45fd346b68f1c4e9fe" -H "X-OpenStack-Nova-API-Version: 2.1" -H "X-OpenStack-Request-ID: req-eee79446-fe1f-436f-a13d-5c7948945d42" -d '{"events": [{"server_uuid": "112c2ef6-1e33-4e0b-98e3-b9f75f52c892", "name": "network-vif-plugged", "status": "completed", "tag": "beabee8e-75c2-45aa-b544-ee616063d641"}]}' {{(pid=102020) _http_log_request /usr/local/lib/python3.8/dist-packages/keystoneauth1/session.py:519}}
Sep 15 15:43:09.846943 n-d-808199-2 neutron-server[102019]: DEBUG neutron_lib.callbacks.manager [None req-aa8fc921-408b-4404-887b-f2a4a9827542 admin admin] Notify callbacks [] for security_group, before_delete {{(pid=102019) _notify_loop /usr/local/lib/python3.8/dist-packages/neutron_lib/callbacks/manager.py:192}}
Sep 15 15:43:09.882321 n-d-808199-2 neutron-server[102020]: DEBUG neutron.plugins.ml2.db [None req-c7a47bb8-15de-4a28-acfd-05b842de47eb None None] For port beabee8e-75c2-45aa-b544-ee616063d641, host n-h1-808199-2, got binding levels [PortBindingLevel(driver='hyperv',host='n-h1-808199-2',level=0,port_id=beabee8e-75c2-45aa-b544-ee616063d641,segment=NetworkSegment(11a03607-a191-4595-ab9a-9c2c64d03161),segment_id=11a03607-a191-4595-ab9a-9c2c64d03161)] {{(pid=102020) get_binding_level_objs /opt/stack/neutron/neutron/plugins/ml2/db.py:74}}
Sep 15 15:43:09.895876 n-d-808199-2 neutron-server[102019]: DEBUG neutron_lib.callbacks.manager [None req-aa8fc921-408b-4404-887b-f2a4a9827542 admin admin] Notify callbacks [] for security_group, precommit_delete {{(pid=102019) _notify_loop /usr/local/lib/python3.8/dist-packages/neutron_lib/callbacks/manager.py:192}}
Sep 15 15:43:09.903011 n-d-808199-2 neutron-server[102018]: DEBUG neutron_lib.callbacks.manager [None req-16d6a9b4-d3f5-4252-b685-8e9e22cd3c92 admin admin] Notify callbacks [] for security_group, before_create {{(pid=102018) _notify_loop /usr/local/lib/python3.8/dist-packages/neutron_lib/callbacks/manager.py:192}}
Sep 15 15:43:09.913578 n-d-808199-2 neutron-server[102020]: DEBUG novaclient.v2.client [-] RESP: [200] Connection: close Content-Length: 183 Content-Type: application/json Date: Wed, 15 Sep 2021 15:43:09 GMT OpenStack-API-Version: compute 2.1 Server: Apache/2.4.41 (Ubuntu) Vary: OpenStack-API-Version,X-OpenStack-Nova-API-Version X-OpenStack-Nova-API-Version: 2.1 x-compute-request-id: req-dcc7d94e-1612-491d-882a-ed902c221444 x-openstack-request-id: req-dcc7d94e-1612-491d-882a-ed902c221444 {{(pid=102020) _http_log_response /usr/local/lib/python3.8/dist-packages/keystoneauth1/session.py:550}}
Sep 15 15:43:09.913992 n-d-808199-2 neutron-server[102020]: DEBUG novaclient.v2.client [-] RESP BODY: {"events": [{"server_uuid": "112c2ef6-1e33-4e0b-98e3-b9f75f52c892", "name": "network-vif-plugged", "status": "completed", "tag": "beabee8e-75c2-45aa-b544-ee616063d641", "code": 200}]} {{(pid=102020) _http_log_response /usr/local/lib/python3.8/dist-packages/keystoneauth1/session.py:582}}
Sep 15 15:43:09.914873 n-d-808199-2 neutron-server[102020]: DEBUG novaclient.v2.client [-] POST call to compute for http://10.222.0.63/compute/v2.1/os-server-external-events used request id req-dcc7d94e-1612-491d-882a-ed902c221444 {{(pid=102020) request /usr/local/lib/python3.8/dist-packages/keystoneauth1/session.py:954}}
Sep 15 15:43:09.915378 n-d-808199-2 neutron-server[102020]: INFO neutron.notifiers.nova [-] Nova event response: {'server_uuid': '112c2ef6-1e33-4e0b-98e3-b9f75f52c892', 'name': 'network-vif-plugged', 'status': 'completed', 'tag': 'beabee8e-75c2-45aa-b544-ee616063d641', 'code': 200}
Sep 15 15:43:09.948083 n-d-808199-2 neutron-server[102019]: INFO neutron.wsgi [req-10069af7-9120-44dc-8244-088250f2bef6 req-f20ea9ec-17ac-4911-99a0-8049b087a47b service neutron] 10.222.0.55 "GET /v2.0/networks/d8d9c2dd-68b7-420c-8073-fe516912279d?fields=segments HTTP/1.1" status: 200 len: 212 time: 0.5553656
Sep 15 15:43:09.957610 n-d-808199-2 neutron-server[102020]: DEBUG neutron_lib.callbacks.manager [None req-c7a47bb8-15de-4a28-acfd-05b842de47eb None None] Notify callbacks ['neutron.plugins.ml2.plugin.SecurityGroupServerNotifierRpcMixin._notify_sg_on_port_change-665764', 'neutron.plugins.ml2.ovo_rpc._ObjectChangeHandler.handle_event-180083', 'neutron.api.rpc.agentnotifiers.dhcp_rpc_agent_api.DhcpAgentNotifyAPI._native_event_send_dhcp_notification-3674180', 'neutron.db.l3_db.L3RpcNotifierMixin._notify_gateway_port_ip_changed-8769423765261', 'neutron.db.l3_dvrscheduler_db._notify_l3_agent_port_update-8769423245788', 'neutron.db.l3_hascheduler_db._notify_l3_agent_ha_port_update-8769423245806'] for port, after_update {{(pid=102020) _notify_loop /usr/local/lib/python3.8/dist-packages/neutron_lib/callbacks/manager.py:192}}
Sep 15 15:43:10.057528 n-d-808199-2 neutron-server[102020]: DEBUG neutron.api.rpc.handlers.resources_rpc [None req-c7a47bb8-15de-4a28-acfd-05b842de47eb None None] Pushing event updated for resources: {'Port': ['ID=beabee8e-75c2-45aa-b544-ee616063d641,revision_number=5']} {{(pid=102020) push /opt/stack/neutron/neutron/api/rpc/handlers/resources_rpc.py:237}}
Sep 15 15:43:10.078767 n-d-808199-2 neutron-server[102018]: DEBUG neutron_lib.callbacks.manager [None req-16d6a9b4-d3f5-4252-b685-8e9e22cd3c92 admin admin] Notify callbacks [] for security_group, precommit_create {{(pid=102018) _notify_loop /usr/local/lib/python3.8/dist-packages/neutron_lib/callbacks/manager.py:192}}
Sep 15 15:43:10.118559 n-d-808199-2 neutron-server[102018]: INFO neutron.wsgi [req-99dac3f8-8013-4bf5-8862-026416a9bd08 req-6810038f-cc90-4205-8372-95cca963c945 service neutron] 10.222.0.55 "GET /v2.0/floatingips?fixed_ip_address=172.20.0.14&port_id=7554613d-2948-46a6-b80b-4f2ce8aac436 HTTP/1.1" status: 200 len: 1000 time: 0.2936544
Sep 15 15:43:10.132412 n-d-808199-2 neutron-server[102019]: INFO neutron.wsgi [req-10069af7-9120-44dc-8244-088250f2bef6 req-69ecae6f-1c9e-4d78-b6d6-f3515543e920 service neutron] 10.222.0.55 "GET /v2.0/networks/d8d9c2dd-68b7-420c-8073-fe516912279d?fields=provider%3Aphysical_network&fields=provider%3Anetwork_type HTTP/1.1" status: 200 len: 281 time: 0.1548193
Sep 15 15:43:10.135602 n-d-808199-2 neutron-server[102018]: DEBUG neutron.wsgi [-] (102018) accepted ('10.222.0.55', 57088) {{(pid=102018) server /usr/local/lib/python3.8/dist-packages/eventlet/wsgi.py:982}}
Sep 15 15:43:10.137638 n-d-808199-2 neutron-server[102019]: INFO neutron.wsgi [req-ed489e2c-097c-429d-a766-bbfb06a678a5 req-9017fc40-9456-438a-aae1-1811ef9d3999 tempest-LiveMigrationNegativeTest-2104362854 tempest-LiveMigrationNegativeTest-2104362854-project] 10.222.0.63 "GET /v2.0/security-groups?id=0bcbcba2-a642-47ca-8e24-608b50b9a260&fields=id&fields=name HTTP/1.1" status: 200 len: 286 time: 0.2973838
Sep 15 15:43:10.174111 n-d-808199-2 neutron-server[102018]: DEBUG neutron_lib.callbacks.manager [None req-16d6a9b4-d3f5-4252-b685-8e9e22cd3c92 admin admin] Notify callbacks ['neutron.plugins.ml2.ovo_rpc._ObjectChangeHandler.handle_event-3923923'] for security_group, after_create {{(pid=102018) _notify_loop /usr/local/lib/python3.8/dist-packages/neutron_lib/callbacks/manager.py:192}}
Sep 15 15:43:10.235350 n-d-808199-2 neutron-server[102019]: INFO neutron.wsgi [req-578bc2fd-b248-45cf-8c49-a8c711aba2a8 req-7a102737-6e5e-4d31-8388-c0bac9cff5d7 tempest-FloatingIPsAssociationNegativeTestJSON-31677111 tempest-FloatingIPsAssociationNegativeTestJSON-31677111-project] 10.222.0.63 "GET /v2.0/ports?device_id=02fb5fa3-cc65-4744-9dd7-dbed7d773e5c HTTP/1.1" status: 200 len: 210 time: 0.0294232
Sep 15 15:43:10.236164 n-d-808199-2 neutron-server[102019]: DEBUG neutron_lib.callbacks.manager [None req-aa8fc921-408b-4404-887b-f2a4a9827542 admin admin] Notify callbacks ['neutron.plugins.ml2.ovo_rpc._ObjectChangeHandler.handle_event-3923923'] for security_group, after_delete {{(pid=102019) _notify_loop /usr/local/lib/python3.8/dist-packages/neutron_lib/callbacks/manager.py:192}}
Sep 15 15:43:10.239277 n-d-808199-2 neutron-server[102019]: DEBUG neutron_lib.callbacks.manager [None req-aa8fc921-408b-4404-887b-f2a4a9827542 admin admin] Notify callbacks [] for security_group, before_response {{(pid=102019) _notify_loop /usr/local/lib/python3.8/dist-packages/neutron_lib/callbacks/manager.py:192}}
Sep 15 15:43:10.243249 n-d-808199-2 neutron-server[102019]: INFO neutron.wsgi [None req-aa8fc921-408b-4404-887b-f2a4a9827542 admin admin] 10.222.0.63 "DELETE /v2.0/security-groups/d8dd1a1f-9a9d-4f50-94d2-16a2c7a7b829 HTTP/1.1" status: 204 len: 168 time: 0.7581425
Sep 15 15:43:10.250450 n-d-808199-2 neutron-server[102019]: DEBUG neutron.api.rpc.handlers.resources_rpc [None req-aa8fc921-408b-4404-887b-f2a4a9827542 admin admin] Pushing event deleted for resources: {'SecurityGroup': ['ID=d8dd1a1f-9a9d-4f50-94d2-16a2c7a7b829,revision_number=None']} {{(pid=102019) push /opt/stack/neutron/neutron/api/rpc/handlers/resources_rpc.py:237}}
Sep 15 15:43:10.477272 n-d-808199-2 neutron-server[102018]: DEBUG neutron.pecan_wsgi.hooks.policy_enforcement [req-23f889ce-1263-4eca-a2ac-3fc0dd0d16b0 req-bdd6fd2f-d544-4b41-8ee3-0a32ca67ef91 service neutron] Attributes excluded by policy engine: ['standard_attr_id'] {{(pid=102018) _exclude_attributes_by_policy /opt/stack/neutron/neutron/pecan_wsgi/hooks/policy_enforcement.py:255}}
Sep 15 15:43:10.478891 n-d-808199-2 neutron-server[102018]: INFO neutron.wsgi [req-23f889ce-1263-4eca-a2ac-3fc0dd0d16b0 req-bdd6fd2f-d544-4b41-8ee3-0a32ca67ef91 service neutron] 10.222.0.38 "GET /v2.0/ports?device_id=112c2ef6-1e33-4e0b-98e3-b9f75f52c892 HTTP/1.1" status: 200 len: 1101 time: 0.3916063
Sep 15 15:43:10.594201 n-d-808199-2 neutron-server[102019]: DEBUG neutron.pecan_wsgi.hooks.policy_enforcement [req-38f19fcf-e902-4201-98b0-02fee7268aad req-595889cd-67a9-4028-bd1f-03f8d3f4d588 tempest-ServersAdminNegativeTestJSON-1011807991 tempest-ServersAdminNegativeTestJSON-1011807991-project] Attributes excluded by policy engine: ['standard_attr_id', 'binding:profile', 'binding:host_id', 'binding:vif_type', 'binding:vif_details'] {{(pid=102019) _exclude_attributes_by_policy /opt/stack/neutron/neutron/pecan_wsgi/hooks/policy_enforcement.py:255}}
Sep 15 15:43:10.595774 n-d-808199-2 neutron-server[102019]: INFO neutron.wsgi [req-38f19fcf-e902-4201-98b0-02fee7268aad req-595889cd-67a9-4028-bd1f-03f8d3f4d588 tempest-ServersAdminNegativeTestJSON-1011807991 tempest-ServersAdminNegativeTestJSON-1011807991-project] 10.222.0.63 "GET /v2.0/ports?device_id=421a38a5-6b93-4872-adbb-c164214dbe3a HTTP/1.1" status: 200 len: 949 time: 0.0719616
Sep 15 15:43:10.601835 n-d-808199-2 neutron-server[102018]: INFO neutron.wsgi [None req-16d6a9b4-d3f5-4252-b685-8e9e22cd3c92 admin admin] 10.222.0.63 "GET /v2.0/security-groups?tenant_id=4f4504a8e4c84da5a39a96731ea4b0aa&name=default HTTP/1.1" status: 200 len: 2979 time: 0.7595952
Sep 15 15:43:10.602736 n-d-808199-2 neutron-server[102018]: DEBUG neutron.api.rpc.handlers.resources_rpc [None req-16d6a9b4-d3f5-4252-b685-8e9e22cd3c92 admin admin] Pushing event updated for resources: {'SecurityGroup': ['ID=6926f85c-1c4a-43e7-8ca0-52bf44c09e3d,revision_number=1']} {{(pid=102018) push /opt/stack/neutron/neutron/api/rpc/handlers/resources_rpc.py:237}}
Sep 15 15:43:10.608817 n-d-808199-2 neutron-server[102019]: DEBUG neutron.wsgi [-] (102019) accepted ('10.222.0.63', 60330) {{(pid=102019) server /usr/local/lib/python3.8/dist-packages/eventlet/wsgi.py:982}}
Sep 15 15:43:10.627614 n-d-808199-2 neutron-server[102018]: DEBUG neutron.pecan_wsgi.hooks.policy_enforcement [req-0c0148dc-4276-4b78-9a9e-d33546466fa3 req-b827643c-c4f9-45ce-9340-7c566aabe8b3 tempest-VolumesAdminNegativeTest-1770012903 tempest-VolumesAdminNegativeTest-1770012903-project] Attributes excluded by policy engine: ['standard_attr_id', 'binding:profile', 'binding:host_id', 'binding:vif_type', 'binding:vif_details'] {{(pid=102018) _exclude_attributes_by_policy /opt/stack/neutron/neutron/pecan_wsgi/hooks/policy_enforcement.py:255}}
Sep 15 15:43:10.629699 n-d-808199-2 neutron-server[102018]: INFO neutron.wsgi [req-0c0148dc-4276-4b78-9a9e-d33546466fa3 req-b827643c-c4f9-45ce-9340-7c566aabe8b3 tempest-VolumesAdminNegativeTest-1770012903 tempest-VolumesAdminNegativeTest-1770012903-project] 10.222.0.63 "GET /v2.0/ports?device_id=b5d220f7-5c27-4dab-a1ab-d22bdcf5c26d HTTP/1.1" status: 200 len: 943 time: 0.5093141
Sep 15 15:43:10.637704 n-d-808199-2 neutron-server[102018]: DEBUG neutron.pecan_wsgi.hooks.policy_enforcement [req-99dac3f8-8013-4bf5-8862-026416a9bd08 req-bb948bce-7c4f-454d-9b2d-c09b9ae455c8 service neutron] Attributes excluded by policy engine: ['standard_attr_id', 'shared'] {{(pid=102018) _exclude_attributes_by_policy /opt/stack/neutron/neutron/pecan_wsgi/hooks/policy_enforcement.py:255}}
Sep 15 15:43:10.639410 n-d-808199-2 neutron-server[102018]: INFO neutron.wsgi [req-99dac3f8-8013-4bf5-8862-026416a9bd08 req-bb948bce-7c4f-454d-9b2d-c09b9ae455c8 service neutron] 10.222.0.55 "GET /v2.0/subnets?id=f1880e91-f2b7-472a-b4d7-31c2d32219d3 HTTP/1.1" status: 200 len: 862 time: 0.4866760
Sep 15 15:43:10.692625 n-d-808199-2 neutron-server[102019]: INFO neutron.wsgi [req-38f19fcf-e902-4201-98b0-02fee7268aad req-1132dcaa-e011-4887-b580-3347c8b1f629 tempest-ServersAdminNegativeTestJSON-1011807991 tempest-ServersAdminNegativeTestJSON-1011807991-project] 10.222.0.63 "GET /v2.0/security-groups?id=45bc8779-878a-452c-bca2-982ab8783a7c&fields=id&fields=name HTTP/1.1" status: 200 len: 286 time: 0.0904834
Sep 15 15:43:10.708518 n-d-808199-2 neutron-server[102019]: DEBUG neutron_lib.callbacks.manager [None req-d118a00a-71dd-478d-9d07-cb93c4724cae admin admin] Notify callbacks [] for security_group, before_delete {{(pid=102019) _notify_loop /usr/local/lib/python3.8/dist-packages/neutron_lib/callbacks/manager.py:192}}
Sep 15 15:43:10.737002 n-d-808199-2 neutron-server[102018]: INFO neutron.wsgi [req-23f889ce-1263-4eca-a2ac-3fc0dd0d16b0 req-078e40b7-9a09-4695-bdd2-df57d74dd162 service neutron] 10.222.0.38 "GET /v2.0/security-groups?id=0bcbcba2-a642-47ca-8e24-608b50b9a260&fields=id&fields=name HTTP/1.1" status: 200 len: 286 time: 0.2339735
Sep 15 15:43:10.753680 n-d-808199-2 neutron-server[102019]: DEBUG neutron_lib.callbacks.manager [None req-d118a00a-71dd-478d-9d07-cb93c4724cae admin admin] Notify callbacks [] for security_group, precommit_delete {{(pid=102019) _notify_loop /usr/local/lib/python3.8/dist-packages/neutron_lib/callbacks/manager.py:192}}
Sep 15 15:43:10.759847 n-d-808199-2 neutron-server[102018]: DEBUG neutron.pecan_wsgi.hooks.policy_enforcement [req-3448a5b0-ac0a-4766-bf54-e3f24d3ed48e req-4a3f4be4-ee16-440b-a3fb-7b8fc1833b6d tempest-FloatingIPsAssociationNegativeTestJSON-31677111 tempest-FloatingIPsAssociationNegativeTestJSON-31677111-project] Attributes excluded by policy engine: ['standard_attr_id', 'vlan_transparent', 'provider:network_type', 'provider:physical_network', 'provider:segmentation_id'] {{(pid=102018) _exclude_attributes_by_policy /opt/stack/neutron/neutron/pecan_wsgi/hooks/policy_enforcement.py:255}}
Sep 15 15:43:10.762259 n-d-808199-2 neutron-server[102018]: INFO neutron.wsgi [req-3448a5b0-ac0a-4766-bf54-e3f24d3ed48e req-4a3f4be4-ee16-440b-a3fb-7b8fc1833b6d tempest-FloatingIPsAssociationNegativeTestJSON-31677111 tempest-FloatingIPsAssociationNegativeTestJSON-31677111-project] 10.222.0.55 "GET /v2.0/networks?id=23f4fa9e-4b3d-4af5-a9c1-b2514778700d HTTP/1.1" status: 200 len: 828 time: 0.6083202
Sep 15 15:43:10.782273 n-d-808199-2 neutron-server[102018]: DEBUG neutron.api.v2.base [req-3448a5b0-ac0a-4766-bf54-e3f24d3ed48e req-613a657c-922d-4442-ae42-6474ae7f3344 tempest-FloatingIPsAssociationNegativeTestJSON-31677111 tempest-FloatingIPsAssociationNegativeTestJSON-31677111-project] Request body: {'port': {'device_id': '02fb5fa3-cc65-4744-9dd7-dbed7d773e5c', 'network_id': '23f4fa9e-4b3d-4af5-a9c1-b2514778700d', 'admin_state_up': True, 'tenant_id': '772b89f74ff94b79b29132ed596cfc01'}} {{(pid=102018) prepare_request_body /opt/stack/neutron/neutron/api/v2/base.py:730}}
Sep 15 15:43:10.805232 n-d-808199-2 neutron-server[102018]: INFO neutron.wsgi [req-0c0148dc-4276-4b78-9a9e-d33546466fa3 req-7385346c-09ae-40d5-9a80-eb8b1822a918 tempest-VolumesAdminNegativeTest-1770012903 tempest-VolumesAdminNegativeTest-1770012903-project] 10.222.0.63 "GET /v2.0/security-groups?id=450d5a90-83ac-4993-8fd2-d911dde999b3&fields=id&fields=name HTTP/1.1" status: 200 len: 286 time: 0.1590765
Sep 15 15:43:10.853303 n-d-808199-2 neutron-server[102018]: DEBUG neutron.pecan_wsgi.hooks.policy_enforcement [req-99dac3f8-8013-4bf5-8862-026416a9bd08 req-cd74d5f9-66c6-4611-860b-bf37e6d4a6aa service neutron] Attributes excluded by policy engine: ['standard_attr_id'] {{(pid=102018) _exclude_attributes_by_policy /opt/stack/neutron/neutron/pecan_wsgi/hooks/policy_enforcement.py:255}}
Sep 15 15:43:10.854905 n-d-808199-2 neutron-server[102018]: INFO neutron.wsgi [req-99dac3f8-8013-4bf5-8862-026416a9bd08 req-cd74d5f9-66c6-4611-860b-bf37e6d4a6aa service neutron] 10.222.0.55 "GET /v2.0/ports?network_id=cbab5bdd-a048-44ca-bf66-b8641e20eecf&device_owner=network%3Adhcp HTTP/1.1" status: 200 len: 1163 time: 0.1986539
Sep 15 15:43:10.917657 n-d-808199-2 neutron-server[102019]: DEBUG neutron_lib.callbacks.manager [None req-d118a00a-71dd-478d-9d07-cb93c4724cae admin admin] Notify callbacks ['neutron.plugins.ml2.ovo_rpc._ObjectChangeHandler.handle_event-3923923'] for security_group, after_delete {{(pid=102019) _notify_loop /usr/local/lib/python3.8/dist-packages/neutron_lib/callbacks/manager.py:192}}
Sep 15 15:43:10.920354 n-d-808199-2 neutron-server[102019]: DEBUG neutron_lib.callbacks.manager [None req-d118a00a-71dd-478d-9d07-cb93c4724cae admin admin] Notify callbacks [] for security_group, before_response {{(pid=102019) _notify_loop /usr/local/lib/python3.8/dist-packages/neutron_lib/callbacks/manager.py:192}}
Sep 15 15:43:10.921536 n-d-808199-2 neutron-server[102019]: INFO neutron.wsgi [None req-d118a00a-71dd-478d-9d07-cb93c4724cae admin admin] 10.222.0.63 "DELETE /v2.0/security-groups/6926f85c-1c4a-43e7-8ca0-52bf44c09e3d HTTP/1.1" status: 204 len: 168 time: 0.3112848
Sep 15 15:43:10.929675 n-d-808199-2 neutron-server[102019]: DEBUG neutron.api.rpc.handlers.resources_rpc [None req-d118a00a-71dd-478d-9d07-cb93c4724cae admin admin] Pushing event deleted for resources: {'SecurityGroup': ['ID=6926f85c-1c4a-43e7-8ca0-52bf44c09e3d,revision_number=None']} {{(pid=102019) push /opt/stack/neutron/neutron/api/rpc/handlers/resources_rpc.py:237}}
Sep 15 15:43:11.009348 n-d-808199-2 neutron-server[102020]: DEBUG neutron.plugins.ml2.rpc [None req-c7a47bb8-15de-4a28-acfd-05b842de47eb None None] Device ee7bf6be-c1d2-476c-9338-704a87a4e879 up at agent hyperv_n-h1-808199-2 {{(pid=102020) update_device_up /opt/stack/neutron/neutron/plugins/ml2/rpc.py:296}}
Sep 15 15:43:11.029332 n-d-808199-2 neutron-server[102018]: INFO neutron.wsgi [req-99dac3f8-8013-4bf5-8862-026416a9bd08 req-4b28d6e1-eb8c-461e-8015-0890694e30c4 service neutron] 10.222.0.55 "GET /v2.0/networks/cbab5bdd-a048-44ca-bf66-b8641e20eecf?fields=segments HTTP/1.1" status: 200 len: 212 time: 0.1317034
Sep 15 15:43:11.119439 n-d-808199-2 neutron-server[102018]: DEBUG neutron.pecan_wsgi.hooks.quota_enforcement [req-3448a5b0-ac0a-4766-bf54-e3f24d3ed48e req-613a657c-922d-4442-ae42-6474ae7f3344 tempest-FloatingIPsAssociationNegativeTestJSON-31677111 tempest-FloatingIPsAssociationNegativeTestJSON-31677111-project] Made reservation on behalf of 772b89f74ff94b79b29132ed596cfc01 for: {'port': 1} {{(pid=102018) before /opt/stack/neutron/neutron/pecan_wsgi/hooks/quota_enforcement.py:53}}
Sep 15 15:43:11.129742 n-d-808199-2 neutron-server[102018]: DEBUG neutron_lib.callbacks.manager [req-3448a5b0-ac0a-4766-bf54-e3f24d3ed48e req-613a657c-922d-4442-ae42-6474ae7f3344 tempest-FloatingIPsAssociationNegativeTestJSON-31677111 tempest-FloatingIPsAssociationNegativeTestJSON-31677111-project] Notify callbacks ['neutron.plugins.ml2.plugin.SecurityGroupDbMixin._ensure_default_security_group_handler-665829'] for port, before_create {{(pid=102018) _notify_loop /usr/local/lib/python3.8/dist-packages/neutron_lib/callbacks/manager.py:192}}
Sep 15 15:43:11.134460 n-d-808199-2 neutron-server[102020]: DEBUG neutron.db.provisioning_blocks [None req-c7a47bb8-15de-4a28-acfd-05b842de47eb None None] Provisioning for port ee7bf6be-c1d2-476c-9338-704a87a4e879 completed by entity L2. {{(pid=102020) provisioning_complete /opt/stack/neutron/neutron/db/provisioning_blocks.py:133}}
Sep 15 15:43:11.139390 n-d-808199-2 neutron-server[102020]: DEBUG neutron.db.provisioning_blocks [None req-c7a47bb8-15de-4a28-acfd-05b842de47eb None None] Provisioning complete for port ee7bf6be-c1d2-476c-9338-704a87a4e879 triggered by entity L2. {{(pid=102020) provisioning_complete /opt/stack/neutron/neutron/db/provisioning_blocks.py:139}}
Sep 15 15:43:11.139762 n-d-808199-2 neutron-server[102020]: DEBUG neutron_lib.callbacks.manager [None req-c7a47bb8-15de-4a28-acfd-05b842de47eb None None] Notify callbacks ['neutron.plugins.ml2.plugin.Ml2Plugin._port_provisioned-594985'] for port, provisioning_complete {{(pid=102020) _notify_loop /usr/local/lib/python3.8/dist-packages/neutron_lib/callbacks/manager.py:192}}
Sep 15 15:43:11.158832 n-d-808199-2 neutron-server[102019]: DEBUG neutron.wsgi [-] (102019) accepted ('10.222.0.63', 60338) {{(pid=102019) server /usr/local/lib/python3.8/dist-packages/eventlet/wsgi.py:982}}
Sep 15 15:43:11.166726 n-d-808199-2 neutron-server[102018]: INFO neutron.wsgi [req-99dac3f8-8013-4bf5-8862-026416a9bd08 req-f6f03e4a-2100-4c4b-a857-7bb9242c2c9d service neutron] 10.222.0.55 "GET /v2.0/networks/cbab5bdd-a048-44ca-bf66-b8641e20eecf?fields=provider%3Aphysical_network&fields=provider%3Anetwork_type HTTP/1.1" status: 200 len: 281 time: 0.1298873
Sep 15 15:43:11.186135 n-d-808199-2 neutron-server[102019]: DEBUG neutron_lib.callbacks.manager [None req-6700fd0c-48d8-491d-b6b5-be66201c3b4c admin admin] Notify callbacks [] for security_group, before_create {{(pid=102019) _notify_loop /usr/local/lib/python3.8/dist-packages/neutron_lib/callbacks/manager.py:192}}
Sep 15 15:43:11.242856 n-d-808199-2 neutron-server[102020]: DEBUG neutron_lib.callbacks.manager [None req-c7a47bb8-15de-4a28-acfd-05b842de47eb None None] Notify callbacks ['neutron.plugins.ml2.plugin.SecurityGroupDbMixin._ensure_default_security_group_handler-665829'] for port, before_update {{(pid=102020) _notify_loop /usr/local/lib/python3.8/dist-packages/neutron_lib/callbacks/manager.py:192}}
Sep 15 15:43:11.291038 n-d-808199-2 neutron-server[102020]: DEBUG neutron.plugins.ml2.db [None req-c7a47bb8-15de-4a28-acfd-05b842de47eb None None] For port ee7bf6be-c1d2-476c-9338-704a87a4e879, host n-h1-808199-2, got binding levels [PortBindingLevel(driver='hyperv',host='n-h1-808199-2',level=0,port_id=ee7bf6be-c1d2-476c-9338-704a87a4e879,segment=NetworkSegment(11a03607-a191-4595-ab9a-9c2c64d03161),segment_id=11a03607-a191-4595-ab9a-9c2c64d03161)] {{(pid=102020) get_binding_level_objs /opt/stack/neutron/neutron/plugins/ml2/db.py:74}}
Sep 15 15:43:11.320269 n-d-808199-2 neutron-server[102018]: DEBUG neutron.db.db_base_plugin_common [req-3448a5b0-ac0a-4766-bf54-e3f24d3ed48e req-613a657c-922d-4442-ae42-6474ae7f3344 tempest-FloatingIPsAssociationNegativeTestJSON-31677111 tempest-FloatingIPsAssociationNegativeTestJSON-31677111-project] Allocated IP 172.20.0.12 (23f4fa9e-4b3d-4af5-a9c1-b2514778700d/4615318c-a49e-405d-b0d8-6273afd10e63/1dc9fd5e-13f9-4caf-8bca-48a5671c62bf) {{(pid=102018) _store_ip_allocation /opt/stack/neutron/neutron/db/db_base_plugin_common.py:131}}
Sep 15 15:43:11.357252 n-d-808199-2 neutron-server[102020]: DEBUG neutron_lib.callbacks.manager [None req-c7a47bb8-15de-4a28-acfd-05b842de47eb None None] Notify callbacks ['neutron.plugins.ml2.plugin.SecurityGroupServerNotifierRpcMixin._notify_sg_on_port_change-665764', 'neutron.plugins.ml2.ovo_rpc._ObjectChangeHandler.handle_event-180083', 'neutron.api.rpc.agentnotifiers.dhcp_rpc_agent_api.DhcpAgentNotifyAPI._native_event_send_dhcp_notification-3674180', 'neutron.db.l3_db.L3RpcNotifierMixin._notify_gateway_port_ip_changed-8769423765261', 'neutron.db.l3_dvrscheduler_db._notify_l3_agent_port_update-8769423245788', 'neutron.db.l3_hascheduler_db._notify_l3_agent_ha_port_update-8769423245806'] for port, after_update {{(pid=102020) _notify_loop /usr/local/lib/python3.8/dist-packages/neutron_lib/callbacks/manager.py:192}}
Sep 15 15:43:11.368072 n-d-808199-2 neutron-server[102019]: DEBUG neutron.pecan_wsgi.hooks.policy_enforcement [req-789892b5-40c1-4673-b4a9-ac7478bff2c1 req-9f3147f4-ea0e-49f0-8cae-e613492a63f8 tempest-LiveMigrationNegativeTest-2104362854 tempest-LiveMigrationNegativeTest-2104362854-project] Attributes excluded by policy engine: ['standard_attr_id', 'binding:profile', 'binding:host_id', 'binding:vif_type', 'binding:vif_details'] {{(pid=102019) _exclude_attributes_by_policy /opt/stack/neutron/neutron/pecan_wsgi/hooks/policy_enforcement.py:255}}
Sep 15 15:43:11.369640 n-d-808199-2 neutron-server[102019]: INFO neutron.wsgi [req-789892b5-40c1-4673-b4a9-ac7478bff2c1 req-9f3147f4-ea0e-49f0-8cae-e613492a63f8 tempest-LiveMigrationNegativeTest-2104362854 tempest-LiveMigrationNegativeTest-2104362854-project] 10.222.0.63 "GET /v2.0/ports?device_id=112c2ef6-1e33-4e0b-98e3-b9f75f52c892 HTTP/1.1" status: 200 len: 950 time: 0.1184504
Sep 15 15:43:11.425347 n-d-808199-2 neutron-server[102019]: DEBUG neutron.wsgi [-] (102019) accepted ('10.222.0.63', 60348) {{(pid=102019) server /usr/local/lib/python3.8/dist-packages/eventlet/wsgi.py:982}}
Sep 15 15:43:11.428834 n-d-808199-2 neutron-server[102018]: INFO neutron.wsgi [req-6e7106d0-a243-4be8-b7c4-b4d7424ee836 req-173b8b60-deb8-4b41-b85e-78522ccecb32 tempest-FloatingIPsAssociationNegativeTestJSON-31677111 tempest-FloatingIPsAssociationNegativeTestJSON-31677111-project] 10.222.0.63 "GET /v2.0/ports?device_id=02fb5fa3-cc65-4744-9dd7-dbed7d773e5c HTTP/1.1" status: 200 len: 210 time: 0.0824564
Sep 15 15:43:11.460386 n-d-808199-2 neutron-server[102019]: INFO neutron.wsgi [req-789892b5-40c1-4673-b4a9-ac7478bff2c1 req-cff2262d-4202-4750-ba5b-57764ff5ceff tempest-LiveMigrationNegativeTest-2104362854 tempest-LiveMigrationNegativeTest-2104362854-project] 10.222.0.63 "GET /v2.0/security-groups?id=0bcbcba2-a642-47ca-8e24-608b50b9a260&fields=id&fields=name HTTP/1.1" status: 200 len: 286 time: 0.0795500
Sep 15 15:43:11.467515 n-d-808199-2 neutron-server[102020]: DEBUG neutron.api.rpc.handlers.resources_rpc [None req-c7a47bb8-15de-4a28-acfd-05b842de47eb None None] Pushing event updated for resources: {'Port': ['ID=ee7bf6be-c1d2-476c-9338-704a87a4e879,revision_number=5']} {{(pid=102020) push /opt/stack/neutron/neutron/api/rpc/handlers/resources_rpc.py:237}}
Sep 15 15:43:11.499583 n-d-808199-2 neutron-server[102019]: DEBUG neutron_lib.callbacks.manager [None req-6700fd0c-48d8-491d-b6b5-be66201c3b4c admin admin] Notify callbacks [] for security_group, precommit_create {{(pid=102019) _notify_loop /usr/local/lib/python3.8/dist-packages/neutron_lib/callbacks/manager.py:192}}
Sep 15 15:43:11.569052 n-d-808199-2 neutron-server[102019]: DEBUG neutron_lib.callbacks.manager [None req-6700fd0c-48d8-491d-b6b5-be66201c3b4c admin admin] Notify callbacks ['neutron.plugins.ml2.ovo_rpc._ObjectChangeHandler.handle_event-3923923'] for security_group, after_create {{(pid=102019) _notify_loop /usr/local/lib/python3.8/dist-packages/neutron_lib/callbacks/manager.py:192}}
Sep 15 15:43:11.611761 n-d-808199-2 neutron-server[102018]: DEBUG neutron_lib.callbacks.manager [req-3448a5b0-ac0a-4766-bf54-e3f24d3ed48e req-613a657c-922d-4442-ae42-6474ae7f3344 tempest-FloatingIPsAssociationNegativeTestJSON-31677111 tempest-FloatingIPsAssociationNegativeTestJSON-31677111-project] Notify callbacks [] for port, precommit_create {{(pid=102018) _notify_loop /usr/local/lib/python3.8/dist-packages/neutron_lib/callbacks/manager.py:192}}
Sep 15 15:43:11.616421 n-d-808199-2 neutron-server[102019]: INFO neutron.wsgi [None req-6700fd0c-48d8-491d-b6b5-be66201c3b4c admin admin] 10.222.0.63 "GET /v2.0/security-groups?tenant_id=f06d7957f6504c22868aac8582e1ce8b&name=default HTTP/1.1" status: 200 len: 2979 time: 0.4537957
Sep 15 15:43:11.617099 n-d-808199-2 neutron-server[102019]: DEBUG neutron.wsgi [-] (102019) accepted ('10.222.0.63', 60352) {{(pid=102019) server /usr/local/lib/python3.8/dist-packages/eventlet/wsgi.py:982}}
Sep 15 15:43:11.628082 n-d-808199-2 neutron-server[102019]: DEBUG neutron.api.rpc.handlers.resources_rpc [None req-6700fd0c-48d8-491d-b6b5-be66201c3b4c admin admin] Pushing event updated for resources: {'SecurityGroup': ['ID=f34a1d2c-fe84-4f16-a533-18c1561c0909,revision_number=1']} {{(pid=102019) push /opt/stack/neutron/neutron/api/rpc/handlers/resources_rpc.py:237}}
Sep 15 15:43:11.686295 n-d-808199-2 neutron-server[102019]: DEBUG neutron_lib.callbacks.manager [None req-825b77c0-0461-450a-8109-d227b2a6b601 admin admin] Notify callbacks [] for security_group, before_delete {{(pid=102019) _notify_loop /usr/local/lib/python3.8/dist-packages/neutron_lib/callbacks/manager.py:192}}
Sep 15 15:43:11.719648 n-d-808199-2 neutron-server[102019]: DEBUG neutron_lib.callbacks.manager [None req-825b77c0-0461-450a-8109-d227b2a6b601 admin admin] Notify callbacks [] for security_group, precommit_delete {{(pid=102019) _notify_loop /usr/local/lib/python3.8/dist-packages/neutron_lib/callbacks/manager.py:192}}
Sep 15 15:43:11.724742 n-d-808199-2 neutron-server[102018]: DEBUG neutron_lib.callbacks.manager [req-3448a5b0-ac0a-4766-bf54-e3f24d3ed48e req-613a657c-922d-4442-ae42-6474ae7f3344 tempest-FloatingIPsAssociationNegativeTestJSON-31677111 tempest-FloatingIPsAssociationNegativeTestJSON-31677111-project] Notify callbacks ['neutron.plugins.ml2.plugin.SecurityGroupServerNotifierRpcMixin._notify_sg_on_port_change-665764', 'neutron.plugins.ml2.ovo_rpc._ObjectChangeHandler.handle_event-180083', 'neutron.api.rpc.agentnotifiers.dhcp_rpc_agent_api.DhcpAgentNotifyAPI._native_event_send_dhcp_notification-3674180', 'neutron.db.l3_dvrscheduler_db._notify_l3_agent_new_port-8769423245770'] for port, after_create {{(pid=102018) _notify_loop /usr/local/lib/python3.8/dist-packages/neutron_lib/callbacks/manager.py:192}}
Sep 15 15:43:11.736016 n-d-808199-2 neutron-server[102019]: DEBUG neutron_lib.callbacks.manager [None req-52a589f2-aa04-4fd1-97db-d5ea3f62fc4e admin admin] Notify callbacks [] for security_group, before_create {{(pid=102019) _notify_loop /usr/local/lib/python3.8/dist-packages/neutron_lib/callbacks/manager.py:192}}
Sep 15 15:43:11.788427 n-d-808199-2 neutron-server[102018]: DEBUG neutron.scheduler.dhcp_agent_scheduler [req-3448a5b0-ac0a-4766-bf54-e3f24d3ed48e req-613a657c-922d-4442-ae42-6474ae7f3344 tempest-FloatingIPsAssociationNegativeTestJSON-31677111 tempest-FloatingIPsAssociationNegativeTestJSON-31677111-project] Network 23f4fa9e-4b3d-4af5-a9c1-b2514778700d is already hosted by enough agents. {{(pid=102018) _get_dhcp_agents_hosting_network /opt/stack/neutron/neutron/scheduler/dhcp_agent_scheduler.py:275}}
Sep 15 15:43:11.793232 n-d-808199-2 neutron-server[102018]: DEBUG neutron.scheduler.base_scheduler [req-3448a5b0-ac0a-4766-bf54-e3f24d3ed48e req-613a657c-922d-4442-ae42-6474ae7f3344 tempest-FloatingIPsAssociationNegativeTestJSON-31677111 tempest-FloatingIPsAssociationNegativeTestJSON-31677111-project] Resources bound (agent type, host, resource id): {{(pid=102018) schedule /opt/stack/neutron/neutron/scheduler/base_scheduler.py:57}}
Sep 15 15:43:11.822421 n-d-808199-2 neutron-server[102018]: DEBUG neutron.db.l3_dvrscheduler_db [req-3448a5b0-ac0a-4766-bf54-e3f24d3ed48e req-613a657c-922d-4442-ae42-6474ae7f3344 tempest-FloatingIPsAssociationNegativeTestJSON-31677111 tempest-FloatingIPsAssociationNegativeTestJSON-31677111-project] Received port after_create {{(pid=102018) _notify_l3_agent_new_port /opt/stack/neutron/neutron/db/l3_dvrscheduler_db.py:535}}
Sep 15 15:43:11.830979 n-d-808199-2 neutron-server[102018]: DEBUG neutron.pecan_wsgi.hooks.policy_enforcement [req-3448a5b0-ac0a-4766-bf54-e3f24d3ed48e req-613a657c-922d-4442-ae42-6474ae7f3344 tempest-FloatingIPsAssociationNegativeTestJSON-31677111 tempest-FloatingIPsAssociationNegativeTestJSON-31677111-project] Attributes excluded by policy engine: ['standard_attr_id', 'binding:profile', 'binding:host_id', 'binding:vif_type', 'binding:vif_details', 'network'] {{(pid=102018) _exclude_attributes_by_policy /opt/stack/neutron/neutron/pecan_wsgi/hooks/policy_enforcement.py:255}}
Sep 15 15:43:11.834203 n-d-808199-2 neutron-server[102018]: DEBUG neutron_lib.callbacks.manager [req-3448a5b0-ac0a-4766-bf54-e3f24d3ed48e req-613a657c-922d-4442-ae42-6474ae7f3344 tempest-FloatingIPsAssociationNegativeTestJSON-31677111 tempest-FloatingIPsAssociationNegativeTestJSON-31677111-project] Notify callbacks ['neutron.notifiers.nova.Notifier._send_nova_notification-56680'] for port, before_response {{(pid=102018) _notify_loop /usr/local/lib/python3.8/dist-packages/neutron_lib/callbacks/manager.py:192}}
Sep 15 15:43:11.837822 n-d-808199-2 neutron-server[102018]: DEBUG neutron.api.rpc.handlers.resources_rpc [None req-613a657c-922d-4442-ae42-6474ae7f3344 tempest-FloatingIPsAssociationNegativeTestJSON-31677111 tempest-FloatingIPsAssociationNegativeTestJSON-31677111-project] Pushing event updated for resources: {'Port': ['ID=1dc9fd5e-13f9-4caf-8bca-48a5671c62bf,revision_number=1']} {{(pid=102018) push /opt/stack/neutron/neutron/api/rpc/handlers/resources_rpc.py:237}}
Sep 15 15:43:11.885088 n-d-808199-2 neutron-server[102019]: DEBUG neutron.pecan_wsgi.hooks.policy_enforcement [req-119d0f3f-7876-479b-9aa5-6858fb3ad1cf req-76af4926-29a0-4b28-8526-25e0979eb02e tempest-ServersAdminNegativeTestJSON-1011807991 tempest-ServersAdminNegativeTestJSON-1011807991-project] Attributes excluded by policy engine: ['standard_attr_id', 'binding:profile', 'binding:host_id', 'binding:vif_type', 'binding:vif_details'] {{(pid=102019) _exclude_attributes_by_policy /opt/stack/neutron/neutron/pecan_wsgi/hooks/policy_enforcement.py:255}}
Sep 15 15:43:11.886848 n-d-808199-2 neutron-server[102019]: INFO neutron.wsgi [req-119d0f3f-7876-479b-9aa5-6858fb3ad1cf req-76af4926-29a0-4b28-8526-25e0979eb02e tempest-ServersAdminNegativeTestJSON-1011807991 tempest-ServersAdminNegativeTestJSON-1011807991-project] 10.222.0.63 "GET /v2.0/ports?device_id=421a38a5-6b93-4872-adbb-c164214dbe3a HTTP/1.1" status: 200 len: 950 time: 0.0522559
Sep 15 15:43:11.918092 n-d-808199-2 neutron-server[102020]: DEBUG neutron.notifiers.nova [-] Sending events: [{'server_uuid': '421a38a5-6b93-4872-adbb-c164214dbe3a', 'name': 'network-vif-plugged', 'status': 'completed', 'tag': 'ee7bf6be-c1d2-476c-9338-704a87a4e879'}] {{(pid=102020) send_events /opt/stack/neutron/neutron/notifiers/nova.py:262}}
Sep 15 15:43:11.922134 n-d-808199-2 neutron-server[102020]: DEBUG novaclient.v2.client [-] REQ: curl -g -i --cacert "/opt/stack/data/ca-bundle.pem" -X POST http://10.222.0.63/compute/v2.1/os-server-external-events -H "Accept: application/json" -H "Content-Type: application/json" -H "User-Agent: python-novaclient" -H "X-Auth-Token: {SHA256}3d78cb2aa6d11585aab4e55e9019a0cb9d402e069a2c4c45fd346b68f1c4e9fe" -H "X-OpenStack-Nova-API-Version: 2.1" -H "X-OpenStack-Request-ID: req-e2cabaf5-693c-4527-b83e-ad503a987011" -d '{"events": [{"server_uuid": "421a38a5-6b93-4872-adbb-c164214dbe3a", "name": "network-vif-plugged", "status": "completed", "tag": "ee7bf6be-c1d2-476c-9338-704a87a4e879"}]}' {{(pid=102020) _http_log_request /usr/local/lib/python3.8/dist-packages/keystoneauth1/session.py:519}}
Sep 15 15:43:11.931085 n-d-808199-2 neutron-server[102019]: DEBUG neutron_lib.callbacks.manager [None req-825b77c0-0461-450a-8109-d227b2a6b601 admin admin] Notify callbacks ['neutron.plugins.ml2.ovo_rpc._ObjectChangeHandler.handle_event-3923923'] for security_group, after_delete {{(pid=102019) _notify_loop /usr/local/lib/python3.8/dist-packages/neutron_lib/callbacks/manager.py:192}}
Sep 15 15:43:11.934080 n-d-808199-2 neutron-server[102019]: DEBUG neutron_lib.callbacks.manager [None req-825b77c0-0461-450a-8109-d227b2a6b601 admin admin] Notify callbacks [] for security_group, before_response {{(pid=102019) _notify_loop /usr/local/lib/python3.8/dist-packages/neutron_lib/callbacks/manager.py:192}}
Sep 15 15:43:11.937639 n-d-808199-2 neutron-server[102019]: INFO neutron.wsgi [None req-825b77c0-0461-450a-8109-d227b2a6b601 admin admin] 10.222.0.63 "DELETE /v2.0/security-groups/f34a1d2c-fe84-4f16-a533-18c1561c0909 HTTP/1.1" status: 204 len: 168 time: 0.3143337
Sep 15 15:43:11.974603 n-d-808199-2 neutron-server[102019]: DEBUG neutron.api.rpc.handlers.resources_rpc [None req-825b77c0-0461-450a-8109-d227b2a6b601 admin admin] Pushing event deleted for resources: {'SecurityGroup': ['ID=f34a1d2c-fe84-4f16-a533-18c1561c0909,revision_number=None']} {{(pid=102019) push /opt/stack/neutron/neutron/api/rpc/handlers/resources_rpc.py:237}}
Sep 15 15:43:12.008092 n-d-808199-2 neutron-server[102018]: DEBUG neutron.pecan_wsgi.hooks.policy_enforcement [req-9944761f-6a9e-451b-a052-2547e3d18c2f req-bd70df58-7547-4b75-9183-3424d6f9a66e tempest-VolumesAdminNegativeTest-1770012903 tempest-VolumesAdminNegativeTest-1770012903-project] Attributes excluded by policy engine: ['standard_attr_id', 'binding:profile', 'binding:host_id', 'binding:vif_type', 'binding:vif_details'] {{(pid=102018) _exclude_attributes_by_policy /opt/stack/neutron/neutron/pecan_wsgi/hooks/policy_enforcement.py:255}}
Sep 15 15:43:12.016430 n-d-808199-2 neutron-server[102018]: INFO neutron.wsgi [req-9944761f-6a9e-451b-a052-2547e3d18c2f req-bd70df58-7547-4b75-9183-3424d6f9a66e tempest-VolumesAdminNegativeTest-1770012903 tempest-VolumesAdminNegativeTest-1770012903-project] 10.222.0.63 "GET /v2.0/ports?device_id=b5d220f7-5c27-4dab-a1ab-d22bdcf5c26d HTTP/1.1" status: 200 len: 943 time: 0.0699668
Sep 15 15:43:12.040652 n-d-808199-2 neutron-server[102019]: INFO neutron.wsgi [req-119d0f3f-7876-479b-9aa5-6858fb3ad1cf req-d5063639-c4fe-4590-be2a-53c40ef29a0c tempest-ServersAdminNegativeTestJSON-1011807991 tempest-ServersAdminNegativeTestJSON-1011807991-project] 10.222.0.63 "GET /v2.0/security-groups?id=45bc8779-878a-452c-bca2-982ab8783a7c&fields=id&fields=name HTTP/1.1" status: 200 len: 286 time: 0.1389327
Sep 15 15:43:12.064245 n-d-808199-2 neutron-server[102019]: DEBUG neutron_lib.callbacks.manager [None req-52a589f2-aa04-4fd1-97db-d5ea3f62fc4e admin admin] Notify callbacks [] for security_group, precommit_create {{(pid=102019) _notify_loop /usr/local/lib/python3.8/dist-packages/neutron_lib/callbacks/manager.py:192}}
Sep 15 15:43:12.068365 n-d-808199-2 neutron-server[102018]: INFO neutron.wsgi [req-9944761f-6a9e-451b-a052-2547e3d18c2f req-31897f68-10b8-4834-ac43-68562ba8fc4e tempest-VolumesAdminNegativeTest-1770012903 tempest-VolumesAdminNegativeTest-1770012903-project] 10.222.0.63 "GET /v2.0/security-groups?id=450d5a90-83ac-4993-8fd2-d911dde999b3&fields=id&fields=name HTTP/1.1" status: 200 len: 286 time: 0.0483987
Sep 15 15:43:12.095003 n-d-808199-2 neutron-server[102020]: DEBUG novaclient.v2.client [-] RESP: [200] Connection: close Content-Length: 183 Content-Type: application/json Date: Wed, 15 Sep 2021 15:43:11 GMT OpenStack-API-Version: compute 2.1 Server: Apache/2.4.41 (Ubuntu) Vary: OpenStack-API-Version,X-OpenStack-Nova-API-Version X-OpenStack-Nova-API-Version: 2.1 x-compute-request-id: req-6a8d3be5-1984-464d-8990-e6709f31765f x-openstack-request-id: req-6a8d3be5-1984-464d-8990-e6709f31765f {{(pid=102020) _http_log_response /usr/local/lib/python3.8/dist-packages/keystoneauth1/session.py:550}}
Sep 15 15:43:12.095427 n-d-808199-2 neutron-server[102020]: DEBUG novaclient.v2.client [-] RESP BODY: {"events": [{"server_uuid": "421a38a5-6b93-4872-adbb-c164214dbe3a", "name": "network-vif-plugged", "status": "completed", "tag": "ee7bf6be-c1d2-476c-9338-704a87a4e879", "code": 200}]} {{(pid=102020) _http_log_response /usr/local/lib/python3.8/dist-packages/keystoneauth1/session.py:582}}
Sep 15 15:43:12.095929 n-d-808199-2 neutron-server[102020]: DEBUG novaclient.v2.client [-] POST call to compute for http://10.222.0.63/compute/v2.1/os-server-external-events used request id req-6a8d3be5-1984-464d-8990-e6709f31765f {{(pid=102020) request /usr/local/lib/python3.8/dist-packages/keystoneauth1/session.py:954}}
Sep 15 15:43:12.097751 n-d-808199-2 neutron-server[102020]: INFO neutron.notifiers.nova [-] Nova event response: {'server_uuid': '421a38a5-6b93-4872-adbb-c164214dbe3a', 'name': 'network-vif-plugged', 'status': 'completed', 'tag': 'ee7bf6be-c1d2-476c-9338-704a87a4e879', 'code': 200}
Sep 15 15:43:12.123716 n-d-808199-2 neutron-server[102019]: DEBUG neutron_lib.callbacks.manager [None req-52a589f2-aa04-4fd1-97db-d5ea3f62fc4e admin admin] Notify callbacks ['neutron.plugins.ml2.ovo_rpc._ObjectChangeHandler.handle_event-3923923'] for security_group, after_create {{(pid=102019) _notify_loop /usr/local/lib/python3.8/dist-packages/neutron_lib/callbacks/manager.py:192}}
Sep 15 15:43:12.167873 n-d-808199-2 neutron-server[102019]: DEBUG neutron.api.rpc.handlers.resources_rpc [None req-52a589f2-aa04-4fd1-97db-d5ea3f62fc4e admin admin] Pushing event updated for resources: {'SecurityGroup': ['ID=ac538585-46ae-4824-b09b-160a8a7684c7,revision_number=1']} {{(pid=102019) push /opt/stack/neutron/neutron/api/rpc/handlers/resources_rpc.py:237}}
Sep 15 15:43:12.170312 n-d-808199-2 neutron-server[102020]: DEBUG neutron.db.provisioning_blocks [None req-94cde473-2879-4f91-bcbe-2801da8478a6 None None] Provisioning complete for port 1dc9fd5e-13f9-4caf-8bca-48a5671c62bf triggered by entity DHCP. {{(pid=102020) provisioning_complete /opt/stack/neutron/neutron/db/provisioning_blocks.py:139}}
Sep 15 15:43:12.170818 n-d-808199-2 neutron-server[102020]: DEBUG neutron_lib.callbacks.manager [None req-94cde473-2879-4f91-bcbe-2801da8478a6 None None] Notify callbacks ['neutron.plugins.ml2.plugin.Ml2Plugin._port_provisioned-594985'] for port, provisioning_complete {{(pid=102020) _notify_loop /usr/local/lib/python3.8/dist-packages/neutron_lib/callbacks/manager.py:192}}
Sep 15 15:43:12.175193 n-d-808199-2 neutron-server[102019]: INFO neutron.wsgi [None req-52a589f2-aa04-4fd1-97db-d5ea3f62fc4e admin admin] 10.222.0.63 "GET /v2.0/security-groups?tenant_id=781b99b562fb42219a5a6a81d23b23e9&name=default HTTP/1.1" status: 200 len: 2979 time: 0.7446156
Sep 15 15:43:12.175609 n-d-808199-2 neutron-server[102019]: DEBUG neutron.wsgi [-] (102019) accepted ('10.222.0.63', 60372) {{(pid=102019) server /usr/local/lib/python3.8/dist-packages/eventlet/wsgi.py:982}}
Sep 15 15:43:12.197970 n-d-808199-2 neutron-server[102018]: INFO neutron.wsgi [req-3448a5b0-ac0a-4766-bf54-e3f24d3ed48e req-613a657c-922d-4442-ae42-6474ae7f3344 tempest-FloatingIPsAssociationNegativeTestJSON-31677111 tempest-FloatingIPsAssociationNegativeTestJSON-31677111-project] 10.222.0.55 "POST /v2.0/ports HTTP/1.1" status: 201 len: 934 time: 1.4244127
Sep 15 15:43:12.212125 n-d-808199-2 neutron-server[102018]: DEBUG neutron.api.v2.base [req-3448a5b0-ac0a-4766-bf54-e3f24d3ed48e req-35721991-3b63-4421-b4a0-7382bed10d46 service neutron] Request body: {'port': {'device_id': '02fb5fa3-cc65-4744-9dd7-dbed7d773e5c', 'device_owner': 'compute:nova', 'binding:host_id': 'n-h2-808199-2'}} {{(pid=102018) prepare_request_body /opt/stack/neutron/neutron/api/v2/base.py:730}}
Sep 15 15:43:12.237016 n-d-808199-2 neutron-server[102019]: DEBUG neutron_lib.callbacks.manager [None req-a9337d21-e8b7-48d7-9781-1190cd572fc1 admin admin] Notify callbacks [] for security_group, before_delete {{(pid=102019) _notify_loop /usr/local/lib/python3.8/dist-packages/neutron_lib/callbacks/manager.py:192}}
Sep 15 15:43:12.242192 n-d-808199-2 neutron-server[102020]: DEBUG neutron.plugins.ml2.plugin [None req-94cde473-2879-4f91-bcbe-2801da8478a6 None None] Port 1dc9fd5e-13f9-4caf-8bca-48a5671c62bf cannot update to ACTIVE because it is not bound. {{(pid=102020) _port_provisioned /opt/stack/neutron/neutron/plugins/ml2/plugin.py:338}}
Sep 15 15:43:12.245678 n-d-808199-2 neutron-server[102018]: DEBUG neutron.pecan_wsgi.hooks.policy_enforcement [req-0d4ea10b-6bad-4cbe-9ff2-c3763d018919 req-1b144d49-91a5-4d11-a396-7211b6e5a2a6 service neutron] Attributes excluded by policy engine: ['standard_attr_id'] {{(pid=102018) _exclude_attributes_by_policy /opt/stack/neutron/neutron/pecan_wsgi/hooks/policy_enforcement.py:255}}
Sep 15 15:43:12.247636 n-d-808199-2 neutron-server[102018]: INFO neutron.wsgi [req-0d4ea10b-6bad-4cbe-9ff2-c3763d018919 req-1b144d49-91a5-4d11-a396-7211b6e5a2a6 service neutron] 10.222.0.38 "GET /v2.0/ports?device_id=421a38a5-6b93-4872-adbb-c164214dbe3a HTTP/1.1" status: 200 len: 1101 time: 0.0920694
Sep 15 15:43:12.267394 n-d-808199-2 neutron-server[102019]: DEBUG neutron_lib.callbacks.manager [None req-a9337d21-e8b7-48d7-9781-1190cd572fc1 admin admin] Notify callbacks [] for security_group, precommit_delete {{(pid=102019) _notify_loop /usr/local/lib/python3.8/dist-packages/neutron_lib/callbacks/manager.py:192}}
Sep 15 15:43:12.302578 n-d-808199-2 neutron-server[102018]: DEBUG neutron_lib.callbacks.manager [req-3448a5b0-ac0a-4766-bf54-e3f24d3ed48e req-35721991-3b63-4421-b4a0-7382bed10d46 service neutron] Notify callbacks ['neutron.plugins.ml2.plugin.SecurityGroupDbMixin._ensure_default_security_group_handler-665829'] for port, before_update {{(pid=102018) _notify_loop /usr/local/lib/python3.8/dist-packages/neutron_lib/callbacks/manager.py:192}}
Sep 15 15:43:12.330156 n-d-808199-2 neutron-server[102018]: INFO neutron.wsgi [req-0d4ea10b-6bad-4cbe-9ff2-c3763d018919 req-595cf327-f026-4e26-ab96-763ecaaae147 service neutron] 10.222.0.38 "GET /v2.0/security-groups?id=45bc8779-878a-452c-bca2-982ab8783a7c&fields=id&fields=name HTTP/1.1" status: 200 len: 286 time: 0.0453815
Sep 15 15:43:12.386807 n-d-808199-2 neutron-server[102019]: DEBUG neutron_lib.callbacks.manager [None req-a9337d21-e8b7-48d7-9781-1190cd572fc1 admin admin] Notify callbacks ['neutron.plugins.ml2.ovo_rpc._ObjectChangeHandler.handle_event-3923923'] for security_group, after_delete {{(pid=102019) _notify_loop /usr/local/lib/python3.8/dist-packages/neutron_lib/callbacks/manager.py:192}}
Sep 15 15:43:12.392815 n-d-808199-2 neutron-server[102019]: DEBUG neutron_lib.callbacks.manager [None req-a9337d21-e8b7-48d7-9781-1190cd572fc1 admin admin] Notify callbacks [] for security_group, before_response {{(pid=102019) _notify_loop /usr/local/lib/python3.8/dist-packages/neutron_lib/callbacks/manager.py:192}}
Sep 15 15:43:12.396716 n-d-808199-2 neutron-server[102019]: INFO neutron.wsgi [None req-a9337d21-e8b7-48d7-9781-1190cd572fc1 admin admin] 10.222.0.63 "DELETE /v2.0/security-groups/ac538585-46ae-4824-b09b-160a8a7684c7 HTTP/1.1" status: 204 len: 168 time: 0.2185113
Sep 15 15:43:12.413566 n-d-808199-2 neutron-server[102019]: DEBUG neutron.api.rpc.handlers.resources_rpc [None req-a9337d21-e8b7-48d7-9781-1190cd572fc1 admin admin] Pushing event deleted for resources: {'SecurityGroup': ['ID=ac538585-46ae-4824-b09b-160a8a7684c7,revision_number=None']} {{(pid=102019) push /opt/stack/neutron/neutron/api/rpc/handlers/resources_rpc.py:237}}
Sep 15 15:43:12.607889 n-d-808199-2 neutron-server[102018]: DEBUG neutron.pecan_wsgi.hooks.policy_enforcement [req-ae045efe-02c4-41cb-9f19-7f487e42b9d5 req-148a732f-74bc-454d-8a37-83318a0d95c5 tempest-FloatingIPsAssociationNegativeTestJSON-31677111 tempest-FloatingIPsAssociationNegativeTestJSON-31677111-project] Attributes excluded by policy engine: ['standard_attr_id', 'binding:profile', 'binding:host_id', 'binding:vif_type', 'binding:vif_details'] {{(pid=102018) _exclude_attributes_by_policy /opt/stack/neutron/neutron/pecan_wsgi/hooks/policy_enforcement.py:255}}
Sep 15 15:43:12.612633 n-d-808199-2 neutron-server[102019]: DEBUG neutron.pecan_wsgi.hooks.policy_enforcement [req-6531c019-ecdb-4a75-8ffd-3806d71bd6da req-731abf34-ca0f-4aed-ab47-cbc6f3978ee2 tempest-LiveMigrationNegativeTest-2104362854 tempest-LiveMigrationNegativeTest-2104362854-project] Attributes excluded by policy engine: ['standard_attr_id', 'binding:profile', 'binding:host_id', 'binding:vif_type', 'binding:vif_details'] {{(pid=102019) _exclude_attributes_by_policy /opt/stack/neutron/neutron/pecan_wsgi/hooks/policy_enforcement.py:255}}
Sep 15 15:43:12.614671 n-d-808199-2 neutron-server[102019]: INFO neutron.wsgi [req-6531c019-ecdb-4a75-8ffd-3806d71bd6da req-731abf34-ca0f-4aed-ab47-cbc6f3978ee2 tempest-LiveMigrationNegativeTest-2104362854 tempest-LiveMigrationNegativeTest-2104362854-project] 10.222.0.63 "GET /v2.0/ports?device_id=112c2ef6-1e33-4e0b-98e3-b9f75f52c892 HTTP/1.1" status: 200 len: 950 time: 0.0574389
