Sep 15 15:47:33.125925 n-d-808199-2 devstack@placement-api.service[102500]: [pid: 102500|app: 0|req: 152/304] 10.222.0.63 () {60 vars in 1507 bytes} [Wed Sep 15 15:47:33 2021] GET /placement/allocation_candidates?limit=1000&resources=DISK_GB%3A1%2CMEMORY_MB%3A1024%2CVCPU%3A1&root_required=%21COMPUTE_STATUS_DISABLED => generated 1309 bytes in 85 msecs (HTTP/1.1 200) 8 headers in 297 bytes (1 switches on core 0)
Sep 15 15:47:33.179852 n-d-808199-2 devstack@placement-api.service[102501]: DEBUG placement.requestlog [req-b981412a-b0b3-4927-8cb4-fe85d027c848 req-271662b7-e625-4b55-af67-c26feeb60069 None None] Starting request: 10.222.0.63 "GET /placement/allocations/6dbc6a2b-6875-4cf9-aff4-4c185d1bb0e9" {{(pid=102501) __call__ /opt/stack/placement/placement/requestlog.py:55}}
Sep 15 15:47:33.202399 n-d-808199-2 devstack@placement-api.service[102501]: INFO placement.requestlog [req-b981412a-b0b3-4927-8cb4-fe85d027c848 req-271662b7-e625-4b55-af67-c26feeb60069 service placement] 10.222.0.63 "GET /placement/allocations/6dbc6a2b-6875-4cf9-aff4-4c185d1bb0e9" status: 200 len: 19 microversion: 1.28
Sep 15 15:47:33.205363 n-d-808199-2 devstack@placement-api.service[102501]: [pid: 102501|app: 0|req: 153/305] 10.222.0.63 () {60 vars in 1381 bytes} [Wed Sep 15 15:47:33 2021] GET /placement/allocations/6dbc6a2b-6875-4cf9-aff4-4c185d1bb0e9 => generated 19 bytes in 29 msecs (HTTP/1.1 200) 8 headers in 295 bytes (1 switches on core 0)
Sep 15 15:47:33.212217 n-d-808199-2 devstack@placement-api.service[102500]: DEBUG placement.requestlog [req-b981412a-b0b3-4927-8cb4-fe85d027c848 req-4ab5cce3-234f-4e2f-a1a5-4c929d819054 None None] Starting request: 10.222.0.63 "PUT /placement/allocations/6dbc6a2b-6875-4cf9-aff4-4c185d1bb0e9" {{(pid=102500) __call__ /opt/stack/placement/placement/requestlog.py:55}}
Sep 15 15:47:33.361010 n-d-808199-2 devstack@placement-api.service[102500]: DEBUG placement.handlers.allocation [req-b981412a-b0b3-4927-8cb4-fe85d027c848 req-4ab5cce3-234f-4e2f-a1a5-4c929d819054 service placement] Successfully wrote allocations [, , ] {{(pid=102500) _update_consumers_and_create_allocations /opt/stack/placement/placement/handlers/allocation.py:462}}
Sep 15 15:47:33.402040 n-d-808199-2 devstack@placement-api.service[102500]: INFO placement.requestlog [req-b981412a-b0b3-4927-8cb4-fe85d027c848 req-4ab5cce3-234f-4e2f-a1a5-4c929d819054 service placement] 10.222.0.63 "PUT /placement/allocations/6dbc6a2b-6875-4cf9-aff4-4c185d1bb0e9" status: 204 len: 0 microversion: 1.36
Sep 15 15:47:33.402623 n-d-808199-2 devstack@placement-api.service[102500]: [pid: 102500|app: 0|req: 153/306] 10.222.0.63 () {64 vars in 1434 bytes} [Wed Sep 15 15:47:33 2021] PUT /placement/allocations/6dbc6a2b-6875-4cf9-aff4-4c185d1bb0e9 => generated 0 bytes in 191 msecs (HTTP/1.1 204) 5 headers in 199 bytes (1 switches on core 0)
Sep 15 15:47:34.390718 n-d-808199-2 devstack@placement-api.service[102501]: DEBUG placement.requestlog [req-b981412a-b0b3-4927-8cb4-fe85d027c848 req-f8bad563-7077-489f-88b4-300ee9129dca None None] Starting request: 10.222.0.38 "GET /placement/allocations/6dbc6a2b-6875-4cf9-aff4-4c185d1bb0e9" {{(pid=102501) __call__ /opt/stack/placement/placement/requestlog.py:55}}
Sep 15 15:47:34.432459 n-d-808199-2 devstack@placement-api.service[102501]: INFO placement.requestlog [req-b981412a-b0b3-4927-8cb4-fe85d027c848 req-f8bad563-7077-489f-88b4-300ee9129dca service placement] 10.222.0.38 "GET /placement/allocations/6dbc6a2b-6875-4cf9-aff4-4c185d1bb0e9" status: 200 len: 259 microversion: 1.28
Sep 15 15:47:34.432739 n-d-808199-2 devstack@placement-api.service[102501]: [pid: 102501|app: 0|req: 154/307] 10.222.0.38 () {60 vars in 1378 bytes} [Wed Sep 15 15:47:34 2021] GET /placement/allocations/6dbc6a2b-6875-4cf9-aff4-4c185d1bb0e9 => generated 259 bytes in 43 msecs (HTTP/1.1 200) 8 headers in 296 bytes (1 switches on core 0)
Sep 15 15:47:34.538510 n-d-808199-2 devstack@placement-api.service[102500]: DEBUG placement.requestlog [req-cc858690-eba9-43dd-bf6d-15924c70429b req-c3ffddc9-5bc1-4036-adb9-4ca90ac72b58 None None] Starting request: 10.222.0.63 "GET /placement/allocation_candidates?limit=1000&resources=DISK_GB%3A1%2CMEMORY_MB%3A1024%2CVCPU%3A1&root_required=%21COMPUTE_STATUS_DISABLED" {{(pid=102500) __call__ /opt/stack/placement/placement/requestlog.py:55}}
Sep 15 15:47:34.606558 n-d-808199-2 devstack@placement-api.service[102500]: DEBUG placement.objects.research_context [req-cc858690-eba9-43dd-bf6d-15924c70429b req-c3ffddc9-5bc1-4036-adb9-4ca90ac72b58 service placement] getting providers with 1 DISK_GB {{(pid=102500) __init__ /opt/stack/placement/placement/objects/research_context.py:126}}
Sep 15 15:47:34.610133 n-d-808199-2 devstack@placement-api.service[102500]: DEBUG placement.objects.research_context [req-cc858690-eba9-43dd-bf6d-15924c70429b req-c3ffddc9-5bc1-4036-adb9-4ca90ac72b58 service placement] getting providers with 1024 MEMORY_MB {{(pid=102500) __init__ /opt/stack/placement/placement/objects/research_context.py:126}}
Sep 15 15:47:34.628653 n-d-808199-2 devstack@placement-api.service[102500]: DEBUG placement.objects.research_context [req-cc858690-eba9-43dd-bf6d-15924c70429b req-c3ffddc9-5bc1-4036-adb9-4ca90ac72b58 service placement] getting providers with 1 VCPU {{(pid=102500) __init__ /opt/stack/placement/placement/objects/research_context.py:126}}
Sep 15 15:47:34.652378 n-d-808199-2 devstack@placement-api.service[102500]: DEBUG placement.objects.research_context [req-cc858690-eba9-43dd-bf6d-15924c70429b req-c3ffddc9-5bc1-4036-adb9-4ca90ac72b58 service placement] found 2 providers with available 1 DISK_GB {{(pid=102500) get_provider_ids_matching /opt/stack/placement/placement/objects/research_context.py:549}}
Sep 15 15:47:34.652378 n-d-808199-2 devstack@placement-api.service[102500]: DEBUG placement.objects.research_context [req-cc858690-eba9-43dd-bf6d-15924c70429b req-c3ffddc9-5bc1-4036-adb9-4ca90ac72b58 service placement] found 2 providers with available 1024 MEMORY_MB {{(pid=102500) get_provider_ids_matching /opt/stack/placement/placement/objects/research_context.py:549}}
Sep 15 15:47:34.652378 n-d-808199-2 devstack@placement-api.service[102500]: DEBUG placement.objects.research_context [req-cc858690-eba9-43dd-bf6d-15924c70429b req-c3ffddc9-5bc1-4036-adb9-4ca90ac72b58 service placement] found 2 providers after filtering by previous result {{(pid=102500) get_provider_ids_matching /opt/stack/placement/placement/objects/research_context.py:580}}
Sep 15 15:47:34.652378 n-d-808199-2 devstack@placement-api.service[102500]: DEBUG placement.objects.research_context [req-cc858690-eba9-43dd-bf6d-15924c70429b req-c3ffddc9-5bc1-4036-adb9-4ca90ac72b58 service placement] found 2 providers with available 1 VCPU {{(pid=102500) get_provider_ids_matching /opt/stack/placement/placement/objects/research_context.py:549}}
Sep 15 15:47:34.652378 n-d-808199-2 devstack@placement-api.service[102500]: DEBUG placement.objects.research_context [req-cc858690-eba9-43dd-bf6d-15924c70429b req-c3ffddc9-5bc1-4036-adb9-4ca90ac72b58 service placement] found 2 providers after filtering by previous result {{(pid=102500) get_provider_ids_matching /opt/stack/placement/placement/objects/research_context.py:580}}
Sep 15 15:47:34.683216 n-d-808199-2 devstack@placement-api.service[102500]: DEBUG placement.objects.allocation_candidate [req-cc858690-eba9-43dd-bf6d-15924c70429b req-c3ffddc9-5bc1-4036-adb9-4ca90ac72b58 service placement] RequestGroup(use_same_provider=False, resources={DISK_GB:1, MEMORY_MB:1024, VCPU:1}, traits=[], aggregates=[]) (suffix '') returned 2 matches {{(pid=102500) _get_by_requests /opt/stack/placement/placement/objects/allocation_candidate.py:145}}
Sep 15 15:47:34.686676 n-d-808199-2 devstack@placement-api.service[102500]: DEBUG placement.objects.allocation_candidate [req-cc858690-eba9-43dd-bf6d-15924c70429b req-c3ffddc9-5bc1-4036-adb9-4ca90ac72b58 service placement] Merging candidates yields 2 allocation requests and 2 provider summaries {{(pid=102500) _merge_candidates /opt/stack/placement/placement/objects/allocation_candidate.py:783}}
Sep 15 15:47:34.689495 n-d-808199-2 devstack@placement-api.service[102500]: INFO placement.requestlog [req-cc858690-eba9-43dd-bf6d-15924c70429b req-c3ffddc9-5bc1-4036-adb9-4ca90ac72b58 service placement] 10.222.0.63 "GET /placement/allocation_candidates?limit=1000&resources=DISK_GB%3A1%2CMEMORY_MB%3A1024%2CVCPU%3A1&root_required=%21COMPUTE_STATUS_DISABLED" status: 200 len: 1309 microversion: 1.36
Sep 15 15:47:34.689739 n-d-808199-2 devstack@placement-api.service[102500]: [pid: 102500|app: 0|req: 154/308] 10.222.0.63 () {60 vars in 1507 bytes} [Wed Sep 15 15:47:34 2021] GET /placement/allocation_candidates?limit=1000&resources=DISK_GB%3A1%2CMEMORY_MB%3A1024%2CVCPU%3A1&root_required=%21COMPUTE_STATUS_DISABLED => generated 1309 bytes in 151 msecs (HTTP/1.1 200) 8 headers in 297 bytes (2 switches on core 0)
Sep 15 15:47:34.816810 n-d-808199-2 devstack@placement-api.service[102501]: DEBUG placement.requestlog [req-cc858690-eba9-43dd-bf6d-15924c70429b req-a26276f7-84ce-440d-9917-eb294fe19bb0 None None] Starting request: 10.222.0.63 "GET /placement/allocations/cd5f3d29-bb1c-4f38-ae11-16013b88b483" {{(pid=102501) __call__ /opt/stack/placement/placement/requestlog.py:55}}
Sep 15 15:47:34.840053 n-d-808199-2 devstack@placement-api.service[102501]: INFO placement.requestlog [req-cc858690-eba9-43dd-bf6d-15924c70429b req-a26276f7-84ce-440d-9917-eb294fe19bb0 service placement] 10.222.0.63 "GET /placement/allocations/cd5f3d29-bb1c-4f38-ae11-16013b88b483" status: 200 len: 19 microversion: 1.28
Sep 15 15:47:34.846509 n-d-808199-2 devstack@placement-api.service[102500]: DEBUG placement.requestlog [req-cc858690-eba9-43dd-bf6d-15924c70429b req-6c896e60-9f67-4595-b6f1-9c62fdf30dde None None] Starting request: 10.222.0.63 "PUT /placement/allocations/cd5f3d29-bb1c-4f38-ae11-16013b88b483" {{(pid=102500) __call__ /opt/stack/placement/placement/requestlog.py:55}}
Sep 15 15:47:34.854205 n-d-808199-2 devstack@placement-api.service[102501]: [pid: 102501|app: 0|req: 155/309] 10.222.0.63 () {60 vars in 1381 bytes} [Wed Sep 15 15:47:34 2021] GET /placement/allocations/cd5f3d29-bb1c-4f38-ae11-16013b88b483 => generated 19 bytes in 38 msecs (HTTP/1.1 200) 8 headers in 295 bytes (1 switches on core 0)
Sep 15 15:47:34.985880 n-d-808199-2 devstack@placement-api.service[102500]: DEBUG placement.handlers.allocation [req-cc858690-eba9-43dd-bf6d-15924c70429b req-6c896e60-9f67-4595-b6f1-9c62fdf30dde service placement] Successfully wrote allocations [, , ] {{(pid=102500) _update_consumers_and_create_allocations /opt/stack/placement/placement/handlers/allocation.py:462}}
Sep 15 15:47:35.053992 n-d-808199-2 devstack@placement-api.service[102500]: INFO placement.requestlog [req-cc858690-eba9-43dd-bf6d-15924c70429b req-6c896e60-9f67-4595-b6f1-9c62fdf30dde service placement] 10.222.0.63 "PUT /placement/allocations/cd5f3d29-bb1c-4f38-ae11-16013b88b483" status: 204 len: 0 microversion: 1.36
Sep 15 15:47:35.055657 n-d-808199-2 devstack@placement-api.service[102500]: [pid: 102500|app: 0|req: 155/310] 10.222.0.63 () {64 vars in 1434 bytes} [Wed Sep 15 15:47:34 2021] PUT /placement/allocations/cd5f3d29-bb1c-4f38-ae11-16013b88b483 => generated 0 bytes in 209 msecs (HTTP/1.1 204) 5 headers in 199 bytes (3 switches on core 0)
Sep 15 15:47:36.033216 n-d-808199-2 devstack@placement-api.service[102501]: DEBUG placement.requestlog [req-cc858690-eba9-43dd-bf6d-15924c70429b req-4db1137a-c5ad-4f1f-b88b-129525f8e985 None None] Starting request: 10.222.0.38 "GET /placement/allocations/cd5f3d29-bb1c-4f38-ae11-16013b88b483" {{(pid=102501) __call__ /opt/stack/placement/placement/requestlog.py:55}}
Sep 15 15:47:36.050813 n-d-808199-2 devstack@placement-api.service[102501]: INFO placement.requestlog [req-cc858690-eba9-43dd-bf6d-15924c70429b req-4db1137a-c5ad-4f1f-b88b-129525f8e985 service placement] 10.222.0.38 "GET /placement/allocations/cd5f3d29-bb1c-4f38-ae11-16013b88b483" status: 200 len: 259 microversion: 1.28
Sep 15 15:47:36.051424 n-d-808199-2 devstack@placement-api.service[102501]: [pid: 102501|app: 0|req: 156/311] 10.222.0.38 () {60 vars in 1378 bytes} [Wed Sep 15 15:47:36 2021] GET /placement/allocations/cd5f3d29-bb1c-4f38-ae11-16013b88b483 => generated 259 bytes in 19 msecs (HTTP/1.1 200) 8 headers in 296 bytes (2 switches on core 0)
Sep 15 15:47:37.112712 n-d-808199-2 devstack@placement-api.service[102500]: DEBUG placement.requestlog [req-5298a2e3-264d-4ecd-a709-250cc5d5debe req-2a93545b-d243-4d3f-a410-a05baf53d4de None None] Starting request: 10.222.0.38 "DELETE /placement/allocations/69a63a13-dd17-46c4-a951-563f49edc79f" {{(pid=102500) __call__ /opt/stack/placement/placement/requestlog.py:55}}
Sep 15 15:47:37.289572 n-d-808199-2 devstack@placement-api.service[102500]: DEBUG placement.handlers.allocation [req-5298a2e3-264d-4ecd-a709-250cc5d5debe req-2a93545b-d243-4d3f-a410-a05baf53d4de service placement] Successfully deleted allocations [, , ] {{(pid=102500) delete_allocations /opt/stack/placement/placement/handlers/allocation.py:627}}
Sep 15 15:47:37.292308 n-d-808199-2 devstack@placement-api.service[102500]: INFO placement.requestlog [req-5298a2e3-264d-4ecd-a709-250cc5d5debe req-2a93545b-d243-4d3f-a410-a05baf53d4de service placement] 10.222.0.38 "DELETE /placement/allocations/69a63a13-dd17-46c4-a951-563f49edc79f" status: 204 len: 0 microversion: 1.0
Sep 15 15:47:37.292942 n-d-808199-2 devstack@placement-api.service[102500]: [pid: 102500|app: 0|req: 156/312] 10.222.0.38 () {60 vars in 1356 bytes} [Wed Sep 15 15:47:37 2021] DELETE /placement/allocations/69a63a13-dd17-46c4-a951-563f49edc79f => generated 0 bytes in 180 msecs (HTTP/1.1 204) 5 headers in 198 bytes (1 switches on core 0)
Sep 15 15:47:38.328147 n-d-808199-2 devstack@placement-api.service[102501]: DEBUG placement.requestlog [req-5687729d-0b51-4e7f-a2c9-ec0ced10d7c7 req-f5cf2a3c-8970-4718-a841-9593000fec53 None None] Starting request: 10.222.0.55 "GET /placement/resource_providers/0a51d131-3bb3-417a-8d24-3ffa0d8359ca/allocations" {{(pid=102501) __call__ /opt/stack/placement/placement/requestlog.py:55}}
Sep 15 15:47:38.369346 n-d-808199-2 devstack@placement-api.service[102501]: INFO placement.requestlog [req-5687729d-0b51-4e7f-a2c9-ec0ced10d7c7 req-f5cf2a3c-8970-4718-a841-9593000fec53 service placement] 10.222.0.55 "GET /placement/resource_providers/0a51d131-3bb3-417a-8d24-3ffa0d8359ca/allocations" status: 200 len: 659 microversion: 1.0
Sep 15 15:47:38.370207 n-d-808199-2 devstack@placement-api.service[102501]: [pid: 102501|app: 0|req: 157/313] 10.222.0.55 () {58 vars in 1391 bytes} [Wed Sep 15 15:47:38 2021] GET /placement/resource_providers/0a51d131-3bb3-417a-8d24-3ffa0d8359ca/allocations => generated 659 bytes in 42 msecs (HTTP/1.1 200) 6 headers in 224 bytes (1 switches on core 0)
Sep 15 15:47:43.769703 n-d-808199-2 devstack@placement-api.service[102500]: DEBUG placement.requestlog [req-c123c9ff-0e33-444f-b18e-14c52527eb88 req-1961b1f6-51d7-4473-92d1-445c1f6ef079 None None] Starting request: 10.222.0.63 "GET /placement/allocation_candidates?limit=1000&resources=DISK_GB%3A1%2CMEMORY_MB%3A1024%2CVCPU%3A1&root_required=%21COMPUTE_STATUS_DISABLED" {{(pid=102500) __call__ /opt/stack/placement/placement/requestlog.py:55}}
Sep 15 15:47:43.811477 n-d-808199-2 devstack@placement-api.service[102500]: DEBUG placement.objects.research_context [req-c123c9ff-0e33-444f-b18e-14c52527eb88 req-1961b1f6-51d7-4473-92d1-445c1f6ef079 service placement] getting providers with 1 DISK_GB {{(pid=102500) __init__ /opt/stack/placement/placement/objects/research_context.py:126}}
Sep 15 15:47:43.817718 n-d-808199-2 devstack@placement-api.service[102500]: DEBUG placement.objects.research_context [req-c123c9ff-0e33-444f-b18e-14c52527eb88 req-1961b1f6-51d7-4473-92d1-445c1f6ef079 service placement] getting providers with 1024 MEMORY_MB {{(pid=102500) __init__ /opt/stack/placement/placement/objects/research_context.py:126}}
Sep 15 15:47:43.832046 n-d-808199-2 devstack@placement-api.service[102500]: DEBUG placement.objects.research_context [req-c123c9ff-0e33-444f-b18e-14c52527eb88 req-1961b1f6-51d7-4473-92d1-445c1f6ef079 service placement] getting providers with 1 VCPU {{(pid=102500) __init__ /opt/stack/placement/placement/objects/research_context.py:126}}
Sep 15 15:47:43.839596 n-d-808199-2 devstack@placement-api.service[102500]: DEBUG placement.objects.research_context [req-c123c9ff-0e33-444f-b18e-14c52527eb88 req-1961b1f6-51d7-4473-92d1-445c1f6ef079 service placement] found 2 providers with available 1 DISK_GB {{(pid=102500) get_provider_ids_matching /opt/stack/placement/placement/objects/research_context.py:549}}
Sep 15 15:47:43.840278 n-d-808199-2 devstack@placement-api.service[102500]: DEBUG placement.objects.research_context [req-c123c9ff-0e33-444f-b18e-14c52527eb88 req-1961b1f6-51d7-4473-92d1-445c1f6ef079 service placement] found 2 providers with available 1024 MEMORY_MB {{(pid=102500) get_provider_ids_matching /opt/stack/placement/placement/objects/research_context.py:549}}
Sep 15 15:47:43.840790 n-d-808199-2 devstack@placement-api.service[102500]: DEBUG placement.objects.research_context [req-c123c9ff-0e33-444f-b18e-14c52527eb88 req-1961b1f6-51d7-4473-92d1-445c1f6ef079 service placement] found 2 providers after filtering by previous result {{(pid=102500) get_provider_ids_matching /opt/stack/placement/placement/objects/research_context.py:580}}
Sep 15 15:47:43.842970 n-d-808199-2 devstack@placement-api.service[102500]: DEBUG placement.objects.research_context [req-c123c9ff-0e33-444f-b18e-14c52527eb88 req-1961b1f6-51d7-4473-92d1-445c1f6ef079 service placement] found 2 providers with available 1 VCPU {{(pid=102500) get_provider_ids_matching /opt/stack/placement/placement/objects/research_context.py:549}}
Sep 15 15:47:43.843258 n-d-808199-2 devstack@placement-api.service[102500]: DEBUG placement.objects.research_context [req-c123c9ff-0e33-444f-b18e-14c52527eb88 req-1961b1f6-51d7-4473-92d1-445c1f6ef079 service placement] found 2 providers after filtering by previous result {{(pid=102500) get_provider_ids_matching /opt/stack/placement/placement/objects/research_context.py:580}}
Sep 15 15:47:43.857789 n-d-808199-2 devstack@placement-api.service[102500]: DEBUG placement.objects.allocation_candidate [req-c123c9ff-0e33-444f-b18e-14c52527eb88 req-1961b1f6-51d7-4473-92d1-445c1f6ef079 service placement] RequestGroup(use_same_provider=False, resources={DISK_GB:1, MEMORY_MB:1024, VCPU:1}, traits=[], aggregates=[]) (suffix '') returned 2 matches {{(pid=102500) _get_by_requests /opt/stack/placement/placement/objects/allocation_candidate.py:145}}
Sep 15 15:47:43.858427 n-d-808199-2 devstack@placement-api.service[102500]: DEBUG placement.objects.allocation_candidate [req-c123c9ff-0e33-444f-b18e-14c52527eb88 req-1961b1f6-51d7-4473-92d1-445c1f6ef079 service placement] Merging candidates yields 2 allocation requests and 2 provider summaries {{(pid=102500) _merge_candidates /opt/stack/placement/placement/objects/allocation_candidate.py:783}}
Sep 15 15:47:43.860877 n-d-808199-2 devstack@placement-api.service[102500]: INFO placement.requestlog [req-c123c9ff-0e33-444f-b18e-14c52527eb88 req-1961b1f6-51d7-4473-92d1-445c1f6ef079 service placement] 10.222.0.63 "GET /placement/allocation_candidates?limit=1000&resources=DISK_GB%3A1%2CMEMORY_MB%3A1024%2CVCPU%3A1&root_required=%21COMPUTE_STATUS_DISABLED" status: 200 len: 1309 microversion: 1.36
Sep 15 15:47:43.861514 n-d-808199-2 devstack@placement-api.service[102500]: [pid: 102500|app: 0|req: 157/314] 10.222.0.63 () {60 vars in 1507 bytes} [Wed Sep 15 15:47:43 2021] GET /placement/allocation_candidates?limit=1000&resources=DISK_GB%3A1%2CMEMORY_MB%3A1024%2CVCPU%3A1&root_required=%21COMPUTE_STATUS_DISABLED => generated 1309 bytes in 92 msecs (HTTP/1.1 200) 8 headers in 297 bytes (1 switches on core 0)
Sep 15 15:47:43.929200 n-d-808199-2 devstack@placement-api.service[102501]: DEBUG placement.requestlog [req-c123c9ff-0e33-444f-b18e-14c52527eb88 req-fee393bf-9926-475e-84dd-6b7b78413bcb None None] Starting request: 10.222.0.63 "GET /placement/allocations/7f8fc01b-27e0-4075-92da-22f9d9290992" {{(pid=102501) __call__ /opt/stack/placement/placement/requestlog.py:55}}
Sep 15 15:47:43.941239 n-d-808199-2 devstack@placement-api.service[102501]: INFO placement.requestlog [req-c123c9ff-0e33-444f-b18e-14c52527eb88 req-fee393bf-9926-475e-84dd-6b7b78413bcb service placement] 10.222.0.63 "GET /placement/allocations/7f8fc01b-27e0-4075-92da-22f9d9290992" status: 200 len: 19 microversion: 1.28
Sep 15 15:47:43.945227 n-d-808199-2 devstack@placement-api.service[102501]: [pid: 102501|app: 0|req: 158/315] 10.222.0.63 () {60 vars in 1381 bytes} [Wed Sep 15 15:47:43 2021] GET /placement/allocations/7f8fc01b-27e0-4075-92da-22f9d9290992 => generated 19 bytes in 16 msecs (HTTP/1.1 200) 8 headers in 295 bytes (1 switches on core 0)
Sep 15 15:47:43.949314 n-d-808199-2 devstack@placement-api.service[102500]: DEBUG placement.requestlog [req-c123c9ff-0e33-444f-b18e-14c52527eb88 req-59ab17af-b538-4374-bd66-06ca8c078ae8 None None] Starting request: 10.222.0.63 "PUT /placement/allocations/7f8fc01b-27e0-4075-92da-22f9d9290992" {{(pid=102500) __call__ /opt/stack/placement/placement/requestlog.py:55}}
Sep 15 15:47:44.080919 n-d-808199-2 devstack@placement-api.service[102500]: DEBUG placement.handlers.allocation [req-c123c9ff-0e33-444f-b18e-14c52527eb88 req-59ab17af-b538-4374-bd66-06ca8c078ae8 service placement] Successfully wrote allocations [, , ] {{(pid=102500) _update_consumers_and_create_allocations /opt/stack/placement/placement/handlers/allocation.py:462}}
Sep 15 15:47:44.162835 n-d-808199-2 devstack@placement-api.service[102500]: INFO placement.requestlog [req-c123c9ff-0e33-444f-b18e-14c52527eb88 req-59ab17af-b538-4374-bd66-06ca8c078ae8 service placement] 10.222.0.63 "PUT /placement/allocations/7f8fc01b-27e0-4075-92da-22f9d9290992" status: 204 len: 0 microversion: 1.36
Sep 15 15:47:44.163306 n-d-808199-2 devstack@placement-api.service[102500]: [pid: 102500|app: 0|req: 158/316] 10.222.0.63 () {64 vars in 1434 bytes} [Wed Sep 15 15:47:43 2021] PUT /placement/allocations/7f8fc01b-27e0-4075-92da-22f9d9290992 => generated 0 bytes in 214 msecs (HTTP/1.1 204) 5 headers in 199 bytes (2 switches on core 0)
Sep 15 15:47:45.002478 n-d-808199-2 devstack@placement-api.service[102501]: DEBUG placement.requestlog [req-c123c9ff-0e33-444f-b18e-14c52527eb88 req-a436ff55-c466-46a7-a0b6-465346dbb0e0 None None] Starting request: 10.222.0.55 "GET /placement/allocations/7f8fc01b-27e0-4075-92da-22f9d9290992" {{(pid=102501) __call__ /opt/stack/placement/placement/requestlog.py:55}}
Sep 15 15:47:45.033555 n-d-808199-2 devstack@placement-api.service[102501]: INFO placement.requestlog [req-c123c9ff-0e33-444f-b18e-14c52527eb88 req-a436ff55-c466-46a7-a0b6-465346dbb0e0 service placement] 10.222.0.55 "GET /placement/allocations/7f8fc01b-27e0-4075-92da-22f9d9290992" status: 200 len: 259 microversion: 1.28
Sep 15 15:47:45.033869 n-d-808199-2 devstack@placement-api.service[102501]: [pid: 102501|app: 0|req: 159/317] 10.222.0.55 () {60 vars in 1378 bytes} [Wed Sep 15 15:47:44 2021] GET /placement/allocations/7f8fc01b-27e0-4075-92da-22f9d9290992 => generated 259 bytes in 34 msecs (HTTP/1.1 200) 8 headers in 296 bytes (1 switches on core 0)
Sep 15 15:47:54.027149 n-d-808199-2 devstack@placement-api.service[102500]: DEBUG placement.requestlog [req-01a31526-33ca-4771-b2f1-93f308f71e32 req-58198eb4-a0b6-43e3-b472-0dc51cd94ede None None] Starting request: 10.222.0.63 "GET /placement/allocation_candidates?limit=1000&resources=DISK_GB%3A1%2CMEMORY_MB%3A1024%2CVCPU%3A1&root_required=%21COMPUTE_STATUS_DISABLED" {{(pid=102500) __call__ /opt/stack/placement/placement/requestlog.py:55}}
Sep 15 15:47:54.060885 n-d-808199-2 devstack@placement-api.service[102500]: DEBUG placement.objects.research_context [req-01a31526-33ca-4771-b2f1-93f308f71e32 req-58198eb4-a0b6-43e3-b472-0dc51cd94ede service placement] getting providers with 1 DISK_GB {{(pid=102500) __init__ /opt/stack/placement/placement/objects/research_context.py:126}}
Sep 15 15:47:54.066829 n-d-808199-2 devstack@placement-api.service[102500]: DEBUG placement.objects.research_context [req-01a31526-33ca-4771-b2f1-93f308f71e32 req-58198eb4-a0b6-43e3-b472-0dc51cd94ede service placement] getting providers with 1024 MEMORY_MB {{(pid=102500) __init__ /opt/stack/placement/placement/objects/research_context.py:126}}
Sep 15 15:47:54.073604 n-d-808199-2 devstack@placement-api.service[102500]: DEBUG placement.objects.research_context [req-01a31526-33ca-4771-b2f1-93f308f71e32 req-58198eb4-a0b6-43e3-b472-0dc51cd94ede service placement] getting providers with 1 VCPU {{(pid=102500) __init__ /opt/stack/placement/placement/objects/research_context.py:126}}
Sep 15 15:47:54.083230 n-d-808199-2 devstack@placement-api.service[102500]: DEBUG placement.objects.research_context [req-01a31526-33ca-4771-b2f1-93f308f71e32 req-58198eb4-a0b6-43e3-b472-0dc51cd94ede service placement] found 2 providers with available 1 DISK_GB {{(pid=102500) get_provider_ids_matching /opt/stack/placement/placement/objects/research_context.py:549}}
Sep 15 15:47:54.083230 n-d-808199-2 devstack@placement-api.service[102500]: DEBUG placement.objects.research_context [req-01a31526-33ca-4771-b2f1-93f308f71e32 req-58198eb4-a0b6-43e3-b472-0dc51cd94ede service placement] found 2 providers with available 1024 MEMORY_MB {{(pid=102500) get_provider_ids_matching /opt/stack/placement/placement/objects/research_context.py:549}}
Sep 15 15:47:54.083230 n-d-808199-2 devstack@placement-api.service[102500]: DEBUG placement.objects.research_context [req-01a31526-33ca-4771-b2f1-93f308f71e32 req-58198eb4-a0b6-43e3-b472-0dc51cd94ede service placement] found 2 providers after filtering by previous result {{(pid=102500) get_provider_ids_matching /opt/stack/placement/placement/objects/research_context.py:580}}
Sep 15 15:47:54.083230 n-d-808199-2 devstack@placement-api.service[102500]: DEBUG placement.objects.research_context [req-01a31526-33ca-4771-b2f1-93f308f71e32 req-58198eb4-a0b6-43e3-b472-0dc51cd94ede service placement] found 2 providers with available 1 VCPU {{(pid=102500) get_provider_ids_matching /opt/stack/placement/placement/objects/research_context.py:549}}
Sep 15 15:47:54.083230 n-d-808199-2 devstack@placement-api.service[102500]: DEBUG placement.objects.research_context [req-01a31526-33ca-4771-b2f1-93f308f71e32 req-58198eb4-a0b6-43e3-b472-0dc51cd94ede service placement] found 2 providers after filtering by previous result {{(pid=102500) get_provider_ids_matching /opt/stack/placement/placement/objects/research_context.py:580}}
Sep 15 15:47:54.092578 n-d-808199-2 devstack@placement-api.service[102500]: DEBUG placement.objects.allocation_candidate [req-01a31526-33ca-4771-b2f1-93f308f71e32 req-58198eb4-a0b6-43e3-b472-0dc51cd94ede service placement] RequestGroup(use_same_provider=False, resources={DISK_GB:1, MEMORY_MB:1024, VCPU:1}, traits=[], aggregates=[]) (suffix '') returned 2 matches {{(pid=102500) _get_by_requests /opt/stack/placement/placement/objects/allocation_candidate.py:145}}
Sep 15 15:47:54.094728 n-d-808199-2 devstack@placement-api.service[102500]: DEBUG placement.objects.allocation_candidate [req-01a31526-33ca-4771-b2f1-93f308f71e32 req-58198eb4-a0b6-43e3-b472-0dc51cd94ede service placement] Merging candidates yields 2 allocation requests and 2 provider summaries {{(pid=102500) _merge_candidates /opt/stack/placement/placement/objects/allocation_candidate.py:783}}
Sep 15 15:47:54.094728 n-d-808199-2 devstack@placement-api.service[102500]: INFO placement.requestlog [req-01a31526-33ca-4771-b2f1-93f308f71e32 req-58198eb4-a0b6-43e3-b472-0dc51cd94ede service placement] 10.222.0.63 "GET /placement/allocation_candidates?limit=1000&resources=DISK_GB%3A1%2CMEMORY_MB%3A1024%2CVCPU%3A1&root_required=%21COMPUTE_STATUS_DISABLED" status: 200 len: 1309 microversion: 1.36
Sep 15 15:47:54.095034 n-d-808199-2 devstack@placement-api.service[102500]: [pid: 102500|app: 0|req: 159/318] 10.222.0.63 () {60 vars in 1507 bytes} [Wed Sep 15 15:47:54 2021] GET /placement/allocation_candidates?limit=1000&resources=DISK_GB%3A1%2CMEMORY_MB%3A1024%2CVCPU%3A1&root_required=%21COMPUTE_STATUS_DISABLED => generated 1309 bytes in 68 msecs (HTTP/1.1 200) 8 headers in 297 bytes (1 switches on core 0)
Sep 15 15:47:54.148051 n-d-808199-2 devstack@placement-api.service[102501]: DEBUG placement.requestlog [req-01a31526-33ca-4771-b2f1-93f308f71e32 req-333087b7-be72-495c-8e29-f63b6a6c1887 None None] Starting request: 10.222.0.63 "GET /placement/allocations/9d20d628-93ef-4f6c-a297-beddc75e6066" {{(pid=102501) __call__ /opt/stack/placement/placement/requestlog.py:55}}
Sep 15 15:47:54.159280 n-d-808199-2 devstack@placement-api.service[102501]: INFO placement.requestlog [req-01a31526-33ca-4771-b2f1-93f308f71e32 req-333087b7-be72-495c-8e29-f63b6a6c1887 service placement] 10.222.0.63 "GET /placement/allocations/9d20d628-93ef-4f6c-a297-beddc75e6066" status: 200 len: 19 microversion: 1.28
Sep 15 15:47:54.159934 n-d-808199-2 devstack@placement-api.service[102501]: [pid: 102501|app: 0|req: 160/319] 10.222.0.63 () {60 vars in 1381 bytes} [Wed Sep 15 15:47:54 2021] GET /placement/allocations/9d20d628-93ef-4f6c-a297-beddc75e6066 => generated 19 bytes in 12 msecs (HTTP/1.1 200) 8 headers in 295 bytes (1 switches on core 0)
Sep 15 15:47:54.170404 n-d-808199-2 devstack@placement-api.service[102500]: DEBUG placement.requestlog [req-01a31526-33ca-4771-b2f1-93f308f71e32 req-2e26c5c4-2cd0-49ef-bc8a-5a319a006bd0 None None] Starting request: 10.222.0.63 "PUT /placement/allocations/9d20d628-93ef-4f6c-a297-beddc75e6066" {{(pid=102500) __call__ /opt/stack/placement/placement/requestlog.py:55}}
Sep 15 15:47:54.491122 n-d-808199-2 devstack@placement-api.service[102500]: DEBUG placement.handlers.allocation [req-01a31526-33ca-4771-b2f1-93f308f71e32 req-2e26c5c4-2cd0-49ef-bc8a-5a319a006bd0 service placement] Successfully wrote allocations [, , ] {{(pid=102500) _update_consumers_and_create_allocations /opt/stack/placement/placement/handlers/allocation.py:462}}
Sep 15 15:47:54.561581 n-d-808199-2 devstack@placement-api.service[102500]: INFO placement.requestlog [req-01a31526-33ca-4771-b2f1-93f308f71e32 req-2e26c5c4-2cd0-49ef-bc8a-5a319a006bd0 service placement] 10.222.0.63 "PUT /placement/allocations/9d20d628-93ef-4f6c-a297-beddc75e6066" status: 204 len: 0 microversion: 1.36
Sep 15 15:47:54.561840 n-d-808199-2 devstack@placement-api.service[102500]: [pid: 102500|app: 0|req: 160/320] 10.222.0.63 () {64 vars in 1434 bytes} [Wed Sep 15 15:47:54 2021] PUT /placement/allocations/9d20d628-93ef-4f6c-a297-beddc75e6066 => generated 0 bytes in 392 msecs (HTTP/1.1 204) 5 headers in 199 bytes (1 switches on core 0)
Sep 15 15:47:55.125941 n-d-808199-2 devstack@placement-api.service[102501]: DEBUG placement.requestlog [req-ec1df60a-0a06-4ccd-846f-b9ae5dd1f283 req-7f9f2037-58fb-4ff3-8242-303ee4c74b0e None None] Starting request: 10.222.0.63 "GET /placement/allocation_candidates?limit=1000&resources=DISK_GB%3A1%2CMEMORY_MB%3A1024%2CVCPU%3A1&root_required=%21COMPUTE_STATUS_DISABLED" {{(pid=102501) __call__ /opt/stack/placement/placement/requestlog.py:55}}
Sep 15 15:47:55.159510 n-d-808199-2 devstack@placement-api.service[102501]: DEBUG placement.objects.research_context [req-ec1df60a-0a06-4ccd-846f-b9ae5dd1f283 req-7f9f2037-58fb-4ff3-8242-303ee4c74b0e service placement] getting providers with 1 DISK_GB {{(pid=102501) __init__ /opt/stack/placement/placement/objects/research_context.py:126}}
Sep 15 15:47:55.164121 n-d-808199-2 devstack@placement-api.service[102501]: DEBUG placement.objects.research_context [req-ec1df60a-0a06-4ccd-846f-b9ae5dd1f283 req-7f9f2037-58fb-4ff3-8242-303ee4c74b0e service placement] getting providers with 1024 MEMORY_MB {{(pid=102501) __init__ /opt/stack/placement/placement/objects/research_context.py:126}}
Sep 15 15:47:55.169957 n-d-808199-2 devstack@placement-api.service[102501]: DEBUG placement.objects.research_context [req-ec1df60a-0a06-4ccd-846f-b9ae5dd1f283 req-7f9f2037-58fb-4ff3-8242-303ee4c74b0e service placement] getting providers with 1 VCPU {{(pid=102501) __init__ /opt/stack/placement/placement/objects/research_context.py:126}}
Sep 15 15:47:55.179421 n-d-808199-2 devstack@placement-api.service[102501]: DEBUG placement.objects.research_context [req-ec1df60a-0a06-4ccd-846f-b9ae5dd1f283 req-7f9f2037-58fb-4ff3-8242-303ee4c74b0e service placement] found 2 providers with available 1 DISK_GB {{(pid=102501) get_provider_ids_matching /opt/stack/placement/placement/objects/research_context.py:549}}
Sep 15 15:47:55.179978 n-d-808199-2 devstack@placement-api.service[102501]: DEBUG placement.objects.research_context [req-ec1df60a-0a06-4ccd-846f-b9ae5dd1f283 req-7f9f2037-58fb-4ff3-8242-303ee4c74b0e service placement] found 2 providers with available 1024 MEMORY_MB {{(pid=102501) get_provider_ids_matching /opt/stack/placement/placement/objects/research_context.py:549}}
Sep 15 15:47:55.180255 n-d-808199-2 devstack@placement-api.service[102501]: DEBUG placement.objects.research_context [req-ec1df60a-0a06-4ccd-846f-b9ae5dd1f283 req-7f9f2037-58fb-4ff3-8242-303ee4c74b0e service placement] found 2 providers after filtering by previous result {{(pid=102501) get_provider_ids_matching /opt/stack/placement/placement/objects/research_context.py:580}}
Sep 15 15:47:55.180633 n-d-808199-2 devstack@placement-api.service[102501]: DEBUG placement.objects.research_context [req-ec1df60a-0a06-4ccd-846f-b9ae5dd1f283 req-7f9f2037-58fb-4ff3-8242-303ee4c74b0e service placement] found 2 providers with available 1 VCPU {{(pid=102501) get_provider_ids_matching /opt/stack/placement/placement/objects/research_context.py:549}}
Sep 15 15:47:55.180791 n-d-808199-2 devstack@placement-api.service[102501]: DEBUG placement.objects.research_context [req-ec1df60a-0a06-4ccd-846f-b9ae5dd1f283 req-7f9f2037-58fb-4ff3-8242-303ee4c74b0e service placement] found 2 providers after filtering by previous result {{(pid=102501) get_provider_ids_matching /opt/stack/placement/placement/objects/research_context.py:580}}
Sep 15 15:47:55.195455 n-d-808199-2 devstack@placement-api.service[102501]: DEBUG placement.objects.allocation_candidate [req-ec1df60a-0a06-4ccd-846f-b9ae5dd1f283 req-7f9f2037-58fb-4ff3-8242-303ee4c74b0e service placement] RequestGroup(use_same_provider=False, resources={DISK_GB:1, MEMORY_MB:1024, VCPU:1}, traits=[], aggregates=[]) (suffix '') returned 2 matches {{(pid=102501) _get_by_requests /opt/stack/placement/placement/objects/allocation_candidate.py:145}}
Sep 15 15:47:55.196092 n-d-808199-2 devstack@placement-api.service[102501]: DEBUG placement.objects.allocation_candidate [req-ec1df60a-0a06-4ccd-846f-b9ae5dd1f283 req-7f9f2037-58fb-4ff3-8242-303ee4c74b0e service placement] Merging candidates yields 2 allocation requests and 2 provider summaries {{(pid=102501) _merge_candidates /opt/stack/placement/placement/objects/allocation_candidate.py:783}}
Sep 15 15:47:55.197875 n-d-808199-2 devstack@placement-api.service[102501]: INFO placement.requestlog [req-ec1df60a-0a06-4ccd-846f-b9ae5dd1f283 req-7f9f2037-58fb-4ff3-8242-303ee4c74b0e service placement] 10.222.0.63 "GET /placement/allocation_candidates?limit=1000&resources=DISK_GB%3A1%2CMEMORY_MB%3A1024%2CVCPU%3A1&root_required=%21COMPUTE_STATUS_DISABLED" status: 200 len: 1309 microversion: 1.36
Sep 15 15:47:55.202224 n-d-808199-2 devstack@placement-api.service[102501]: [pid: 102501|app: 0|req: 161/321] 10.222.0.63 () {60 vars in 1507 bytes} [Wed Sep 15 15:47:55 2021] GET /placement/allocation_candidates?limit=1000&resources=DISK_GB%3A1%2CMEMORY_MB%3A1024%2CVCPU%3A1&root_required=%21COMPUTE_STATUS_DISABLED => generated 1309 bytes in 77 msecs (HTTP/1.1 200) 8 headers in 297 bytes (1 switches on core 0)
Sep 15 15:47:55.267010 n-d-808199-2 devstack@placement-api.service[102500]: DEBUG placement.requestlog [req-ec1df60a-0a06-4ccd-846f-b9ae5dd1f283 req-caae337a-8636-48ea-bdce-bacd3fca02aa None None] Starting request: 10.222.0.63 "GET /placement/allocations/56272362-57cc-404e-af45-a0939c12fd93" {{(pid=102500) __call__ /opt/stack/placement/placement/requestlog.py:55}}
Sep 15 15:47:55.325718 n-d-808199-2 devstack@placement-api.service[102500]: INFO placement.requestlog [req-ec1df60a-0a06-4ccd-846f-b9ae5dd1f283 req-caae337a-8636-48ea-bdce-bacd3fca02aa service placement] 10.222.0.63 "GET /placement/allocations/56272362-57cc-404e-af45-a0939c12fd93" status: 200 len: 19 microversion: 1.28
Sep 15 15:47:55.326093 n-d-808199-2 devstack@placement-api.service[102500]: [pid: 102500|app: 0|req: 161/322] 10.222.0.63 () {60 vars in 1381 bytes} [Wed Sep 15 15:47:55 2021] GET /placement/allocations/56272362-57cc-404e-af45-a0939c12fd93 => generated 19 bytes in 60 msecs (HTTP/1.1 200) 8 headers in 295 bytes (1 switches on core 0)
Sep 15 15:47:55.332170 n-d-808199-2 devstack@placement-api.service[102501]: DEBUG placement.requestlog [req-ec1df60a-0a06-4ccd-846f-b9ae5dd1f283 req-0dea4a53-5cd3-41eb-8255-2fe418238e7d None None] Starting request: 10.222.0.63 "PUT /placement/allocations/56272362-57cc-404e-af45-a0939c12fd93" {{(pid=102501) __call__ /opt/stack/placement/placement/requestlog.py:55}}
Sep 15 15:47:55.635071 n-d-808199-2 devstack@placement-api.service[102501]: DEBUG placement.handlers.allocation [req-ec1df60a-0a06-4ccd-846f-b9ae5dd1f283 req-0dea4a53-5cd3-41eb-8255-2fe418238e7d service placement] Successfully wrote allocations [, , ] {{(pid=102501) _update_consumers_and_create_allocations /opt/stack/placement/placement/handlers/allocation.py:462}}
Sep 15 15:47:55.704522 n-d-808199-2 devstack@placement-api.service[102500]: DEBUG placement.requestlog [req-01a31526-33ca-4771-b2f1-93f308f71e32 req-dbfdab9c-d842-4e7e-a50c-200ba7ddd5b0 None None] Starting request: 10.222.0.55 "GET /placement/allocations/9d20d628-93ef-4f6c-a297-beddc75e6066" {{(pid=102500) __call__ /opt/stack/placement/placement/requestlog.py:55}}
Sep 15 15:47:55.704695 n-d-808199-2 devstack@placement-api.service[102501]: INFO placement.requestlog [req-ec1df60a-0a06-4ccd-846f-b9ae5dd1f283 req-0dea4a53-5cd3-41eb-8255-2fe418238e7d service placement] 10.222.0.63 "PUT /placement/allocations/56272362-57cc-404e-af45-a0939c12fd93" status: 204 len: 0 microversion: 1.36
Sep 15 15:47:55.705139 n-d-808199-2 devstack@placement-api.service[102501]: [pid: 102501|app: 0|req: 162/323] 10.222.0.63 () {64 vars in 1434 bytes} [Wed Sep 15 15:47:55 2021] PUT /placement/allocations/56272362-57cc-404e-af45-a0939c12fd93 => generated 0 bytes in 373 msecs (HTTP/1.1 204) 5 headers in 199 bytes (1 switches on core 0)
Sep 15 15:47:55.730087 n-d-808199-2 devstack@placement-api.service[102500]: INFO placement.requestlog [req-01a31526-33ca-4771-b2f1-93f308f71e32 req-dbfdab9c-d842-4e7e-a50c-200ba7ddd5b0 service placement] 10.222.0.55 "GET /placement/allocations/9d20d628-93ef-4f6c-a297-beddc75e6066" status: 200 len: 259 microversion: 1.28
Sep 15 15:47:55.731065 n-d-808199-2 devstack@placement-api.service[102500]: [pid: 102500|app: 0|req: 162/324] 10.222.0.55 () {60 vars in 1378 bytes} [Wed Sep 15 15:47:55 2021] GET /placement/allocations/9d20d628-93ef-4f6c-a297-beddc75e6066 => generated 259 bytes in 27 msecs (HTTP/1.1 200) 8 headers in 296 bytes (2 switches on core 0)
Sep 15 15:47:56.378717 n-d-808199-2 devstack@placement-api.service[102501]: DEBUG placement.requestlog [None req-239a6f9f-67a6-4ba6-b1e3-9879624375ba None None] Starting request: 10.222.0.63 "GET /placement/" {{(pid=102501) __call__ /opt/stack/placement/placement/requestlog.py:55}}
Sep 15 15:47:56.378717 n-d-808199-2 devstack@placement-api.service[102501]: INFO placement.requestlog [None req-239a6f9f-67a6-4ba6-b1e3-9879624375ba None None] 10.222.0.63 "GET /placement/" status: 200 len: 136 microversion: 1.0
Sep 15 15:47:56.378717 n-d-808199-2 devstack@placement-api.service[102501]: [pid: 102501|app: 0|req: 163/325] 10.222.0.63 () {54 vars in 916 bytes} [Wed Sep 15 15:47:56 2021] GET /placement => generated 136 bytes in 2 msecs (HTTP/1.1 200) 6 headers in 224 bytes (1 switches on core 0)
Sep 15 15:47:56.387617 n-d-808199-2 devstack@placement-api.service[102500]: DEBUG placement.requestlog [req-9fb5e234-1fa3-4f0a-843a-bdb06345ae58 req-57b68729-72bb-4af4-8b60-7c8861a8fd17 None None] Starting request: 10.222.0.63 "GET /placement/allocations/75f38fa5-0196-42a5-ae99-c529ac6f2f13" {{(pid=102500) __call__ /opt/stack/placement/placement/requestlog.py:55}}
Sep 15 15:47:56.499312 n-d-808199-2 devstack@placement-api.service[102500]: INFO placement.requestlog [req-9fb5e234-1fa3-4f0a-843a-bdb06345ae58 req-57b68729-72bb-4af4-8b60-7c8861a8fd17 service placement] 10.222.0.63 "GET /placement/allocations/75f38fa5-0196-42a5-ae99-c529ac6f2f13" status: 200 len: 245 microversion: 1.28
Sep 15 15:47:56.507753 n-d-808199-2 devstack@placement-api.service[102500]: [pid: 102500|app: 0|req: 163/326] 10.222.0.63 () {60 vars in 1381 bytes} [Wed Sep 15 15:47:56 2021] GET /placement/allocations/75f38fa5-0196-42a5-ae99-c529ac6f2f13 => generated 245 bytes in 120 msecs (HTTP/1.1 200) 8 headers in 296 bytes (1 switches on core 0)
Sep 15 15:47:56.508368 n-d-808199-2 devstack@placement-api.service[102501]: DEBUG placement.requestlog [req-9fb5e234-1fa3-4f0a-843a-bdb06345ae58 req-5f2a301e-338e-4641-8fcd-0345b2afbe52 None None] Starting request: 10.222.0.63 "GET /placement/allocations/75f38fa5-0196-42a5-ae99-c529ac6f2f13" {{(pid=102501) __call__ /opt/stack/placement/placement/requestlog.py:55}}
Sep 15 15:47:56.527500 n-d-808199-2 devstack@placement-api.service[102501]: INFO placement.requestlog [req-9fb5e234-1fa3-4f0a-843a-bdb06345ae58 req-5f2a301e-338e-4641-8fcd-0345b2afbe52 service placement] 10.222.0.63 "GET /placement/allocations/75f38fa5-0196-42a5-ae99-c529ac6f2f13" status: 200 len: 245 microversion: 1.28
Sep 15 15:47:56.535032 n-d-808199-2 devstack@placement-api.service[102500]: DEBUG placement.requestlog [req-9fb5e234-1fa3-4f0a-843a-bdb06345ae58 req-ea9c6243-d5ac-4449-ba07-5ed600cb94bc None None] Starting request: 10.222.0.63 "GET /placement/allocations/dd380cd6-b90f-4e33-9f61-b4f5c41c444a" {{(pid=102500) __call__ /opt/stack/placement/placement/requestlog.py:55}}
Sep 15 15:47:56.555831 n-d-808199-2 devstack@placement-api.service[102501]: [pid: 102501|app: 0|req: 164/327] 10.222.0.63 () {60 vars in 1381 bytes} [Wed Sep 15 15:47:56 2021] GET /placement/allocations/75f38fa5-0196-42a5-ae99-c529ac6f2f13 => generated 245 bytes in 28 msecs (HTTP/1.1 200) 8 headers in 296 bytes (1 switches on core 0)
Sep 15 15:47:56.572219 n-d-808199-2 devstack@placement-api.service[102500]: INFO placement.requestlog [req-9fb5e234-1fa3-4f0a-843a-bdb06345ae58 req-ea9c6243-d5ac-4449-ba07-5ed600cb94bc service placement] 10.222.0.63 "GET /placement/allocations/dd380cd6-b90f-4e33-9f61-b4f5c41c444a" status: 200 len: 19 microversion: 1.28
Sep 15 15:47:56.573773 n-d-808199-2 devstack@placement-api.service[102500]: [pid: 102500|app: 0|req: 164/328] 10.222.0.63 () {60 vars in 1381 bytes} [Wed Sep 15 15:47:56 2021] GET /placement/allocations/dd380cd6-b90f-4e33-9f61-b4f5c41c444a => generated 19 bytes in 39 msecs (HTTP/1.1 200) 8 headers in 295 bytes (1 switches on core 0)
Sep 15 15:47:56.587442 n-d-808199-2 devstack@placement-api.service[102501]: DEBUG placement.requestlog [req-9fb5e234-1fa3-4f0a-843a-bdb06345ae58 req-593624b3-c84b-43cd-a7b9-e22ab118e584 None None] Starting request: 10.222.0.63 "POST /placement/allocations" {{(pid=102501) __call__ /opt/stack/placement/placement/requestlog.py:55}}
Sep 15 15:47:56.786559 n-d-808199-2 devstack@placement-api.service[102501]: DEBUG placement.handlers.allocation [req-9fb5e234-1fa3-4f0a-843a-bdb06345ae58 req-593624b3-c84b-43cd-a7b9-e22ab118e584 service placement] Successfully wrote allocations [, , , ] {{(pid=102501) _update_consumers_and_create_allocations /opt/stack/placement/placement/handlers/allocation.py:572}}
Sep 15 15:47:56.823669 n-d-808199-2 devstack@placement-api.service[102500]: DEBUG placement.requestlog [req-ec1df60a-0a06-4ccd-846f-b9ae5dd1f283 req-21b81225-45d2-41a2-bc67-1e36b5799c42 None None] Starting request: 10.222.0.55 "GET /placement/allocations/56272362-57cc-404e-af45-a0939c12fd93" {{(pid=102500) __call__ /opt/stack/placement/placement/requestlog.py:55}}
Sep 15 15:47:56.858916 n-d-808199-2 devstack@placement-api.service[102501]: INFO placement.requestlog [req-9fb5e234-1fa3-4f0a-843a-bdb06345ae58 req-593624b3-c84b-43cd-a7b9-e22ab118e584 service placement] 10.222.0.63 "POST /placement/allocations" status: 204 len: 0 microversion: 1.28
Sep 15 15:47:56.859499 n-d-808199-2 devstack@placement-api.service[102501]: [pid: 102501|app: 0|req: 165/329] 10.222.0.63 () {64 vars in 1324 bytes} [Wed Sep 15 15:47:56 2021] POST /placement/allocations => generated 0 bytes in 272 msecs (HTTP/1.1 204) 5 headers in 199 bytes (1 switches on core 0)
Sep 15 15:47:56.867392 n-d-808199-2 devstack@placement-api.service[102500]: INFO placement.requestlog [req-ec1df60a-0a06-4ccd-846f-b9ae5dd1f283 req-21b81225-45d2-41a2-bc67-1e36b5799c42 service placement] 10.222.0.55 "GET /placement/allocations/56272362-57cc-404e-af45-a0939c12fd93" status: 200 len: 259 microversion: 1.28
Sep 15 15:47:56.868391 n-d-808199-2 devstack@placement-api.service[102500]: [pid: 102500|app: 0|req: 165/330] 10.222.0.55 () {60 vars in 1378 bytes} [Wed Sep 15 15:47:56 2021] GET /placement/allocations/56272362-57cc-404e-af45-a0939c12fd93 => generated 259 bytes in 45 msecs (HTTP/1.1 200) 8 headers in 296 bytes (1 switches on core 0)
Sep 15 15:47:56.913658 n-d-808199-2 devstack@placement-api.service[102501]: DEBUG placement.requestlog [req-9fb5e234-1fa3-4f0a-843a-bdb06345ae58 req-afa9abfe-3b11-4977-ba07-0bf25e6e01e3 None None] Starting request: 10.222.0.63 "GET /placement/allocations/75f38fa5-0196-42a5-ae99-c529ac6f2f13" {{(pid=102501) __call__ /opt/stack/placement/placement/requestlog.py:55}}
Sep 15 15:47:56.930659 n-d-808199-2 devstack@placement-api.service[102501]: INFO placement.requestlog [req-9fb5e234-1fa3-4f0a-843a-bdb06345ae58 req-afa9abfe-3b11-4977-ba07-0bf25e6e01e3 service placement] 10.222.0.63 "GET /placement/allocations/75f38fa5-0196-42a5-ae99-c529ac6f2f13" status: 200 len: 19 microversion: 1.28
Sep 15 15:47:56.936859 n-d-808199-2 devstack@placement-api.service[102501]: [pid: 102501|app: 0|req: 166/331] 10.222.0.63 () {60 vars in 1381 bytes} [Wed Sep 15 15:47:56 2021] GET /placement/allocations/75f38fa5-0196-42a5-ae99-c529ac6f2f13 => generated 19 bytes in 23 msecs (HTTP/1.1 200) 8 headers in 295 bytes (1 switches on core 0)
Sep 15 15:47:56.938768 n-d-808199-2 devstack@placement-api.service[102500]: DEBUG placement.requestlog [req-9fb5e234-1fa3-4f0a-843a-bdb06345ae58 req-6af8cdab-c6b1-43ec-a8e8-9b325faca0bf None None] Starting request: 10.222.0.63 "PUT /placement/allocations/75f38fa5-0196-42a5-ae99-c529ac6f2f13" {{(pid=102500) __call__ /opt/stack/placement/placement/requestlog.py:55}}
Sep 15 15:47:57.146034 n-d-808199-2 devstack@placement-api.service[102500]: DEBUG placement.handlers.allocation [req-9fb5e234-1fa3-4f0a-843a-bdb06345ae58 req-6af8cdab-c6b1-43ec-a8e8-9b325faca0bf service placement] Successfully wrote allocations [, ] {{(pid=102500) _update_consumers_and_create_allocations /opt/stack/placement/placement/handlers/allocation.py:462}}
Sep 15 15:47:57.229775 n-d-808199-2 devstack@placement-api.service[102500]: INFO placement.requestlog [req-9fb5e234-1fa3-4f0a-843a-bdb06345ae58 req-6af8cdab-c6b1-43ec-a8e8-9b325faca0bf service placement] 10.222.0.63 "PUT /placement/allocations/75f38fa5-0196-42a5-ae99-c529ac6f2f13" status: 204 len: 0 microversion: 1.28
Sep 15 15:47:57.230044 n-d-808199-2 devstack@placement-api.service[102500]: [pid: 102500|app: 0|req: 166/332] 10.222.0.63 () {64 vars in 1434 bytes} [Wed Sep 15 15:47:56 2021] PUT /placement/allocations/75f38fa5-0196-42a5-ae99-c529ac6f2f13 => generated 0 bytes in 291 msecs (HTTP/1.1 204) 5 headers in 199 bytes (1 switches on core 0)
Sep 15 15:47:57.445006 n-d-808199-2 devstack@placement-api.service[102501]: DEBUG placement.requestlog [req-9fb5e234-1fa3-4f0a-843a-bdb06345ae58 req-31f058dc-3821-4bea-9565-94805902924c None None] Starting request: 10.222.0.55 "GET /placement/allocations/75f38fa5-0196-42a5-ae99-c529ac6f2f13" {{(pid=102501) __call__ /opt/stack/placement/placement/requestlog.py:55}}
Sep 15 15:47:57.466724 n-d-808199-2 devstack@placement-api.service[102501]: INFO placement.requestlog [req-9fb5e234-1fa3-4f0a-843a-bdb06345ae58 req-31f058dc-3821-4bea-9565-94805902924c service placement] 10.222.0.55 "GET /placement/allocations/75f38fa5-0196-42a5-ae99-c529ac6f2f13" status: 200 len: 245 microversion: 1.28
Sep 15 15:47:57.467075 n-d-808199-2 devstack@placement-api.service[102501]: [pid: 102501|app: 0|req: 167/333] 10.222.0.55 () {60 vars in 1378 bytes} [Wed Sep 15 15:47:57 2021] GET /placement/allocations/75f38fa5-0196-42a5-ae99-c529ac6f2f13 => generated 245 bytes in 22 msecs (HTTP/1.1 200) 8 headers in 296 bytes (1 switches on core 0)
Sep 15 15:48:01.654932 n-d-808199-2 devstack@placement-api.service[102500]: DEBUG placement.requestlog [None req-5f2c3fae-5285-4556-a8e8-a6aed3a78bf7 None None] Starting request: 10.222.0.63 "GET /placement/" {{(pid=102500) __call__ /opt/stack/placement/placement/requestlog.py:55}}
Sep 15 15:48:01.656642 n-d-808199-2 devstack@placement-api.service[102500]: INFO placement.requestlog [None req-5f2c3fae-5285-4556-a8e8-a6aed3a78bf7 None None] 10.222.0.63 "GET /placement/" status: 200 len: 136 microversion: 1.0
Sep 15 15:48:01.657327 n-d-808199-2 devstack@placement-api.service[102500]: [pid: 102500|app: 0|req: 167/334] 10.222.0.63 () {54 vars in 907 bytes} [Wed Sep 15 15:48:01 2021] GET /placement => generated 136 bytes in 2 msecs (HTTP/1.1 200) 6 headers in 224 bytes (1 switches on core 0)
Sep 15 15:48:01.668905 n-d-808199-2 devstack@placement-api.service[102501]: DEBUG placement.requestlog [req-0c1737f1-7de0-4000-9890-593471c2e2aa req-e68d27f5-f123-4528-aaae-05cb222c3a4b None None] Starting request: 10.222.0.63 "GET /placement/resource_providers/0a51d131-3bb3-417a-8d24-3ffa0d8359ca/traits" {{(pid=102501) __call__ /opt/stack/placement/placement/requestlog.py:55}}
