Sep 15 15:50:12.424618 n-d-808199-2 devstack@placement-api.service[102501]: [pid: 102501|app: 0|req: 227/454] 10.222.0.55 () {60 vars in 1378 bytes} [Wed Sep 15 15:50:12 2021] GET /placement/allocations/ef4fa85d-8db6-4618-8e03-f8a0c51c9073 => generated 245 bytes in 25 msecs (HTTP/1.1 200) 8 headers in 296 bytes (1 switches on core 0)
Sep 15 15:50:13.659318 n-d-808199-2 devstack@placement-api.service[102500]: DEBUG placement.requestlog [req-7c54e295-2f91-4cbe-b431-8ca4039774d8 req-8edca8de-d7cd-4c09-bda7-1ef2cc66c602 None None] Starting request: 10.222.0.63 "DELETE /placement/allocations/7282b86a-552b-4479-a5cb-528565aa9168" {{(pid=102500) __call__ /opt/stack/placement/placement/requestlog.py:55}}
Sep 15 15:50:13.679658 n-d-808199-2 devstack@placement-api.service[102500]: DEBUG placement.wsgi_wrapper [req-7c54e295-2f91-4cbe-b431-8ca4039774d8 req-8edca8de-d7cd-4c09-bda7-1ef2cc66c602 service placement] Placement API returning an error response: No allocations for consumer '7282b86a-552b-4479-a5cb-528565aa9168' {{(pid=102500) call_func /opt/stack/placement/placement/wsgi_wrapper.py:31}}
Sep 15 15:50:13.680509 n-d-808199-2 devstack@placement-api.service[102500]: INFO placement.requestlog [req-7c54e295-2f91-4cbe-b431-8ca4039774d8 req-8edca8de-d7cd-4c09-bda7-1ef2cc66c602 service placement] 10.222.0.63 "DELETE /placement/allocations/7282b86a-552b-4479-a5cb-528565aa9168" status: 404 len: 228 microversion: 1.0
Sep 15 15:50:13.688824 n-d-808199-2 devstack@placement-api.service[102500]: [pid: 102500|app: 0|req: 228/455] 10.222.0.63 () {60 vars in 1350 bytes} [Wed Sep 15 15:50:13 2021] DELETE /placement/allocations/7282b86a-552b-4479-a5cb-528565aa9168 => generated 228 bytes in 30 msecs (HTTP/1.1 404) 6 headers in 231 bytes (1 switches on core 0)
Sep 15 15:50:14.210390 n-d-808199-2 devstack@placement-api.service[102501]: DEBUG placement.requestlog [req-2df4d689-d8bf-4094-8261-bd5d17e96b6b req-8aae7a93-0516-49b3-918f-d7abb8bbe333 None None] Starting request: 10.222.0.38 "DELETE /placement/allocations/b57e9f39-281d-4dbd-924e-5cc11b85d7d1" {{(pid=102501) __call__ /opt/stack/placement/placement/requestlog.py:55}}
Sep 15 15:50:14.472728 n-d-808199-2 devstack@placement-api.service[102501]: DEBUG placement.handlers.allocation [req-2df4d689-d8bf-4094-8261-bd5d17e96b6b req-8aae7a93-0516-49b3-918f-d7abb8bbe333 service placement] Successfully deleted allocations [, , ] {{(pid=102501) delete_allocations /opt/stack/placement/placement/handlers/allocation.py:627}}
Sep 15 15:50:14.473415 n-d-808199-2 devstack@placement-api.service[102501]: INFO placement.requestlog [req-2df4d689-d8bf-4094-8261-bd5d17e96b6b req-8aae7a93-0516-49b3-918f-d7abb8bbe333 service placement] 10.222.0.38 "DELETE /placement/allocations/b57e9f39-281d-4dbd-924e-5cc11b85d7d1" status: 204 len: 0 microversion: 1.0
Sep 15 15:50:14.474148 n-d-808199-2 devstack@placement-api.service[102501]: [pid: 102501|app: 0|req: 228/456] 10.222.0.38 () {60 vars in 1356 bytes} [Wed Sep 15 15:50:14 2021] DELETE /placement/allocations/b57e9f39-281d-4dbd-924e-5cc11b85d7d1 => generated 0 bytes in 264 msecs (HTTP/1.1 204) 5 headers in 198 bytes (1 switches on core 0)
Sep 15 15:50:15.574578 n-d-808199-2 devstack@placement-api.service[102500]: DEBUG placement.requestlog [req-0ca272bc-b6de-45e7-b6f1-b9f3fe1d597e req-ec77059a-d4b8-4203-ad5e-b55bc1417cae None None] Starting request: 10.222.0.63 "GET /placement/allocation_candidates?limit=1000&resources=DISK_GB%3A1%2CMEMORY_MB%3A1024%2CVCPU%3A1&root_required=%21COMPUTE_STATUS_DISABLED" {{(pid=102500) __call__ /opt/stack/placement/placement/requestlog.py:55}}
Sep 15 15:50:15.607120 n-d-808199-2 devstack@placement-api.service[102500]: DEBUG placement.objects.research_context [req-0ca272bc-b6de-45e7-b6f1-b9f3fe1d597e req-ec77059a-d4b8-4203-ad5e-b55bc1417cae service placement] getting providers with 1 DISK_GB {{(pid=102500) __init__ /opt/stack/placement/placement/objects/research_context.py:126}}
Sep 15 15:50:15.613955 n-d-808199-2 devstack@placement-api.service[102500]: DEBUG placement.objects.research_context [req-0ca272bc-b6de-45e7-b6f1-b9f3fe1d597e req-ec77059a-d4b8-4203-ad5e-b55bc1417cae service placement] getting providers with 1024 MEMORY_MB {{(pid=102500) __init__ /opt/stack/placement/placement/objects/research_context.py:126}}
Sep 15 15:50:15.620347 n-d-808199-2 devstack@placement-api.service[102500]: DEBUG placement.objects.research_context [req-0ca272bc-b6de-45e7-b6f1-b9f3fe1d597e req-ec77059a-d4b8-4203-ad5e-b55bc1417cae service placement] getting providers with 1 VCPU {{(pid=102500) __init__ /opt/stack/placement/placement/objects/research_context.py:126}}
Sep 15 15:50:15.627050 n-d-808199-2 devstack@placement-api.service[102500]: DEBUG placement.objects.research_context [req-0ca272bc-b6de-45e7-b6f1-b9f3fe1d597e req-ec77059a-d4b8-4203-ad5e-b55bc1417cae service placement] found 2 providers with available 1 DISK_GB {{(pid=102500) get_provider_ids_matching /opt/stack/placement/placement/objects/research_context.py:549}}
Sep 15 15:50:15.627588 n-d-808199-2 devstack@placement-api.service[102500]: DEBUG placement.objects.research_context [req-0ca272bc-b6de-45e7-b6f1-b9f3fe1d597e req-ec77059a-d4b8-4203-ad5e-b55bc1417cae service placement] found 2 providers with available 1024 MEMORY_MB {{(pid=102500) get_provider_ids_matching /opt/stack/placement/placement/objects/research_context.py:549}}
Sep 15 15:50:15.628017 n-d-808199-2 devstack@placement-api.service[102500]: DEBUG placement.objects.research_context [req-0ca272bc-b6de-45e7-b6f1-b9f3fe1d597e req-ec77059a-d4b8-4203-ad5e-b55bc1417cae service placement] found 2 providers after filtering by previous result {{(pid=102500) get_provider_ids_matching /opt/stack/placement/placement/objects/research_context.py:580}}
Sep 15 15:50:15.628458 n-d-808199-2 devstack@placement-api.service[102500]: DEBUG placement.objects.research_context [req-0ca272bc-b6de-45e7-b6f1-b9f3fe1d597e req-ec77059a-d4b8-4203-ad5e-b55bc1417cae service placement] found 2 providers with available 1 VCPU {{(pid=102500) get_provider_ids_matching /opt/stack/placement/placement/objects/research_context.py:549}}
Sep 15 15:50:15.628897 n-d-808199-2 devstack@placement-api.service[102500]: DEBUG placement.objects.research_context [req-0ca272bc-b6de-45e7-b6f1-b9f3fe1d597e req-ec77059a-d4b8-4203-ad5e-b55bc1417cae service placement] found 2 providers after filtering by previous result {{(pid=102500) get_provider_ids_matching /opt/stack/placement/placement/objects/research_context.py:580}}
Sep 15 15:50:15.643966 n-d-808199-2 devstack@placement-api.service[102500]: DEBUG placement.objects.allocation_candidate [req-0ca272bc-b6de-45e7-b6f1-b9f3fe1d597e req-ec77059a-d4b8-4203-ad5e-b55bc1417cae service placement] RequestGroup(use_same_provider=False, resources={DISK_GB:1, MEMORY_MB:1024, VCPU:1}, traits=[], aggregates=[]) (suffix '') returned 2 matches {{(pid=102500) _get_by_requests /opt/stack/placement/placement/objects/allocation_candidate.py:145}}
Sep 15 15:50:15.644574 n-d-808199-2 devstack@placement-api.service[102500]: DEBUG placement.objects.allocation_candidate [req-0ca272bc-b6de-45e7-b6f1-b9f3fe1d597e req-ec77059a-d4b8-4203-ad5e-b55bc1417cae service placement] Merging candidates yields 2 allocation requests and 2 provider summaries {{(pid=102500) _merge_candidates /opt/stack/placement/placement/objects/allocation_candidate.py:783}}
Sep 15 15:50:15.646688 n-d-808199-2 devstack@placement-api.service[102500]: INFO placement.requestlog [req-0ca272bc-b6de-45e7-b6f1-b9f3fe1d597e req-ec77059a-d4b8-4203-ad5e-b55bc1417cae service placement] 10.222.0.63 "GET /placement/allocation_candidates?limit=1000&resources=DISK_GB%3A1%2CMEMORY_MB%3A1024%2CVCPU%3A1&root_required=%21COMPUTE_STATUS_DISABLED" status: 200 len: 1309 microversion: 1.36
Sep 15 15:50:15.651175 n-d-808199-2 devstack@placement-api.service[102500]: [pid: 102500|app: 0|req: 229/457] 10.222.0.63 () {60 vars in 1507 bytes} [Wed Sep 15 15:50:15 2021] GET /placement/allocation_candidates?limit=1000&resources=DISK_GB%3A1%2CMEMORY_MB%3A1024%2CVCPU%3A1&root_required=%21COMPUTE_STATUS_DISABLED => generated 1309 bytes in 77 msecs (HTTP/1.1 200) 8 headers in 297 bytes (1 switches on core 0)
Sep 15 15:50:15.718685 n-d-808199-2 devstack@placement-api.service[102501]: DEBUG placement.requestlog [req-0ca272bc-b6de-45e7-b6f1-b9f3fe1d597e req-3101582c-43db-43ca-9838-6289fe615177 None None] Starting request: 10.222.0.63 "GET /placement/allocations/0d858ee5-c6e0-47e7-9bf6-5ae97f6dd2c0" {{(pid=102501) __call__ /opt/stack/placement/placement/requestlog.py:55}}
Sep 15 15:50:15.734769 n-d-808199-2 devstack@placement-api.service[102501]: INFO placement.requestlog [req-0ca272bc-b6de-45e7-b6f1-b9f3fe1d597e req-3101582c-43db-43ca-9838-6289fe615177 service placement] 10.222.0.63 "GET /placement/allocations/0d858ee5-c6e0-47e7-9bf6-5ae97f6dd2c0" status: 200 len: 19 microversion: 1.28
Sep 15 15:50:15.741537 n-d-808199-2 devstack@placement-api.service[102501]: [pid: 102501|app: 0|req: 229/458] 10.222.0.63 () {60 vars in 1381 bytes} [Wed Sep 15 15:50:15 2021] GET /placement/allocations/0d858ee5-c6e0-47e7-9bf6-5ae97f6dd2c0 => generated 19 bytes in 23 msecs (HTTP/1.1 200) 8 headers in 295 bytes (1 switches on core 0)
Sep 15 15:50:15.743647 n-d-808199-2 devstack@placement-api.service[102500]: DEBUG placement.requestlog [req-0ca272bc-b6de-45e7-b6f1-b9f3fe1d597e req-d9b6de4b-5aac-4883-a082-d8ca793d3923 None None] Starting request: 10.222.0.63 "PUT /placement/allocations/0d858ee5-c6e0-47e7-9bf6-5ae97f6dd2c0" {{(pid=102500) __call__ /opt/stack/placement/placement/requestlog.py:55}}
Sep 15 15:50:15.893949 n-d-808199-2 devstack@placement-api.service[102500]: DEBUG placement.handlers.allocation [req-0ca272bc-b6de-45e7-b6f1-b9f3fe1d597e req-d9b6de4b-5aac-4883-a082-d8ca793d3923 service placement] Successfully wrote allocations [, , ] {{(pid=102500) _update_consumers_and_create_allocations /opt/stack/placement/placement/handlers/allocation.py:462}}
Sep 15 15:50:15.995018 n-d-808199-2 devstack@placement-api.service[102500]: INFO placement.requestlog [req-0ca272bc-b6de-45e7-b6f1-b9f3fe1d597e req-d9b6de4b-5aac-4883-a082-d8ca793d3923 service placement] 10.222.0.63 "PUT /placement/allocations/0d858ee5-c6e0-47e7-9bf6-5ae97f6dd2c0" status: 204 len: 0 microversion: 1.36
Sep 15 15:50:15.996736 n-d-808199-2 devstack@placement-api.service[102500]: [pid: 102500|app: 0|req: 230/459] 10.222.0.63 () {64 vars in 1434 bytes} [Wed Sep 15 15:50:15 2021] PUT /placement/allocations/0d858ee5-c6e0-47e7-9bf6-5ae97f6dd2c0 => generated 0 bytes in 255 msecs (HTTP/1.1 204) 5 headers in 199 bytes (2 switches on core 0)
Sep 15 15:50:16.008353 n-d-808199-2 devstack@placement-api.service[102501]: DEBUG placement.requestlog [req-0ca272bc-b6de-45e7-b6f1-b9f3fe1d597e req-5dc81f0a-c252-42e0-92b0-e26a7a933c96 None None] Starting request: 10.222.0.63 "GET /placement/allocations/d7c6cebf-bb78-4b66-87fc-65362ab1ad4e" {{(pid=102501) __call__ /opt/stack/placement/placement/requestlog.py:55}}
Sep 15 15:50:16.021794 n-d-808199-2 devstack@placement-api.service[102501]: INFO placement.requestlog [req-0ca272bc-b6de-45e7-b6f1-b9f3fe1d597e req-5dc81f0a-c252-42e0-92b0-e26a7a933c96 service placement] 10.222.0.63 "GET /placement/allocations/d7c6cebf-bb78-4b66-87fc-65362ab1ad4e" status: 200 len: 19 microversion: 1.28
Sep 15 15:50:16.022699 n-d-808199-2 devstack@placement-api.service[102501]: [pid: 102501|app: 0|req: 230/460] 10.222.0.63 () {60 vars in 1381 bytes} [Wed Sep 15 15:50:16 2021] GET /placement/allocations/d7c6cebf-bb78-4b66-87fc-65362ab1ad4e => generated 19 bytes in 14 msecs (HTTP/1.1 200) 8 headers in 295 bytes (1 switches on core 0)
Sep 15 15:50:16.029038 n-d-808199-2 devstack@placement-api.service[102500]: DEBUG placement.requestlog [req-0ca272bc-b6de-45e7-b6f1-b9f3fe1d597e req-32f78afe-f497-46ae-8a3b-cc662fff5e6f None None] Starting request: 10.222.0.63 "PUT /placement/allocations/d7c6cebf-bb78-4b66-87fc-65362ab1ad4e" {{(pid=102500) __call__ /opt/stack/placement/placement/requestlog.py:55}}
Sep 15 15:50:16.187118 n-d-808199-2 devstack@placement-api.service[102500]: DEBUG placement.handlers.allocation [req-0ca272bc-b6de-45e7-b6f1-b9f3fe1d597e req-32f78afe-f497-46ae-8a3b-cc662fff5e6f service placement] Successfully wrote allocations [, , ] {{(pid=102500) _update_consumers_and_create_allocations /opt/stack/placement/placement/handlers/allocation.py:462}}
Sep 15 15:50:16.278160 n-d-808199-2 devstack@placement-api.service[102500]: INFO placement.requestlog [req-0ca272bc-b6de-45e7-b6f1-b9f3fe1d597e req-32f78afe-f497-46ae-8a3b-cc662fff5e6f service placement] 10.222.0.63 "PUT /placement/allocations/d7c6cebf-bb78-4b66-87fc-65362ab1ad4e" status: 204 len: 0 microversion: 1.36
Sep 15 15:50:16.292396 n-d-808199-2 devstack@placement-api.service[102500]: [pid: 102500|app: 0|req: 231/461] 10.222.0.63 () {64 vars in 1434 bytes} [Wed Sep 15 15:50:16 2021] PUT /placement/allocations/d7c6cebf-bb78-4b66-87fc-65362ab1ad4e => generated 0 bytes in 250 msecs (HTTP/1.1 204) 5 headers in 199 bytes (1 switches on core 0)
Sep 15 15:50:17.083737 n-d-808199-2 devstack@placement-api.service[102501]: DEBUG placement.requestlog [req-180e7c7f-3bc1-4067-903a-9f3259f9a8bb req-115b8ca6-3093-4fcc-a9b6-0ceeda34d2a2 None None] Starting request: 10.222.0.38 "DELETE /placement/allocations/dc66925c-f41b-432f-a78b-df30bac15d3f" {{(pid=102501) __call__ /opt/stack/placement/placement/requestlog.py:55}}
Sep 15 15:50:17.333809 n-d-808199-2 devstack@placement-api.service[102500]: DEBUG placement.requestlog [req-2bf1e100-27e9-4da7-acfe-32740845f561 req-077fbaa3-ab96-4386-9b80-abbf24cd97db None None] Starting request: 10.222.0.63 "GET /placement/allocation_candidates?limit=1000&resources=DISK_GB%3A1%2CMEMORY_MB%3A1024%2CVCPU%3A1&root_required=%21COMPUTE_STATUS_DISABLED" {{(pid=102500) __call__ /opt/stack/placement/placement/requestlog.py:55}}
Sep 15 15:50:17.379260 n-d-808199-2 devstack@placement-api.service[102501]: DEBUG placement.handlers.allocation [req-180e7c7f-3bc1-4067-903a-9f3259f9a8bb req-115b8ca6-3093-4fcc-a9b6-0ceeda34d2a2 service placement] Successfully deleted allocations [, , ] {{(pid=102501) delete_allocations /opt/stack/placement/placement/handlers/allocation.py:627}}
Sep 15 15:50:17.380333 n-d-808199-2 devstack@placement-api.service[102501]: INFO placement.requestlog [req-180e7c7f-3bc1-4067-903a-9f3259f9a8bb req-115b8ca6-3093-4fcc-a9b6-0ceeda34d2a2 service placement] 10.222.0.38 "DELETE /placement/allocations/dc66925c-f41b-432f-a78b-df30bac15d3f" status: 204 len: 0 microversion: 1.0
Sep 15 15:50:17.381074 n-d-808199-2 devstack@placement-api.service[102501]: [pid: 102501|app: 0|req: 231/462] 10.222.0.38 () {60 vars in 1356 bytes} [Wed Sep 15 15:50:17 2021] DELETE /placement/allocations/dc66925c-f41b-432f-a78b-df30bac15d3f => generated 0 bytes in 297 msecs (HTTP/1.1 204) 5 headers in 198 bytes (1 switches on core 0)
Sep 15 15:50:17.407167 n-d-808199-2 devstack@placement-api.service[102500]: DEBUG placement.objects.research_context [req-2bf1e100-27e9-4da7-acfe-32740845f561 req-077fbaa3-ab96-4386-9b80-abbf24cd97db service placement] getting providers with 1 DISK_GB {{(pid=102500) __init__ /opt/stack/placement/placement/objects/research_context.py:126}}
Sep 15 15:50:17.426380 n-d-808199-2 devstack@placement-api.service[102500]: DEBUG placement.objects.research_context [req-2bf1e100-27e9-4da7-acfe-32740845f561 req-077fbaa3-ab96-4386-9b80-abbf24cd97db service placement] getting providers with 1024 MEMORY_MB {{(pid=102500) __init__ /opt/stack/placement/placement/objects/research_context.py:126}}
Sep 15 15:50:17.433440 n-d-808199-2 devstack@placement-api.service[102500]: DEBUG placement.objects.research_context [req-2bf1e100-27e9-4da7-acfe-32740845f561 req-077fbaa3-ab96-4386-9b80-abbf24cd97db service placement] getting providers with 1 VCPU {{(pid=102500) __init__ /opt/stack/placement/placement/objects/research_context.py:126}}
Sep 15 15:50:17.446892 n-d-808199-2 devstack@placement-api.service[102500]: DEBUG placement.objects.research_context [req-2bf1e100-27e9-4da7-acfe-32740845f561 req-077fbaa3-ab96-4386-9b80-abbf24cd97db service placement] found 2 providers with available 1 DISK_GB {{(pid=102500) get_provider_ids_matching /opt/stack/placement/placement/objects/research_context.py:549}}
Sep 15 15:50:17.447435 n-d-808199-2 devstack@placement-api.service[102500]: DEBUG placement.objects.research_context [req-2bf1e100-27e9-4da7-acfe-32740845f561 req-077fbaa3-ab96-4386-9b80-abbf24cd97db service placement] found 2 providers with available 1024 MEMORY_MB {{(pid=102500) get_provider_ids_matching /opt/stack/placement/placement/objects/research_context.py:549}}
Sep 15 15:50:17.450167 n-d-808199-2 devstack@placement-api.service[102500]: DEBUG placement.objects.research_context [req-2bf1e100-27e9-4da7-acfe-32740845f561 req-077fbaa3-ab96-4386-9b80-abbf24cd97db service placement] found 2 providers after filtering by previous result {{(pid=102500) get_provider_ids_matching /opt/stack/placement/placement/objects/research_context.py:580}}
Sep 15 15:50:17.450920 n-d-808199-2 devstack@placement-api.service[102500]: DEBUG placement.objects.research_context [req-2bf1e100-27e9-4da7-acfe-32740845f561 req-077fbaa3-ab96-4386-9b80-abbf24cd97db service placement] found 2 providers with available 1 VCPU {{(pid=102500) get_provider_ids_matching /opt/stack/placement/placement/objects/research_context.py:549}}
Sep 15 15:50:17.451381 n-d-808199-2 devstack@placement-api.service[102500]: DEBUG placement.objects.research_context [req-2bf1e100-27e9-4da7-acfe-32740845f561 req-077fbaa3-ab96-4386-9b80-abbf24cd97db service placement] found 2 providers after filtering by previous result {{(pid=102500) get_provider_ids_matching /opt/stack/placement/placement/objects/research_context.py:580}}
Sep 15 15:50:17.498876 n-d-808199-2 devstack@placement-api.service[102500]: DEBUG placement.objects.allocation_candidate [req-2bf1e100-27e9-4da7-acfe-32740845f561 req-077fbaa3-ab96-4386-9b80-abbf24cd97db service placement] RequestGroup(use_same_provider=False, resources={DISK_GB:1, MEMORY_MB:1024, VCPU:1}, traits=[], aggregates=[]) (suffix '') returned 2 matches {{(pid=102500) _get_by_requests /opt/stack/placement/placement/objects/allocation_candidate.py:145}}
Sep 15 15:50:17.502237 n-d-808199-2 devstack@placement-api.service[102500]: DEBUG placement.objects.allocation_candidate [req-2bf1e100-27e9-4da7-acfe-32740845f561 req-077fbaa3-ab96-4386-9b80-abbf24cd97db service placement] Merging candidates yields 2 allocation requests and 2 provider summaries {{(pid=102500) _merge_candidates /opt/stack/placement/placement/objects/allocation_candidate.py:783}}
Sep 15 15:50:17.521074 n-d-808199-2 devstack@placement-api.service[102500]: INFO placement.requestlog [req-2bf1e100-27e9-4da7-acfe-32740845f561 req-077fbaa3-ab96-4386-9b80-abbf24cd97db service placement] 10.222.0.63 "GET /placement/allocation_candidates?limit=1000&resources=DISK_GB%3A1%2CMEMORY_MB%3A1024%2CVCPU%3A1&root_required=%21COMPUTE_STATUS_DISABLED" status: 200 len: 1309 microversion: 1.36
Sep 15 15:50:17.524764 n-d-808199-2 devstack@placement-api.service[102500]: [pid: 102500|app: 0|req: 232/463] 10.222.0.63 () {60 vars in 1507 bytes} [Wed Sep 15 15:50:17 2021] GET /placement/allocation_candidates?limit=1000&resources=DISK_GB%3A1%2CMEMORY_MB%3A1024%2CVCPU%3A1&root_required=%21COMPUTE_STATUS_DISABLED => generated 1309 bytes in 191 msecs (HTTP/1.1 200) 8 headers in 297 bytes (2 switches on core 0)
Sep 15 15:50:17.614163 n-d-808199-2 devstack@placement-api.service[102501]: DEBUG placement.requestlog [req-2bf1e100-27e9-4da7-acfe-32740845f561 req-89acfe52-2f36-4225-9f90-807111468fd2 None None] Starting request: 10.222.0.63 "GET /placement/allocations/5ead7358-8741-433d-b2db-7fcfcf54452c" {{(pid=102501) __call__ /opt/stack/placement/placement/requestlog.py:55}}
Sep 15 15:50:17.627517 n-d-808199-2 devstack@placement-api.service[102501]: INFO placement.requestlog [req-2bf1e100-27e9-4da7-acfe-32740845f561 req-89acfe52-2f36-4225-9f90-807111468fd2 service placement] 10.222.0.63 "GET /placement/allocations/5ead7358-8741-433d-b2db-7fcfcf54452c" status: 200 len: 19 microversion: 1.28
Sep 15 15:50:17.628067 n-d-808199-2 devstack@placement-api.service[102501]: [pid: 102501|app: 0|req: 232/464] 10.222.0.63 () {60 vars in 1381 bytes} [Wed Sep 15 15:50:17 2021] GET /placement/allocations/5ead7358-8741-433d-b2db-7fcfcf54452c => generated 19 bytes in 14 msecs (HTTP/1.1 200) 8 headers in 295 bytes (1 switches on core 0)
Sep 15 15:50:17.643061 n-d-808199-2 devstack@placement-api.service[102500]: DEBUG placement.requestlog [req-2bf1e100-27e9-4da7-acfe-32740845f561 req-0135d849-58e9-447a-a6c6-495837e8514f None None] Starting request: 10.222.0.63 "PUT /placement/allocations/5ead7358-8741-433d-b2db-7fcfcf54452c" {{(pid=102500) __call__ /opt/stack/placement/placement/requestlog.py:55}}
Sep 15 15:50:17.885575 n-d-808199-2 devstack@placement-api.service[102500]: DEBUG placement.handlers.allocation [req-2bf1e100-27e9-4da7-acfe-32740845f561 req-0135d849-58e9-447a-a6c6-495837e8514f service placement] Successfully wrote allocations [, , ] {{(pid=102500) _update_consumers_and_create_allocations /opt/stack/placement/placement/handlers/allocation.py:462}}
Sep 15 15:50:17.887764 n-d-808199-2 devstack@placement-api.service[102501]: DEBUG placement.requestlog [req-0ca272bc-b6de-45e7-b6f1-b9f3fe1d597e req-fc157920-3eb4-41b0-8a3d-d085c0a65592 None None] Starting request: 10.222.0.38 "GET /placement/allocations/0d858ee5-c6e0-47e7-9bf6-5ae97f6dd2c0" {{(pid=102501) __call__ /opt/stack/placement/placement/requestlog.py:55}}
Sep 15 15:50:17.910507 n-d-808199-2 devstack@placement-api.service[102501]: INFO placement.requestlog [req-0ca272bc-b6de-45e7-b6f1-b9f3fe1d597e req-fc157920-3eb4-41b0-8a3d-d085c0a65592 service placement] 10.222.0.38 "GET /placement/allocations/0d858ee5-c6e0-47e7-9bf6-5ae97f6dd2c0" status: 200 len: 259 microversion: 1.28
Sep 15 15:50:17.911119 n-d-808199-2 devstack@placement-api.service[102501]: [pid: 102501|app: 0|req: 233/465] 10.222.0.38 () {60 vars in 1378 bytes} [Wed Sep 15 15:50:17 2021] GET /placement/allocations/0d858ee5-c6e0-47e7-9bf6-5ae97f6dd2c0 => generated 259 bytes in 24 msecs (HTTP/1.1 200) 8 headers in 296 bytes (2 switches on core 0)
Sep 15 15:50:17.987638 n-d-808199-2 devstack@placement-api.service[102500]: INFO placement.requestlog [req-2bf1e100-27e9-4da7-acfe-32740845f561 req-0135d849-58e9-447a-a6c6-495837e8514f service placement] 10.222.0.63 "PUT /placement/allocations/5ead7358-8741-433d-b2db-7fcfcf54452c" status: 204 len: 0 microversion: 1.36
Sep 15 15:50:17.988706 n-d-808199-2 devstack@placement-api.service[102500]: [pid: 102500|app: 0|req: 233/466] 10.222.0.63 () {64 vars in 1434 bytes} [Wed Sep 15 15:50:17 2021] PUT /placement/allocations/5ead7358-8741-433d-b2db-7fcfcf54452c => generated 0 bytes in 353 msecs (HTTP/1.1 204) 5 headers in 199 bytes (1 switches on core 0)
Sep 15 15:50:18.344099 n-d-808199-2 devstack@placement-api.service[102501]: DEBUG placement.requestlog [req-0ca272bc-b6de-45e7-b6f1-b9f3fe1d597e req-1c849818-53f1-487c-8b8a-bebe309ed38a None None] Starting request: 10.222.0.55 "GET /placement/allocations/d7c6cebf-bb78-4b66-87fc-65362ab1ad4e" {{(pid=102501) __call__ /opt/stack/placement/placement/requestlog.py:55}}
Sep 15 15:50:18.386346 n-d-808199-2 devstack@placement-api.service[102501]: INFO placement.requestlog [req-0ca272bc-b6de-45e7-b6f1-b9f3fe1d597e req-1c849818-53f1-487c-8b8a-bebe309ed38a service placement] 10.222.0.55 "GET /placement/allocations/d7c6cebf-bb78-4b66-87fc-65362ab1ad4e" status: 200 len: 259 microversion: 1.28
Sep 15 15:50:18.389152 n-d-808199-2 devstack@placement-api.service[102501]: [pid: 102501|app: 0|req: 234/467] 10.222.0.55 () {60 vars in 1378 bytes} [Wed Sep 15 15:50:18 2021] GET /placement/allocations/d7c6cebf-bb78-4b66-87fc-65362ab1ad4e => generated 259 bytes in 46 msecs (HTTP/1.1 200) 8 headers in 296 bytes (1 switches on core 0)
Sep 15 15:50:19.215470 n-d-808199-2 devstack@placement-api.service[102500]: DEBUG placement.requestlog [req-2bf1e100-27e9-4da7-acfe-32740845f561 req-66f74ec5-e6af-46bd-b770-87cd91cc2123 None None] Starting request: 10.222.0.38 "GET /placement/allocations/5ead7358-8741-433d-b2db-7fcfcf54452c" {{(pid=102500) __call__ /opt/stack/placement/placement/requestlog.py:55}}
Sep 15 15:50:19.241633 n-d-808199-2 devstack@placement-api.service[102500]: INFO placement.requestlog [req-2bf1e100-27e9-4da7-acfe-32740845f561 req-66f74ec5-e6af-46bd-b770-87cd91cc2123 service placement] 10.222.0.38 "GET /placement/allocations/5ead7358-8741-433d-b2db-7fcfcf54452c" status: 200 len: 259 microversion: 1.28
Sep 15 15:50:19.242687 n-d-808199-2 devstack@placement-api.service[102500]: [pid: 102500|app: 0|req: 234/468] 10.222.0.38 () {60 vars in 1378 bytes} [Wed Sep 15 15:50:19 2021] GET /placement/allocations/5ead7358-8741-433d-b2db-7fcfcf54452c => generated 259 bytes in 27 msecs (HTTP/1.1 200) 8 headers in 296 bytes (1 switches on core 0)
Sep 15 15:50:21.292123 n-d-808199-2 devstack@placement-api.service[102501]: DEBUG placement.requestlog [req-8de42770-b53c-46f4-ac1f-c3fc6b77b02f req-38ae5779-f1d7-4788-b4fc-662bd9243553 None None] Starting request: 10.222.0.38 "GET /placement/resource_providers/bf20a980-3d2c-4eb4-8def-c39dd9622423/allocations" {{(pid=102501) __call__ /opt/stack/placement/placement/requestlog.py:55}}
Sep 15 15:50:21.353804 n-d-808199-2 devstack@placement-api.service[102501]: INFO placement.requestlog [req-8de42770-b53c-46f4-ac1f-c3fc6b77b02f req-38ae5779-f1d7-4788-b4fc-662bd9243553 service placement] 10.222.0.38 "GET /placement/resource_providers/bf20a980-3d2c-4eb4-8def-c39dd9622423/allocations" status: 200 len: 659 microversion: 1.0
Sep 15 15:50:21.354959 n-d-808199-2 devstack@placement-api.service[102501]: [pid: 102501|app: 0|req: 235/469] 10.222.0.38 () {58 vars in 1391 bytes} [Wed Sep 15 15:50:21 2021] GET /placement/resource_providers/bf20a980-3d2c-4eb4-8def-c39dd9622423/allocations => generated 659 bytes in 63 msecs (HTTP/1.1 200) 6 headers in 224 bytes (1 switches on core 0)
Sep 15 15:50:22.069020 n-d-808199-2 devstack@placement-api.service[102500]: DEBUG placement.requestlog [req-8de42770-b53c-46f4-ac1f-c3fc6b77b02f req-891acc4a-2a91-49ec-898e-fbf149f20f04 None None] Starting request: 10.222.0.38 "GET /placement/allocations/2dc0e548-47a1-4352-9722-3da8d0b27134" {{(pid=102500) __call__ /opt/stack/placement/placement/requestlog.py:55}}
Sep 15 15:50:22.092254 n-d-808199-2 devstack@placement-api.service[102500]: INFO placement.requestlog [req-8de42770-b53c-46f4-ac1f-c3fc6b77b02f req-891acc4a-2a91-49ec-898e-fbf149f20f04 service placement] 10.222.0.38 "GET /placement/allocations/2dc0e548-47a1-4352-9722-3da8d0b27134" status: 200 len: 259 microversion: 1.28
Sep 15 15:50:22.092874 n-d-808199-2 devstack@placement-api.service[102500]: [pid: 102500|app: 0|req: 235/470] 10.222.0.38 () {60 vars in 1378 bytes} [Wed Sep 15 15:50:22 2021] GET /placement/allocations/2dc0e548-47a1-4352-9722-3da8d0b27134 => generated 259 bytes in 24 msecs (HTTP/1.1 200) 8 headers in 296 bytes (2 switches on core 0)
Sep 15 15:50:22.102406 n-d-808199-2 devstack@placement-api.service[102501]: DEBUG placement.requestlog [req-8de42770-b53c-46f4-ac1f-c3fc6b77b02f req-89a758ee-f20f-40d8-8d2b-3b0928fc090d None None] Starting request: 10.222.0.38 "PUT /placement/allocations/2dc0e548-47a1-4352-9722-3da8d0b27134" {{(pid=102501) __call__ /opt/stack/placement/placement/requestlog.py:55}}
Sep 15 15:50:22.187938 n-d-808199-2 devstack@placement-api.service[102501]: DEBUG placement.handlers.allocation [req-8de42770-b53c-46f4-ac1f-c3fc6b77b02f req-89a758ee-f20f-40d8-8d2b-3b0928fc090d service placement] Successfully wrote allocations [, , ] {{(pid=102501) _update_consumers_and_create_allocations /opt/stack/placement/placement/handlers/allocation.py:462}}
Sep 15 15:50:22.265163 n-d-808199-2 devstack@placement-api.service[102501]: INFO placement.requestlog [req-8de42770-b53c-46f4-ac1f-c3fc6b77b02f req-89a758ee-f20f-40d8-8d2b-3b0928fc090d service placement] 10.222.0.38 "PUT /placement/allocations/2dc0e548-47a1-4352-9722-3da8d0b27134" status: 204 len: 0 microversion: 1.28
Sep 15 15:50:22.266217 n-d-808199-2 devstack@placement-api.service[102501]: [pid: 102501|app: 0|req: 236/471] 10.222.0.38 () {64 vars in 1431 bytes} [Wed Sep 15 15:50:22 2021] PUT /placement/allocations/2dc0e548-47a1-4352-9722-3da8d0b27134 => generated 0 bytes in 165 msecs (HTTP/1.1 204) 5 headers in 199 bytes (1 switches on core 0)
Sep 15 15:50:26.253274 n-d-808199-2 devstack@placement-api.service[102500]: DEBUG placement.requestlog [req-2cb47cce-b42f-4e1b-a79c-9b3ade5a1684 req-b300b448-2983-419d-a3df-dc26522cfe76 None None] Starting request: 10.222.0.63 "GET /placement/allocation_candidates?limit=1000&resources=DISK_GB%3A1%2CMEMORY_MB%3A1024%2CVCPU%3A1&root_required=%21COMPUTE_STATUS_DISABLED" {{(pid=102500) __call__ /opt/stack/placement/placement/requestlog.py:55}}
Sep 15 15:50:26.351693 n-d-808199-2 devstack@placement-api.service[102500]: DEBUG placement.objects.research_context [req-2cb47cce-b42f-4e1b-a79c-9b3ade5a1684 req-b300b448-2983-419d-a3df-dc26522cfe76 service placement] getting providers with 1 DISK_GB {{(pid=102500) __init__ /opt/stack/placement/placement/objects/research_context.py:126}}
Sep 15 15:50:26.359275 n-d-808199-2 devstack@placement-api.service[102500]: DEBUG placement.objects.research_context [req-2cb47cce-b42f-4e1b-a79c-9b3ade5a1684 req-b300b448-2983-419d-a3df-dc26522cfe76 service placement] getting providers with 1024 MEMORY_MB {{(pid=102500) __init__ /opt/stack/placement/placement/objects/research_context.py:126}}
Sep 15 15:50:26.366186 n-d-808199-2 devstack@placement-api.service[102500]: DEBUG placement.objects.research_context [req-2cb47cce-b42f-4e1b-a79c-9b3ade5a1684 req-b300b448-2983-419d-a3df-dc26522cfe76 service placement] getting providers with 1 VCPU {{(pid=102500) __init__ /opt/stack/placement/placement/objects/research_context.py:126}}
Sep 15 15:50:26.376293 n-d-808199-2 devstack@placement-api.service[102500]: DEBUG placement.objects.research_context [req-2cb47cce-b42f-4e1b-a79c-9b3ade5a1684 req-b300b448-2983-419d-a3df-dc26522cfe76 service placement] found 2 providers with available 1 DISK_GB {{(pid=102500) get_provider_ids_matching /opt/stack/placement/placement/objects/research_context.py:549}}
Sep 15 15:50:26.376587 n-d-808199-2 devstack@placement-api.service[102500]: DEBUG placement.objects.research_context [req-2cb47cce-b42f-4e1b-a79c-9b3ade5a1684 req-b300b448-2983-419d-a3df-dc26522cfe76 service placement] found 2 providers with available 1024 MEMORY_MB {{(pid=102500) get_provider_ids_matching /opt/stack/placement/placement/objects/research_context.py:549}}
Sep 15 15:50:26.376849 n-d-808199-2 devstack@placement-api.service[102500]: DEBUG placement.objects.research_context [req-2cb47cce-b42f-4e1b-a79c-9b3ade5a1684 req-b300b448-2983-419d-a3df-dc26522cfe76 service placement] found 2 providers after filtering by previous result {{(pid=102500) get_provider_ids_matching /opt/stack/placement/placement/objects/research_context.py:580}}
Sep 15 15:50:26.377106 n-d-808199-2 devstack@placement-api.service[102500]: DEBUG placement.objects.research_context [req-2cb47cce-b42f-4e1b-a79c-9b3ade5a1684 req-b300b448-2983-419d-a3df-dc26522cfe76 service placement] found 2 providers with available 1 VCPU {{(pid=102500) get_provider_ids_matching /opt/stack/placement/placement/objects/research_context.py:549}}
Sep 15 15:50:26.377366 n-d-808199-2 devstack@placement-api.service[102500]: DEBUG placement.objects.research_context [req-2cb47cce-b42f-4e1b-a79c-9b3ade5a1684 req-b300b448-2983-419d-a3df-dc26522cfe76 service placement] found 2 providers after filtering by previous result {{(pid=102500) get_provider_ids_matching /opt/stack/placement/placement/objects/research_context.py:580}}
Sep 15 15:50:26.393395 n-d-808199-2 devstack@placement-api.service[102500]: DEBUG placement.objects.allocation_candidate [req-2cb47cce-b42f-4e1b-a79c-9b3ade5a1684 req-b300b448-2983-419d-a3df-dc26522cfe76 service placement] RequestGroup(use_same_provider=False, resources={DISK_GB:1, MEMORY_MB:1024, VCPU:1}, traits=[], aggregates=[]) (suffix '') returned 2 matches {{(pid=102500) _get_by_requests /opt/stack/placement/placement/objects/allocation_candidate.py:145}}
Sep 15 15:50:26.393758 n-d-808199-2 devstack@placement-api.service[102500]: DEBUG placement.objects.allocation_candidate [req-2cb47cce-b42f-4e1b-a79c-9b3ade5a1684 req-b300b448-2983-419d-a3df-dc26522cfe76 service placement] Merging candidates yields 2 allocation requests and 2 provider summaries {{(pid=102500) _merge_candidates /opt/stack/placement/placement/objects/allocation_candidate.py:783}}
Sep 15 15:50:26.395370 n-d-808199-2 devstack@placement-api.service[102500]: INFO placement.requestlog [req-2cb47cce-b42f-4e1b-a79c-9b3ade5a1684 req-b300b448-2983-419d-a3df-dc26522cfe76 service placement] 10.222.0.63 "GET /placement/allocation_candidates?limit=1000&resources=DISK_GB%3A1%2CMEMORY_MB%3A1024%2CVCPU%3A1&root_required=%21COMPUTE_STATUS_DISABLED" status: 200 len: 1309 microversion: 1.36
Sep 15 15:50:26.395975 n-d-808199-2 devstack@placement-api.service[102500]: [pid: 102500|app: 0|req: 236/472] 10.222.0.63 () {60 vars in 1507 bytes} [Wed Sep 15 15:50:26 2021] GET /placement/allocation_candidates?limit=1000&resources=DISK_GB%3A1%2CMEMORY_MB%3A1024%2CVCPU%3A1&root_required=%21COMPUTE_STATUS_DISABLED => generated 1309 bytes in 143 msecs (HTTP/1.1 200) 8 headers in 297 bytes (1 switches on core 0)
Sep 15 15:50:26.490767 n-d-808199-2 devstack@placement-api.service[102501]: DEBUG placement.requestlog [req-2cb47cce-b42f-4e1b-a79c-9b3ade5a1684 req-e468ad7b-7ab6-4da4-addf-ce8d81911128 None None] Starting request: 10.222.0.63 "GET /placement/allocations/064a0273-265d-4113-a5e7-a044b0d8eca4" {{(pid=102501) __call__ /opt/stack/placement/placement/requestlog.py:55}}
Sep 15 15:50:26.513883 n-d-808199-2 devstack@placement-api.service[102501]: INFO placement.requestlog [req-2cb47cce-b42f-4e1b-a79c-9b3ade5a1684 req-e468ad7b-7ab6-4da4-addf-ce8d81911128 service placement] 10.222.0.63 "GET /placement/allocations/064a0273-265d-4113-a5e7-a044b0d8eca4" status: 200 len: 19 microversion: 1.28
Sep 15 15:50:26.523956 n-d-808199-2 devstack@placement-api.service[102501]: [pid: 102501|app: 0|req: 237/473] 10.222.0.63 () {60 vars in 1381 bytes} [Wed Sep 15 15:50:26 2021] GET /placement/allocations/064a0273-265d-4113-a5e7-a044b0d8eca4 => generated 19 bytes in 25 msecs (HTTP/1.1 200) 8 headers in 295 bytes (1 switches on core 0)
Sep 15 15:50:26.524152 n-d-808199-2 devstack@placement-api.service[102500]: DEBUG placement.requestlog [req-2cb47cce-b42f-4e1b-a79c-9b3ade5a1684 req-8c9b2d61-35c1-4a3a-8fe8-27c93ffd7aa9 None None] Starting request: 10.222.0.63 "PUT /placement/allocations/064a0273-265d-4113-a5e7-a044b0d8eca4" {{(pid=102500) __call__ /opt/stack/placement/placement/requestlog.py:55}}
Sep 15 15:50:26.651663 n-d-808199-2 devstack@placement-api.service[102500]: DEBUG placement.handlers.allocation [req-2cb47cce-b42f-4e1b-a79c-9b3ade5a1684 req-8c9b2d61-35c1-4a3a-8fe8-27c93ffd7aa9 service placement] Successfully wrote allocations [, , ] {{(pid=102500) _update_consumers_and_create_allocations /opt/stack/placement/placement/handlers/allocation.py:462}}
Sep 15 15:50:26.742455 n-d-808199-2 devstack@placement-api.service[102500]: INFO placement.requestlog [req-2cb47cce-b42f-4e1b-a79c-9b3ade5a1684 req-8c9b2d61-35c1-4a3a-8fe8-27c93ffd7aa9 service placement] 10.222.0.63 "PUT /placement/allocations/064a0273-265d-4113-a5e7-a044b0d8eca4" status: 204 len: 0 microversion: 1.36
Sep 15 15:50:26.743036 n-d-808199-2 devstack@placement-api.service[102500]: [pid: 102500|app: 0|req: 237/474] 10.222.0.63 () {64 vars in 1434 bytes} [Wed Sep 15 15:50:26 2021] PUT /placement/allocations/064a0273-265d-4113-a5e7-a044b0d8eca4 => generated 0 bytes in 220 msecs (HTTP/1.1 204) 5 headers in 199 bytes (1 switches on core 0)
Sep 15 15:50:28.021280 n-d-808199-2 devstack@placement-api.service[102501]: DEBUG placement.requestlog [req-2cb47cce-b42f-4e1b-a79c-9b3ade5a1684 req-2cb8cfde-458a-4555-9a11-6d7937b1b52b None None] Starting request: 10.222.0.38 "GET /placement/allocations/064a0273-265d-4113-a5e7-a044b0d8eca4" {{(pid=102501) __call__ /opt/stack/placement/placement/requestlog.py:55}}
Sep 15 15:50:28.043367 n-d-808199-2 devstack@placement-api.service[102501]: INFO placement.requestlog [req-2cb47cce-b42f-4e1b-a79c-9b3ade5a1684 req-2cb8cfde-458a-4555-9a11-6d7937b1b52b service placement] 10.222.0.38 "GET /placement/allocations/064a0273-265d-4113-a5e7-a044b0d8eca4" status: 200 len: 259 microversion: 1.28
Sep 15 15:50:28.050775 n-d-808199-2 devstack@placement-api.service[102501]: [pid: 102501|app: 0|req: 238/475] 10.222.0.38 () {60 vars in 1378 bytes} [Wed Sep 15 15:50:28 2021] GET /placement/allocations/064a0273-265d-4113-a5e7-a044b0d8eca4 => generated 259 bytes in 23 msecs (HTTP/1.1 200) 8 headers in 296 bytes (1 switches on core 0)
Sep 15 15:50:29.579435 n-d-808199-2 devstack@placement-api.service[102500]: DEBUG placement.requestlog [req-1d6a49d9-0a21-45e5-bc93-0a272004a8c3 req-9504f5bf-1aef-447b-a5ca-0b89f318ba6b None None] Starting request: 10.222.0.55 "GET /placement/allocations/1e9db6b8-788d-4188-8369-e86e96e178a4" {{(pid=102500) __call__ /opt/stack/placement/placement/requestlog.py:55}}
Sep 15 15:50:29.601951 n-d-808199-2 devstack@placement-api.service[102500]: INFO placement.requestlog [req-1d6a49d9-0a21-45e5-bc93-0a272004a8c3 req-9504f5bf-1aef-447b-a5ca-0b89f318ba6b service placement] 10.222.0.55 "GET /placement/allocations/1e9db6b8-788d-4188-8369-e86e96e178a4" status: 200 len: 259 microversion: 1.28
Sep 15 15:50:29.602374 n-d-808199-2 devstack@placement-api.service[102500]: [pid: 102500|app: 0|req: 238/476] 10.222.0.55 () {60 vars in 1378 bytes} [Wed Sep 15 15:50:29 2021] GET /placement/allocations/1e9db6b8-788d-4188-8369-e86e96e178a4 => generated 259 bytes in 24 msecs (HTTP/1.1 200) 8 headers in 296 bytes (2 switches on core 0)
Sep 15 15:50:34.673731 n-d-808199-2 devstack@placement-api.service[102501]: DEBUG placement.requestlog [req-4fc5e63c-fbec-4b1c-9324-bced916504b0 req-2a06e660-5f81-4a69-bd7d-91b1a22fbca7 None None] Starting request: 10.222.0.38 "GET /placement/resource_providers/bf20a980-3d2c-4eb4-8def-c39dd9622423/allocations" {{(pid=102501) __call__ /opt/stack/placement/placement/requestlog.py:55}}
Sep 15 15:50:34.695997 n-d-808199-2 devstack@placement-api.service[102501]: INFO placement.requestlog [req-4fc5e63c-fbec-4b1c-9324-bced916504b0 req-2a06e660-5f81-4a69-bd7d-91b1a22fbca7 service placement] 10.222.0.38 "GET /placement/resource_providers/bf20a980-3d2c-4eb4-8def-c39dd9622423/allocations" status: 200 len: 659 microversion: 1.0
Sep 15 15:50:34.696852 n-d-808199-2 devstack@placement-api.service[102501]: [pid: 102501|app: 0|req: 239/477] 10.222.0.38 () {58 vars in 1391 bytes} [Wed Sep 15 15:50:34 2021] GET /placement/resource_providers/bf20a980-3d2c-4eb4-8def-c39dd9622423/allocations => generated 659 bytes in 23 msecs (HTTP/1.1 200) 6 headers in 224 bytes (1 switches on core 0)
Sep 15 15:50:39.263374 n-d-808199-2 devstack@placement-api.service[102500]: DEBUG placement.requestlog [req-5b97f022-a1c1-43ba-860e-0287d6b4bbda req-b663523e-32a5-4b0d-9cd1-6913f8383e5b None None] Starting request: 10.222.0.38 "DELETE /placement/allocations/c8d527c4-6bdd-44a3-ba8d-6bb7fd697411" {{(pid=102500) __call__ /opt/stack/placement/placement/requestlog.py:55}}
Sep 15 15:50:39.484835 n-d-808199-2 devstack@placement-api.service[102500]: DEBUG placement.handlers.allocation [req-5b97f022-a1c1-43ba-860e-0287d6b4bbda req-b663523e-32a5-4b0d-9cd1-6913f8383e5b service placement] Successfully deleted allocations [, , ] {{(pid=102500) delete_allocations /opt/stack/placement/placement/handlers/allocation.py:627}}
Sep 15 15:50:39.485471 n-d-808199-2 devstack@placement-api.service[102500]: INFO placement.requestlog [req-5b97f022-a1c1-43ba-860e-0287d6b4bbda req-b663523e-32a5-4b0d-9cd1-6913f8383e5b service placement] 10.222.0.38 "DELETE /placement/allocations/c8d527c4-6bdd-44a3-ba8d-6bb7fd697411" status: 204 len: 0 microversion: 1.0
Sep 15 15:50:39.485851 n-d-808199-2 devstack@placement-api.service[102500]: [pid: 102500|app: 0|req: 239/478] 10.222.0.38 () {60 vars in 1356 bytes} [Wed Sep 15 15:50:39 2021] DELETE /placement/allocations/c8d527c4-6bdd-44a3-ba8d-6bb7fd697411 => generated 0 bytes in 223 msecs (HTTP/1.1 204) 5 headers in 198 bytes (1 switches on core 0)
Sep 15 15:50:41.469209 n-d-808199-2 devstack@placement-api.service[102501]: DEBUG placement.requestlog [req-8d3b8151-4cd0-4e8c-9e7e-f5226e8e8168 req-8a2d9bb5-795e-4e06-97cc-a4720aaa857f None None] Starting request: 10.222.0.55 "GET /placement/resource_providers/0a51d131-3bb3-417a-8d24-3ffa0d8359ca/allocations" {{(pid=102501) __call__ /opt/stack/placement/placement/requestlog.py:55}}
Sep 15 15:50:41.498102 n-d-808199-2 devstack@placement-api.service[102501]: INFO placement.requestlog [req-8d3b8151-4cd0-4e8c-9e7e-f5226e8e8168 req-8a2d9bb5-795e-4e06-97cc-a4720aaa857f service placement] 10.222.0.55 "GET /placement/resource_providers/0a51d131-3bb3-417a-8d24-3ffa0d8359ca/allocations" status: 200 len: 846 microversion: 1.0
Sep 15 15:50:41.499768 n-d-808199-2 devstack@placement-api.service[102501]: [pid: 102501|app: 0|req: 240/479] 10.222.0.55 () {58 vars in 1391 bytes} [Wed Sep 15 15:50:41 2021] GET /placement/resource_providers/0a51d131-3bb3-417a-8d24-3ffa0d8359ca/allocations => generated 846 bytes in 30 msecs (HTTP/1.1 200) 6 headers in 224 bytes (2 switches on core 0)
Sep 15 15:50:41.676107 n-d-808199-2 devstack@placement-api.service[102500]: DEBUG placement.requestlog [req-59609a22-69b3-49aa-88bd-cc90c9f31f58 req-75e1e512-47b0-427f-9dd9-bd51b6f86154 None None] Starting request: 10.222.0.38 "DELETE /placement/allocations/0d858ee5-c6e0-47e7-9bf6-5ae97f6dd2c0" {{(pid=102500) __call__ /opt/stack/placement/placement/requestlog.py:55}}
Sep 15 15:50:42.000948 n-d-808199-2 devstack@placement-api.service[102500]: DEBUG placement.handlers.allocation [req-59609a22-69b3-49aa-88bd-cc90c9f31f58 req-75e1e512-47b0-427f-9dd9-bd51b6f86154 service placement] Successfully deleted allocations [, , ] {{(pid=102500) delete_allocations /opt/stack/placement/placement/handlers/allocation.py:627}}
Sep 15 15:50:42.001573 n-d-808199-2 devstack@placement-api.service[102500]: INFO placement.requestlog [req-59609a22-69b3-49aa-88bd-cc90c9f31f58 req-75e1e512-47b0-427f-9dd9-bd51b6f86154 service placement] 10.222.0.38 "DELETE /placement/allocations/0d858ee5-c6e0-47e7-9bf6-5ae97f6dd2c0" status: 204 len: 0 microversion: 1.0
Sep 15 15:50:42.002427 n-d-808199-2 devstack@placement-api.service[102500]: [pid: 102500|app: 0|req: 240/480] 10.222.0.38 () {60 vars in 1356 bytes} [Wed Sep 15 15:50:41 2021] DELETE /placement/allocations/0d858ee5-c6e0-47e7-9bf6-5ae97f6dd2c0 => generated 0 bytes in 326 msecs (HTTP/1.1 204) 5 headers in 198 bytes (1 switches on core 0)
Sep 15 15:50:43.018711 n-d-808199-2 devstack@placement-api.service[102501]: DEBUG placement.requestlog [req-f61bde41-4b58-4365-ba3e-e8c36368892b req-c8eccfc8-459c-4d7d-89b7-ded7827ac33c None None] Starting request: 10.222.0.55 "DELETE /placement/allocations/d7c6cebf-bb78-4b66-87fc-65362ab1ad4e" {{(pid=102501) __call__ /opt/stack/placement/placement/requestlog.py:55}}
Sep 15 15:50:43.181218 n-d-808199-2 devstack@placement-api.service[102501]: DEBUG placement.handlers.allocation [req-f61bde41-4b58-4365-ba3e-e8c36368892b req-c8eccfc8-459c-4d7d-89b7-ded7827ac33c service placement] Successfully deleted allocations [, , ] {{(pid=102501) delete_allocations /opt/stack/placement/placement/handlers/allocation.py:627}}
Sep 15 15:50:43.182843 n-d-808199-2 devstack@placement-api.service[102501]: INFO placement.requestlog [req-f61bde41-4b58-4365-ba3e-e8c36368892b req-c8eccfc8-459c-4d7d-89b7-ded7827ac33c service placement] 10.222.0.55 "DELETE /placement/allocations/d7c6cebf-bb78-4b66-87fc-65362ab1ad4e" status: 204 len: 0 microversion: 1.0
Sep 15 15:50:43.183781 n-d-808199-2 devstack@placement-api.service[102501]: [pid: 102501|app: 0|req: 241/481] 10.222.0.55 () {60 vars in 1356 bytes} [Wed Sep 15 15:50:43 2021] DELETE /placement/allocations/d7c6cebf-bb78-4b66-87fc-65362ab1ad4e => generated 0 bytes in 165 msecs (HTTP/1.1 204) 5 headers in 198 bytes (2 switches on core 0)
Sep 15 15:50:44.565581 n-d-808199-2 devstack@placement-api.service[102500]: DEBUG placement.requestlog [req-fc86ad6e-d2f4-4c65-a36e-fd191186bfbe req-9f21e61b-9389-4688-a9d1-4a895a650f38 None None] Starting request: 10.222.0.38 "DELETE /placement/allocations/edb4ef4a-cf2d-4cd4-b1ec-ec125f402c84" {{(pid=102500) __call__ /opt/stack/placement/placement/requestlog.py:55}}
Sep 15 15:50:44.714094 n-d-808199-2 devstack@placement-api.service[102500]: DEBUG placement.handlers.allocation [req-fc86ad6e-d2f4-4c65-a36e-fd191186bfbe req-9f21e61b-9389-4688-a9d1-4a895a650f38 service placement] Successfully deleted allocations [, , ] {{(pid=102500) delete_allocations /opt/stack/placement/placement/handlers/allocation.py:627}}
Sep 15 15:50:44.715026 n-d-808199-2 devstack@placement-api.service[102500]: INFO placement.requestlog [req-fc86ad6e-d2f4-4c65-a36e-fd191186bfbe req-9f21e61b-9389-4688-a9d1-4a895a650f38 service placement] 10.222.0.38 "DELETE /placement/allocations/edb4ef4a-cf2d-4cd4-b1ec-ec125f402c84" status: 204 len: 0 microversion: 1.0
Sep 15 15:50:44.715731 n-d-808199-2 devstack@placement-api.service[102500]: [pid: 102500|app: 0|req: 241/482] 10.222.0.38 () {60 vars in 1356 bytes} [Wed Sep 15 15:50:44 2021] DELETE /placement/allocations/edb4ef4a-cf2d-4cd4-b1ec-ec125f402c84 => generated 0 bytes in 150 msecs (HTTP/1.1 204) 5 headers in 198 bytes (1 switches on core 0)
Sep 15 15:50:47.297983 n-d-808199-2 devstack@placement-api.service[102501]: DEBUG placement.requestlog [None req-b471de6b-87a5-411b-adc9-3d66aeefeedd None None] Starting request: 10.222.0.63 "GET /placement/" {{(pid=102501) __call__ /opt/stack/placement/placement/requestlog.py:55}}
Sep 15 15:50:47.299108 n-d-808199-2 devstack@placement-api.service[102501]: INFO placement.requestlog [None req-b471de6b-87a5-411b-adc9-3d66aeefeedd None None] 10.222.0.63 "GET /placement/" status: 200 len: 136 microversion: 1.0
Sep 15 15:50:47.299257 n-d-808199-2 devstack@placement-api.service[102501]: [pid: 102501|app: 0|req: 242/483] 10.222.0.63 () {54 vars in 916 bytes} [Wed Sep 15 15:50:47 2021] GET /placement => generated 136 bytes in 1 msecs (HTTP/1.1 200) 6 headers in 224 bytes (1 switches on core 0)
Sep 15 15:50:47.308983 n-d-808199-2 devstack@placement-api.service[102500]: DEBUG placement.requestlog [req-daa9f7bb-5101-42bc-a4d3-591eb0f216fc req-9e1662a8-8000-472f-aa0c-c5f60c710744 None None] Starting request: 10.222.0.63 "GET /placement/allocations/064a0273-265d-4113-a5e7-a044b0d8eca4" {{(pid=102500) __call__ /opt/stack/placement/placement/requestlog.py:55}}
Sep 15 15:50:47.579871 n-d-808199-2 devstack@placement-api.service[102500]: INFO placement.requestlog [req-daa9f7bb-5101-42bc-a4d3-591eb0f216fc req-9e1662a8-8000-472f-aa0c-c5f60c710744 service placement] 10.222.0.63 "GET /placement/allocations/064a0273-265d-4113-a5e7-a044b0d8eca4" status: 200 len: 259 microversion: 1.28
Sep 15 15:50:47.580143 n-d-808199-2 devstack@placement-api.service[102500]: [pid: 102500|app: 0|req: 242/484] 10.222.0.63 () {60 vars in 1381 bytes} [Wed Sep 15 15:50:47 2021] GET /placement/allocations/064a0273-265d-4113-a5e7-a044b0d8eca4 => generated 259 bytes in 271 msecs (HTTP/1.1 200) 8 headers in 296 bytes (1 switches on core 0)
Sep 15 15:50:47.587458 n-d-808199-2 devstack@placement-api.service[102501]: DEBUG placement.requestlog [req-daa9f7bb-5101-42bc-a4d3-591eb0f216fc req-32fff3d3-9c35-45ac-9d27-b7e590726971 None None] Starting request: 10.222.0.63 "GET /placement/allocations/064a0273-265d-4113-a5e7-a044b0d8eca4" {{(pid=102501) __call__ /opt/stack/placement/placement/requestlog.py:55}}
Sep 15 15:50:47.607016 n-d-808199-2 devstack@placement-api.service[102501]: INFO placement.requestlog [req-daa9f7bb-5101-42bc-a4d3-591eb0f216fc req-32fff3d3-9c35-45ac-9d27-b7e590726971 service placement] 10.222.0.63 "GET /placement/allocations/064a0273-265d-4113-a5e7-a044b0d8eca4" status: 200 len: 259 microversion: 1.28
Sep 15 15:50:47.607574 n-d-808199-2 devstack@placement-api.service[102501]: [pid: 102501|app: 0|req: 243/485] 10.222.0.63 () {60 vars in 1381 bytes} [Wed Sep 15 15:50:47 2021] GET /placement/allocations/064a0273-265d-4113-a5e7-a044b0d8eca4 => generated 259 bytes in 20 msecs (HTTP/1.1 200) 8 headers in 296 bytes (1 switches on core 0)
Sep 15 15:50:47.613728 n-d-808199-2 devstack@placement-api.service[102500]: DEBUG placement.requestlog [req-daa9f7bb-5101-42bc-a4d3-591eb0f216fc req-6d4b240a-5ca4-4454-b114-e77cf4ecfd4f None None] Starting request: 10.222.0.63 "GET /placement/allocations/11aff914-4752-4333-b3bf-779689404bb6" {{(pid=102500) __call__ /opt/stack/placement/placement/requestlog.py:55}}
Sep 15 15:50:47.633570 n-d-808199-2 devstack@placement-api.service[102500]: INFO placement.requestlog [req-daa9f7bb-5101-42bc-a4d3-591eb0f216fc req-6d4b240a-5ca4-4454-b114-e77cf4ecfd4f service placement] 10.222.0.63 "GET /placement/allocations/11aff914-4752-4333-b3bf-779689404bb6" status: 200 len: 19 microversion: 1.28
Sep 15 15:50:47.633994 n-d-808199-2 devstack@placement-api.service[102500]: [pid: 102500|app: 0|req: 243/486] 10.222.0.63 () {60 vars in 1381 bytes} [Wed Sep 15 15:50:47 2021] GET /placement/allocations/11aff914-4752-4333-b3bf-779689404bb6 => generated 19 bytes in 21 msecs (HTTP/1.1 200) 8 headers in 295 bytes (2 switches on core 0)
Sep 15 15:50:47.641546 n-d-808199-2 devstack@placement-api.service[102501]: DEBUG placement.requestlog [req-daa9f7bb-5101-42bc-a4d3-591eb0f216fc req-c278cdcf-541d-427e-93df-d330df0cfe1b None None] Starting request: 10.222.0.63 "POST /placement/allocations" {{(pid=102501) __call__ /opt/stack/placement/placement/requestlog.py:55}}
