Feb 05 07:16:43.868031 n-d-808199-16 devstack@placement-api.service[103834]: DEBUG placement.objects.research_context [req-9e4c073b-7889-49a8-b89d-a7819f83262f req-1336b622-ef15-489b-bede-3ca5353c921f service placement] found 2 providers after filtering by previous result {{(pid=103834) get_provider_ids_matching /opt/stack/placement/placement/objects/research_context.py:580}}
Feb 05 07:16:43.868440 n-d-808199-16 devstack@placement-api.service[103834]: DEBUG placement.objects.research_context [req-9e4c073b-7889-49a8-b89d-a7819f83262f req-1336b622-ef15-489b-bede-3ca5353c921f service placement] found 2 providers with available 1 VCPU {{(pid=103834) get_provider_ids_matching /opt/stack/placement/placement/objects/research_context.py:549}}
Feb 05 07:16:43.868874 n-d-808199-16 devstack@placement-api.service[103834]: DEBUG placement.objects.research_context [req-9e4c073b-7889-49a8-b89d-a7819f83262f req-1336b622-ef15-489b-bede-3ca5353c921f service placement] found 2 providers after filtering by previous result {{(pid=103834) get_provider_ids_matching /opt/stack/placement/placement/objects/research_context.py:580}}
Feb 05 07:16:43.888159 n-d-808199-16 devstack@placement-api.service[103834]: DEBUG placement.objects.allocation_candidate [req-9e4c073b-7889-49a8-b89d-a7819f83262f req-1336b622-ef15-489b-bede-3ca5353c921f service placement] RequestGroup(use_same_provider=False, resources={DISK_GB:1, MEMORY_MB:1024, VCPU:1}, traits=[], aggregates=[]) (suffix '') returned 2 matches {{(pid=103834) _get_by_requests /opt/stack/placement/placement/objects/allocation_candidate.py:145}}
Feb 05 07:16:43.888597 n-d-808199-16 devstack@placement-api.service[103834]: DEBUG placement.objects.allocation_candidate [req-9e4c073b-7889-49a8-b89d-a7819f83262f req-1336b622-ef15-489b-bede-3ca5353c921f service placement] Merging candidates yields 2 allocation requests and 2 provider summaries {{(pid=103834) _merge_candidates /opt/stack/placement/placement/objects/allocation_candidate.py:783}}
Feb 05 07:16:43.890793 n-d-808199-16 devstack@placement-api.service[103834]: INFO placement.requestlog [req-9e4c073b-7889-49a8-b89d-a7819f83262f req-1336b622-ef15-489b-bede-3ca5353c921f service placement] 10.222.0.26 "GET /placement/allocation_candidates?resources=DISK_GB%3A1%2CMEMORY_MB%3A1024%2CVCPU%3A1&root_required=%21COMPUTE_STATUS_DISABLED" status: 200 len: 1309 microversion: 1.36
Feb 05 07:16:43.895563 n-d-808199-16 devstack@placement-api.service[103834]: [pid: 103834|app: 0|req: 205/408] 10.222.0.26 () {60 vars in 1484 bytes} [Sat Feb 5 07:16:43 2022] GET /placement/allocation_candidates?resources=DISK_GB%3A1%2CMEMORY_MB%3A1024%2CVCPU%3A1&root_required=%21COMPUTE_STATUS_DISABLED => generated 1309 bytes in 82 msecs (HTTP/1.1 200) 8 headers in 297 bytes (2 switches on core 0)
Feb 05 07:16:43.995691 n-d-808199-16 devstack@placement-api.service[103833]: DEBUG placement.requestlog [req-9e4c073b-7889-49a8-b89d-a7819f83262f req-06373a07-c978-4e6e-8dc3-ad159a049d56 None None] Starting request: 10.222.0.26 "GET /placement/allocations/3c17b770-5974-439e-b5a9-1eeacf35fcc1" {{(pid=103833) __call__ /opt/stack/placement/placement/requestlog.py:55}}
Feb 05 07:16:44.010993 n-d-808199-16 devstack@placement-api.service[103833]: INFO placement.requestlog [req-9e4c073b-7889-49a8-b89d-a7819f83262f req-06373a07-c978-4e6e-8dc3-ad159a049d56 service placement] 10.222.0.26 "GET /placement/allocations/3c17b770-5974-439e-b5a9-1eeacf35fcc1" status: 200 len: 19 microversion: 1.28
Feb 05 07:16:44.011876 n-d-808199-16 devstack@placement-api.service[103833]: [pid: 103833|app: 0|req: 204/409] 10.222.0.26 () {60 vars in 1380 bytes} [Sat Feb 5 07:16:43 2022] GET /placement/allocations/3c17b770-5974-439e-b5a9-1eeacf35fcc1 => generated 19 bytes in 16 msecs (HTTP/1.1 200) 8 headers in 295 bytes (1 switches on core 0)
Feb 05 07:16:44.018977 n-d-808199-16 devstack@placement-api.service[103834]: DEBUG placement.requestlog [req-9e4c073b-7889-49a8-b89d-a7819f83262f req-802fe84a-408e-4730-aeb0-877d0ca53a6a None None] Starting request: 10.222.0.26 "PUT /placement/allocations/3c17b770-5974-439e-b5a9-1eeacf35fcc1" {{(pid=103834) __call__ /opt/stack/placement/placement/requestlog.py:55}}
Feb 05 07:16:44.125435 n-d-808199-16 devstack@placement-api.service[103834]: DEBUG placement.handlers.allocation [req-9e4c073b-7889-49a8-b89d-a7819f83262f req-802fe84a-408e-4730-aeb0-877d0ca53a6a service placement] Successfully wrote allocations [, , ] {{(pid=103834) _update_consumers_and_create_allocations /opt/stack/placement/placement/handlers/allocation.py:462}}
Feb 05 07:16:44.130924 n-d-808199-16 devstack@placement-api.service[103834]: INFO placement.requestlog [req-9e4c073b-7889-49a8-b89d-a7819f83262f req-802fe84a-408e-4730-aeb0-877d0ca53a6a service placement] 10.222.0.26 "PUT /placement/allocations/3c17b770-5974-439e-b5a9-1eeacf35fcc1" status: 204 len: 0 microversion: 1.36
Feb 05 07:16:44.131626 n-d-808199-16 devstack@placement-api.service[103834]: [pid: 103834|app: 0|req: 206/410] 10.222.0.26 () {64 vars in 1433 bytes} [Sat Feb 5 07:16:44 2022] PUT /placement/allocations/3c17b770-5974-439e-b5a9-1eeacf35fcc1 => generated 0 bytes in 113 msecs (HTTP/1.1 204) 5 headers in 199 bytes (2 switches on core 0)
Feb 05 07:16:44.660552 n-d-808199-16 devstack@placement-api.service[103833]: DEBUG placement.requestlog [req-9e4c073b-7889-49a8-b89d-a7819f83262f req-f42f3398-9dbf-409f-889e-4d705f1bc8d5 None None] Starting request: 10.222.0.31 "GET /placement/allocations/3c17b770-5974-439e-b5a9-1eeacf35fcc1" {{(pid=103833) __call__ /opt/stack/placement/placement/requestlog.py:55}}
Feb 05 07:16:44.690005 n-d-808199-16 devstack@placement-api.service[103833]: INFO placement.requestlog [req-9e4c073b-7889-49a8-b89d-a7819f83262f req-f42f3398-9dbf-409f-889e-4d705f1bc8d5 service placement] 10.222.0.31 "GET /placement/allocations/3c17b770-5974-439e-b5a9-1eeacf35fcc1" status: 200 len: 259 microversion: 1.28
Feb 05 07:16:44.691391 n-d-808199-16 devstack@placement-api.service[103833]: [pid: 103833|app: 0|req: 205/411] 10.222.0.31 () {60 vars in 1377 bytes} [Sat Feb 5 07:16:44 2022] GET /placement/allocations/3c17b770-5974-439e-b5a9-1eeacf35fcc1 => generated 259 bytes in 31 msecs (HTTP/1.1 200) 8 headers in 296 bytes (1 switches on core 0)
Feb 05 07:16:46.804558 n-d-808199-16 devstack@placement-api.service[103834]: DEBUG placement.requestlog [req-9de5b8eb-a72b-4f46-a10a-87fa6a0e6de9 req-78ae5f4c-a813-4001-9931-99922de29e25 None None] Starting request: 10.222.0.31 "GET /placement/resource_providers/5256800c-0526-4403-b86f-b895ec7f45ce/allocations" {{(pid=103834) __call__ /opt/stack/placement/placement/requestlog.py:55}}
Feb 05 07:16:46.850294 n-d-808199-16 devstack@placement-api.service[103834]: INFO placement.requestlog [req-9de5b8eb-a72b-4f46-a10a-87fa6a0e6de9 req-78ae5f4c-a813-4001-9931-99922de29e25 service placement] 10.222.0.31 "GET /placement/resource_providers/5256800c-0526-4403-b86f-b895ec7f45ce/allocations" status: 200 len: 644 microversion: 1.0
Feb 05 07:16:46.850849 n-d-808199-16 devstack@placement-api.service[103834]: [pid: 103834|app: 0|req: 207/412] 10.222.0.31 () {58 vars in 1390 bytes} [Sat Feb 5 07:16:46 2022] GET /placement/resource_providers/5256800c-0526-4403-b86f-b895ec7f45ce/allocations => generated 644 bytes in 47 msecs (HTTP/1.1 200) 6 headers in 224 bytes (1 switches on core 0)
Feb 05 07:16:47.170308 n-d-808199-16 devstack@placement-api.service[103833]: DEBUG placement.requestlog [req-9de5b8eb-a72b-4f46-a10a-87fa6a0e6de9 req-eb525f29-0787-4416-bc62-930c4d6432ec None None] Starting request: 10.222.0.31 "GET /placement/allocations/79082564-d7ce-4d42-b149-8ed429bec5d2" {{(pid=103833) __call__ /opt/stack/placement/placement/requestlog.py:55}}
Feb 05 07:16:47.187108 n-d-808199-16 devstack@placement-api.service[103833]: INFO placement.requestlog [req-9de5b8eb-a72b-4f46-a10a-87fa6a0e6de9 req-eb525f29-0787-4416-bc62-930c4d6432ec service placement] 10.222.0.31 "GET /placement/allocations/79082564-d7ce-4d42-b149-8ed429bec5d2" status: 200 len: 245 microversion: 1.28
Feb 05 07:16:47.187764 n-d-808199-16 devstack@placement-api.service[103833]: [pid: 103833|app: 0|req: 206/413] 10.222.0.31 () {60 vars in 1377 bytes} [Sat Feb 5 07:16:47 2022] GET /placement/allocations/79082564-d7ce-4d42-b149-8ed429bec5d2 => generated 245 bytes in 18 msecs (HTTP/1.1 200) 8 headers in 296 bytes (2 switches on core 0)
Feb 05 07:16:47.197157 n-d-808199-16 devstack@placement-api.service[103834]: DEBUG placement.requestlog [req-9de5b8eb-a72b-4f46-a10a-87fa6a0e6de9 req-f9396e6f-bff4-4412-b7ea-78ae8a6861ce None None] Starting request: 10.222.0.31 "PUT /placement/allocations/79082564-d7ce-4d42-b149-8ed429bec5d2" {{(pid=103834) __call__ /opt/stack/placement/placement/requestlog.py:55}}
Feb 05 07:16:47.243899 n-d-808199-16 devstack@placement-api.service[103834]: DEBUG placement.handlers.allocation [req-9de5b8eb-a72b-4f46-a10a-87fa6a0e6de9 req-f9396e6f-bff4-4412-b7ea-78ae8a6861ce service placement] Successfully wrote allocations [, ] {{(pid=103834) _update_consumers_and_create_allocations /opt/stack/placement/placement/handlers/allocation.py:462}}
Feb 05 07:16:47.249301 n-d-808199-16 devstack@placement-api.service[103834]: INFO placement.requestlog [req-9de5b8eb-a72b-4f46-a10a-87fa6a0e6de9 req-f9396e6f-bff4-4412-b7ea-78ae8a6861ce service placement] 10.222.0.31 "PUT /placement/allocations/79082564-d7ce-4d42-b149-8ed429bec5d2" status: 204 len: 0 microversion: 1.28
Feb 05 07:16:47.251397 n-d-808199-16 devstack@placement-api.service[103834]: [pid: 103834|app: 0|req: 208/414] 10.222.0.31 () {64 vars in 1430 bytes} [Sat Feb 5 07:16:47 2022] PUT /placement/allocations/79082564-d7ce-4d42-b149-8ed429bec5d2 => generated 0 bytes in 54 msecs (HTTP/1.1 204) 5 headers in 199 bytes (2 switches on core 0)
Feb 05 07:16:55.318726 n-d-808199-16 devstack@placement-api.service[103833]: DEBUG placement.requestlog [req-f50603af-7a32-469e-9fad-726c57b723a8 req-8816eabf-6ce9-41d1-bdc7-86760b7f5876 None None] Starting request: 10.222.0.26 "GET /placement/allocation_candidates?resources=DISK_GB%3A1%2CMEMORY_MB%3A1024%2CVCPU%3A1&root_required=%21COMPUTE_STATUS_DISABLED" {{(pid=103833) __call__ /opt/stack/placement/placement/requestlog.py:55}}
Feb 05 07:16:55.469981 n-d-808199-16 devstack@placement-api.service[103833]: DEBUG placement.objects.research_context [req-f50603af-7a32-469e-9fad-726c57b723a8 req-8816eabf-6ce9-41d1-bdc7-86760b7f5876 service placement] getting providers with 1 DISK_GB {{(pid=103833) __init__ /opt/stack/placement/placement/objects/research_context.py:126}}
Feb 05 07:16:55.491472 n-d-808199-16 devstack@placement-api.service[103833]: DEBUG placement.objects.research_context [req-f50603af-7a32-469e-9fad-726c57b723a8 req-8816eabf-6ce9-41d1-bdc7-86760b7f5876 service placement] getting providers with 1024 MEMORY_MB {{(pid=103833) __init__ /opt/stack/placement/placement/objects/research_context.py:126}}
Feb 05 07:16:55.533390 n-d-808199-16 devstack@placement-api.service[103833]: DEBUG placement.objects.research_context [req-f50603af-7a32-469e-9fad-726c57b723a8 req-8816eabf-6ce9-41d1-bdc7-86760b7f5876 service placement] getting providers with 1 VCPU {{(pid=103833) __init__ /opt/stack/placement/placement/objects/research_context.py:126}}
Feb 05 07:16:55.542422 n-d-808199-16 devstack@placement-api.service[103833]: DEBUG placement.objects.research_context [req-f50603af-7a32-469e-9fad-726c57b723a8 req-8816eabf-6ce9-41d1-bdc7-86760b7f5876 service placement] found 2 providers with available 1 DISK_GB {{(pid=103833) get_provider_ids_matching /opt/stack/placement/placement/objects/research_context.py:549}}
Feb 05 07:16:55.543068 n-d-808199-16 devstack@placement-api.service[103833]: DEBUG placement.objects.research_context [req-f50603af-7a32-469e-9fad-726c57b723a8 req-8816eabf-6ce9-41d1-bdc7-86760b7f5876 service placement] found 2 providers with available 1024 MEMORY_MB {{(pid=103833) get_provider_ids_matching /opt/stack/placement/placement/objects/research_context.py:549}}
Feb 05 07:16:55.543553 n-d-808199-16 devstack@placement-api.service[103833]: DEBUG placement.objects.research_context [req-f50603af-7a32-469e-9fad-726c57b723a8 req-8816eabf-6ce9-41d1-bdc7-86760b7f5876 service placement] found 2 providers after filtering by previous result {{(pid=103833) get_provider_ids_matching /opt/stack/placement/placement/objects/research_context.py:580}}
Feb 05 07:16:55.544025 n-d-808199-16 devstack@placement-api.service[103833]: DEBUG placement.objects.research_context [req-f50603af-7a32-469e-9fad-726c57b723a8 req-8816eabf-6ce9-41d1-bdc7-86760b7f5876 service placement] found 2 providers with available 1 VCPU {{(pid=103833) get_provider_ids_matching /opt/stack/placement/placement/objects/research_context.py:549}}
Feb 05 07:16:55.544590 n-d-808199-16 devstack@placement-api.service[103833]: DEBUG placement.objects.research_context [req-f50603af-7a32-469e-9fad-726c57b723a8 req-8816eabf-6ce9-41d1-bdc7-86760b7f5876 service placement] found 2 providers after filtering by previous result {{(pid=103833) get_provider_ids_matching /opt/stack/placement/placement/objects/research_context.py:580}}
Feb 05 07:16:55.577139 n-d-808199-16 devstack@placement-api.service[103833]: DEBUG placement.objects.allocation_candidate [req-f50603af-7a32-469e-9fad-726c57b723a8 req-8816eabf-6ce9-41d1-bdc7-86760b7f5876 service placement] RequestGroup(use_same_provider=False, resources={DISK_GB:1, MEMORY_MB:1024, VCPU:1}, traits=[], aggregates=[]) (suffix '') returned 2 matches {{(pid=103833) _get_by_requests /opt/stack/placement/placement/objects/allocation_candidate.py:145}}
Feb 05 07:16:55.577634 n-d-808199-16 devstack@placement-api.service[103833]: DEBUG placement.objects.allocation_candidate [req-f50603af-7a32-469e-9fad-726c57b723a8 req-8816eabf-6ce9-41d1-bdc7-86760b7f5876 service placement] Merging candidates yields 2 allocation requests and 2 provider summaries {{(pid=103833) _merge_candidates /opt/stack/placement/placement/objects/allocation_candidate.py:783}}
Feb 05 07:16:55.579925 n-d-808199-16 devstack@placement-api.service[103833]: INFO placement.requestlog [req-f50603af-7a32-469e-9fad-726c57b723a8 req-8816eabf-6ce9-41d1-bdc7-86760b7f5876 service placement] 10.222.0.26 "GET /placement/allocation_candidates?resources=DISK_GB%3A1%2CMEMORY_MB%3A1024%2CVCPU%3A1&root_required=%21COMPUTE_STATUS_DISABLED" status: 200 len: 1309 microversion: 1.36
Feb 05 07:16:55.580632 n-d-808199-16 devstack@placement-api.service[103833]: [pid: 103833|app: 0|req: 207/415] 10.222.0.26 () {60 vars in 1484 bytes} [Sat Feb 5 07:16:55 2022] GET /placement/allocation_candidates?resources=DISK_GB%3A1%2CMEMORY_MB%3A1024%2CVCPU%3A1&root_required=%21COMPUTE_STATUS_DISABLED => generated 1309 bytes in 265 msecs (HTTP/1.1 200) 8 headers in 297 bytes (1 switches on core 0)
Feb 05 07:16:55.739825 n-d-808199-16 devstack@placement-api.service[103834]: DEBUG placement.requestlog [req-3420adf7-bba1-4e97-bbbe-52a83c354c78 req-59728f25-df2f-47f3-8e4f-09a32c37c087 None None] Starting request: 10.222.0.31 "DELETE /placement/allocations/888712ba-e530-4b54-8505-1496efe5262c" {{(pid=103834) __call__ /opt/stack/placement/placement/requestlog.py:55}}
Feb 05 07:16:55.764121 n-d-808199-16 devstack@placement-api.service[103833]: DEBUG placement.requestlog [req-f50603af-7a32-469e-9fad-726c57b723a8 req-5a4d80a3-11c7-40fd-94fc-2b430c7b254a None None] Starting request: 10.222.0.26 "GET /placement/allocations/d3226714-2c57-4fdd-8d3b-205802b8f124" {{(pid=103833) __call__ /opt/stack/placement/placement/requestlog.py:55}}
Feb 05 07:16:55.783481 n-d-808199-16 devstack@placement-api.service[103833]: INFO placement.requestlog [req-f50603af-7a32-469e-9fad-726c57b723a8 req-5a4d80a3-11c7-40fd-94fc-2b430c7b254a service placement] 10.222.0.26 "GET /placement/allocations/d3226714-2c57-4fdd-8d3b-205802b8f124" status: 200 len: 19 microversion: 1.28
Feb 05 07:16:55.787913 n-d-808199-16 devstack@placement-api.service[103833]: [pid: 103833|app: 0|req: 208/416] 10.222.0.26 () {60 vars in 1380 bytes} [Sat Feb 5 07:16:55 2022] GET /placement/allocations/d3226714-2c57-4fdd-8d3b-205802b8f124 => generated 19 bytes in 24 msecs (HTTP/1.1 200) 8 headers in 295 bytes (2 switches on core 0)
Feb 05 07:16:55.797081 n-d-808199-16 devstack@placement-api.service[103833]: DEBUG placement.requestlog [req-f50603af-7a32-469e-9fad-726c57b723a8 req-c0d88361-071b-4ccd-a48d-0fc85f556a82 None None] Starting request: 10.222.0.26 "PUT /placement/allocations/d3226714-2c57-4fdd-8d3b-205802b8f124" {{(pid=103833) __call__ /opt/stack/placement/placement/requestlog.py:55}}
Feb 05 07:16:55.829220 n-d-808199-16 devstack@placement-api.service[103834]: DEBUG placement.handlers.allocation [req-3420adf7-bba1-4e97-bbbe-52a83c354c78 req-59728f25-df2f-47f3-8e4f-09a32c37c087 service placement] Successfully deleted allocations [, , ] {{(pid=103834) delete_allocations /opt/stack/placement/placement/handlers/allocation.py:627}}
Feb 05 07:16:55.829963 n-d-808199-16 devstack@placement-api.service[103834]: INFO placement.requestlog [req-3420adf7-bba1-4e97-bbbe-52a83c354c78 req-59728f25-df2f-47f3-8e4f-09a32c37c087 service placement] 10.222.0.31 "DELETE /placement/allocations/888712ba-e530-4b54-8505-1496efe5262c" status: 204 len: 0 microversion: 1.0
Feb 05 07:16:55.830780 n-d-808199-16 devstack@placement-api.service[103834]: [pid: 103834|app: 0|req: 209/417] 10.222.0.31 () {60 vars in 1355 bytes} [Sat Feb 5 07:16:55 2022] DELETE /placement/allocations/888712ba-e530-4b54-8505-1496efe5262c => generated 0 bytes in 91 msecs (HTTP/1.1 204) 5 headers in 198 bytes (1 switches on core 0)
Feb 05 07:16:55.989378 n-d-808199-16 devstack@placement-api.service[103833]: DEBUG placement.handlers.allocation [req-f50603af-7a32-469e-9fad-726c57b723a8 req-c0d88361-071b-4ccd-a48d-0fc85f556a82 service placement] Successfully wrote allocations [, , ] {{(pid=103833) _update_consumers_and_create_allocations /opt/stack/placement/placement/handlers/allocation.py:462}}
Feb 05 07:16:55.999386 n-d-808199-16 devstack@placement-api.service[103833]: INFO placement.requestlog [req-f50603af-7a32-469e-9fad-726c57b723a8 req-c0d88361-071b-4ccd-a48d-0fc85f556a82 service placement] 10.222.0.26 "PUT /placement/allocations/d3226714-2c57-4fdd-8d3b-205802b8f124" status: 204 len: 0 microversion: 1.36
Feb 05 07:16:56.007039 n-d-808199-16 devstack@placement-api.service[103833]: [pid: 103833|app: 0|req: 209/418] 10.222.0.26 () {64 vars in 1433 bytes} [Sat Feb 5 07:16:55 2022] PUT /placement/allocations/d3226714-2c57-4fdd-8d3b-205802b8f124 => generated 0 bytes in 203 msecs (HTTP/1.1 204) 5 headers in 199 bytes (1 switches on core 0)
Feb 05 07:16:56.635607 n-d-808199-16 devstack@placement-api.service[103834]: DEBUG placement.requestlog [req-f50603af-7a32-469e-9fad-726c57b723a8 req-f8ffbed3-62cf-486f-abd5-5d7891a5b9e8 None None] Starting request: 10.222.0.31 "GET /placement/allocations/d3226714-2c57-4fdd-8d3b-205802b8f124" {{(pid=103834) __call__ /opt/stack/placement/placement/requestlog.py:55}}
Feb 05 07:16:56.655529 n-d-808199-16 devstack@placement-api.service[103834]: INFO placement.requestlog [req-f50603af-7a32-469e-9fad-726c57b723a8 req-f8ffbed3-62cf-486f-abd5-5d7891a5b9e8 service placement] 10.222.0.31 "GET /placement/allocations/d3226714-2c57-4fdd-8d3b-205802b8f124" status: 200 len: 259 microversion: 1.28
Feb 05 07:16:56.656210 n-d-808199-16 devstack@placement-api.service[103834]: [pid: 103834|app: 0|req: 210/419] 10.222.0.31 () {60 vars in 1377 bytes} [Sat Feb 5 07:16:56 2022] GET /placement/allocations/d3226714-2c57-4fdd-8d3b-205802b8f124 => generated 259 bytes in 21 msecs (HTTP/1.1 200) 8 headers in 296 bytes (1 switches on core 0)
Feb 05 07:17:01.111280 n-d-808199-16 devstack@placement-api.service[103833]: DEBUG placement.requestlog [req-1341c604-52e8-4e6d-aca9-1b0650d3c6c1 req-48b1aa3d-b6a9-4e82-bece-b22b0d7ea29b None None] Starting request: 10.222.0.18 "DELETE /placement/allocations/3ce12c75-7456-42d6-b214-7fc244b151d3" {{(pid=103833) __call__ /opt/stack/placement/placement/requestlog.py:55}}
Feb 05 07:17:01.177968 n-d-808199-16 devstack@placement-api.service[103833]: DEBUG placement.handlers.allocation [req-1341c604-52e8-4e6d-aca9-1b0650d3c6c1 req-48b1aa3d-b6a9-4e82-bece-b22b0d7ea29b service placement] Successfully deleted allocations [, , ] {{(pid=103833) delete_allocations /opt/stack/placement/placement/handlers/allocation.py:627}}
Feb 05 07:17:01.178567 n-d-808199-16 devstack@placement-api.service[103833]: INFO placement.requestlog [req-1341c604-52e8-4e6d-aca9-1b0650d3c6c1 req-48b1aa3d-b6a9-4e82-bece-b22b0d7ea29b service placement] 10.222.0.18 "DELETE /placement/allocations/3ce12c75-7456-42d6-b214-7fc244b151d3" status: 204 len: 0 microversion: 1.0
Feb 05 07:17:01.181053 n-d-808199-16 devstack@placement-api.service[103833]: [pid: 103833|app: 0|req: 210/420] 10.222.0.18 () {60 vars in 1355 bytes} [Sat Feb 5 07:17:01 2022] DELETE /placement/allocations/3ce12c75-7456-42d6-b214-7fc244b151d3 => generated 0 bytes in 70 msecs (HTTP/1.1 204) 5 headers in 198 bytes (2 switches on core 0)
Feb 05 07:17:08.491575 n-d-808199-16 devstack@placement-api.service[103834]: DEBUG placement.requestlog [req-65a39857-5c6f-4a0c-86ec-c6afe1102e64 req-d11ee01c-6c54-4546-8a8e-df3663e07158 None None] Starting request: 10.222.0.31 "GET /placement/resource_providers?in_tree=5256800c-0526-4403-b86f-b895ec7f45ce" {{(pid=103834) __call__ /opt/stack/placement/placement/requestlog.py:55}}
Feb 05 07:17:08.806668 n-d-808199-16 devstack@placement-api.service[103833]: DEBUG placement.requestlog [req-c7eb0f5d-fb30-4398-9fd3-3ed3ad41bfca req-bb292988-8300-4d2b-8ef0-f61f99d19953 None None] Starting request: 10.222.0.18 "GET /placement/resource_providers/fa957413-a29a-4ff1-a444-4ddd1cd5986b/allocations" {{(pid=103833) __call__ /opt/stack/placement/placement/requestlog.py:55}}
Feb 05 07:17:08.902810 n-d-808199-16 devstack@placement-api.service[103834]: INFO placement.requestlog [req-65a39857-5c6f-4a0c-86ec-c6afe1102e64 req-d11ee01c-6c54-4546-8a8e-df3663e07158 service placement] 10.222.0.31 "GET /placement/resource_providers?in_tree=5256800c-0526-4403-b86f-b895ec7f45ce" status: 200 len: 864 microversion: 1.14
Feb 05 07:17:08.903177 n-d-808199-16 devstack@placement-api.service[103834]: [pid: 103834|app: 0|req: 211/421] 10.222.0.31 () {60 vars in 1376 bytes} [Sat Feb 5 07:17:08 2022] GET /placement/resource_providers?in_tree=5256800c-0526-4403-b86f-b895ec7f45ce => generated 864 bytes in 412 msecs (HTTP/1.1 200) 6 headers in 225 bytes (2 switches on core 0)
Feb 05 07:17:08.914014 n-d-808199-16 devstack@placement-api.service[103834]: DEBUG placement.requestlog [req-65a39857-5c6f-4a0c-86ec-c6afe1102e64 req-357c87f4-6f39-4720-b530-f73fcda37ccb None None] Starting request: 10.222.0.31 "GET /placement/resource_providers/5256800c-0526-4403-b86f-b895ec7f45ce/inventories" {{(pid=103834) __call__ /opt/stack/placement/placement/requestlog.py:55}}
Feb 05 07:17:08.963728 n-d-808199-16 devstack@placement-api.service[103834]: INFO placement.requestlog [req-65a39857-5c6f-4a0c-86ec-c6afe1102e64 req-357c87f4-6f39-4720-b530-f73fcda37ccb service placement] 10.222.0.31 "GET /placement/resource_providers/5256800c-0526-4403-b86f-b895ec7f45ce/inventories" status: 200 len: 398 microversion: 1.0
Feb 05 07:17:08.965120 n-d-808199-16 devstack@placement-api.service[103834]: [pid: 103834|app: 0|req: 212/422] 10.222.0.31 () {58 vars in 1390 bytes} [Sat Feb 5 07:17:08 2022] GET /placement/resource_providers/5256800c-0526-4403-b86f-b895ec7f45ce/inventories => generated 398 bytes in 51 msecs (HTTP/1.1 200) 6 headers in 224 bytes (1 switches on core 0)
Feb 05 07:17:08.981825 n-d-808199-16 devstack@placement-api.service[103834]: DEBUG placement.requestlog [req-65a39857-5c6f-4a0c-86ec-c6afe1102e64 req-06df9926-b0be-424d-8aa3-278bf49f1dd9 None None] Starting request: 10.222.0.31 "GET /placement/resource_providers/5256800c-0526-4403-b86f-b895ec7f45ce/aggregates" {{(pid=103834) __call__ /opt/stack/placement/placement/requestlog.py:55}}
Feb 05 07:17:09.016730 n-d-808199-16 devstack@placement-api.service[103833]: INFO placement.requestlog [req-c7eb0f5d-fb30-4398-9fd3-3ed3ad41bfca req-bb292988-8300-4d2b-8ef0-f61f99d19953 service placement] 10.222.0.18 "GET /placement/resource_providers/fa957413-a29a-4ff1-a444-4ddd1cd5986b/allocations" status: 200 len: 645 microversion: 1.0
Feb 05 07:17:09.017042 n-d-808199-16 devstack@placement-api.service[103834]: INFO placement.requestlog [req-65a39857-5c6f-4a0c-86ec-c6afe1102e64 req-06df9926-b0be-424d-8aa3-278bf49f1dd9 service placement] 10.222.0.31 "GET /placement/resource_providers/5256800c-0526-4403-b86f-b895ec7f45ce/aggregates" status: 200 len: 54 microversion: 1.19
Feb 05 07:17:09.017434 n-d-808199-16 devstack@placement-api.service[103833]: [pid: 103833|app: 0|req: 211/423] 10.222.0.18 () {58 vars in 1390 bytes} [Sat Feb 5 07:17:08 2022] GET /placement/resource_providers/fa957413-a29a-4ff1-a444-4ddd1cd5986b/allocations => generated 645 bytes in 211 msecs (HTTP/1.1 200) 6 headers in 224 bytes (1 switches on core 0)
Feb 05 07:17:09.017913 n-d-808199-16 devstack@placement-api.service[103834]: [pid: 103834|app: 0|req: 213/424] 10.222.0.31 () {60 vars in 1431 bytes} [Sat Feb 5 07:17:08 2022] GET /placement/resource_providers/5256800c-0526-4403-b86f-b895ec7f45ce/aggregates => generated 54 bytes in 36 msecs (HTTP/1.1 200) 8 headers in 295 bytes (1 switches on core 0)
Feb 05 07:17:09.025366 n-d-808199-16 devstack@placement-api.service[103833]: DEBUG placement.requestlog [req-65a39857-5c6f-4a0c-86ec-c6afe1102e64 req-f840032e-fabc-400a-a04c-1464bd2c4777 None None] Starting request: 10.222.0.31 "GET /placement/resource_providers/5256800c-0526-4403-b86f-b895ec7f45ce/traits" {{(pid=103833) __call__ /opt/stack/placement/placement/requestlog.py:55}}
Feb 05 07:17:09.062206 n-d-808199-16 devstack@placement-api.service[103834]: DEBUG placement.requestlog [req-c7eb0f5d-fb30-4398-9fd3-3ed3ad41bfca req-2ef103ea-04d3-4e58-a6fb-0c6bd08cc130 None None] Starting request: 10.222.0.18 "GET /placement/resource_providers?in_tree=fa957413-a29a-4ff1-a444-4ddd1cd5986b" {{(pid=103834) __call__ /opt/stack/placement/placement/requestlog.py:55}}
Feb 05 07:17:09.091785 n-d-808199-16 devstack@placement-api.service[103833]: INFO placement.requestlog [req-65a39857-5c6f-4a0c-86ec-c6afe1102e64 req-f840032e-fabc-400a-a04c-1464bd2c4777 service placement] 10.222.0.31 "GET /placement/resource_providers/5256800c-0526-4403-b86f-b895ec7f45ce/traits" status: 200 len: 212 microversion: 1.6
Feb 05 07:17:09.092976 n-d-808199-16 devstack@placement-api.service[103834]: INFO placement.requestlog [req-c7eb0f5d-fb30-4398-9fd3-3ed3ad41bfca req-2ef103ea-04d3-4e58-a6fb-0c6bd08cc130 service placement] 10.222.0.18 "GET /placement/resource_providers?in_tree=fa957413-a29a-4ff1-a444-4ddd1cd5986b" status: 200 len: 864 microversion: 1.14
Feb 05 07:17:09.093368 n-d-808199-16 devstack@placement-api.service[103833]: [pid: 103833|app: 0|req: 212/425] 10.222.0.31 () {60 vars in 1418 bytes} [Sat Feb 5 07:17:09 2022] GET /placement/resource_providers/5256800c-0526-4403-b86f-b895ec7f45ce/traits => generated 212 bytes in 68 msecs (HTTP/1.1 200) 6 headers in 224 bytes (1 switches on core 0)
Feb 05 07:17:09.093965 n-d-808199-16 devstack@placement-api.service[103834]: [pid: 103834|app: 0|req: 214/426] 10.222.0.18 () {60 vars in 1376 bytes} [Sat Feb 5 07:17:09 2022] GET /placement/resource_providers?in_tree=fa957413-a29a-4ff1-a444-4ddd1cd5986b => generated 864 bytes in 32 msecs (HTTP/1.1 200) 6 headers in 225 bytes (1 switches on core 0)
Feb 05 07:17:09.102770 n-d-808199-16 devstack@placement-api.service[103833]: DEBUG placement.requestlog [req-c7eb0f5d-fb30-4398-9fd3-3ed3ad41bfca req-64a63005-374c-493e-960c-484673576c99 None None] Starting request: 10.222.0.18 "GET /placement/resource_providers/fa957413-a29a-4ff1-a444-4ddd1cd5986b/inventories" {{(pid=103833) __call__ /opt/stack/placement/placement/requestlog.py:55}}
Feb 05 07:17:09.135330 n-d-808199-16 devstack@placement-api.service[103833]: INFO placement.requestlog [req-c7eb0f5d-fb30-4398-9fd3-3ed3ad41bfca req-64a63005-374c-493e-960c-484673576c99 service placement] 10.222.0.18 "GET /placement/resource_providers/fa957413-a29a-4ff1-a444-4ddd1cd5986b/inventories" status: 200 len: 398 microversion: 1.0
Feb 05 07:17:09.137752 n-d-808199-16 devstack@placement-api.service[103833]: [pid: 103833|app: 0|req: 213/427] 10.222.0.18 () {58 vars in 1390 bytes} [Sat Feb 5 07:17:09 2022] GET /placement/resource_providers/fa957413-a29a-4ff1-a444-4ddd1cd5986b/inventories => generated 398 bytes in 35 msecs (HTTP/1.1 200) 6 headers in 224 bytes (1 switches on core 0)
Feb 05 07:17:09.145168 n-d-808199-16 devstack@placement-api.service[103834]: DEBUG placement.requestlog [req-c7eb0f5d-fb30-4398-9fd3-3ed3ad41bfca req-f4d2dd54-e52f-45af-8eb3-ffb8f0765758 None None] Starting request: 10.222.0.18 "GET /placement/resource_providers/fa957413-a29a-4ff1-a444-4ddd1cd5986b/aggregates" {{(pid=103834) __call__ /opt/stack/placement/placement/requestlog.py:55}}
Feb 05 07:17:09.172746 n-d-808199-16 devstack@placement-api.service[103834]: INFO placement.requestlog [req-c7eb0f5d-fb30-4398-9fd3-3ed3ad41bfca req-f4d2dd54-e52f-45af-8eb3-ffb8f0765758 service placement] 10.222.0.18 "GET /placement/resource_providers/fa957413-a29a-4ff1-a444-4ddd1cd5986b/aggregates" status: 200 len: 54 microversion: 1.19
Feb 05 07:17:09.174817 n-d-808199-16 devstack@placement-api.service[103834]: [pid: 103834|app: 0|req: 215/428] 10.222.0.18 () {60 vars in 1431 bytes} [Sat Feb 5 07:17:09 2022] GET /placement/resource_providers/fa957413-a29a-4ff1-a444-4ddd1cd5986b/aggregates => generated 54 bytes in 30 msecs (HTTP/1.1 200) 8 headers in 295 bytes (1 switches on core 0)
Feb 05 07:17:09.182265 n-d-808199-16 devstack@placement-api.service[103833]: DEBUG placement.requestlog [req-c7eb0f5d-fb30-4398-9fd3-3ed3ad41bfca req-01c58f7b-fcc4-4a07-8f29-27542a37ba98 None None] Starting request: 10.222.0.18 "GET /placement/resource_providers/fa957413-a29a-4ff1-a444-4ddd1cd5986b/traits" {{(pid=103833) __call__ /opt/stack/placement/placement/requestlog.py:55}}
Feb 05 07:17:09.266131 n-d-808199-16 devstack@placement-api.service[103833]: INFO placement.requestlog [req-c7eb0f5d-fb30-4398-9fd3-3ed3ad41bfca req-01c58f7b-fcc4-4a07-8f29-27542a37ba98 service placement] 10.222.0.18 "GET /placement/resource_providers/fa957413-a29a-4ff1-a444-4ddd1cd5986b/traits" status: 200 len: 212 microversion: 1.6
Feb 05 07:17:09.268712 n-d-808199-16 devstack@placement-api.service[103833]: [pid: 103833|app: 0|req: 214/429] 10.222.0.18 () {60 vars in 1418 bytes} [Sat Feb 5 07:17:09 2022] GET /placement/resource_providers/fa957413-a29a-4ff1-a444-4ddd1cd5986b/traits => generated 212 bytes in 86 msecs (HTTP/1.1 200) 6 headers in 224 bytes (1 switches on core 0)
Feb 05 07:17:09.320680 n-d-808199-16 devstack@placement-api.service[103834]: DEBUG placement.requestlog [req-65a39857-5c6f-4a0c-86ec-c6afe1102e64 req-7ebc2744-5069-4927-a7fc-44ea16a7c508 None None] Starting request: 10.222.0.31 "DELETE /placement/allocations/2aecce22-aeaa-474d-9298-46eef7596e80" {{(pid=103834) __call__ /opt/stack/placement/placement/requestlog.py:55}}
Feb 05 07:17:09.369153 n-d-808199-16 devstack@placement-api.service[103834]: DEBUG placement.handlers.allocation [req-65a39857-5c6f-4a0c-86ec-c6afe1102e64 req-7ebc2744-5069-4927-a7fc-44ea16a7c508 service placement] Successfully deleted allocations [, , ] {{(pid=103834) delete_allocations /opt/stack/placement/placement/handlers/allocation.py:627}}
Feb 05 07:17:09.369983 n-d-808199-16 devstack@placement-api.service[103834]: INFO placement.requestlog [req-65a39857-5c6f-4a0c-86ec-c6afe1102e64 req-7ebc2744-5069-4927-a7fc-44ea16a7c508 service placement] 10.222.0.31 "DELETE /placement/allocations/2aecce22-aeaa-474d-9298-46eef7596e80" status: 204 len: 0 microversion: 1.0
Feb 05 07:17:09.372792 n-d-808199-16 devstack@placement-api.service[103834]: [pid: 103834|app: 0|req: 216/430] 10.222.0.31 () {60 vars in 1355 bytes} [Sat Feb 5 07:17:09 2022] DELETE /placement/allocations/2aecce22-aeaa-474d-9298-46eef7596e80 => generated 0 bytes in 52 msecs (HTTP/1.1 204) 5 headers in 198 bytes (1 switches on core 0)
Feb 05 07:17:11.341202 n-d-808199-16 devstack@placement-api.service[103833]: DEBUG placement.requestlog [req-84a05abc-46d2-4630-b4c8-ed45da55c2b7 req-03660e83-3b90-4b36-a66c-cb64256b6e72 None None] Starting request: 10.222.0.18 "DELETE /placement/allocations/807e85ca-0071-4ecc-a3c4-ad27c4532d62" {{(pid=103833) __call__ /opt/stack/placement/placement/requestlog.py:55}}
Feb 05 07:17:11.405884 n-d-808199-16 devstack@placement-api.service[103833]: DEBUG placement.handlers.allocation [req-84a05abc-46d2-4630-b4c8-ed45da55c2b7 req-03660e83-3b90-4b36-a66c-cb64256b6e72 service placement] Successfully deleted allocations [, ] {{(pid=103833) delete_allocations /opt/stack/placement/placement/handlers/allocation.py:627}}
Feb 05 07:17:11.406773 n-d-808199-16 devstack@placement-api.service[103833]: INFO placement.requestlog [req-84a05abc-46d2-4630-b4c8-ed45da55c2b7 req-03660e83-3b90-4b36-a66c-cb64256b6e72 service placement] 10.222.0.18 "DELETE /placement/allocations/807e85ca-0071-4ecc-a3c4-ad27c4532d62" status: 204 len: 0 microversion: 1.0
Feb 05 07:17:11.407630 n-d-808199-16 devstack@placement-api.service[103833]: [pid: 103833|app: 0|req: 215/431] 10.222.0.18 () {60 vars in 1355 bytes} [Sat Feb 5 07:17:11 2022] DELETE /placement/allocations/807e85ca-0071-4ecc-a3c4-ad27c4532d62 => generated 0 bytes in 67 msecs (HTTP/1.1 204) 5 headers in 198 bytes (1 switches on core 0)
Feb 05 07:17:12.666615 n-d-808199-16 devstack@placement-api.service[103834]: DEBUG placement.requestlog [req-aebe5d8a-bfca-4e6a-b626-c62d64d48a3d req-d2a9b8d6-ee41-4413-b051-f2da6413e80b None None] Starting request: 10.222.0.31 "GET /placement/resource_providers/5256800c-0526-4403-b86f-b895ec7f45ce/allocations" {{(pid=103834) __call__ /opt/stack/placement/placement/requestlog.py:55}}
Feb 05 07:17:12.727361 n-d-808199-16 devstack@placement-api.service[103834]: INFO placement.requestlog [req-aebe5d8a-bfca-4e6a-b626-c62d64d48a3d req-d2a9b8d6-ee41-4413-b051-f2da6413e80b service placement] 10.222.0.31 "GET /placement/resource_providers/5256800c-0526-4403-b86f-b895ec7f45ce/allocations" status: 200 len: 457 microversion: 1.0
Feb 05 07:17:12.727757 n-d-808199-16 devstack@placement-api.service[103834]: [pid: 103834|app: 0|req: 217/432] 10.222.0.31 () {58 vars in 1390 bytes} [Sat Feb 5 07:17:12 2022] GET /placement/resource_providers/5256800c-0526-4403-b86f-b895ec7f45ce/allocations => generated 457 bytes in 62 msecs (HTTP/1.1 200) 6 headers in 224 bytes (1 switches on core 0)
Feb 05 07:17:15.720478 n-d-808199-16 devstack@placement-api.service[103833]: DEBUG placement.requestlog [req-e4823905-d4ea-4fb3-a822-031141ed1f34 req-e942da6d-0b72-4735-a677-461817e036bd None None] Starting request: 10.222.0.31 "DELETE /placement/allocations/3c17b770-5974-439e-b5a9-1eeacf35fcc1" {{(pid=103833) __call__ /opt/stack/placement/placement/requestlog.py:55}}
Feb 05 07:17:15.767230 n-d-808199-16 devstack@placement-api.service[103833]: DEBUG placement.handlers.allocation [req-e4823905-d4ea-4fb3-a822-031141ed1f34 req-e942da6d-0b72-4735-a677-461817e036bd service placement] Successfully deleted allocations [, , ] {{(pid=103833) delete_allocations /opt/stack/placement/placement/handlers/allocation.py:627}}
Feb 05 07:17:15.768448 n-d-808199-16 devstack@placement-api.service[103833]: INFO placement.requestlog [req-e4823905-d4ea-4fb3-a822-031141ed1f34 req-e942da6d-0b72-4735-a677-461817e036bd service placement] 10.222.0.31 "DELETE /placement/allocations/3c17b770-5974-439e-b5a9-1eeacf35fcc1" status: 204 len: 0 microversion: 1.0
Feb 05 07:17:15.770116 n-d-808199-16 devstack@placement-api.service[103833]: [pid: 103833|app: 0|req: 216/433] 10.222.0.31 () {60 vars in 1355 bytes} [Sat Feb 5 07:17:15 2022] DELETE /placement/allocations/3c17b770-5974-439e-b5a9-1eeacf35fcc1 => generated 0 bytes in 50 msecs (HTTP/1.1 204) 5 headers in 198 bytes (1 switches on core 0)
Feb 05 07:17:16.252753 n-d-808199-16 devstack@placement-api.service[103834]: DEBUG placement.requestlog [req-f1c428dd-cdb6-4e53-8c82-6db69b480242 req-2b863901-308b-4939-93d4-30c60930c37e None None] Starting request: 10.222.0.31 "DELETE /placement/allocations/4fb72503-1964-4f2a-976d-e0a9b52d152a" {{(pid=103834) __call__ /opt/stack/placement/placement/requestlog.py:55}}
Feb 05 07:17:16.311491 n-d-808199-16 devstack@placement-api.service[103834]: DEBUG placement.handlers.allocation [req-f1c428dd-cdb6-4e53-8c82-6db69b480242 req-2b863901-308b-4939-93d4-30c60930c37e service placement] Successfully deleted allocations [, , ] {{(pid=103834) delete_allocations /opt/stack/placement/placement/handlers/allocation.py:627}}
Feb 05 07:17:16.313423 n-d-808199-16 devstack@placement-api.service[103834]: INFO placement.requestlog [req-f1c428dd-cdb6-4e53-8c82-6db69b480242 req-2b863901-308b-4939-93d4-30c60930c37e service placement] 10.222.0.31 "DELETE /placement/allocations/4fb72503-1964-4f2a-976d-e0a9b52d152a" status: 204 len: 0 microversion: 1.0
Feb 05 07:17:16.314383 n-d-808199-16 devstack@placement-api.service[103834]: [pid: 103834|app: 0|req: 218/434] 10.222.0.31 () {60 vars in 1355 bytes} [Sat Feb 5 07:17:16 2022] DELETE /placement/allocations/4fb72503-1964-4f2a-976d-e0a9b52d152a => generated 0 bytes in 62 msecs (HTTP/1.1 204) 5 headers in 198 bytes (1 switches on core 0)
Feb 05 07:17:42.223226 n-d-808199-16 devstack@placement-api.service[103833]: DEBUG placement.requestlog [req-e08a2b35-a52a-4fed-afba-b4ce3d9ccee3 req-f0905b8f-2a88-419a-a60a-d5566af39264 None None] Starting request: 10.222.0.31 "GET /placement/allocations/1a5f42a9-eaa2-4529-9a90-a50e03d13e40" {{(pid=103833) __call__ /opt/stack/placement/placement/requestlog.py:55}}
Feb 05 07:17:42.251446 n-d-808199-16 devstack@placement-api.service[103833]: INFO placement.requestlog [req-e08a2b35-a52a-4fed-afba-b4ce3d9ccee3 req-f0905b8f-2a88-419a-a60a-d5566af39264 service placement] 10.222.0.31 "GET /placement/allocations/1a5f42a9-eaa2-4529-9a90-a50e03d13e40" status: 200 len: 259 microversion: 1.28
Feb 05 07:17:42.252943 n-d-808199-16 devstack@placement-api.service[103833]: [pid: 103833|app: 0|req: 217/435] 10.222.0.31 () {60 vars in 1377 bytes} [Sat Feb 5 07:17:42 2022] GET /placement/allocations/1a5f42a9-eaa2-4529-9a90-a50e03d13e40 => generated 259 bytes in 30 msecs (HTTP/1.1 200) 8 headers in 296 bytes (1 switches on core 0)
Feb 05 07:17:42.740178 n-d-808199-16 devstack@placement-api.service[103834]: DEBUG placement.requestlog [req-976f7a1f-f8d6-4a6c-8c2f-7ecc47d44e35 req-cbb3fa76-5ebc-4ae0-b84a-9b09acc4f92b None None] Starting request: 10.222.0.26 "GET /placement/allocation_candidates?limit=1000&resources=DISK_GB%3A1%2CMEMORY_MB%3A1024%2CVCPU%3A1&root_required=%21COMPUTE_STATUS_DISABLED" {{(pid=103834) __call__ /opt/stack/placement/placement/requestlog.py:55}}
Feb 05 07:17:42.781412 n-d-808199-16 devstack@placement-api.service[103834]: DEBUG placement.objects.research_context [req-976f7a1f-f8d6-4a6c-8c2f-7ecc47d44e35 req-cbb3fa76-5ebc-4ae0-b84a-9b09acc4f92b service placement] getting providers with 1 DISK_GB {{(pid=103834) __init__ /opt/stack/placement/placement/objects/research_context.py:126}}
Feb 05 07:17:42.788898 n-d-808199-16 devstack@placement-api.service[103834]: DEBUG placement.objects.research_context [req-976f7a1f-f8d6-4a6c-8c2f-7ecc47d44e35 req-cbb3fa76-5ebc-4ae0-b84a-9b09acc4f92b service placement] getting providers with 1024 MEMORY_MB {{(pid=103834) __init__ /opt/stack/placement/placement/objects/research_context.py:126}}
Feb 05 07:17:42.800130 n-d-808199-16 devstack@placement-api.service[103834]: DEBUG placement.objects.research_context [req-976f7a1f-f8d6-4a6c-8c2f-7ecc47d44e35 req-cbb3fa76-5ebc-4ae0-b84a-9b09acc4f92b service placement] getting providers with 1 VCPU {{(pid=103834) __init__ /opt/stack/placement/placement/objects/research_context.py:126}}
Feb 05 07:17:42.806483 n-d-808199-16 devstack@placement-api.service[103834]: DEBUG placement.objects.research_context [req-976f7a1f-f8d6-4a6c-8c2f-7ecc47d44e35 req-cbb3fa76-5ebc-4ae0-b84a-9b09acc4f92b service placement] found 2 providers with available 1 DISK_GB {{(pid=103834) get_provider_ids_matching /opt/stack/placement/placement/objects/research_context.py:549}}
Feb 05 07:17:42.806959 n-d-808199-16 devstack@placement-api.service[103834]: DEBUG placement.objects.research_context [req-976f7a1f-f8d6-4a6c-8c2f-7ecc47d44e35 req-cbb3fa76-5ebc-4ae0-b84a-9b09acc4f92b service placement] found 2 providers with available 1024 MEMORY_MB {{(pid=103834) get_provider_ids_matching /opt/stack/placement/placement/objects/research_context.py:549}}
Feb 05 07:17:42.807416 n-d-808199-16 devstack@placement-api.service[103834]: DEBUG placement.objects.research_context [req-976f7a1f-f8d6-4a6c-8c2f-7ecc47d44e35 req-cbb3fa76-5ebc-4ae0-b84a-9b09acc4f92b service placement] found 2 providers after filtering by previous result {{(pid=103834) get_provider_ids_matching /opt/stack/placement/placement/objects/research_context.py:580}}
Feb 05 07:17:42.807852 n-d-808199-16 devstack@placement-api.service[103834]: DEBUG placement.objects.research_context [req-976f7a1f-f8d6-4a6c-8c2f-7ecc47d44e35 req-cbb3fa76-5ebc-4ae0-b84a-9b09acc4f92b service placement] found 2 providers with available 1 VCPU {{(pid=103834) get_provider_ids_matching /opt/stack/placement/placement/objects/research_context.py:549}}
Feb 05 07:17:42.808296 n-d-808199-16 devstack@placement-api.service[103834]: DEBUG placement.objects.research_context [req-976f7a1f-f8d6-4a6c-8c2f-7ecc47d44e35 req-cbb3fa76-5ebc-4ae0-b84a-9b09acc4f92b service placement] found 2 providers after filtering by previous result {{(pid=103834) get_provider_ids_matching /opt/stack/placement/placement/objects/research_context.py:580}}
Feb 05 07:17:42.826394 n-d-808199-16 devstack@placement-api.service[103834]: DEBUG placement.objects.allocation_candidate [req-976f7a1f-f8d6-4a6c-8c2f-7ecc47d44e35 req-cbb3fa76-5ebc-4ae0-b84a-9b09acc4f92b service placement] RequestGroup(use_same_provider=False, resources={DISK_GB:1, MEMORY_MB:1024, VCPU:1}, traits=[], aggregates=[]) (suffix '') returned 2 matches {{(pid=103834) _get_by_requests /opt/stack/placement/placement/objects/allocation_candidate.py:145}}
Feb 05 07:17:42.827266 n-d-808199-16 devstack@placement-api.service[103834]: DEBUG placement.objects.allocation_candidate [req-976f7a1f-f8d6-4a6c-8c2f-7ecc47d44e35 req-cbb3fa76-5ebc-4ae0-b84a-9b09acc4f92b service placement] Merging candidates yields 2 allocation requests and 2 provider summaries {{(pid=103834) _merge_candidates /opt/stack/placement/placement/objects/allocation_candidate.py:783}}
Feb 05 07:17:42.829182 n-d-808199-16 devstack@placement-api.service[103834]: INFO placement.requestlog [req-976f7a1f-f8d6-4a6c-8c2f-7ecc47d44e35 req-cbb3fa76-5ebc-4ae0-b84a-9b09acc4f92b service placement] 10.222.0.26 "GET /placement/allocation_candidates?limit=1000&resources=DISK_GB%3A1%2CMEMORY_MB%3A1024%2CVCPU%3A1&root_required=%21COMPUTE_STATUS_DISABLED" status: 200 len: 1309 microversion: 1.36
Feb 05 07:17:42.829758 n-d-808199-16 devstack@placement-api.service[103834]: [pid: 103834|app: 0|req: 219/436] 10.222.0.26 () {60 vars in 1506 bytes} [Sat Feb 5 07:17:42 2022] GET /placement/allocation_candidates?limit=1000&resources=DISK_GB%3A1%2CMEMORY_MB%3A1024%2CVCPU%3A1&root_required=%21COMPUTE_STATUS_DISABLED => generated 1309 bytes in 90 msecs (HTTP/1.1 200) 8 headers in 297 bytes (2 switches on core 0)
Feb 05 07:17:42.938960 n-d-808199-16 devstack@placement-api.service[103833]: DEBUG placement.requestlog [req-976f7a1f-f8d6-4a6c-8c2f-7ecc47d44e35 req-174e0cdc-b21d-4070-a6b2-3ddd72fd81f7 None None] Starting request: 10.222.0.26 "GET /placement/allocations/ff49c51f-17b3-4700-abe7-99ca9a39e737" {{(pid=103833) __call__ /opt/stack/placement/placement/requestlog.py:55}}
Feb 05 07:17:42.956612 n-d-808199-16 devstack@placement-api.service[103833]: INFO placement.requestlog [req-976f7a1f-f8d6-4a6c-8c2f-7ecc47d44e35 req-174e0cdc-b21d-4070-a6b2-3ddd72fd81f7 service placement] 10.222.0.26 "GET /placement/allocations/ff49c51f-17b3-4700-abe7-99ca9a39e737" status: 200 len: 19 microversion: 1.28
Feb 05 07:17:42.961065 n-d-808199-16 devstack@placement-api.service[103833]: [pid: 103833|app: 0|req: 218/437] 10.222.0.26 () {60 vars in 1380 bytes} [Sat Feb 5 07:17:42 2022] GET /placement/allocations/ff49c51f-17b3-4700-abe7-99ca9a39e737 => generated 19 bytes in 22 msecs (HTTP/1.1 200) 8 headers in 295 bytes (1 switches on core 0)
Feb 05 07:17:42.968317 n-d-808199-16 devstack@placement-api.service[103834]: DEBUG placement.requestlog [req-976f7a1f-f8d6-4a6c-8c2f-7ecc47d44e35 req-7c717d9c-dc64-48e8-8432-7699accb6f36 None None] Starting request: 10.222.0.26 "PUT /placement/allocations/ff49c51f-17b3-4700-abe7-99ca9a39e737" {{(pid=103834) __call__ /opt/stack/placement/placement/requestlog.py:55}}
Feb 05 07:17:43.126789 n-d-808199-16 devstack@placement-api.service[103834]: DEBUG placement.handlers.allocation [req-976f7a1f-f8d6-4a6c-8c2f-7ecc47d44e35 req-7c717d9c-dc64-48e8-8432-7699accb6f36 service placement] Successfully wrote allocations [, , ] {{(pid=103834) _update_consumers_and_create_allocations /opt/stack/placement/placement/handlers/allocation.py:462}}
Feb 05 07:17:43.139818 n-d-808199-16 devstack@placement-api.service[103834]: INFO placement.requestlog [req-976f7a1f-f8d6-4a6c-8c2f-7ecc47d44e35 req-7c717d9c-dc64-48e8-8432-7699accb6f36 service placement] 10.222.0.26 "PUT /placement/allocations/ff49c51f-17b3-4700-abe7-99ca9a39e737" status: 204 len: 0 microversion: 1.36
Feb 05 07:17:43.147581 n-d-808199-16 devstack@placement-api.service[103834]: [pid: 103834|app: 0|req: 220/438] 10.222.0.26 () {64 vars in 1433 bytes} [Sat Feb 5 07:17:42 2022] PUT /placement/allocations/ff49c51f-17b3-4700-abe7-99ca9a39e737 => generated 0 bytes in 172 msecs (HTTP/1.1 204) 5 headers in 199 bytes (1 switches on core 0)
Feb 05 07:17:43.798685 n-d-808199-16 devstack@placement-api.service[103833]: DEBUG placement.requestlog [req-976f7a1f-f8d6-4a6c-8c2f-7ecc47d44e35 req-c0527e1a-869a-4e4a-8581-21e5e518e8a7 None None] Starting request: 10.222.0.18 "GET /placement/allocations/ff49c51f-17b3-4700-abe7-99ca9a39e737" {{(pid=103833) __call__ /opt/stack/placement/placement/requestlog.py:55}}
Feb 05 07:17:43.826517 n-d-808199-16 devstack@placement-api.service[103833]: INFO placement.requestlog [req-976f7a1f-f8d6-4a6c-8c2f-7ecc47d44e35 req-c0527e1a-869a-4e4a-8581-21e5e518e8a7 service placement] 10.222.0.18 "GET /placement/allocations/ff49c51f-17b3-4700-abe7-99ca9a39e737" status: 200 len: 259 microversion: 1.28
Feb 05 07:17:43.827308 n-d-808199-16 devstack@placement-api.service[103833]: [pid: 103833|app: 0|req: 219/439] 10.222.0.18 () {60 vars in 1377 bytes} [Sat Feb 5 07:17:43 2022] GET /placement/allocations/ff49c51f-17b3-4700-abe7-99ca9a39e737 => generated 259 bytes in 29 msecs (HTTP/1.1 200) 8 headers in 296 bytes (1 switches on core 0)
Feb 05 07:17:44.428695 n-d-808199-16 devstack@placement-api.service[103834]: DEBUG placement.requestlog [req-23afeb38-aa02-439c-9c7b-5de96d4d3b87 req-8e8b46cf-4e38-419c-89c4-8e59d2f10902 None None] Starting request: 10.222.0.18 "DELETE /placement/allocations/5486b1fb-aab5-4f03-b93a-79b3ba186218" {{(pid=103834) __call__ /opt/stack/placement/placement/requestlog.py:55}}
Feb 05 07:17:44.501162 n-d-808199-16 devstack@placement-api.service[103834]: DEBUG placement.handlers.allocation [req-23afeb38-aa02-439c-9c7b-5de96d4d3b87 req-8e8b46cf-4e38-419c-89c4-8e59d2f10902 service placement] Successfully deleted allocations [, , ] {{(pid=103834) delete_allocations /opt/stack/placement/placement/handlers/allocation.py:627}}
Feb 05 07:17:44.501665 n-d-808199-16 devstack@placement-api.service[103834]: INFO placement.requestlog [req-23afeb38-aa02-439c-9c7b-5de96d4d3b87 req-8e8b46cf-4e38-419c-89c4-8e59d2f10902 service placement] 10.222.0.18 "DELETE /placement/allocations/5486b1fb-aab5-4f03-b93a-79b3ba186218" status: 204 len: 0 microversion: 1.0
Feb 05 07:17:44.508314 n-d-808199-16 devstack@placement-api.service[103834]: [pid: 103834|app: 0|req: 221/440] 10.222.0.18 () {60 vars in 1355 bytes} [Sat Feb 5 07:17:44 2022] DELETE /placement/allocations/5486b1fb-aab5-4f03-b93a-79b3ba186218 => generated 0 bytes in 81 msecs (HTTP/1.1 204) 5 headers in 198 bytes (1 switches on core 0)
Feb 05 07:17:48.457565 n-d-808199-16 devstack@placement-api.service[103833]: DEBUG placement.requestlog [req-5d3ded83-284d-4e65-b06b-6ca07b0c47e5 req-ba08cae1-572e-4cb7-8e45-b87d1c21d5b9 None None] Starting request: 10.222.0.18 "DELETE /placement/allocations/5c79387c-f476-4235-9ec8-5137417795d6" {{(pid=103833) __call__ /opt/stack/placement/placement/requestlog.py:55}}
Feb 05 07:17:48.542599 n-d-808199-16 devstack@placement-api.service[103833]: DEBUG placement.handlers.allocation [req-5d3ded83-284d-4e65-b06b-6ca07b0c47e5 req-ba08cae1-572e-4cb7-8e45-b87d1c21d5b9 service placement] Successfully deleted allocations [, , ] {{(pid=103833) delete_allocations /opt/stack/placement/placement/handlers/allocation.py:627}}
Feb 05 07:17:48.542953 n-d-808199-16 devstack@placement-api.service[103833]: INFO placement.requestlog [req-5d3ded83-284d-4e65-b06b-6ca07b0c47e5 req-ba08cae1-572e-4cb7-8e45-b87d1c21d5b9 service placement] 10.222.0.18 "DELETE /placement/allocations/5c79387c-f476-4235-9ec8-5137417795d6" status: 204 len: 0 microversion: 1.0
Feb 05 07:17:48.543338 n-d-808199-16 devstack@placement-api.service[103833]: [pid: 103833|app: 0|req: 220/441] 10.222.0.18 () {60 vars in 1355 bytes} [Sat Feb 5 07:17:48 2022] DELETE /placement/allocations/5c79387c-f476-4235-9ec8-5137417795d6 => generated 0 bytes in 86 msecs (HTTP/1.1 204) 5 headers in 198 bytes (1 switches on core 0)
Feb 05 07:17:50.373004 n-d-808199-16 devstack@placement-api.service[103834]: DEBUG placement.requestlog [req-071cd088-52a1-45f9-8d74-50fcdcb5dde3 req-f6d73748-9b86-4271-a50e-688276b7978d None None] Starting request: 10.222.0.18 "DELETE /placement/allocations/b43940b9-4bb9-45f9-8dac-a5d59315810e" {{(pid=103834) __call__ /opt/stack/placement/placement/requestlog.py:55}}
