Feb 05 07:32:04.058685 n-d-808199-16 devstack@placement-api.service[103834]: [pid: 103834|app: 0|req: 403/803] 10.222.0.26 () {60 vars in 1506 bytes} [Sat Feb 5 07:32:03 2022] GET /placement/allocation_candidates?limit=1000&resources=DISK_GB%3A1%2CMEMORY_MB%3A1024%2CVCPU%3A1&root_required=%21COMPUTE_STATUS_DISABLED => generated 1309 bytes in 196 msecs (HTTP/1.1 200) 8 headers in 297 bytes (1 switches on core 0)
Feb 05 07:32:04.143462 n-d-808199-16 devstack@placement-api.service[103833]: DEBUG placement.requestlog [req-ee7ae7d4-befe-4dfd-8d29-d92e62ac0bae req-957bd31b-5460-431d-96ce-22395bc03648 None None] Starting request: 10.222.0.26 "GET /placement/allocations/8643fc47-9b06-4a71-97b4-74b304ea03bd" {{(pid=103833) __call__ /opt/stack/placement/placement/requestlog.py:55}}
Feb 05 07:32:04.165326 n-d-808199-16 devstack@placement-api.service[103833]: INFO placement.requestlog [req-ee7ae7d4-befe-4dfd-8d29-d92e62ac0bae req-957bd31b-5460-431d-96ce-22395bc03648 service placement] 10.222.0.26 "GET /placement/allocations/8643fc47-9b06-4a71-97b4-74b304ea03bd" status: 200 len: 19 microversion: 1.28
Feb 05 07:32:04.167312 n-d-808199-16 devstack@placement-api.service[103833]: [pid: 103833|app: 0|req: 401/804] 10.222.0.26 () {60 vars in 1380 bytes} [Sat Feb 5 07:32:04 2022] GET /placement/allocations/8643fc47-9b06-4a71-97b4-74b304ea03bd => generated 19 bytes in 24 msecs (HTTP/1.1 200) 8 headers in 295 bytes (1 switches on core 0)
Feb 05 07:32:04.175756 n-d-808199-16 devstack@placement-api.service[103834]: DEBUG placement.requestlog [req-ee7ae7d4-befe-4dfd-8d29-d92e62ac0bae req-f6b781dd-6e91-4fd3-9cc7-74fc9f0c178d None None] Starting request: 10.222.0.26 "PUT /placement/allocations/8643fc47-9b06-4a71-97b4-74b304ea03bd" {{(pid=103834) __call__ /opt/stack/placement/placement/requestlog.py:55}}
Feb 05 07:32:04.283236 n-d-808199-16 devstack@placement-api.service[103834]: DEBUG placement.handlers.allocation [req-ee7ae7d4-befe-4dfd-8d29-d92e62ac0bae req-f6b781dd-6e91-4fd3-9cc7-74fc9f0c178d service placement] Successfully wrote allocations [, , ] {{(pid=103834) _update_consumers_and_create_allocations /opt/stack/placement/placement/handlers/allocation.py:462}}
Feb 05 07:32:04.288002 n-d-808199-16 devstack@placement-api.service[103834]: INFO placement.requestlog [req-ee7ae7d4-befe-4dfd-8d29-d92e62ac0bae req-f6b781dd-6e91-4fd3-9cc7-74fc9f0c178d service placement] 10.222.0.26 "PUT /placement/allocations/8643fc47-9b06-4a71-97b4-74b304ea03bd" status: 204 len: 0 microversion: 1.36
Feb 05 07:32:04.288636 n-d-808199-16 devstack@placement-api.service[103834]: [pid: 103834|app: 0|req: 404/805] 10.222.0.26 () {64 vars in 1433 bytes} [Sat Feb 5 07:32:04 2022] PUT /placement/allocations/8643fc47-9b06-4a71-97b4-74b304ea03bd => generated 0 bytes in 114 msecs (HTTP/1.1 204) 5 headers in 199 bytes (1 switches on core 0)
Feb 05 07:32:04.823687 n-d-808199-16 devstack@placement-api.service[103833]: DEBUG placement.requestlog [req-ee7ae7d4-befe-4dfd-8d29-d92e62ac0bae req-88e45f70-6527-4b89-a22a-9165cf3b6f4e None None] Starting request: 10.222.0.18 "GET /placement/allocations/8643fc47-9b06-4a71-97b4-74b304ea03bd" {{(pid=103833) __call__ /opt/stack/placement/placement/requestlog.py:55}}
Feb 05 07:32:04.849811 n-d-808199-16 devstack@placement-api.service[103833]: INFO placement.requestlog [req-ee7ae7d4-befe-4dfd-8d29-d92e62ac0bae req-88e45f70-6527-4b89-a22a-9165cf3b6f4e service placement] 10.222.0.18 "GET /placement/allocations/8643fc47-9b06-4a71-97b4-74b304ea03bd" status: 200 len: 259 microversion: 1.28
Feb 05 07:32:04.850204 n-d-808199-16 devstack@placement-api.service[103833]: [pid: 103833|app: 0|req: 402/806] 10.222.0.18 () {60 vars in 1377 bytes} [Sat Feb 5 07:32:04 2022] GET /placement/allocations/8643fc47-9b06-4a71-97b4-74b304ea03bd => generated 259 bytes in 27 msecs (HTTP/1.1 200) 8 headers in 296 bytes (1 switches on core 0)
Feb 05 07:32:18.897558 n-d-808199-16 devstack@placement-api.service[103834]: DEBUG placement.requestlog [req-6b6e980f-1f7f-464d-986b-ebc4a8c63d03 req-0dadc8b3-e9be-47f3-9f34-ca9e0aad98d5 None None] Starting request: 10.222.0.31 "DELETE /placement/allocations/02b7ab43-0887-4802-b3bb-3b66884fbf32" {{(pid=103834) __call__ /opt/stack/placement/placement/requestlog.py:55}}
Feb 05 07:32:18.977216 n-d-808199-16 devstack@placement-api.service[103834]: DEBUG placement.handlers.allocation [req-6b6e980f-1f7f-464d-986b-ebc4a8c63d03 req-0dadc8b3-e9be-47f3-9f34-ca9e0aad98d5 service placement] Successfully deleted allocations [, , ] {{(pid=103834) delete_allocations /opt/stack/placement/placement/handlers/allocation.py:627}}
Feb 05 07:32:18.977729 n-d-808199-16 devstack@placement-api.service[103834]: INFO placement.requestlog [req-6b6e980f-1f7f-464d-986b-ebc4a8c63d03 req-0dadc8b3-e9be-47f3-9f34-ca9e0aad98d5 service placement] 10.222.0.31 "DELETE /placement/allocations/02b7ab43-0887-4802-b3bb-3b66884fbf32" status: 204 len: 0 microversion: 1.0
Feb 05 07:32:18.978495 n-d-808199-16 devstack@placement-api.service[103834]: [pid: 103834|app: 0|req: 405/807] 10.222.0.31 () {60 vars in 1355 bytes} [Sat Feb 5 07:32:18 2022] DELETE /placement/allocations/02b7ab43-0887-4802-b3bb-3b66884fbf32 => generated 0 bytes in 81 msecs (HTTP/1.1 204) 5 headers in 198 bytes (1 switches on core 0)
Feb 05 07:32:23.093312 n-d-808199-16 devstack@placement-api.service[103833]: DEBUG placement.requestlog [req-63c8ed43-fe1b-44a4-b46e-4043c4c8c69e req-1aa57951-53c2-4207-920d-f8111912bd1c None None] Starting request: 10.222.0.18 "GET /placement/resource_providers/fa957413-a29a-4ff1-a444-4ddd1cd5986b/allocations" {{(pid=103833) __call__ /opt/stack/placement/placement/requestlog.py:55}}
Feb 05 07:32:23.473818 n-d-808199-16 devstack@placement-api.service[103833]: INFO placement.requestlog [req-63c8ed43-fe1b-44a4-b46e-4043c4c8c69e req-1aa57951-53c2-4207-920d-f8111912bd1c service placement] 10.222.0.18 "GET /placement/resource_providers/fa957413-a29a-4ff1-a444-4ddd1cd5986b/allocations" status: 200 len: 356 microversion: 1.0
Feb 05 07:32:23.474332 n-d-808199-16 devstack@placement-api.service[103833]: [pid: 103833|app: 0|req: 403/808] 10.222.0.18 () {58 vars in 1390 bytes} [Sat Feb 5 07:32:23 2022] GET /placement/resource_providers/fa957413-a29a-4ff1-a444-4ddd1cd5986b/allocations => generated 356 bytes in 381 msecs (HTTP/1.1 200) 6 headers in 224 bytes (2 switches on core 0)
Feb 05 07:32:23.530486 n-d-808199-16 devstack@placement-api.service[103834]: DEBUG placement.requestlog [req-63c8ed43-fe1b-44a4-b46e-4043c4c8c69e req-3989a93d-2e64-4b18-888d-45595f1368d6 None None] Starting request: 10.222.0.18 "GET /placement/resource_providers?in_tree=fa957413-a29a-4ff1-a444-4ddd1cd5986b" {{(pid=103834) __call__ /opt/stack/placement/placement/requestlog.py:55}}
Feb 05 07:32:23.564503 n-d-808199-16 devstack@placement-api.service[103834]: INFO placement.requestlog [req-63c8ed43-fe1b-44a4-b46e-4043c4c8c69e req-3989a93d-2e64-4b18-888d-45595f1368d6 service placement] 10.222.0.18 "GET /placement/resource_providers?in_tree=fa957413-a29a-4ff1-a444-4ddd1cd5986b" status: 200 len: 864 microversion: 1.14
Feb 05 07:32:23.565160 n-d-808199-16 devstack@placement-api.service[103834]: [pid: 103834|app: 0|req: 406/809] 10.222.0.18 () {60 vars in 1376 bytes} [Sat Feb 5 07:32:23 2022] GET /placement/resource_providers?in_tree=fa957413-a29a-4ff1-a444-4ddd1cd5986b => generated 864 bytes in 36 msecs (HTTP/1.1 200) 6 headers in 225 bytes (2 switches on core 0)
Feb 05 07:32:23.572722 n-d-808199-16 devstack@placement-api.service[103833]: DEBUG placement.requestlog [req-63c8ed43-fe1b-44a4-b46e-4043c4c8c69e req-097826f7-b510-4a55-898d-3ca266188e7c None None] Starting request: 10.222.0.18 "GET /placement/resource_providers/fa957413-a29a-4ff1-a444-4ddd1cd5986b/inventories" {{(pid=103833) __call__ /opt/stack/placement/placement/requestlog.py:55}}
Feb 05 07:32:23.632185 n-d-808199-16 devstack@placement-api.service[103833]: INFO placement.requestlog [req-63c8ed43-fe1b-44a4-b46e-4043c4c8c69e req-097826f7-b510-4a55-898d-3ca266188e7c service placement] 10.222.0.18 "GET /placement/resource_providers/fa957413-a29a-4ff1-a444-4ddd1cd5986b/inventories" status: 200 len: 398 microversion: 1.0
Feb 05 07:32:23.635404 n-d-808199-16 devstack@placement-api.service[103833]: [pid: 103833|app: 0|req: 404/810] 10.222.0.18 () {58 vars in 1390 bytes} [Sat Feb 5 07:32:23 2022] GET /placement/resource_providers/fa957413-a29a-4ff1-a444-4ddd1cd5986b/inventories => generated 398 bytes in 63 msecs (HTTP/1.1 200) 6 headers in 224 bytes (1 switches on core 0)
Feb 05 07:32:23.647567 n-d-808199-16 devstack@placement-api.service[103834]: DEBUG placement.requestlog [req-63c8ed43-fe1b-44a4-b46e-4043c4c8c69e req-4e486cb5-7976-4585-a8ba-3449a2a0b07a None None] Starting request: 10.222.0.18 "GET /placement/resource_providers/fa957413-a29a-4ff1-a444-4ddd1cd5986b/aggregates" {{(pid=103834) __call__ /opt/stack/placement/placement/requestlog.py:55}}
Feb 05 07:32:23.668118 n-d-808199-16 devstack@placement-api.service[103834]: INFO placement.requestlog [req-63c8ed43-fe1b-44a4-b46e-4043c4c8c69e req-4e486cb5-7976-4585-a8ba-3449a2a0b07a service placement] 10.222.0.18 "GET /placement/resource_providers/fa957413-a29a-4ff1-a444-4ddd1cd5986b/aggregates" status: 200 len: 54 microversion: 1.19
Feb 05 07:32:23.671427 n-d-808199-16 devstack@placement-api.service[103834]: [pid: 103834|app: 0|req: 407/811] 10.222.0.18 () {60 vars in 1431 bytes} [Sat Feb 5 07:32:23 2022] GET /placement/resource_providers/fa957413-a29a-4ff1-a444-4ddd1cd5986b/aggregates => generated 54 bytes in 24 msecs (HTTP/1.1 200) 8 headers in 295 bytes (1 switches on core 0)
Feb 05 07:32:23.690760 n-d-808199-16 devstack@placement-api.service[103833]: DEBUG placement.requestlog [req-63c8ed43-fe1b-44a4-b46e-4043c4c8c69e req-e69da1d9-461d-46de-886a-f445060cf72c None None] Starting request: 10.222.0.18 "GET /placement/resource_providers/fa957413-a29a-4ff1-a444-4ddd1cd5986b/traits" {{(pid=103833) __call__ /opt/stack/placement/placement/requestlog.py:55}}
Feb 05 07:32:23.727874 n-d-808199-16 devstack@placement-api.service[103833]: INFO placement.requestlog [req-63c8ed43-fe1b-44a4-b46e-4043c4c8c69e req-e69da1d9-461d-46de-886a-f445060cf72c service placement] 10.222.0.18 "GET /placement/resource_providers/fa957413-a29a-4ff1-a444-4ddd1cd5986b/traits" status: 200 len: 212 microversion: 1.6
Feb 05 07:32:23.729032 n-d-808199-16 devstack@placement-api.service[103833]: [pid: 103833|app: 0|req: 405/812] 10.222.0.18 () {60 vars in 1418 bytes} [Sat Feb 5 07:32:23 2022] GET /placement/resource_providers/fa957413-a29a-4ff1-a444-4ddd1cd5986b/traits => generated 212 bytes in 38 msecs (HTTP/1.1 200) 6 headers in 224 bytes (1 switches on core 0)
Feb 05 07:32:26.335480 n-d-808199-16 devstack@placement-api.service[103834]: DEBUG placement.requestlog [req-0ad1fef5-1856-4c30-aad1-40c80e565841 req-1209c932-e5ac-4de2-978e-244c2ddd7464 None None] Starting request: 10.222.0.18 "DELETE /placement/allocations/8643fc47-9b06-4a71-97b4-74b304ea03bd" {{(pid=103834) __call__ /opt/stack/placement/placement/requestlog.py:55}}
Feb 05 07:32:26.396644 n-d-808199-16 devstack@placement-api.service[103834]: DEBUG placement.handlers.allocation [req-0ad1fef5-1856-4c30-aad1-40c80e565841 req-1209c932-e5ac-4de2-978e-244c2ddd7464 service placement] Successfully deleted allocations [, , ] {{(pid=103834) delete_allocations /opt/stack/placement/placement/handlers/allocation.py:627}}
Feb 05 07:32:26.397693 n-d-808199-16 devstack@placement-api.service[103834]: INFO placement.requestlog [req-0ad1fef5-1856-4c30-aad1-40c80e565841 req-1209c932-e5ac-4de2-978e-244c2ddd7464 service placement] 10.222.0.18 "DELETE /placement/allocations/8643fc47-9b06-4a71-97b4-74b304ea03bd" status: 204 len: 0 microversion: 1.0
Feb 05 07:32:26.398585 n-d-808199-16 devstack@placement-api.service[103834]: [pid: 103834|app: 0|req: 408/813] 10.222.0.18 () {60 vars in 1355 bytes} [Sat Feb 5 07:32:26 2022] DELETE /placement/allocations/8643fc47-9b06-4a71-97b4-74b304ea03bd => generated 0 bytes in 63 msecs (HTTP/1.1 204) 5 headers in 198 bytes (1 switches on core 0)
Feb 05 07:32:28.111330 n-d-808199-16 devstack@placement-api.service[103833]: DEBUG placement.requestlog [req-f0956f98-f8c0-4eec-a106-3deb37672df2 req-1fa6a993-0321-4f13-8699-c447b087f611 None None] Starting request: 10.222.0.31 "GET /placement/resource_providers/5256800c-0526-4403-b86f-b895ec7f45ce/allocations" {{(pid=103833) __call__ /opt/stack/placement/placement/requestlog.py:55}}
Feb 05 07:32:28.533831 n-d-808199-16 devstack@placement-api.service[103833]: INFO placement.requestlog [req-f0956f98-f8c0-4eec-a106-3deb37672df2 req-1fa6a993-0321-4f13-8699-c447b087f611 service placement] 10.222.0.31 "GET /placement/resource_providers/5256800c-0526-4403-b86f-b895ec7f45ce/allocations" status: 200 len: 255 microversion: 1.0
Feb 05 07:32:28.535097 n-d-808199-16 devstack@placement-api.service[103833]: [pid: 103833|app: 0|req: 406/814] 10.222.0.31 () {58 vars in 1390 bytes} [Sat Feb 5 07:32:28 2022] GET /placement/resource_providers/5256800c-0526-4403-b86f-b895ec7f45ce/allocations => generated 255 bytes in 424 msecs (HTTP/1.1 200) 6 headers in 224 bytes (1 switches on core 0)
Feb 05 07:32:28.588249 n-d-808199-16 devstack@placement-api.service[103834]: DEBUG placement.requestlog [req-f0956f98-f8c0-4eec-a106-3deb37672df2 req-79052d40-56c5-48c9-9f87-e079a3db9064 None None] Starting request: 10.222.0.31 "GET /placement/resource_providers?in_tree=5256800c-0526-4403-b86f-b895ec7f45ce" {{(pid=103834) __call__ /opt/stack/placement/placement/requestlog.py:55}}
Feb 05 07:32:28.614335 n-d-808199-16 devstack@placement-api.service[103834]: INFO placement.requestlog [req-f0956f98-f8c0-4eec-a106-3deb37672df2 req-79052d40-56c5-48c9-9f87-e079a3db9064 service placement] 10.222.0.31 "GET /placement/resource_providers?in_tree=5256800c-0526-4403-b86f-b895ec7f45ce" status: 200 len: 864 microversion: 1.14
Feb 05 07:32:28.615222 n-d-808199-16 devstack@placement-api.service[103834]: [pid: 103834|app: 0|req: 409/815] 10.222.0.31 () {60 vars in 1376 bytes} [Sat Feb 5 07:32:28 2022] GET /placement/resource_providers?in_tree=5256800c-0526-4403-b86f-b895ec7f45ce => generated 864 bytes in 27 msecs (HTTP/1.1 200) 6 headers in 225 bytes (1 switches on core 0)
Feb 05 07:32:28.626384 n-d-808199-16 devstack@placement-api.service[103833]: DEBUG placement.requestlog [req-f0956f98-f8c0-4eec-a106-3deb37672df2 req-86e7c738-183d-4449-91f4-64ae5256c868 None None] Starting request: 10.222.0.31 "GET /placement/resource_providers/5256800c-0526-4403-b86f-b895ec7f45ce/inventories" {{(pid=103833) __call__ /opt/stack/placement/placement/requestlog.py:55}}
Feb 05 07:32:28.674271 n-d-808199-16 devstack@placement-api.service[103833]: INFO placement.requestlog [req-f0956f98-f8c0-4eec-a106-3deb37672df2 req-86e7c738-183d-4449-91f4-64ae5256c868 service placement] 10.222.0.31 "GET /placement/resource_providers/5256800c-0526-4403-b86f-b895ec7f45ce/inventories" status: 200 len: 398 microversion: 1.0
Feb 05 07:32:28.674649 n-d-808199-16 devstack@placement-api.service[103833]: [pid: 103833|app: 0|req: 407/816] 10.222.0.31 () {58 vars in 1390 bytes} [Sat Feb 5 07:32:28 2022] GET /placement/resource_providers/5256800c-0526-4403-b86f-b895ec7f45ce/inventories => generated 398 bytes in 50 msecs (HTTP/1.1 200) 6 headers in 224 bytes (1 switches on core 0)
Feb 05 07:32:28.698916 n-d-808199-16 devstack@placement-api.service[103834]: DEBUG placement.requestlog [req-f0956f98-f8c0-4eec-a106-3deb37672df2 req-027291b6-cb08-402d-9ca1-5d466b413c48 None None] Starting request: 10.222.0.31 "GET /placement/resource_providers/5256800c-0526-4403-b86f-b895ec7f45ce/aggregates" {{(pid=103834) __call__ /opt/stack/placement/placement/requestlog.py:55}}
Feb 05 07:32:28.731864 n-d-808199-16 devstack@placement-api.service[103834]: INFO placement.requestlog [req-f0956f98-f8c0-4eec-a106-3deb37672df2 req-027291b6-cb08-402d-9ca1-5d466b413c48 service placement] 10.222.0.31 "GET /placement/resource_providers/5256800c-0526-4403-b86f-b895ec7f45ce/aggregates" status: 200 len: 54 microversion: 1.19
Feb 05 07:32:28.732266 n-d-808199-16 devstack@placement-api.service[103834]: [pid: 103834|app: 0|req: 410/817] 10.222.0.31 () {60 vars in 1431 bytes} [Sat Feb 5 07:32:28 2022] GET /placement/resource_providers/5256800c-0526-4403-b86f-b895ec7f45ce/aggregates => generated 54 bytes in 34 msecs (HTTP/1.1 200) 8 headers in 295 bytes (1 switches on core 0)
Feb 05 07:32:28.741255 n-d-808199-16 devstack@placement-api.service[103833]: DEBUG placement.requestlog [req-f0956f98-f8c0-4eec-a106-3deb37672df2 req-7d9d16cf-314b-49c2-a1eb-7a6a3317a370 None None] Starting request: 10.222.0.31 "GET /placement/resource_providers/5256800c-0526-4403-b86f-b895ec7f45ce/traits" {{(pid=103833) __call__ /opt/stack/placement/placement/requestlog.py:55}}
Feb 05 07:32:28.771849 n-d-808199-16 devstack@placement-api.service[103833]: INFO placement.requestlog [req-f0956f98-f8c0-4eec-a106-3deb37672df2 req-7d9d16cf-314b-49c2-a1eb-7a6a3317a370 service placement] 10.222.0.31 "GET /placement/resource_providers/5256800c-0526-4403-b86f-b895ec7f45ce/traits" status: 200 len: 212 microversion: 1.6
Feb 05 07:32:28.772703 n-d-808199-16 devstack@placement-api.service[103833]: [pid: 103833|app: 0|req: 408/818] 10.222.0.31 () {60 vars in 1418 bytes} [Sat Feb 5 07:32:28 2022] GET /placement/resource_providers/5256800c-0526-4403-b86f-b895ec7f45ce/traits => generated 212 bytes in 32 msecs (HTTP/1.1 200) 6 headers in 224 bytes (1 switches on core 0)
Feb 05 07:32:29.401962 n-d-808199-16 devstack@placement-api.service[103834]: DEBUG placement.requestlog [req-957e510f-1cfd-4ff6-8498-0a6319455a8e req-3ac95061-3119-46c1-bb16-9f697c7a3628 None None] Starting request: 10.222.0.26 "GET /placement/allocation_candidates?limit=1000&resources=DISK_GB%3A1%2CMEMORY_MB%3A1024%2CVCPU%3A1&root_required=%21COMPUTE_STATUS_DISABLED" {{(pid=103834) __call__ /opt/stack/placement/placement/requestlog.py:55}}
Feb 05 07:32:29.459191 n-d-808199-16 devstack@placement-api.service[103834]: DEBUG placement.objects.research_context [req-957e510f-1cfd-4ff6-8498-0a6319455a8e req-3ac95061-3119-46c1-bb16-9f697c7a3628 service placement] getting providers with 1 DISK_GB {{(pid=103834) __init__ /opt/stack/placement/placement/objects/research_context.py:126}}
Feb 05 07:32:29.465421 n-d-808199-16 devstack@placement-api.service[103834]: DEBUG placement.objects.research_context [req-957e510f-1cfd-4ff6-8498-0a6319455a8e req-3ac95061-3119-46c1-bb16-9f697c7a3628 service placement] getting providers with 1024 MEMORY_MB {{(pid=103834) __init__ /opt/stack/placement/placement/objects/research_context.py:126}}
Feb 05 07:32:29.478527 n-d-808199-16 devstack@placement-api.service[103834]: DEBUG placement.objects.research_context [req-957e510f-1cfd-4ff6-8498-0a6319455a8e req-3ac95061-3119-46c1-bb16-9f697c7a3628 service placement] getting providers with 1 VCPU {{(pid=103834) __init__ /opt/stack/placement/placement/objects/research_context.py:126}}
Feb 05 07:32:29.486124 n-d-808199-16 devstack@placement-api.service[103834]: DEBUG placement.objects.research_context [req-957e510f-1cfd-4ff6-8498-0a6319455a8e req-3ac95061-3119-46c1-bb16-9f697c7a3628 service placement] found 2 providers with available 1 DISK_GB {{(pid=103834) get_provider_ids_matching /opt/stack/placement/placement/objects/research_context.py:549}}
Feb 05 07:32:29.486712 n-d-808199-16 devstack@placement-api.service[103834]: DEBUG placement.objects.research_context [req-957e510f-1cfd-4ff6-8498-0a6319455a8e req-3ac95061-3119-46c1-bb16-9f697c7a3628 service placement] found 2 providers with available 1024 MEMORY_MB {{(pid=103834) get_provider_ids_matching /opt/stack/placement/placement/objects/research_context.py:549}}
Feb 05 07:32:29.487165 n-d-808199-16 devstack@placement-api.service[103834]: DEBUG placement.objects.research_context [req-957e510f-1cfd-4ff6-8498-0a6319455a8e req-3ac95061-3119-46c1-bb16-9f697c7a3628 service placement] found 2 providers after filtering by previous result {{(pid=103834) get_provider_ids_matching /opt/stack/placement/placement/objects/research_context.py:580}}
Feb 05 07:32:29.487789 n-d-808199-16 devstack@placement-api.service[103834]: DEBUG placement.objects.research_context [req-957e510f-1cfd-4ff6-8498-0a6319455a8e req-3ac95061-3119-46c1-bb16-9f697c7a3628 service placement] found 2 providers with available 1 VCPU {{(pid=103834) get_provider_ids_matching /opt/stack/placement/placement/objects/research_context.py:549}}
Feb 05 07:32:29.488246 n-d-808199-16 devstack@placement-api.service[103834]: DEBUG placement.objects.research_context [req-957e510f-1cfd-4ff6-8498-0a6319455a8e req-3ac95061-3119-46c1-bb16-9f697c7a3628 service placement] found 2 providers after filtering by previous result {{(pid=103834) get_provider_ids_matching /opt/stack/placement/placement/objects/research_context.py:580}}
Feb 05 07:32:29.502574 n-d-808199-16 devstack@placement-api.service[103834]: DEBUG placement.objects.allocation_candidate [req-957e510f-1cfd-4ff6-8498-0a6319455a8e req-3ac95061-3119-46c1-bb16-9f697c7a3628 service placement] RequestGroup(use_same_provider=False, resources={DISK_GB:1, MEMORY_MB:1024, VCPU:1}, traits=[], aggregates=[]) (suffix '') returned 2 matches {{(pid=103834) _get_by_requests /opt/stack/placement/placement/objects/allocation_candidate.py:145}}
Feb 05 07:32:29.503210 n-d-808199-16 devstack@placement-api.service[103834]: DEBUG placement.objects.allocation_candidate [req-957e510f-1cfd-4ff6-8498-0a6319455a8e req-3ac95061-3119-46c1-bb16-9f697c7a3628 service placement] Merging candidates yields 2 allocation requests and 2 provider summaries {{(pid=103834) _merge_candidates /opt/stack/placement/placement/objects/allocation_candidate.py:783}}
Feb 05 07:32:29.509761 n-d-808199-16 devstack@placement-api.service[103834]: INFO placement.requestlog [req-957e510f-1cfd-4ff6-8498-0a6319455a8e req-3ac95061-3119-46c1-bb16-9f697c7a3628 service placement] 10.222.0.26 "GET /placement/allocation_candidates?limit=1000&resources=DISK_GB%3A1%2CMEMORY_MB%3A1024%2CVCPU%3A1&root_required=%21COMPUTE_STATUS_DISABLED" status: 200 len: 1309 microversion: 1.36
Feb 05 07:32:29.510881 n-d-808199-16 devstack@placement-api.service[103834]: [pid: 103834|app: 0|req: 411/819] 10.222.0.26 () {60 vars in 1506 bytes} [Sat Feb 5 07:32:29 2022] GET /placement/allocation_candidates?limit=1000&resources=DISK_GB%3A1%2CMEMORY_MB%3A1024%2CVCPU%3A1&root_required=%21COMPUTE_STATUS_DISABLED => generated 1309 bytes in 109 msecs (HTTP/1.1 200) 8 headers in 297 bytes (1 switches on core 0)
Feb 05 07:32:29.600699 n-d-808199-16 devstack@placement-api.service[103833]: DEBUG placement.requestlog [req-957e510f-1cfd-4ff6-8498-0a6319455a8e req-f0b717a0-aa6f-471d-b608-a18199be571d None None] Starting request: 10.222.0.26 "GET /placement/allocations/9b70c3b0-4e81-4c61-9a79-f6076957f8aa" {{(pid=103833) __call__ /opt/stack/placement/placement/requestlog.py:55}}
Feb 05 07:32:29.613750 n-d-808199-16 devstack@placement-api.service[103833]: INFO placement.requestlog [req-957e510f-1cfd-4ff6-8498-0a6319455a8e req-f0b717a0-aa6f-471d-b608-a18199be571d service placement] 10.222.0.26 "GET /placement/allocations/9b70c3b0-4e81-4c61-9a79-f6076957f8aa" status: 200 len: 19 microversion: 1.28
Feb 05 07:32:29.619476 n-d-808199-16 devstack@placement-api.service[103833]: [pid: 103833|app: 0|req: 409/820] 10.222.0.26 () {60 vars in 1380 bytes} [Sat Feb 5 07:32:29 2022] GET /placement/allocations/9b70c3b0-4e81-4c61-9a79-f6076957f8aa => generated 19 bytes in 19 msecs (HTTP/1.1 200) 8 headers in 295 bytes (1 switches on core 0)
Feb 05 07:32:29.622908 n-d-808199-16 devstack@placement-api.service[103834]: DEBUG placement.requestlog [req-957e510f-1cfd-4ff6-8498-0a6319455a8e req-20647487-6309-4a12-97f3-8faf6a4831ca None None] Starting request: 10.222.0.26 "PUT /placement/allocations/9b70c3b0-4e81-4c61-9a79-f6076957f8aa" {{(pid=103834) __call__ /opt/stack/placement/placement/requestlog.py:55}}
Feb 05 07:32:29.679404 n-d-808199-16 devstack@placement-api.service[103834]: DEBUG placement.handlers.allocation [req-957e510f-1cfd-4ff6-8498-0a6319455a8e req-20647487-6309-4a12-97f3-8faf6a4831ca service placement] Successfully wrote allocations [, , ] {{(pid=103834) _update_consumers_and_create_allocations /opt/stack/placement/placement/handlers/allocation.py:462}}
Feb 05 07:32:29.685719 n-d-808199-16 devstack@placement-api.service[103834]: INFO placement.requestlog [req-957e510f-1cfd-4ff6-8498-0a6319455a8e req-20647487-6309-4a12-97f3-8faf6a4831ca service placement] 10.222.0.26 "PUT /placement/allocations/9b70c3b0-4e81-4c61-9a79-f6076957f8aa" status: 204 len: 0 microversion: 1.36
Feb 05 07:32:29.686784 n-d-808199-16 devstack@placement-api.service[103834]: [pid: 103834|app: 0|req: 412/821] 10.222.0.26 () {64 vars in 1433 bytes} [Sat Feb 5 07:32:29 2022] PUT /placement/allocations/9b70c3b0-4e81-4c61-9a79-f6076957f8aa => generated 0 bytes in 64 msecs (HTTP/1.1 204) 5 headers in 199 bytes (2 switches on core 0)
Feb 05 07:32:30.192708 n-d-808199-16 devstack@placement-api.service[103833]: DEBUG placement.requestlog [req-957e510f-1cfd-4ff6-8498-0a6319455a8e req-ec3d161c-2dec-40fa-8741-0d21cef192f4 None None] Starting request: 10.222.0.31 "GET /placement/allocations/9b70c3b0-4e81-4c61-9a79-f6076957f8aa" {{(pid=103833) __call__ /opt/stack/placement/placement/requestlog.py:55}}
Feb 05 07:32:30.218174 n-d-808199-16 devstack@placement-api.service[103833]: INFO placement.requestlog [req-957e510f-1cfd-4ff6-8498-0a6319455a8e req-ec3d161c-2dec-40fa-8741-0d21cef192f4 service placement] 10.222.0.31 "GET /placement/allocations/9b70c3b0-4e81-4c61-9a79-f6076957f8aa" status: 200 len: 259 microversion: 1.28
Feb 05 07:32:30.219313 n-d-808199-16 devstack@placement-api.service[103833]: [pid: 103833|app: 0|req: 410/822] 10.222.0.31 () {60 vars in 1377 bytes} [Sat Feb 5 07:32:30 2022] GET /placement/allocations/9b70c3b0-4e81-4c61-9a79-f6076957f8aa => generated 259 bytes in 27 msecs (HTTP/1.1 200) 8 headers in 296 bytes (1 switches on core 0)
Feb 05 07:32:33.468698 n-d-808199-16 devstack@placement-api.service[103834]: DEBUG placement.requestlog [req-0ed181ee-2ece-4ae3-af86-44f0fb41d04b req-75f2b111-be42-4435-8f0a-c8a9326efac4 None None] Starting request: 10.222.0.26 "GET /placement/allocation_candidates?limit=1000&resources=DISK_GB%3A1%2CMEMORY_MB%3A1024%2CVCPU%3A1&root_required=%21COMPUTE_STATUS_DISABLED" {{(pid=103834) __call__ /opt/stack/placement/placement/requestlog.py:55}}
Feb 05 07:32:33.574612 n-d-808199-16 devstack@placement-api.service[103834]: DEBUG placement.objects.research_context [req-0ed181ee-2ece-4ae3-af86-44f0fb41d04b req-75f2b111-be42-4435-8f0a-c8a9326efac4 service placement] getting providers with 1 DISK_GB {{(pid=103834) __init__ /opt/stack/placement/placement/objects/research_context.py:126}}
Feb 05 07:32:33.608359 n-d-808199-16 devstack@placement-api.service[103834]: DEBUG placement.objects.research_context [req-0ed181ee-2ece-4ae3-af86-44f0fb41d04b req-75f2b111-be42-4435-8f0a-c8a9326efac4 service placement] getting providers with 1024 MEMORY_MB {{(pid=103834) __init__ /opt/stack/placement/placement/objects/research_context.py:126}}
Feb 05 07:32:33.632063 n-d-808199-16 devstack@placement-api.service[103834]: DEBUG placement.objects.research_context [req-0ed181ee-2ece-4ae3-af86-44f0fb41d04b req-75f2b111-be42-4435-8f0a-c8a9326efac4 service placement] getting providers with 1 VCPU {{(pid=103834) __init__ /opt/stack/placement/placement/objects/research_context.py:126}}
Feb 05 07:32:33.681018 n-d-808199-16 devstack@placement-api.service[103834]: DEBUG placement.objects.research_context [req-0ed181ee-2ece-4ae3-af86-44f0fb41d04b req-75f2b111-be42-4435-8f0a-c8a9326efac4 service placement] found 2 providers with available 1 DISK_GB {{(pid=103834) get_provider_ids_matching /opt/stack/placement/placement/objects/research_context.py:549}}
Feb 05 07:32:33.681292 n-d-808199-16 devstack@placement-api.service[103834]: DEBUG placement.objects.research_context [req-0ed181ee-2ece-4ae3-af86-44f0fb41d04b req-75f2b111-be42-4435-8f0a-c8a9326efac4 service placement] found 2 providers with available 1024 MEMORY_MB {{(pid=103834) get_provider_ids_matching /opt/stack/placement/placement/objects/research_context.py:549}}
Feb 05 07:32:33.689114 n-d-808199-16 devstack@placement-api.service[103834]: DEBUG placement.objects.research_context [req-0ed181ee-2ece-4ae3-af86-44f0fb41d04b req-75f2b111-be42-4435-8f0a-c8a9326efac4 service placement] found 2 providers after filtering by previous result {{(pid=103834) get_provider_ids_matching /opt/stack/placement/placement/objects/research_context.py:580}}
Feb 05 07:32:33.689394 n-d-808199-16 devstack@placement-api.service[103834]: DEBUG placement.objects.research_context [req-0ed181ee-2ece-4ae3-af86-44f0fb41d04b req-75f2b111-be42-4435-8f0a-c8a9326efac4 service placement] found 2 providers with available 1 VCPU {{(pid=103834) get_provider_ids_matching /opt/stack/placement/placement/objects/research_context.py:549}}
Feb 05 07:32:33.689662 n-d-808199-16 devstack@placement-api.service[103834]: DEBUG placement.objects.research_context [req-0ed181ee-2ece-4ae3-af86-44f0fb41d04b req-75f2b111-be42-4435-8f0a-c8a9326efac4 service placement] found 2 providers after filtering by previous result {{(pid=103834) get_provider_ids_matching /opt/stack/placement/placement/objects/research_context.py:580}}
Feb 05 07:32:33.706471 n-d-808199-16 devstack@placement-api.service[103833]: DEBUG placement.requestlog [req-eb82554e-a281-436d-9c9b-5c47a5fdb6c5 req-fb60757a-acbf-49d6-a658-695b47f6d1c7 None None] Starting request: 10.222.0.26 "GET /placement/allocation_candidates?limit=1000&resources=DISK_GB%3A1%2CMEMORY_MB%3A1024%2CVCPU%3A1&root_required=%21COMPUTE_STATUS_DISABLED" {{(pid=103833) __call__ /opt/stack/placement/placement/requestlog.py:55}}
Feb 05 07:32:33.728430 n-d-808199-16 devstack@placement-api.service[103834]: DEBUG placement.objects.allocation_candidate [req-0ed181ee-2ece-4ae3-af86-44f0fb41d04b req-75f2b111-be42-4435-8f0a-c8a9326efac4 service placement] RequestGroup(use_same_provider=False, resources={DISK_GB:1, MEMORY_MB:1024, VCPU:1}, traits=[], aggregates=[]) (suffix '') returned 2 matches {{(pid=103834) _get_by_requests /opt/stack/placement/placement/objects/allocation_candidate.py:145}}
Feb 05 07:32:33.738361 n-d-808199-16 devstack@placement-api.service[103834]: DEBUG placement.objects.allocation_candidate [req-0ed181ee-2ece-4ae3-af86-44f0fb41d04b req-75f2b111-be42-4435-8f0a-c8a9326efac4 service placement] Merging candidates yields 2 allocation requests and 2 provider summaries {{(pid=103834) _merge_candidates /opt/stack/placement/placement/objects/allocation_candidate.py:783}}
Feb 05 07:32:33.740765 n-d-808199-16 devstack@placement-api.service[103834]: INFO placement.requestlog [req-0ed181ee-2ece-4ae3-af86-44f0fb41d04b req-75f2b111-be42-4435-8f0a-c8a9326efac4 service placement] 10.222.0.26 "GET /placement/allocation_candidates?limit=1000&resources=DISK_GB%3A1%2CMEMORY_MB%3A1024%2CVCPU%3A1&root_required=%21COMPUTE_STATUS_DISABLED" status: 200 len: 1309 microversion: 1.36
Feb 05 07:32:33.746533 n-d-808199-16 devstack@placement-api.service[103834]: [pid: 103834|app: 0|req: 413/823] 10.222.0.26 () {60 vars in 1506 bytes} [Sat Feb 5 07:32:33 2022] GET /placement/allocation_candidates?limit=1000&resources=DISK_GB%3A1%2CMEMORY_MB%3A1024%2CVCPU%3A1&root_required=%21COMPUTE_STATUS_DISABLED => generated 1309 bytes in 278 msecs (HTTP/1.1 200) 8 headers in 297 bytes (1 switches on core 0)
Feb 05 07:32:33.764067 n-d-808199-16 devstack@placement-api.service[103833]: DEBUG placement.objects.research_context [req-eb82554e-a281-436d-9c9b-5c47a5fdb6c5 req-fb60757a-acbf-49d6-a658-695b47f6d1c7 service placement] getting providers with 1 DISK_GB {{(pid=103833) __init__ /opt/stack/placement/placement/objects/research_context.py:126}}
Feb 05 07:32:33.778374 n-d-808199-16 devstack@placement-api.service[103833]: DEBUG placement.objects.research_context [req-eb82554e-a281-436d-9c9b-5c47a5fdb6c5 req-fb60757a-acbf-49d6-a658-695b47f6d1c7 service placement] getting providers with 1024 MEMORY_MB {{(pid=103833) __init__ /opt/stack/placement/placement/objects/research_context.py:126}}
Feb 05 07:32:33.795174 n-d-808199-16 devstack@placement-api.service[103833]: DEBUG placement.objects.research_context [req-eb82554e-a281-436d-9c9b-5c47a5fdb6c5 req-fb60757a-acbf-49d6-a658-695b47f6d1c7 service placement] getting providers with 1 VCPU {{(pid=103833) __init__ /opt/stack/placement/placement/objects/research_context.py:126}}
Feb 05 07:32:33.820021 n-d-808199-16 devstack@placement-api.service[103833]: DEBUG placement.objects.research_context [req-eb82554e-a281-436d-9c9b-5c47a5fdb6c5 req-fb60757a-acbf-49d6-a658-695b47f6d1c7 service placement] found 2 providers with available 1 DISK_GB {{(pid=103833) get_provider_ids_matching /opt/stack/placement/placement/objects/research_context.py:549}}
Feb 05 07:32:33.821672 n-d-808199-16 devstack@placement-api.service[103833]: DEBUG placement.objects.research_context [req-eb82554e-a281-436d-9c9b-5c47a5fdb6c5 req-fb60757a-acbf-49d6-a658-695b47f6d1c7 service placement] found 2 providers with available 1024 MEMORY_MB {{(pid=103833) get_provider_ids_matching /opt/stack/placement/placement/objects/research_context.py:549}}
Feb 05 07:32:33.823212 n-d-808199-16 devstack@placement-api.service[103833]: DEBUG placement.objects.research_context [req-eb82554e-a281-436d-9c9b-5c47a5fdb6c5 req-fb60757a-acbf-49d6-a658-695b47f6d1c7 service placement] found 2 providers after filtering by previous result {{(pid=103833) get_provider_ids_matching /opt/stack/placement/placement/objects/research_context.py:580}}
Feb 05 07:32:33.823477 n-d-808199-16 devstack@placement-api.service[103833]: DEBUG placement.objects.research_context [req-eb82554e-a281-436d-9c9b-5c47a5fdb6c5 req-fb60757a-acbf-49d6-a658-695b47f6d1c7 service placement] found 2 providers with available 1 VCPU {{(pid=103833) get_provider_ids_matching /opt/stack/placement/placement/objects/research_context.py:549}}
Feb 05 07:32:33.823741 n-d-808199-16 devstack@placement-api.service[103833]: DEBUG placement.objects.research_context [req-eb82554e-a281-436d-9c9b-5c47a5fdb6c5 req-fb60757a-acbf-49d6-a658-695b47f6d1c7 service placement] found 2 providers after filtering by previous result {{(pid=103833) get_provider_ids_matching /opt/stack/placement/placement/objects/research_context.py:580}}
Feb 05 07:32:33.861905 n-d-808199-16 devstack@placement-api.service[103833]: DEBUG placement.objects.allocation_candidate [req-eb82554e-a281-436d-9c9b-5c47a5fdb6c5 req-fb60757a-acbf-49d6-a658-695b47f6d1c7 service placement] RequestGroup(use_same_provider=False, resources={DISK_GB:1, MEMORY_MB:1024, VCPU:1}, traits=[], aggregates=[]) (suffix '') returned 2 matches {{(pid=103833) _get_by_requests /opt/stack/placement/placement/objects/allocation_candidate.py:145}}
Feb 05 07:32:33.865887 n-d-808199-16 devstack@placement-api.service[103833]: DEBUG placement.objects.allocation_candidate [req-eb82554e-a281-436d-9c9b-5c47a5fdb6c5 req-fb60757a-acbf-49d6-a658-695b47f6d1c7 service placement] Merging candidates yields 2 allocation requests and 2 provider summaries {{(pid=103833) _merge_candidates /opt/stack/placement/placement/objects/allocation_candidate.py:783}}
Feb 05 07:32:33.871528 n-d-808199-16 devstack@placement-api.service[103833]: INFO placement.requestlog [req-eb82554e-a281-436d-9c9b-5c47a5fdb6c5 req-fb60757a-acbf-49d6-a658-695b47f6d1c7 service placement] 10.222.0.26 "GET /placement/allocation_candidates?limit=1000&resources=DISK_GB%3A1%2CMEMORY_MB%3A1024%2CVCPU%3A1&root_required=%21COMPUTE_STATUS_DISABLED" status: 200 len: 1309 microversion: 1.36
Feb 05 07:32:33.879556 n-d-808199-16 devstack@placement-api.service[103833]: [pid: 103833|app: 0|req: 411/824] 10.222.0.26 () {60 vars in 1506 bytes} [Sat Feb 5 07:32:33 2022] GET /placement/allocation_candidates?limit=1000&resources=DISK_GB%3A1%2CMEMORY_MB%3A1024%2CVCPU%3A1&root_required=%21COMPUTE_STATUS_DISABLED => generated 1309 bytes in 173 msecs (HTTP/1.1 200) 8 headers in 297 bytes (2 switches on core 0)
Feb 05 07:32:33.926463 n-d-808199-16 devstack@placement-api.service[103834]: DEBUG placement.requestlog [req-0ed181ee-2ece-4ae3-af86-44f0fb41d04b req-efd06a60-29b5-4a09-8414-2720b470fefa None None] Starting request: 10.222.0.26 "GET /placement/allocations/7aa01949-6a0b-41a3-9d24-726648defd03" {{(pid=103834) __call__ /opt/stack/placement/placement/requestlog.py:55}}
Feb 05 07:32:33.947878 n-d-808199-16 devstack@placement-api.service[103834]: INFO placement.requestlog [req-0ed181ee-2ece-4ae3-af86-44f0fb41d04b req-efd06a60-29b5-4a09-8414-2720b470fefa service placement] 10.222.0.26 "GET /placement/allocations/7aa01949-6a0b-41a3-9d24-726648defd03" status: 200 len: 19 microversion: 1.28
Feb 05 07:32:33.949450 n-d-808199-16 devstack@placement-api.service[103834]: [pid: 103834|app: 0|req: 414/825] 10.222.0.26 () {60 vars in 1380 bytes} [Sat Feb 5 07:32:33 2022] GET /placement/allocations/7aa01949-6a0b-41a3-9d24-726648defd03 => generated 19 bytes in 23 msecs (HTTP/1.1 200) 8 headers in 295 bytes (1 switches on core 0)
Feb 05 07:32:33.957484 n-d-808199-16 devstack@placement-api.service[103833]: DEBUG placement.requestlog [req-0ed181ee-2ece-4ae3-af86-44f0fb41d04b req-3f28c5f9-96af-491b-954a-b1659790674e None None] Starting request: 10.222.0.26 "PUT /placement/allocations/7aa01949-6a0b-41a3-9d24-726648defd03" {{(pid=103833) __call__ /opt/stack/placement/placement/requestlog.py:55}}
Feb 05 07:32:33.975293 n-d-808199-16 devstack@placement-api.service[103834]: DEBUG placement.requestlog [req-eb82554e-a281-436d-9c9b-5c47a5fdb6c5 req-3257bec8-22d3-4d24-87a8-80450e718ffb None None] Starting request: 10.222.0.26 "GET /placement/allocations/69354f0a-28a8-497f-8835-31ebc6478793" {{(pid=103834) __call__ /opt/stack/placement/placement/requestlog.py:55}}
Feb 05 07:32:33.991665 n-d-808199-16 devstack@placement-api.service[103834]: INFO placement.requestlog [req-eb82554e-a281-436d-9c9b-5c47a5fdb6c5 req-3257bec8-22d3-4d24-87a8-80450e718ffb service placement] 10.222.0.26 "GET /placement/allocations/69354f0a-28a8-497f-8835-31ebc6478793" status: 200 len: 19 microversion: 1.28
Feb 05 07:32:33.992310 n-d-808199-16 devstack@placement-api.service[103834]: [pid: 103834|app: 0|req: 415/826] 10.222.0.26 () {60 vars in 1380 bytes} [Sat Feb 5 07:32:33 2022] GET /placement/allocations/69354f0a-28a8-497f-8835-31ebc6478793 => generated 19 bytes in 17 msecs (HTTP/1.1 200) 8 headers in 295 bytes (2 switches on core 0)
Feb 05 07:32:33.999474 n-d-808199-16 devstack@placement-api.service[103834]: DEBUG placement.requestlog [req-eb82554e-a281-436d-9c9b-5c47a5fdb6c5 req-9504433d-eb7d-40ad-b301-0eeebd353e86 None None] Starting request: 10.222.0.26 "PUT /placement/allocations/69354f0a-28a8-497f-8835-31ebc6478793" {{(pid=103834) __call__ /opt/stack/placement/placement/requestlog.py:55}}
Feb 05 07:32:34.137572 n-d-808199-16 devstack@placement-api.service[103834]: DEBUG placement.handlers.allocation [req-eb82554e-a281-436d-9c9b-5c47a5fdb6c5 req-9504433d-eb7d-40ad-b301-0eeebd353e86 service placement] Successfully wrote allocations [, , ] {{(pid=103834) _update_consumers_and_create_allocations /opt/stack/placement/placement/handlers/allocation.py:462}}
Feb 05 07:32:34.145903 n-d-808199-16 devstack@placement-api.service[103833]: DEBUG placement.objects.allocation [req-0ed181ee-2ece-4ae3-af86-44f0fb41d04b req-3f28c5f9-96af-491b-954a-b1659790674e service placement] Retrying allocations write on resource provider generation conflict {{(pid=103833) replace_all /opt/stack/placement/placement/objects/allocation.py:507}}
Feb 05 07:32:34.146481 n-d-808199-16 devstack@placement-api.service[103834]: INFO placement.requestlog [req-eb82554e-a281-436d-9c9b-5c47a5fdb6c5 req-9504433d-eb7d-40ad-b301-0eeebd353e86 service placement] 10.222.0.26 "PUT /placement/allocations/69354f0a-28a8-497f-8835-31ebc6478793" status: 204 len: 0 microversion: 1.36
Feb 05 07:32:34.146984 n-d-808199-16 devstack@placement-api.service[103834]: [pid: 103834|app: 0|req: 416/827] 10.222.0.26 () {64 vars in 1433 bytes} [Sat Feb 5 07:32:33 2022] PUT /placement/allocations/69354f0a-28a8-497f-8835-31ebc6478793 => generated 0 bytes in 149 msecs (HTTP/1.1 204) 5 headers in 199 bytes (2 switches on core 0)
Feb 05 07:32:34.219789 n-d-808199-16 devstack@placement-api.service[103833]: DEBUG placement.handlers.allocation [req-0ed181ee-2ece-4ae3-af86-44f0fb41d04b req-3f28c5f9-96af-491b-954a-b1659790674e service placement] Successfully wrote allocations [, , ] {{(pid=103833) _update_consumers_and_create_allocations /opt/stack/placement/placement/handlers/allocation.py:462}}
Feb 05 07:32:34.233660 n-d-808199-16 devstack@placement-api.service[103833]: INFO placement.requestlog [req-0ed181ee-2ece-4ae3-af86-44f0fb41d04b req-3f28c5f9-96af-491b-954a-b1659790674e service placement] 10.222.0.26 "PUT /placement/allocations/7aa01949-6a0b-41a3-9d24-726648defd03" status: 204 len: 0 microversion: 1.36
Feb 05 07:32:34.235321 n-d-808199-16 devstack@placement-api.service[103833]: [pid: 103833|app: 0|req: 412/828] 10.222.0.26 () {64 vars in 1433 bytes} [Sat Feb 5 07:32:33 2022] PUT /placement/allocations/7aa01949-6a0b-41a3-9d24-726648defd03 => generated 0 bytes in 277 msecs (HTTP/1.1 204) 5 headers in 199 bytes (1 switches on core 0)
Feb 05 07:32:34.852353 n-d-808199-16 devstack@placement-api.service[103834]: DEBUG placement.requestlog [req-eb82554e-a281-436d-9c9b-5c47a5fdb6c5 req-4bc8441d-215f-4f5f-90df-42389a5b8a5f None None] Starting request: 10.222.0.18 "GET /placement/allocations/69354f0a-28a8-497f-8835-31ebc6478793" {{(pid=103834) __call__ /opt/stack/placement/placement/requestlog.py:55}}
Feb 05 07:32:34.886862 n-d-808199-16 devstack@placement-api.service[103834]: INFO placement.requestlog [req-eb82554e-a281-436d-9c9b-5c47a5fdb6c5 req-4bc8441d-215f-4f5f-90df-42389a5b8a5f service placement] 10.222.0.18 "GET /placement/allocations/69354f0a-28a8-497f-8835-31ebc6478793" status: 200 len: 259 microversion: 1.28
Feb 05 07:32:34.888628 n-d-808199-16 devstack@placement-api.service[103834]: [pid: 103834|app: 0|req: 417/829] 10.222.0.18 () {60 vars in 1377 bytes} [Sat Feb 5 07:32:34 2022] GET /placement/allocations/69354f0a-28a8-497f-8835-31ebc6478793 => generated 259 bytes in 36 msecs (HTTP/1.1 200) 8 headers in 296 bytes (2 switches on core 0)
Feb 05 07:32:34.955859 n-d-808199-16 devstack@placement-api.service[103833]: DEBUG placement.requestlog [req-0ed181ee-2ece-4ae3-af86-44f0fb41d04b req-ce3c8c8a-9f6a-47be-953d-7780a91afdfc None None] Starting request: 10.222.0.18 "GET /placement/allocations/7aa01949-6a0b-41a3-9d24-726648defd03" {{(pid=103833) __call__ /opt/stack/placement/placement/requestlog.py:55}}
Feb 05 07:32:35.023961 n-d-808199-16 devstack@placement-api.service[103833]: INFO placement.requestlog [req-0ed181ee-2ece-4ae3-af86-44f0fb41d04b req-ce3c8c8a-9f6a-47be-953d-7780a91afdfc service placement] 10.222.0.18 "GET /placement/allocations/7aa01949-6a0b-41a3-9d24-726648defd03" status: 200 len: 259 microversion: 1.28
Feb 05 07:32:35.032606 n-d-808199-16 devstack@placement-api.service[103833]: [pid: 103833|app: 0|req: 413/830] 10.222.0.18 () {60 vars in 1377 bytes} [Sat Feb 5 07:32:34 2022] GET /placement/allocations/7aa01949-6a0b-41a3-9d24-726648defd03 => generated 259 bytes in 77 msecs (HTTP/1.1 200) 8 headers in 296 bytes (1 switches on core 0)
Feb 05 07:32:41.575936 n-d-808199-16 devstack@placement-api.service[103834]: DEBUG placement.requestlog [req-7d30cbb9-e4aa-4b46-b600-f167fa735977 req-2b6a0d6e-c205-4d4a-8202-a6a110fdf61d None None] Starting request: 10.222.0.18 "GET /placement/allocations/7aa01949-6a0b-41a3-9d24-726648defd03" {{(pid=103834) __call__ /opt/stack/placement/placement/requestlog.py:55}}
Feb 05 07:32:41.602900 n-d-808199-16 devstack@placement-api.service[103834]: INFO placement.requestlog [req-7d30cbb9-e4aa-4b46-b600-f167fa735977 req-2b6a0d6e-c205-4d4a-8202-a6a110fdf61d service placement] 10.222.0.18 "GET /placement/allocations/7aa01949-6a0b-41a3-9d24-726648defd03" status: 200 len: 259 microversion: 1.28
Feb 05 07:32:41.603846 n-d-808199-16 devstack@placement-api.service[103834]: [pid: 103834|app: 0|req: 418/831] 10.222.0.18 () {60 vars in 1377 bytes} [Sat Feb 5 07:32:41 2022] GET /placement/allocations/7aa01949-6a0b-41a3-9d24-726648defd03 => generated 259 bytes in 28 msecs (HTTP/1.1 200) 8 headers in 296 bytes (2 switches on core 0)
Feb 05 07:32:44.415293 n-d-808199-16 devstack@placement-api.service[103833]: DEBUG placement.requestlog [req-975207ae-bda0-4649-bdf2-3176edbe447d req-8052fb49-95d8-4184-9fbd-00722d485da1 None None] Starting request: 10.222.0.31 "DELETE /placement/allocations/d03b0c7c-5581-4177-96c6-80eb75945909" {{(pid=103833) __call__ /opt/stack/placement/placement/requestlog.py:55}}
Feb 05 07:32:44.475798 n-d-808199-16 devstack@placement-api.service[103833]: DEBUG placement.handlers.allocation [req-975207ae-bda0-4649-bdf2-3176edbe447d req-8052fb49-95d8-4184-9fbd-00722d485da1 service placement] Successfully deleted allocations [, , ] {{(pid=103833) delete_allocations /opt/stack/placement/placement/handlers/allocation.py:627}}
Feb 05 07:32:44.476118 n-d-808199-16 devstack@placement-api.service[103833]: INFO placement.requestlog [req-975207ae-bda0-4649-bdf2-3176edbe447d req-8052fb49-95d8-4184-9fbd-00722d485da1 service placement] 10.222.0.31 "DELETE /placement/allocations/d03b0c7c-5581-4177-96c6-80eb75945909" status: 204 len: 0 microversion: 1.0
Feb 05 07:32:44.476948 n-d-808199-16 devstack@placement-api.service[103833]: [pid: 103833|app: 0|req: 414/832] 10.222.0.31 () {60 vars in 1355 bytes} [Sat Feb 5 07:32:44 2022] DELETE /placement/allocations/d03b0c7c-5581-4177-96c6-80eb75945909 => generated 0 bytes in 62 msecs (HTTP/1.1 204) 5 headers in 198 bytes (1 switches on core 0)
Feb 05 07:32:52.823204 n-d-808199-16 devstack@placement-api.service[103834]: DEBUG placement.requestlog [req-dd227a16-c45c-4db7-9946-b880552c4004 req-b2a5049e-3384-41a6-97ab-f3b5e67a0ede None None] Starting request: 10.222.0.26 "GET /placement/allocation_candidates?resources=DISK_GB%3A1%2CMEMORY_MB%3A1024%2CVCPU%3A1&root_required=%21COMPUTE_STATUS_DISABLED" {{(pid=103834) __call__ /opt/stack/placement/placement/requestlog.py:55}}
Feb 05 07:32:52.916669 n-d-808199-16 devstack@placement-api.service[103834]: DEBUG placement.objects.research_context [req-dd227a16-c45c-4db7-9946-b880552c4004 req-b2a5049e-3384-41a6-97ab-f3b5e67a0ede service placement] getting providers with 1 DISK_GB {{(pid=103834) __init__ /opt/stack/placement/placement/objects/research_context.py:126}}
Feb 05 07:32:52.926447 n-d-808199-16 devstack@placement-api.service[103834]: DEBUG placement.objects.research_context [req-dd227a16-c45c-4db7-9946-b880552c4004 req-b2a5049e-3384-41a6-97ab-f3b5e67a0ede service placement] getting providers with 1024 MEMORY_MB {{(pid=103834) __init__ /opt/stack/placement/placement/objects/research_context.py:126}}
Feb 05 07:32:52.942755 n-d-808199-16 devstack@placement-api.service[103834]: DEBUG placement.objects.research_context [req-dd227a16-c45c-4db7-9946-b880552c4004 req-b2a5049e-3384-41a6-97ab-f3b5e67a0ede service placement] getting providers with 1 VCPU {{(pid=103834) __init__ /opt/stack/placement/placement/objects/research_context.py:126}}
Feb 05 07:32:52.955214 n-d-808199-16 devstack@placement-api.service[103834]: DEBUG placement.objects.research_context [req-dd227a16-c45c-4db7-9946-b880552c4004 req-b2a5049e-3384-41a6-97ab-f3b5e67a0ede service placement] found 2 providers with available 1 DISK_GB {{(pid=103834) get_provider_ids_matching /opt/stack/placement/placement/objects/research_context.py:549}}
Feb 05 07:32:52.955793 n-d-808199-16 devstack@placement-api.service[103834]: DEBUG placement.objects.research_context [req-dd227a16-c45c-4db7-9946-b880552c4004 req-b2a5049e-3384-41a6-97ab-f3b5e67a0ede service placement] found 2 providers with available 1024 MEMORY_MB {{(pid=103834) get_provider_ids_matching /opt/stack/placement/placement/objects/research_context.py:549}}
Feb 05 07:32:52.956211 n-d-808199-16 devstack@placement-api.service[103834]: DEBUG placement.objects.research_context [req-dd227a16-c45c-4db7-9946-b880552c4004 req-b2a5049e-3384-41a6-97ab-f3b5e67a0ede service placement] found 2 providers after filtering by previous result {{(pid=103834) get_provider_ids_matching /opt/stack/placement/placement/objects/research_context.py:580}}
Feb 05 07:32:52.956720 n-d-808199-16 devstack@placement-api.service[103834]: DEBUG placement.objects.research_context [req-dd227a16-c45c-4db7-9946-b880552c4004 req-b2a5049e-3384-41a6-97ab-f3b5e67a0ede service placement] found 2 providers with available 1 VCPU {{(pid=103834) get_provider_ids_matching /opt/stack/placement/placement/objects/research_context.py:549}}
Feb 05 07:32:52.957121 n-d-808199-16 devstack@placement-api.service[103834]: DEBUG placement.objects.research_context [req-dd227a16-c45c-4db7-9946-b880552c4004 req-b2a5049e-3384-41a6-97ab-f3b5e67a0ede service placement] found 2 providers after filtering by previous result {{(pid=103834) get_provider_ids_matching /opt/stack/placement/placement/objects/research_context.py:580}}
Feb 05 07:32:52.987449 n-d-808199-16 devstack@placement-api.service[103834]: DEBUG placement.objects.allocation_candidate [req-dd227a16-c45c-4db7-9946-b880552c4004 req-b2a5049e-3384-41a6-97ab-f3b5e67a0ede service placement] RequestGroup(use_same_provider=False, resources={DISK_GB:1, MEMORY_MB:1024, VCPU:1}, traits=[], aggregates=[]) (suffix '') returned 2 matches {{(pid=103834) _get_by_requests /opt/stack/placement/placement/objects/allocation_candidate.py:145}}
Feb 05 07:32:52.988099 n-d-808199-16 devstack@placement-api.service[103834]: DEBUG placement.objects.allocation_candidate [req-dd227a16-c45c-4db7-9946-b880552c4004 req-b2a5049e-3384-41a6-97ab-f3b5e67a0ede service placement] Merging candidates yields 2 allocation requests and 2 provider summaries {{(pid=103834) _merge_candidates /opt/stack/placement/placement/objects/allocation_candidate.py:783}}
