Nov 25 13:07:28.349877 n-d-808199-11 devstack@n-api.service[117833]: DEBUG nova.policy [None req-90649468-6cad-48de-91a2-006341484132 tempest-LiveAutoBlockMigrationV225Test-1956560695 tempest-LiveAutoBlockMigrationV225Test-1956560695-project] Policy check for os_compute_api:servers:show:host_status:unknown-only failed with credentials {'is_admin': False, 'user_id': '5b287839340748aeb17eee8f81ec0fbd', 'user_domain_id': 'default', 'system_scope': None, 'domain_id': None, 'project_id': 'd2e157ec7259461e96009d2e9c8298f0', 'project_domain_id': 'default', 'roles': ['member', 'reader'], 'is_admin_project': True, 'service_user_id': None, 'service_user_domain_id': None, 'service_project_id': None, 'service_project_domain_id': None, 'service_roles': []} {{(pid=117833) authorize /opt/stack/nova/nova/policy.py:199}}
Nov 25 13:07:28.351241 n-d-808199-11 devstack@n-api.service[117833]: INFO nova.api.openstack.requestlog [None req-90649468-6cad-48de-91a2-006341484132 tempest-LiveAutoBlockMigrationV225Test-1956560695 tempest-LiveAutoBlockMigrationV225Test-1956560695-project] 10.222.0.53 "GET /compute/v2.1/servers/fe7a402e-531c-4b21-9ace-10ffccdcb00f" status: 200 len: 1569 microversion: 2.25 time: 0.713910
Nov 25 13:07:28.363112 n-d-808199-11 devstack@n-api.service[117832]: [pid: 117832|app: 0|req: 161/345] 10.222.0.53 () {58 vars in 1235 bytes} [Thu Nov 25 13:07:27 2021] GET /compute/v2.1/servers/d410d79b-0ea5-45ec-bbd3-620a720f4750 => generated 1279 bytes in 394 msecs (HTTP/1.1 200) 9 headers in 358 bytes (1 switches on core 0)
Nov 25 13:07:28.363744 n-d-808199-11 devstack@n-api.service[117833]: [pid: 117833|app: 0|req: 185/346] 10.222.0.53 () {60 vars in 1276 bytes} [Thu Nov 25 13:07:27 2021] GET /compute/v2.1/servers/fe7a402e-531c-4b21-9ace-10ffccdcb00f => generated 1569 bytes in 727 msecs (HTTP/1.1 200) 9 headers in 360 bytes (2 switches on core 0)
Nov 25 13:07:28.369291 n-d-808199-11 devstack@n-api.service[117832]: DEBUG nova.api.openstack.wsgi [None req-6efe448c-6689-40bf-8b5d-b836aee1547b tempest-FlavorsAdminTestJSON-2096575298 tempest-FlavorsAdminTestJSON-2096575298-project-admin] Calling method '>' {{(pid=117832) _process_stack /opt/stack/nova/nova/api/openstack/wsgi.py:513}}
Nov 25 13:07:28.423777 n-d-808199-11 devstack@n-api.service[117832]: INFO nova.api.openstack.requestlog [None req-6efe448c-6689-40bf-8b5d-b836aee1547b tempest-FlavorsAdminTestJSON-2096575298 tempest-FlavorsAdminTestJSON-2096575298-project-admin] 10.222.0.53 "GET /compute/v2.1/flavors/detail?is_public=true" status: 200 len: 5390 microversion: 2.1 time: 0.063160
Nov 25 13:07:28.424822 n-d-808199-11 devstack@n-api.service[117832]: [pid: 117832|app: 0|req: 162/347] 10.222.0.53 () {58 vars in 1174 bytes} [Thu Nov 25 13:07:28 2021] GET /compute/v2.1/flavors/detail?is_public=true => generated 5390 bytes in 65 msecs (HTTP/1.1 200) 9 headers in 358 bytes (1 switches on core 0)
Nov 25 13:07:28.432538 n-d-808199-11 devstack@n-api.service[117832]: DEBUG nova.api.openstack.wsgi [None req-1451de1e-d86c-4ed0-bf11-7b4a77c4a4bc tempest-MigrationsAdminTest-2142242868 tempest-MigrationsAdminTest-2142242868-project] Calling method '>' {{(pid=117832) _process_stack /opt/stack/nova/nova/api/openstack/wsgi.py:513}}
Nov 25 13:07:28.433566 n-d-808199-11 devstack@n-api.service[117832]: DEBUG nova.compute.api [None req-1451de1e-d86c-4ed0-bf11-7b4a77c4a4bc tempest-MigrationsAdminTest-2142242868 tempest-MigrationsAdminTest-2142242868-project] [instance: c83004cb-df96-4d27-9371-9bd234a0c154] Fetching instance by UUID {{(pid=117832) get /opt/stack/nova/nova/compute/api.py:2865}}
Nov 25 13:07:28.442458 n-d-808199-11 devstack@n-api.service[117832]: DEBUG oslo_concurrency.lockutils [None req-1451de1e-d86c-4ed0-bf11-7b4a77c4a4bc tempest-MigrationsAdminTest-2142242868 tempest-MigrationsAdminTest-2142242868-project] Lock "399ad54b-16d9-434f-ae0b-932656a8f294" acquired by "nova.context.set_target_cell..get_or_set_cached_cell_and_set_connections" :: waited 0.000s {{(pid=117832) inner /usr/local/lib/python3.8/dist-packages/oslo_concurrency/lockutils.py:386}}
Nov 25 13:07:28.442458 n-d-808199-11 devstack@n-api.service[117832]: DEBUG oslo_concurrency.lockutils [None req-1451de1e-d86c-4ed0-bf11-7b4a77c4a4bc tempest-MigrationsAdminTest-2142242868 tempest-MigrationsAdminTest-2142242868-project] Lock "399ad54b-16d9-434f-ae0b-932656a8f294" "released" by "nova.context.set_target_cell..get_or_set_cached_cell_and_set_connections" :: held 0.001s {{(pid=117832) inner /usr/local/lib/python3.8/dist-packages/oslo_concurrency/lockutils.py:400}}
Nov 25 13:07:28.443156 n-d-808199-11 devstack@n-api.service[117832]: DEBUG oslo_concurrency.lockutils [None req-1451de1e-d86c-4ed0-bf11-7b4a77c4a4bc tempest-MigrationsAdminTest-2142242868 tempest-MigrationsAdminTest-2142242868-project] Lock "399ad54b-16d9-434f-ae0b-932656a8f294" acquired by "nova.context.set_target_cell..get_or_set_cached_cell_and_set_connections" :: waited 0.000s {{(pid=117832) inner /usr/local/lib/python3.8/dist-packages/oslo_concurrency/lockutils.py:386}}
Nov 25 13:07:28.443688 n-d-808199-11 devstack@n-api.service[117832]: DEBUG oslo_concurrency.lockutils [None req-1451de1e-d86c-4ed0-bf11-7b4a77c4a4bc tempest-MigrationsAdminTest-2142242868 tempest-MigrationsAdminTest-2142242868-project] Lock "399ad54b-16d9-434f-ae0b-932656a8f294" "released" by "nova.context.set_target_cell..get_or_set_cached_cell_and_set_connections" :: held 0.001s {{(pid=117832) inner /usr/local/lib/python3.8/dist-packages/oslo_concurrency/lockutils.py:400}}
Nov 25 13:07:28.687241 n-d-808199-11 devstack@n-api.service[117832]: DEBUG nova.policy [None req-1451de1e-d86c-4ed0-bf11-7b4a77c4a4bc tempest-MigrationsAdminTest-2142242868 tempest-MigrationsAdminTest-2142242868-project] Policy check for os_compute_api:os-extended-server-attributes failed with credentials {'is_admin': False, 'user_id': '3716a551d0824cb6a9123eb4c6f9fa39', 'user_domain_id': 'default', 'system_scope': None, 'domain_id': None, 'project_id': 'af4c9854d3c048999405c81c71776d29', 'project_domain_id': 'default', 'roles': ['member', 'reader'], 'is_admin_project': True, 'service_user_id': None, 'service_user_domain_id': None, 'service_project_id': None, 'service_project_domain_id': None, 'service_roles': []} {{(pid=117832) authorize /opt/stack/nova/nova/policy.py:199}}
Nov 25 13:07:28.695461 n-d-808199-11 devstack@n-api.service[117832]: INFO nova.api.openstack.requestlog [None req-1451de1e-d86c-4ed0-bf11-7b4a77c4a4bc tempest-MigrationsAdminTest-2142242868 tempest-MigrationsAdminTest-2142242868-project] 10.222.0.53 "GET /compute/v2.1/servers/c83004cb-df96-4d27-9371-9bd234a0c154" status: 200 len: 1476 microversion: 2.1 time: 0.268961
Nov 25 13:07:28.698594 n-d-808199-11 devstack@n-api.service[117832]: [pid: 117832|app: 0|req: 163/348] 10.222.0.53 () {58 vars in 1235 bytes} [Thu Nov 25 13:07:28 2021] GET /compute/v2.1/servers/c83004cb-df96-4d27-9371-9bd234a0c154 => generated 1476 bytes in 273 msecs (HTTP/1.1 200) 9 headers in 358 bytes (1 switches on core 0)
Nov 25 13:07:28.709063 n-d-808199-11 devstack@n-api.service[117832]: DEBUG nova.api.openstack.wsgi [None req-ad35ad3b-f41f-4d51-b09a-74481e05bf0e tempest-FlavorsAdminTestJSON-2096575298 tempest-FlavorsAdminTestJSON-2096575298-project-admin] Calling method '>' {{(pid=117832) _process_stack /opt/stack/nova/nova/api/openstack/wsgi.py:513}}
Nov 25 13:07:28.739863 n-d-808199-11 devstack@n-api.service[117832]: INFO nova.api.openstack.requestlog [None req-ad35ad3b-f41f-4d51-b09a-74481e05bf0e tempest-FlavorsAdminTestJSON-2096575298 tempest-FlavorsAdminTestJSON-2096575298-project-admin] 10.222.0.53 "GET /compute/v2.1/flavors/detail?is_public=yes" status: 200 len: 5390 microversion: 2.1 time: 0.039174
Nov 25 13:07:28.740453 n-d-808199-11 devstack@n-api.service[117832]: [pid: 117832|app: 0|req: 164/349] 10.222.0.53 () {58 vars in 1172 bytes} [Thu Nov 25 13:07:28 2021] GET /compute/v2.1/flavors/detail?is_public=yes => generated 5390 bytes in 40 msecs (HTTP/1.1 200) 9 headers in 358 bytes (1 switches on core 0)
Nov 25 13:07:28.752221 n-d-808199-11 devstack@n-api.service[117833]: DEBUG nova.api.openstack.wsgi [None req-e4e3ec62-bfcc-4f1d-acca-22ae391e13fa tempest-KeyPairsV2TestJSON-812850085 tempest-KeyPairsV2TestJSON-812850085-project] Action: 'create', calling method: .version_select at 0x7fa341099820>, body: {"keypair": {"name": "tempest-keypair-347969407"}} {{(pid=117833) _process_stack /opt/stack/nova/nova/api/openstack/wsgi.py:511}}
Nov 25 13:07:28.755268 n-d-808199-11 devstack@n-api.service[117832]: DEBUG nova.api.openstack.wsgi [None req-2c79887e-0904-4ec3-b0cf-ff17d2506a86 tempest-FlavorsAdminTestJSON-2096575298 tempest-FlavorsAdminTestJSON-2096575298-project-admin] Calling method '>' {{(pid=117832) _process_stack /opt/stack/nova/nova/api/openstack/wsgi.py:513}}
Nov 25 13:07:28.775699 n-d-808199-11 devstack@n-api.service[117832]: INFO nova.api.openstack.requestlog [None req-2c79887e-0904-4ec3-b0cf-ff17d2506a86 tempest-FlavorsAdminTestJSON-2096575298 tempest-FlavorsAdminTestJSON-2096575298-project-admin] 10.222.0.53 "GET /compute/v2.1/flavors/detail?is_public=1" status: 200 len: 5390 microversion: 2.1 time: 0.024081
Nov 25 13:07:28.776768 n-d-808199-11 devstack@n-api.service[117832]: [pid: 117832|app: 0|req: 165/350] 10.222.0.53 () {58 vars in 1168 bytes} [Thu Nov 25 13:07:28 2021] GET /compute/v2.1/flavors/detail?is_public=1 => generated 5390 bytes in 26 msecs (HTTP/1.1 200) 9 headers in 358 bytes (1 switches on core 0)
Nov 25 13:07:28.790975 n-d-808199-11 devstack@n-api.service[117832]: DEBUG nova.api.openstack.wsgi [None req-7a559306-883b-4414-847e-c2dd72b61015 tempest-FlavorsAdminTestJSON-2096575298 tempest-FlavorsAdminTestJSON-2096575298-project-admin] Calling method '>' {{(pid=117832) _process_stack /opt/stack/nova/nova/api/openstack/wsgi.py:513}}
Nov 25 13:07:28.792122 n-d-808199-11 devstack@n-api.service[117832]: /usr/local/lib/python3.8/dist-packages/oslo_policy/policy.py:1075: UserWarning: Policy os_compute_api:os-flavor-manage:delete failed scope check. The token used to make the request was project scoped but the policy requires ['system'] scope. This behavior may change in the future where using the intended scope is required
Nov 25 13:07:28.792122 n-d-808199-11 devstack@n-api.service[117832]: warnings.warn(msg)
Nov 25 13:07:28.796163 n-d-808199-11 devstack@n-api.service[117833]: DEBUG nova.quota [None req-e4e3ec62-bfcc-4f1d-acca-22ae391e13fa tempest-KeyPairsV2TestJSON-812850085 tempest-KeyPairsV2TestJSON-812850085-project] Getting quotas for project bead1290cb6a4722a956ab89a244354e. Resources: {'key_pairs'} {{(pid=117833) _get_quotas /opt/stack/nova/nova/quota.py:387}}
Nov 25 13:07:28.801589 n-d-808199-11 devstack@n-api.service[117833]: DEBUG nova.quota [None req-e4e3ec62-bfcc-4f1d-acca-22ae391e13fa tempest-KeyPairsV2TestJSON-812850085 tempest-KeyPairsV2TestJSON-812850085-project] Getting quotas for user 383440370a6648c887ea030025aaf92f and project bead1290cb6a4722a956ab89a244354e. Resources: {'key_pairs'} {{(pid=117833) _get_quotas /opt/stack/nova/nova/quota.py:377}}
Nov 25 13:07:28.816254 n-d-808199-11 devstack@n-api.service[117832]: INFO nova.api.openstack.requestlog [None req-7a559306-883b-4414-847e-c2dd72b61015 tempest-FlavorsAdminTestJSON-2096575298 tempest-FlavorsAdminTestJSON-2096575298-project-admin] 10.222.0.53 "DELETE /compute/v2.1/flavors/552095396" status: 202 len: 0 microversion: 2.1 time: 0.029183
Nov 25 13:07:28.819424 n-d-808199-11 devstack@n-api.service[117832]: [pid: 117832|app: 0|req: 166/351] 10.222.0.53 () {58 vars in 1157 bytes} [Thu Nov 25 13:07:28 2021] DELETE /compute/v2.1/flavors/552095396 => generated 0 bytes in 32 msecs (HTTP/1.1 202) 9 headers in 361 bytes (1 switches on core 0)
Nov 25 13:07:28.831607 n-d-808199-11 devstack@n-api.service[117832]: DEBUG nova.api.openstack.wsgi [None req-e644846f-398c-46f7-8105-5ff3af2fb00e tempest-FlavorsAdminTestJSON-2096575298 tempest-FlavorsAdminTestJSON-2096575298-project-admin] Calling method '>' {{(pid=117832) _process_stack /opt/stack/nova/nova/api/openstack/wsgi.py:513}}
Nov 25 13:07:28.870077 n-d-808199-11 devstack@n-api.service[117832]: INFO nova.api.openstack.requestlog [None req-e644846f-398c-46f7-8105-5ff3af2fb00e tempest-FlavorsAdminTestJSON-2096575298 tempest-FlavorsAdminTestJSON-2096575298-project-admin] 10.222.0.53 "GET /compute/v2.1/flavors/detail" status: 200 len: 4991 microversion: 2.1 time: 0.048321
Nov 25 13:07:28.872119 n-d-808199-11 devstack@n-api.service[117832]: [pid: 117832|app: 0|req: 167/352] 10.222.0.53 () {58 vars in 1145 bytes} [Thu Nov 25 13:07:28 2021] GET /compute/v2.1/flavors/detail => generated 4991 bytes in 51 msecs (HTTP/1.1 200) 9 headers in 358 bytes (1 switches on core 0)
Nov 25 13:07:29.048679 n-d-808199-11 devstack@n-api.service[117832]: DEBUG nova.api.openstack.wsgi [None req-9953775b-95f1-4b13-9e6e-0d77fe9d51b4 tempest-FlavorsAccessTestJSON-1409119628 tempest-FlavorsAccessTestJSON-1409119628-project-admin] Action: 'create', calling method: >, body: {"flavor": {"ram": 512, "vcpus": 1, "disk": 10, "name": "tempest-FlavorsAccessTestJSON-flavor-1981397197", "id": 1639487214, "os-flavor-access:is_public": "False"}} {{(pid=117832) _process_stack /opt/stack/nova/nova/api/openstack/wsgi.py:511}}
Nov 25 13:07:29.050430 n-d-808199-11 devstack@n-api.service[117832]: /usr/local/lib/python3.8/dist-packages/oslo_policy/policy.py:1075: UserWarning: Policy os_compute_api:os-flavor-manage:create failed scope check. The token used to make the request was project scoped but the policy requires ['system'] scope. This behavior may change in the future where using the intended scope is required
Nov 25 13:07:29.050430 n-d-808199-11 devstack@n-api.service[117832]: warnings.warn(msg)
Nov 25 13:07:29.068739 n-d-808199-11 devstack@n-api.service[117832]: INFO nova.api.openstack.requestlog [None req-9953775b-95f1-4b13-9e6e-0d77fe9d51b4 tempest-FlavorsAccessTestJSON-1409119628 tempest-FlavorsAccessTestJSON-1409119628-project-admin] 10.222.0.53 "POST /compute/v2.1/flavors" status: 200 len: 431 microversion: 2.1 time: 0.195354
Nov 25 13:07:29.077477 n-d-808199-11 devstack@n-api.service[117832]: [pid: 117832|app: 0|req: 168/353] 10.222.0.53 () {60 vars in 1146 bytes} [Thu Nov 25 13:07:28 2021] POST /compute/v2.1/flavors => generated 431 bytes in 205 msecs (HTTP/1.1 200) 9 headers in 357 bytes (1 switches on core 0)
Nov 25 13:07:29.087523 n-d-808199-11 devstack@n-api.service[117832]: DEBUG nova.api.openstack.wsgi [None req-515184bc-c504-4bbf-b8a3-a2b40158c532 tempest-FlavorsAdminTestJSON-2096575298 tempest-FlavorsAdminTestJSON-2096575298-project-admin] Calling method '>' {{(pid=117832) _process_stack /opt/stack/nova/nova/api/openstack/wsgi.py:513}}
Nov 25 13:07:29.107392 n-d-808199-11 devstack@n-api.service[117832]: INFO nova.api.openstack.requestlog [None req-515184bc-c504-4bbf-b8a3-a2b40158c532 tempest-FlavorsAdminTestJSON-2096575298 tempest-FlavorsAdminTestJSON-2096575298-project-admin] 10.222.0.53 "DELETE /compute/v2.1/flavors/442992372" status: 202 len: 0 microversion: 2.1 time: 0.028297
Nov 25 13:07:29.108365 n-d-808199-11 devstack@n-api.service[117832]: [pid: 117832|app: 0|req: 169/354] 10.222.0.53 () {58 vars in 1157 bytes} [Thu Nov 25 13:07:29 2021] DELETE /compute/v2.1/flavors/442992372 => generated 0 bytes in 30 msecs (HTTP/1.1 202) 9 headers in 361 bytes (1 switches on core 0)
Nov 25 13:07:29.343441 n-d-808199-11 devstack@n-api.service[117832]: DEBUG nova.api.openstack.wsgi [None req-964cf5c6-abaf-410f-9a52-d68dc27b0d00 tempest-VolumesAdminNegativeTest-1064880290 tempest-VolumesAdminNegativeTest-1064880290-project-admin] Action: 'update', calling method: >, body: {"volumeAttachment": {"volumeId": "e737dc3e-2d0e-47e3-8ac6-b3e6b4ca6fd9"}} {{(pid=117832) _process_stack /opt/stack/nova/nova/api/openstack/wsgi.py:511}}
Nov 25 13:07:29.345055 n-d-808199-11 devstack@n-api.service[117832]: DEBUG nova.compute.api [None req-964cf5c6-abaf-410f-9a52-d68dc27b0d00 tempest-VolumesAdminNegativeTest-1064880290 tempest-VolumesAdminNegativeTest-1064880290-project-admin] [instance: 92ac716b-9b8a-4b00-a849-4ce82e449316] Fetching instance by UUID {{(pid=117832) get /opt/stack/nova/nova/compute/api.py:2865}}
Nov 25 13:07:29.356444 n-d-808199-11 devstack@n-api.service[117832]: DEBUG oslo_concurrency.lockutils [None req-964cf5c6-abaf-410f-9a52-d68dc27b0d00 tempest-VolumesAdminNegativeTest-1064880290 tempest-VolumesAdminNegativeTest-1064880290-project-admin] Lock "399ad54b-16d9-434f-ae0b-932656a8f294" acquired by "nova.context.set_target_cell..get_or_set_cached_cell_and_set_connections" :: waited 0.000s {{(pid=117832) inner /usr/local/lib/python3.8/dist-packages/oslo_concurrency/lockutils.py:386}}
Nov 25 13:07:29.356897 n-d-808199-11 devstack@n-api.service[117832]: DEBUG oslo_concurrency.lockutils [None req-964cf5c6-abaf-410f-9a52-d68dc27b0d00 tempest-VolumesAdminNegativeTest-1064880290 tempest-VolumesAdminNegativeTest-1064880290-project-admin] Lock "399ad54b-16d9-434f-ae0b-932656a8f294" "released" by "nova.context.set_target_cell..get_or_set_cached_cell_and_set_connections" :: held 0.001s {{(pid=117832) inner /usr/local/lib/python3.8/dist-packages/oslo_concurrency/lockutils.py:400}}
Nov 25 13:07:29.357684 n-d-808199-11 devstack@n-api.service[117832]: DEBUG oslo_concurrency.lockutils [None req-964cf5c6-abaf-410f-9a52-d68dc27b0d00 tempest-VolumesAdminNegativeTest-1064880290 tempest-VolumesAdminNegativeTest-1064880290-project-admin] Lock "399ad54b-16d9-434f-ae0b-932656a8f294" acquired by "nova.context.set_target_cell..get_or_set_cached_cell_and_set_connections" :: waited 0.000s {{(pid=117832) inner /usr/local/lib/python3.8/dist-packages/oslo_concurrency/lockutils.py:386}}
Nov 25 13:07:29.358113 n-d-808199-11 devstack@n-api.service[117832]: DEBUG oslo_concurrency.lockutils [None req-964cf5c6-abaf-410f-9a52-d68dc27b0d00 tempest-VolumesAdminNegativeTest-1064880290 tempest-VolumesAdminNegativeTest-1064880290-project-admin] Lock "399ad54b-16d9-434f-ae0b-932656a8f294" "released" by "nova.context.set_target_cell..get_or_set_cached_cell_and_set_connections" :: held 0.000s {{(pid=117832) inner /usr/local/lib/python3.8/dist-packages/oslo_concurrency/lockutils.py:400}}
Nov 25 13:07:29.411345 n-d-808199-11 devstack@n-api.service[117832]: /usr/local/lib/python3.8/dist-packages/oslo_policy/policy.py:1075: UserWarning: Policy os_compute_api:os-volumes-attachments:swap failed scope check. The token used to make the request was project scoped but the policy requires ['system'] scope. This behavior may change in the future where using the intended scope is required
Nov 25 13:07:29.411345 n-d-808199-11 devstack@n-api.service[117832]: warnings.warn(msg)
Nov 25 13:07:29.832190 n-d-808199-11 devstack@n-api.service[117832]: INFO nova.api.openstack.wsgi [None req-964cf5c6-abaf-410f-9a52-d68dc27b0d00 tempest-VolumesAdminNegativeTest-1064880290 tempest-VolumesAdminNegativeTest-1064880290-project-admin] HTTP exception thrown: Volume e737dc3e-2d0e-47e3-8ac6-b3e6b4ca6fd9 could not be found.
Nov 25 13:07:29.832786 n-d-808199-11 devstack@n-api.service[117832]: DEBUG nova.api.openstack.wsgi [None req-964cf5c6-abaf-410f-9a52-d68dc27b0d00 tempest-VolumesAdminNegativeTest-1064880290 tempest-VolumesAdminNegativeTest-1064880290-project-admin] Returning 400 to user: Volume e737dc3e-2d0e-47e3-8ac6-b3e6b4ca6fd9 could not be found. {{(pid=117832) __call__ /opt/stack/nova/nova/api/openstack/wsgi.py:936}}
Nov 25 13:07:29.835134 n-d-808199-11 devstack@n-api.service[117832]: INFO nova.api.openstack.requestlog [None req-964cf5c6-abaf-410f-9a52-d68dc27b0d00 tempest-VolumesAdminNegativeTest-1064880290 tempest-VolumesAdminNegativeTest-1064880290-project-admin] 10.222.0.53 "PUT /compute/v2.1/servers/92ac716b-9b8a-4b00-a849-4ce82e449316/os-volume_attachments/cea44bf3-bb81-45c8-af25-de1a3643182e" status: 400 len: 107 microversion: 2.1 time: 0.724030
Nov 25 13:07:29.837600 n-d-808199-11 devstack@n-api.service[117832]: [pid: 117832|app: 0|req: 170/355] 10.222.0.53 () {60 vars in 1432 bytes} [Thu Nov 25 13:07:29 2021] PUT /compute/v2.1/servers/92ac716b-9b8a-4b00-a849-4ce82e449316/os-volume_attachments/cea44bf3-bb81-45c8-af25-de1a3643182e => generated 107 bytes in 728 msecs (HTTP/1.1 400) 9 headers in 381 bytes (1 switches on core 0)
Nov 25 13:07:29.846179 n-d-808199-11 devstack@n-api.service[117832]: DEBUG nova.api.openstack.wsgi [None req-b34a465b-bb42-4d3b-9136-2d4758bbc3f5 tempest-FlavorsAccessTestJSON-1409119628 tempest-FlavorsAccessTestJSON-1409119628-project-admin] Action: 'action', calling method: >, body: {"addTenantAccess": {"tenant": "c8cd941d08014d8a9ee379f3962441ff"}} {{(pid=117832) _process_stack /opt/stack/nova/nova/api/openstack/wsgi.py:511}}
Nov 25 13:07:29.847577 n-d-808199-11 devstack@n-api.service[117832]: /usr/local/lib/python3.8/dist-packages/oslo_policy/policy.py:1075: UserWarning: Policy os_compute_api:os-flavor-access:add_tenant_access failed scope check. The token used to make the request was project scoped but the policy requires ['system'] scope. This behavior may change in the future where using the intended scope is required
Nov 25 13:07:29.847577 n-d-808199-11 devstack@n-api.service[117832]: warnings.warn(msg)
Nov 25 13:07:29.965914 n-d-808199-11 devstack@n-api.service[117833]: DEBUG nova.quota [None req-e4e3ec62-bfcc-4f1d-acca-22ae391e13fa tempest-KeyPairsV2TestJSON-812850085 tempest-KeyPairsV2TestJSON-812850085-project] Getting quotas for project bead1290cb6a4722a956ab89a244354e. Resources: {'key_pairs'} {{(pid=117833) _get_quotas /opt/stack/nova/nova/quota.py:387}}
Nov 25 13:07:29.975846 n-d-808199-11 devstack@n-api.service[117833]: DEBUG nova.quota [None req-e4e3ec62-bfcc-4f1d-acca-22ae391e13fa tempest-KeyPairsV2TestJSON-812850085 tempest-KeyPairsV2TestJSON-812850085-project] Getting quotas for user 383440370a6648c887ea030025aaf92f and project bead1290cb6a4722a956ab89a244354e. Resources: {'key_pairs'} {{(pid=117833) _get_quotas /opt/stack/nova/nova/quota.py:377}}
Nov 25 13:07:30.002812 n-d-808199-11 devstack@n-api.service[117832]: INFO nova.api.openstack.requestlog [None req-b34a465b-bb42-4d3b-9136-2d4758bbc3f5 tempest-FlavorsAccessTestJSON-1409119628 tempest-FlavorsAccessTestJSON-1409119628-project-admin] 10.222.0.53 "POST /compute/v2.1/flavors/1639487214/action" status: 200 len: 97 microversion: 2.1 time: 0.163912
Nov 25 13:07:30.008339 n-d-808199-11 devstack@n-api.service[117832]: [pid: 117832|app: 0|req: 171/356] 10.222.0.53 () {60 vars in 1199 bytes} [Thu Nov 25 13:07:29 2021] POST /compute/v2.1/flavors/1639487214/action => generated 97 bytes in 170 msecs (HTTP/1.1 200) 9 headers in 356 bytes (1 switches on core 0)
Nov 25 13:07:30.012413 n-d-808199-11 devstack@n-api.service[117833]: INFO nova.api.openstack.requestlog [None req-e4e3ec62-bfcc-4f1d-acca-22ae391e13fa tempest-KeyPairsV2TestJSON-812850085 tempest-KeyPairsV2TestJSON-812850085-project] 10.222.0.53 "POST /compute/v2.1/os-keypairs" status: 200 len: 2304 microversion: 2.1 time: 1.647079
Nov 25 13:07:30.013262 n-d-808199-11 devstack@n-api.service[117833]: [pid: 117833|app: 0|req: 186/357] 10.222.0.53 () {60 vars in 1157 bytes} [Thu Nov 25 13:07:28 2021] POST /compute/v2.1/os-keypairs => generated 2304 bytes in 1649 msecs (HTTP/1.1 200) 9 headers in 358 bytes (1 switches on core 0)
Nov 25 13:07:30.017848 n-d-808199-11 devstack@n-api.service[117832]: DEBUG nova.api.openstack.wsgi [None req-e68245fd-3ad4-4590-8636-4914f346f463 tempest-FlavorsAdminTestJSON-2096575298 tempest-FlavorsAdminTestJSON-2096575298-project-admin] Calling method '>' {{(pid=117832) _process_stack /opt/stack/nova/nova/api/openstack/wsgi.py:513}}
Nov 25 13:07:30.025610 n-d-808199-11 devstack@n-api.service[117833]: DEBUG nova.api.openstack.wsgi [req-90ce3aa1-a734-414a-9b38-d55ebcda2d94 req-f3d6ff19-955f-4df9-8a7b-22bf6a78f785 service nova] Action: 'create', calling method: >, body: {"events": [{"server_uuid": "c83004cb-df96-4d27-9371-9bd234a0c154", "name": "network-vif-unplugged", "status": "completed", "tag": "6efc11c2-af6f-479e-9696-54cf17fa00d8"}]} {{(pid=117833) _process_stack /opt/stack/nova/nova/api/openstack/wsgi.py:511}}
Nov 25 13:07:30.028584 n-d-808199-11 devstack@n-api.service[117833]: /usr/local/lib/python3.8/dist-packages/oslo_policy/policy.py:1075: UserWarning: Policy os_compute_api:os-server-external-events:create failed scope check. The token used to make the request was project scoped but the policy requires ['system'] scope. This behavior may change in the future where using the intended scope is required
Nov 25 13:07:30.028584 n-d-808199-11 devstack@n-api.service[117833]: warnings.warn(msg)
Nov 25 13:07:30.052869 n-d-808199-11 devstack@n-api.service[117833]: DEBUG oslo_concurrency.lockutils [req-90ce3aa1-a734-414a-9b38-d55ebcda2d94 req-f3d6ff19-955f-4df9-8a7b-22bf6a78f785 service nova] Lock "399ad54b-16d9-434f-ae0b-932656a8f294" acquired by "nova.context.set_target_cell..get_or_set_cached_cell_and_set_connections" :: waited 0.000s {{(pid=117833) inner /usr/local/lib/python3.8/dist-packages/oslo_concurrency/lockutils.py:386}}
Nov 25 13:07:30.053561 n-d-808199-11 devstack@n-api.service[117833]: DEBUG oslo_concurrency.lockutils [req-90ce3aa1-a734-414a-9b38-d55ebcda2d94 req-f3d6ff19-955f-4df9-8a7b-22bf6a78f785 service nova] Lock "399ad54b-16d9-434f-ae0b-932656a8f294" "released" by "nova.context.set_target_cell..get_or_set_cached_cell_and_set_connections" :: held 0.001s {{(pid=117833) inner /usr/local/lib/python3.8/dist-packages/oslo_concurrency/lockutils.py:400}}
Nov 25 13:07:30.063163 n-d-808199-11 devstack@n-api.service[117832]: INFO nova.api.openstack.requestlog [None req-e68245fd-3ad4-4590-8636-4914f346f463 tempest-FlavorsAdminTestJSON-2096575298 tempest-FlavorsAdminTestJSON-2096575298-project-admin] 10.222.0.53 "GET /compute/v2.1/flavors/detail" status: 200 len: 4991 microversion: 2.1 time: 0.052473
Nov 25 13:07:30.063821 n-d-808199-11 devstack@n-api.service[117832]: [pid: 117832|app: 0|req: 172/358] 10.222.0.53 () {58 vars in 1145 bytes} [Thu Nov 25 13:07:30 2021] GET /compute/v2.1/flavors/detail => generated 4991 bytes in 55 msecs (HTTP/1.1 200) 9 headers in 358 bytes (1 switches on core 0)
Nov 25 13:07:30.068380 n-d-808199-11 devstack@n-api.service[117832]: DEBUG nova.api.openstack.wsgi [None req-7b996ced-ef03-495e-84d4-5c628166baff tempest-ServersOnMultiNodesTest-449430336 tempest-ServersOnMultiNodesTest-449430336-project] Calling method '>' {{(pid=117832) _process_stack /opt/stack/nova/nova/api/openstack/wsgi.py:513}}
Nov 25 13:07:30.069159 n-d-808199-11 devstack@n-api.service[117832]: DEBUG nova.compute.api [None req-7b996ced-ef03-495e-84d4-5c628166baff tempest-ServersOnMultiNodesTest-449430336 tempest-ServersOnMultiNodesTest-449430336-project] [instance: d410d79b-0ea5-45ec-bbd3-620a720f4750] Fetching instance by UUID {{(pid=117832) get /opt/stack/nova/nova/compute/api.py:2865}}
Nov 25 13:07:30.073599 n-d-808199-11 devstack@n-api.service[117833]: INFO nova.api.openstack.compute.server_external_events [req-90ce3aa1-a734-414a-9b38-d55ebcda2d94 req-f3d6ff19-955f-4df9-8a7b-22bf6a78f785 service nova] Creating event network-vif-unplugged:6efc11c2-af6f-479e-9696-54cf17fa00d8 for instance c83004cb-df96-4d27-9371-9bd234a0c154 on n-h2-808199-11
Nov 25 13:07:30.076317 n-d-808199-11 devstack@n-api.service[117832]: DEBUG oslo_concurrency.lockutils [None req-7b996ced-ef03-495e-84d4-5c628166baff tempest-ServersOnMultiNodesTest-449430336 tempest-ServersOnMultiNodesTest-449430336-project] Lock "399ad54b-16d9-434f-ae0b-932656a8f294" acquired by "nova.context.set_target_cell..get_or_set_cached_cell_and_set_connections" :: waited 0.000s {{(pid=117832) inner /usr/local/lib/python3.8/dist-packages/oslo_concurrency/lockutils.py:386}}
Nov 25 13:07:30.076906 n-d-808199-11 devstack@n-api.service[117832]: DEBUG oslo_concurrency.lockutils [None req-7b996ced-ef03-495e-84d4-5c628166baff tempest-ServersOnMultiNodesTest-449430336 tempest-ServersOnMultiNodesTest-449430336-project] Lock "399ad54b-16d9-434f-ae0b-932656a8f294" "released" by "nova.context.set_target_cell..get_or_set_cached_cell_and_set_connections" :: held 0.001s {{(pid=117832) inner /usr/local/lib/python3.8/dist-packages/oslo_concurrency/lockutils.py:400}}
Nov 25 13:07:30.077843 n-d-808199-11 devstack@n-api.service[117832]: DEBUG oslo_concurrency.lockutils [None req-7b996ced-ef03-495e-84d4-5c628166baff tempest-ServersOnMultiNodesTest-449430336 tempest-ServersOnMultiNodesTest-449430336-project] Lock "399ad54b-16d9-434f-ae0b-932656a8f294" acquired by "nova.context.set_target_cell..get_or_set_cached_cell_and_set_connections" :: waited 0.000s {{(pid=117832) inner /usr/local/lib/python3.8/dist-packages/oslo_concurrency/lockutils.py:386}}
Nov 25 13:07:30.079312 n-d-808199-11 devstack@n-api.service[117832]: DEBUG oslo_concurrency.lockutils [None req-7b996ced-ef03-495e-84d4-5c628166baff tempest-ServersOnMultiNodesTest-449430336 tempest-ServersOnMultiNodesTest-449430336-project] Lock "399ad54b-16d9-434f-ae0b-932656a8f294" "released" by "nova.context.set_target_cell..get_or_set_cached_cell_and_set_connections" :: held 0.001s {{(pid=117832) inner /usr/local/lib/python3.8/dist-packages/oslo_concurrency/lockutils.py:400}}
Nov 25 13:07:30.127697 n-d-808199-11 devstack@n-api.service[117833]: DEBUG nova.compute.api [req-90ce3aa1-a734-414a-9b38-d55ebcda2d94 req-f3d6ff19-955f-4df9-8a7b-22bf6a78f785 service nova] Instance c83004cb-df96-4d27-9371-9bd234a0c154 is migrating within the same cell, copying events to all relevant hosts: {'n-h1-808199-11', 'n-h2-808199-11'} {{(pid=117833) _get_relevant_hosts /opt/stack/nova/nova/compute/api.py:5713}}
Nov 25 13:07:30.146911 n-d-808199-11 devstack@n-api.service[117833]: INFO nova.api.openstack.requestlog [req-90ce3aa1-a734-414a-9b38-d55ebcda2d94 req-f3d6ff19-955f-4df9-8a7b-22bf6a78f785 service nova] 10.222.0.53 "POST /compute/v2.1/os-server-external-events" status: 200 len: 185 microversion: 2.1 time: 0.131249
Nov 25 13:07:30.147813 n-d-808199-11 devstack@n-api.service[117833]: [pid: 117833|app: 0|req: 187/359] 10.222.0.53 () {64 vars in 1317 bytes} [Thu Nov 25 13:07:30 2021] POST /compute/v2.1/os-server-external-events => generated 185 bytes in 133 msecs (HTTP/1.1 200) 9 headers in 357 bytes (1 switches on core 0)
Nov 25 13:07:30.154470 n-d-808199-11 devstack@n-api.service[117833]: DEBUG nova.api.openstack.wsgi [None req-1e2b4c77-08ca-4958-a4c0-586375351ba9 tempest-LiveAutoBlockMigrationV225Test-1956560695 tempest-LiveAutoBlockMigrationV225Test-1956560695-project] Calling method '>' {{(pid=117833) _process_stack /opt/stack/nova/nova/api/openstack/wsgi.py:513}}
Nov 25 13:07:30.155823 n-d-808199-11 devstack@n-api.service[117833]: DEBUG nova.compute.api [None req-1e2b4c77-08ca-4958-a4c0-586375351ba9 tempest-LiveAutoBlockMigrationV225Test-1956560695 tempest-LiveAutoBlockMigrationV225Test-1956560695-project] [instance: fe7a402e-531c-4b21-9ace-10ffccdcb00f] Fetching instance by UUID {{(pid=117833) get /opt/stack/nova/nova/compute/api.py:2865}}
Nov 25 13:07:30.169377 n-d-808199-11 devstack@n-api.service[117833]: DEBUG oslo_concurrency.lockutils [None req-1e2b4c77-08ca-4958-a4c0-586375351ba9 tempest-LiveAutoBlockMigrationV225Test-1956560695 tempest-LiveAutoBlockMigrationV225Test-1956560695-project] Lock "399ad54b-16d9-434f-ae0b-932656a8f294" acquired by "nova.context.set_target_cell..get_or_set_cached_cell_and_set_connections" :: waited 0.000s {{(pid=117833) inner /usr/local/lib/python3.8/dist-packages/oslo_concurrency/lockutils.py:386}}
Nov 25 13:07:30.170099 n-d-808199-11 devstack@n-api.service[117833]: DEBUG oslo_concurrency.lockutils [None req-1e2b4c77-08ca-4958-a4c0-586375351ba9 tempest-LiveAutoBlockMigrationV225Test-1956560695 tempest-LiveAutoBlockMigrationV225Test-1956560695-project] Lock "399ad54b-16d9-434f-ae0b-932656a8f294" "released" by "nova.context.set_target_cell..get_or_set_cached_cell_and_set_connections" :: held 0.001s {{(pid=117833) inner /usr/local/lib/python3.8/dist-packages/oslo_concurrency/lockutils.py:400}}
Nov 25 13:07:30.171224 n-d-808199-11 devstack@n-api.service[117833]: DEBUG oslo_concurrency.lockutils [None req-1e2b4c77-08ca-4958-a4c0-586375351ba9 tempest-LiveAutoBlockMigrationV225Test-1956560695 tempest-LiveAutoBlockMigrationV225Test-1956560695-project] Lock "399ad54b-16d9-434f-ae0b-932656a8f294" acquired by "nova.context.set_target_cell..get_or_set_cached_cell_and_set_connections" :: waited 0.000s {{(pid=117833) inner /usr/local/lib/python3.8/dist-packages/oslo_concurrency/lockutils.py:386}}
Nov 25 13:07:30.171713 n-d-808199-11 devstack@n-api.service[117833]: DEBUG oslo_concurrency.lockutils [None req-1e2b4c77-08ca-4958-a4c0-586375351ba9 tempest-LiveAutoBlockMigrationV225Test-1956560695 tempest-LiveAutoBlockMigrationV225Test-1956560695-project] Lock "399ad54b-16d9-434f-ae0b-932656a8f294" "released" by "nova.context.set_target_cell..get_or_set_cached_cell_and_set_connections" :: held 0.001s {{(pid=117833) inner /usr/local/lib/python3.8/dist-packages/oslo_concurrency/lockutils.py:400}}
Nov 25 13:07:30.561727 n-d-808199-11 devstack@n-api.service[117832]: DEBUG nova.policy [None req-7b996ced-ef03-495e-84d4-5c628166baff tempest-ServersOnMultiNodesTest-449430336 tempest-ServersOnMultiNodesTest-449430336-project] Policy check for os_compute_api:os-extended-server-attributes failed with credentials {'is_admin': False, 'user_id': 'cf192a3da95a4eb49146fe17ed3574a9', 'user_domain_id': 'default', 'system_scope': None, 'domain_id': None, 'project_id': '4190dcc6411041ccb9fe22c2d4608a11', 'project_domain_id': 'default', 'roles': ['member', 'reader'], 'is_admin_project': True, 'service_user_id': None, 'service_user_domain_id': None, 'service_project_id': None, 'service_project_domain_id': None, 'service_roles': []} {{(pid=117832) authorize /opt/stack/nova/nova/policy.py:199}}
Nov 25 13:07:30.571356 n-d-808199-11 devstack@n-api.service[117832]: INFO nova.api.openstack.requestlog [None req-7b996ced-ef03-495e-84d4-5c628166baff tempest-ServersOnMultiNodesTest-449430336 tempest-ServersOnMultiNodesTest-449430336-project] 10.222.0.53 "GET /compute/v2.1/servers/d410d79b-0ea5-45ec-bbd3-620a720f4750" status: 200 len: 1277 microversion: 2.1 time: 0.506278
Nov 25 13:07:30.572963 n-d-808199-11 devstack@n-api.service[117832]: [pid: 117832|app: 0|req: 173/360] 10.222.0.53 () {58 vars in 1235 bytes} [Thu Nov 25 13:07:30 2021] GET /compute/v2.1/servers/d410d79b-0ea5-45ec-bbd3-620a720f4750 => generated 1277 bytes in 508 msecs (HTTP/1.1 200) 9 headers in 358 bytes (1 switches on core 0)
Nov 25 13:07:30.577599 n-d-808199-11 devstack@n-api.service[117832]: DEBUG nova.api.openstack.wsgi [None req-3d9cdd15-cd2f-471e-8428-0c4bcf115fa0 tempest-MigrationsAdminTest-2142242868 tempest-MigrationsAdminTest-2142242868-project] Calling method '>' {{(pid=117832) _process_stack /opt/stack/nova/nova/api/openstack/wsgi.py:513}}
Nov 25 13:07:30.578206 n-d-808199-11 devstack@n-api.service[117832]: DEBUG nova.compute.api [None req-3d9cdd15-cd2f-471e-8428-0c4bcf115fa0 tempest-MigrationsAdminTest-2142242868 tempest-MigrationsAdminTest-2142242868-project] [instance: c83004cb-df96-4d27-9371-9bd234a0c154] Fetching instance by UUID {{(pid=117832) get /opt/stack/nova/nova/compute/api.py:2865}}
Nov 25 13:07:30.595102 n-d-808199-11 devstack@n-api.service[117832]: DEBUG oslo_concurrency.lockutils [None req-3d9cdd15-cd2f-471e-8428-0c4bcf115fa0 tempest-MigrationsAdminTest-2142242868 tempest-MigrationsAdminTest-2142242868-project] Lock "399ad54b-16d9-434f-ae0b-932656a8f294" acquired by "nova.context.set_target_cell..get_or_set_cached_cell_and_set_connections" :: waited 0.000s {{(pid=117832) inner /usr/local/lib/python3.8/dist-packages/oslo_concurrency/lockutils.py:386}}
Nov 25 13:07:30.596770 n-d-808199-11 devstack@n-api.service[117832]: DEBUG oslo_concurrency.lockutils [None req-3d9cdd15-cd2f-471e-8428-0c4bcf115fa0 tempest-MigrationsAdminTest-2142242868 tempest-MigrationsAdminTest-2142242868-project] Lock "399ad54b-16d9-434f-ae0b-932656a8f294" "released" by "nova.context.set_target_cell..get_or_set_cached_cell_and_set_connections" :: held 0.002s {{(pid=117832) inner /usr/local/lib/python3.8/dist-packages/oslo_concurrency/lockutils.py:400}}
Nov 25 13:07:30.598367 n-d-808199-11 devstack@n-api.service[117832]: DEBUG oslo_concurrency.lockutils [None req-3d9cdd15-cd2f-471e-8428-0c4bcf115fa0 tempest-MigrationsAdminTest-2142242868 tempest-MigrationsAdminTest-2142242868-project] Lock "399ad54b-16d9-434f-ae0b-932656a8f294" acquired by "nova.context.set_target_cell..get_or_set_cached_cell_and_set_connections" :: waited 0.000s {{(pid=117832) inner /usr/local/lib/python3.8/dist-packages/oslo_concurrency/lockutils.py:386}}
Nov 25 13:07:30.599426 n-d-808199-11 devstack@n-api.service[117832]: DEBUG oslo_concurrency.lockutils [None req-3d9cdd15-cd2f-471e-8428-0c4bcf115fa0 tempest-MigrationsAdminTest-2142242868 tempest-MigrationsAdminTest-2142242868-project] Lock "399ad54b-16d9-434f-ae0b-932656a8f294" "released" by "nova.context.set_target_cell..get_or_set_cached_cell_and_set_connections" :: held 0.001s {{(pid=117832) inner /usr/local/lib/python3.8/dist-packages/oslo_concurrency/lockutils.py:400}}
Nov 25 13:07:30.794719 n-d-808199-11 devstack@n-api.service[117833]: DEBUG nova.policy [None req-1e2b4c77-08ca-4958-a4c0-586375351ba9 tempest-LiveAutoBlockMigrationV225Test-1956560695 tempest-LiveAutoBlockMigrationV225Test-1956560695-project] Policy check for os_compute_api:os-extended-server-attributes failed with credentials {'is_admin': False, 'user_id': '5b287839340748aeb17eee8f81ec0fbd', 'user_domain_id': 'default', 'system_scope': None, 'domain_id': None, 'project_id': 'd2e157ec7259461e96009d2e9c8298f0', 'project_domain_id': 'default', 'roles': ['member', 'reader'], 'is_admin_project': True, 'service_user_id': None, 'service_user_domain_id': None, 'service_project_id': None, 'service_project_domain_id': None, 'service_roles': []} {{(pid=117833) authorize /opt/stack/nova/nova/policy.py:199}}
Nov 25 13:07:30.811165 n-d-808199-11 devstack@n-api.service[117833]: DEBUG nova.policy [None req-1e2b4c77-08ca-4958-a4c0-586375351ba9 tempest-LiveAutoBlockMigrationV225Test-1956560695 tempest-LiveAutoBlockMigrationV225Test-1956560695-project] Policy check for os_compute_api:servers:show:host_status failed with credentials {'is_admin': False, 'user_id': '5b287839340748aeb17eee8f81ec0fbd', 'user_domain_id': 'default', 'system_scope': None, 'domain_id': None, 'project_id': 'd2e157ec7259461e96009d2e9c8298f0', 'project_domain_id': 'default', 'roles': ['member', 'reader'], 'is_admin_project': True, 'service_user_id': None, 'service_user_domain_id': None, 'service_project_id': None, 'service_project_domain_id': None, 'service_roles': []} {{(pid=117833) authorize /opt/stack/nova/nova/policy.py:199}}
Nov 25 13:07:30.813042 n-d-808199-11 devstack@n-api.service[117833]: DEBUG nova.policy [None req-1e2b4c77-08ca-4958-a4c0-586375351ba9 tempest-LiveAutoBlockMigrationV225Test-1956560695 tempest-LiveAutoBlockMigrationV225Test-1956560695-project] Policy check for os_compute_api:servers:show:host_status:unknown-only failed with credentials {'is_admin': False, 'user_id': '5b287839340748aeb17eee8f81ec0fbd', 'user_domain_id': 'default', 'system_scope': None, 'domain_id': None, 'project_id': 'd2e157ec7259461e96009d2e9c8298f0', 'project_domain_id': 'default', 'roles': ['member', 'reader'], 'is_admin_project': True, 'service_user_id': None, 'service_user_domain_id': None, 'service_project_id': None, 'service_project_domain_id': None, 'service_roles': []} {{(pid=117833) authorize /opt/stack/nova/nova/policy.py:199}}
Nov 25 13:07:30.814470 n-d-808199-11 devstack@n-api.service[117833]: INFO nova.api.openstack.requestlog [None req-1e2b4c77-08ca-4958-a4c0-586375351ba9 tempest-LiveAutoBlockMigrationV225Test-1956560695 tempest-LiveAutoBlockMigrationV225Test-1956560695-project] 10.222.0.53 "GET /compute/v2.1/servers/fe7a402e-531c-4b21-9ace-10ffccdcb00f" status: 200 len: 1569 microversion: 2.25 time: 0.665519
Nov 25 13:07:30.829518 n-d-808199-11 devstack@n-api.service[117833]: [pid: 117833|app: 0|req: 188/361] 10.222.0.53 () {60 vars in 1276 bytes} [Thu Nov 25 13:07:30 2021] GET /compute/v2.1/servers/fe7a402e-531c-4b21-9ace-10ffccdcb00f => generated 1569 bytes in 681 msecs (HTTP/1.1 200) 9 headers in 360 bytes (1 switches on core 0)
Nov 25 13:07:30.837639 n-d-808199-11 devstack@n-api.service[117833]: DEBUG nova.api.openstack.wsgi [None req-b548fe16-1101-451a-b416-495ddc4f8f32 tempest-VolumesAdminNegativeTest-83964069 tempest-VolumesAdminNegativeTest-83964069-project] Calling method '>' {{(pid=117833) _process_stack /opt/stack/nova/nova/api/openstack/wsgi.py:513}}
Nov 25 13:07:30.838591 n-d-808199-11 devstack@n-api.service[117833]: DEBUG nova.compute.api [None req-b548fe16-1101-451a-b416-495ddc4f8f32 tempest-VolumesAdminNegativeTest-83964069 tempest-VolumesAdminNegativeTest-83964069-project] [instance: 92ac716b-9b8a-4b00-a849-4ce82e449316] Fetching instance by UUID {{(pid=117833) get /opt/stack/nova/nova/compute/api.py:2865}}
Nov 25 13:07:30.845091 n-d-808199-11 devstack@n-api.service[117833]: DEBUG oslo_concurrency.lockutils [None req-b548fe16-1101-451a-b416-495ddc4f8f32 tempest-VolumesAdminNegativeTest-83964069 tempest-VolumesAdminNegativeTest-83964069-project] Lock "399ad54b-16d9-434f-ae0b-932656a8f294" acquired by "nova.context.set_target_cell..get_or_set_cached_cell_and_set_connections" :: waited 0.000s {{(pid=117833) inner /usr/local/lib/python3.8/dist-packages/oslo_concurrency/lockutils.py:386}}
Nov 25 13:07:30.845854 n-d-808199-11 devstack@n-api.service[117833]: DEBUG oslo_concurrency.lockutils [None req-b548fe16-1101-451a-b416-495ddc4f8f32 tempest-VolumesAdminNegativeTest-83964069 tempest-VolumesAdminNegativeTest-83964069-project] Lock "399ad54b-16d9-434f-ae0b-932656a8f294" "released" by "nova.context.set_target_cell..get_or_set_cached_cell_and_set_connections" :: held 0.001s {{(pid=117833) inner /usr/local/lib/python3.8/dist-packages/oslo_concurrency/lockutils.py:400}}
Nov 25 13:07:30.846900 n-d-808199-11 devstack@n-api.service[117833]: DEBUG oslo_concurrency.lockutils [None req-b548fe16-1101-451a-b416-495ddc4f8f32 tempest-VolumesAdminNegativeTest-83964069 tempest-VolumesAdminNegativeTest-83964069-project] Lock "399ad54b-16d9-434f-ae0b-932656a8f294" acquired by "nova.context.set_target_cell..get_or_set_cached_cell_and_set_connections" :: waited 0.000s {{(pid=117833) inner /usr/local/lib/python3.8/dist-packages/oslo_concurrency/lockutils.py:386}}
Nov 25 13:07:30.847540 n-d-808199-11 devstack@n-api.service[117833]: DEBUG oslo_concurrency.lockutils [None req-b548fe16-1101-451a-b416-495ddc4f8f32 tempest-VolumesAdminNegativeTest-83964069 tempest-VolumesAdminNegativeTest-83964069-project] Lock "399ad54b-16d9-434f-ae0b-932656a8f294" "released" by "nova.context.set_target_cell..get_or_set_cached_cell_and_set_connections" :: held 0.001s {{(pid=117833) inner /usr/local/lib/python3.8/dist-packages/oslo_concurrency/lockutils.py:400}}
Nov 25 13:07:31.034684 n-d-808199-11 devstack@n-api.service[117833]: DEBUG nova.objects.instance [None req-b548fe16-1101-451a-b416-495ddc4f8f32 tempest-VolumesAdminNegativeTest-83964069 tempest-VolumesAdminNegativeTest-83964069-project] Lazy-loading 'services' on Instance uuid 92ac716b-9b8a-4b00-a849-4ce82e449316 {{(pid=117833) obj_load_attr /opt/stack/nova/nova/objects/instance.py:1099}}
Nov 25 13:07:31.065469 n-d-808199-11 devstack@n-api.service[117832]: DEBUG nova.policy [None req-3d9cdd15-cd2f-471e-8428-0c4bcf115fa0 tempest-MigrationsAdminTest-2142242868 tempest-MigrationsAdminTest-2142242868-project] Policy check for os_compute_api:os-extended-server-attributes failed with credentials {'is_admin': False, 'user_id': '3716a551d0824cb6a9123eb4c6f9fa39', 'user_domain_id': 'default', 'system_scope': None, 'domain_id': None, 'project_id': 'af4c9854d3c048999405c81c71776d29', 'project_domain_id': 'default', 'roles': ['member', 'reader'], 'is_admin_project': True, 'service_user_id': None, 'service_user_domain_id': None, 'service_project_id': None, 'service_project_domain_id': None, 'service_roles': []} {{(pid=117832) authorize /opt/stack/nova/nova/policy.py:199}}
Nov 25 13:07:31.080439 n-d-808199-11 devstack@n-api.service[117832]: INFO nova.api.openstack.requestlog [None req-3d9cdd15-cd2f-471e-8428-0c4bcf115fa0 tempest-MigrationsAdminTest-2142242868 tempest-MigrationsAdminTest-2142242868-project] 10.222.0.53 "GET /compute/v2.1/servers/c83004cb-df96-4d27-9371-9bd234a0c154" status: 200 len: 1476 microversion: 2.1 time: 0.506162
Nov 25 13:07:31.081032 n-d-808199-11 devstack@n-api.service[117832]: [pid: 117832|app: 0|req: 174/362] 10.222.0.53 () {58 vars in 1235 bytes} [Thu Nov 25 13:07:30 2021] GET /compute/v2.1/servers/c83004cb-df96-4d27-9371-9bd234a0c154 => generated 1476 bytes in 507 msecs (HTTP/1.1 200) 9 headers in 358 bytes (1 switches on core 0)
Nov 25 13:07:31.184539 n-d-808199-11 devstack@n-api.service[117833]: INFO nova.api.openstack.requestlog [None req-b548fe16-1101-451a-b416-495ddc4f8f32 tempest-VolumesAdminNegativeTest-83964069 tempest-VolumesAdminNegativeTest-83964069-project] 10.222.0.53 "DELETE /compute/v2.1/servers/92ac716b-9b8a-4b00-a849-4ce82e449316/os-volume_attachments/cea44bf3-bb81-45c8-af25-de1a3643182e" status: 202 len: 0 microversion: 2.1 time: 0.353205
Nov 25 13:07:31.185705 n-d-808199-11 devstack@n-api.service[117833]: [pid: 117833|app: 0|req: 189/363] 10.222.0.53 () {58 vars in 1415 bytes} [Thu Nov 25 13:07:30 2021] DELETE /compute/v2.1/servers/92ac716b-9b8a-4b00-a849-4ce82e449316/os-volume_attachments/cea44bf3-bb81-45c8-af25-de1a3643182e => generated 0 bytes in 355 msecs (HTTP/1.1 202) 9 headers in 361 bytes (1 switches on core 0)
Nov 25 13:07:31.191828 n-d-808199-11 devstack@n-api.service[117833]: DEBUG nova.api.openstack.wsgi [None req-aac69723-7662-4a7d-a1e7-ffcd14855881 tempest-KeyPairsV2TestJSON-812850085 tempest-KeyPairsV2TestJSON-812850085-project] Calling method '.version_select at 0x7fa341129e50>' {{(pid=117833) _process_stack /opt/stack/nova/nova/api/openstack/wsgi.py:513}}
Nov 25 13:07:31.204605 n-d-808199-11 devstack@n-api.service[117833]: INFO nova.api.openstack.requestlog [None req-aac69723-7662-4a7d-a1e7-ffcd14855881 tempest-KeyPairsV2TestJSON-812850085 tempest-KeyPairsV2TestJSON-812850085-project] 10.222.0.53 "GET /compute/v2.1/os-keypairs/tempest-keypair-347969407" status: 200 len: 690 microversion: 2.1 time: 0.017051
Nov 25 13:07:31.205902 n-d-808199-11 devstack@n-api.service[117833]: [pid: 117833|app: 0|req: 190/364] 10.222.0.53 () {58 vars in 1214 bytes} [Thu Nov 25 13:07:31 2021] GET /compute/v2.1/os-keypairs/tempest-keypair-347969407 => generated 690 bytes in 19 msecs (HTTP/1.1 200) 9 headers in 357 bytes (1 switches on core 0)
Nov 25 13:07:31.211878 n-d-808199-11 devstack@n-api.service[117833]: DEBUG nova.api.openstack.wsgi [None req-b40f4a0f-c2ac-4ed3-91a8-5c94df060ac2 tempest-FlavorsAdminTestJSON-2096575298 tempest-FlavorsAdminTestJSON-2096575298-project-admin] Action: 'create', calling method: >, body: {"flavor": {"ram": 512, "vcpus": 1, "disk": 10, "name": "tempest-test_flavor_-1988223984", "id": 895458628, "os-flavor-access:is_public": "False"}} {{(pid=117833) _process_stack /opt/stack/nova/nova/api/openstack/wsgi.py:511}}
Nov 25 13:07:31.214931 n-d-808199-11 devstack@n-api.service[117833]: /usr/local/lib/python3.8/dist-packages/oslo_policy/policy.py:1075: UserWarning: Policy os_compute_api:os-flavor-manage:create failed scope check. The token used to make the request was project scoped but the policy requires ['system'] scope. This behavior may change in the future where using the intended scope is required
Nov 25 13:07:31.214931 n-d-808199-11 devstack@n-api.service[117833]: warnings.warn(msg)
Nov 25 13:07:31.236337 n-d-808199-11 devstack@n-api.service[117833]: INFO nova.api.openstack.requestlog [None req-b40f4a0f-c2ac-4ed3-91a8-5c94df060ac2 tempest-FlavorsAdminTestJSON-2096575298 tempest-FlavorsAdminTestJSON-2096575298-project-admin] 10.222.0.53 "POST /compute/v2.1/flavors" status: 200 len: 412 microversion: 2.1 time: 0.028767
Nov 25 13:07:31.237388 n-d-808199-11 devstack@n-api.service[117833]: [pid: 117833|app: 0|req: 191/365] 10.222.0.53 () {60 vars in 1146 bytes} [Thu Nov 25 13:07:31 2021] POST /compute/v2.1/flavors => generated 412 bytes in 31 msecs (HTTP/1.1 200) 9 headers in 357 bytes (1 switches on core 0)
Nov 25 13:07:31.243049 n-d-808199-11 devstack@n-api.service[117833]: DEBUG nova.api.openstack.wsgi [None req-3f578b10-5d67-4404-a411-7a97bfdf4cdc tempest-VolumesAdminNegativeTest-83964069 tempest-VolumesAdminNegativeTest-83964069-project] Calling method '>' {{(pid=117833) _process_stack /opt/stack/nova/nova/api/openstack/wsgi.py:513}}
Nov 25 13:07:31.245154 n-d-808199-11 devstack@n-api.service[117833]: DEBUG nova.compute.api [None req-3f578b10-5d67-4404-a411-7a97bfdf4cdc tempest-VolumesAdminNegativeTest-83964069 tempest-VolumesAdminNegativeTest-83964069-project] [instance: 92ac716b-9b8a-4b00-a849-4ce82e449316] Fetching instance by UUID {{(pid=117833) get /opt/stack/nova/nova/compute/api.py:2865}}
Nov 25 13:07:31.273326 n-d-808199-11 devstack@n-api.service[117833]: DEBUG oslo_concurrency.lockutils [None req-3f578b10-5d67-4404-a411-7a97bfdf4cdc tempest-VolumesAdminNegativeTest-83964069 tempest-VolumesAdminNegativeTest-83964069-project] Lock "399ad54b-16d9-434f-ae0b-932656a8f294" acquired by "nova.context.set_target_cell..get_or_set_cached_cell_and_set_connections" :: waited 0.000s {{(pid=117833) inner /usr/local/lib/python3.8/dist-packages/oslo_concurrency/lockutils.py:386}}
Nov 25 13:07:31.274212 n-d-808199-11 devstack@n-api.service[117833]: DEBUG oslo_concurrency.lockutils [None req-3f578b10-5d67-4404-a411-7a97bfdf4cdc tempest-VolumesAdminNegativeTest-83964069 tempest-VolumesAdminNegativeTest-83964069-project] Lock "399ad54b-16d9-434f-ae0b-932656a8f294" "released" by "nova.context.set_target_cell..get_or_set_cached_cell_and_set_connections" :: held 0.001s {{(pid=117833) inner /usr/local/lib/python3.8/dist-packages/oslo_concurrency/lockutils.py:400}}
