Nov 22 22:57:58.430984 n-d-808199-10 devstack@c-api.service[121909]: /usr/local/lib/python3.8/dist-packages/oslo_context/context.py:105: DeprecationWarning: Policy enforcement is depending on the value of is_admin. This key is deprecated. Please update your policy file to use the standard policy values.
Nov 22 22:57:58.430984 n-d-808199-10 devstack@c-api.service[121909]: warnings.warn('Policy enforcement is depending on the value of '
Nov 22 22:57:58.441324 n-d-808199-10 devstack@c-api.service[121909]: INFO cinder.volume.api [req-61c66535-1b5d-453f-9712-9e8e6092df55 req-a6e84350-2a73-470b-9a82-a87fb69f40b7 tempest-TaggedBootDevicesTest_v242-2078147305 tempest-TaggedBootDevicesTest_v242-2078147305-project] Volume info retrieved successfully.
Nov 22 22:57:58.442944 n-d-808199-10 devstack@c-api.service[121910]: /usr/local/lib/python3.8/dist-packages/oslo_context/context.py:105: DeprecationWarning: Policy enforcement is depending on the value of is_admin. This key is deprecated. Please update your policy file to use the standard policy values.
Nov 22 22:57:58.442944 n-d-808199-10 devstack@c-api.service[121910]: warnings.warn('Policy enforcement is depending on the value of '
Nov 22 22:57:58.450668 n-d-808199-10 devstack@c-api.service[121909]: INFO cinder.api.openstack.wsgi [req-61c66535-1b5d-453f-9712-9e8e6092df55 req-a6e84350-2a73-470b-9a82-a87fb69f40b7 tempest-TaggedBootDevicesTest_v242-2078147305 tempest-TaggedBootDevicesTest_v242-2078147305-project] http://10.222.0.47/volume/v3/e4eb5a7b15024773ac19bf1e97202a15/volumes/ac1bb272-ba17-4246-9ef1-ed5b46267f13 returned with HTTP 200
Nov 22 22:57:58.451778 n-d-808199-10 devstack@c-api.service[121909]: [pid: 121909|app: 0|req: 145/283] 10.222.0.47 () {60 vars in 1578 bytes} [Mon Nov 22 22:57:58 2021] GET /volume/v3/e4eb5a7b15024773ac19bf1e97202a15/volumes/ac1bb272-ba17-4246-9ef1-ed5b46267f13 => generated 919 bytes in 55 msecs (HTTP/1.1 200) 7 headers in 285 bytes (2 switches on core 0)
Nov 22 22:57:58.469665 n-d-808199-10 devstack@c-api.service[121910]: INFO cinder.volume.api [None req-4521d552-cd3c-4e70-b168-c2e467bc8b70 tempest-LiveMigrationTest-43802080 tempest-LiveMigrationTest-43802080-project] Volume info retrieved successfully.
Nov 22 22:57:58.485032 n-d-808199-10 devstack@c-api.service[121909]: INFO cinder.api.openstack.wsgi [req-61c66535-1b5d-453f-9712-9e8e6092df55 req-a6e84350-2a73-470b-9a82-a87fb69f40b7 tempest-TaggedBootDevicesTest_v242-2078147305 tempest-TaggedBootDevicesTest_v242-2078147305-project] GET http://10.222.0.47/volume//
Nov 22 22:57:58.485923 n-d-808199-10 devstack@c-api.service[121909]: DEBUG cinder.api.openstack.wsgi [req-61c66535-1b5d-453f-9712-9e8e6092df55 req-a6e84350-2a73-470b-9a82-a87fb69f40b7 tempest-TaggedBootDevicesTest_v242-2078147305 tempest-TaggedBootDevicesTest_v242-2078147305-project] Empty body provided in request {{(pid=121909) get_body /opt/stack/cinder/cinder/api/openstack/wsgi.py:703}}
Nov 22 22:57:58.486302 n-d-808199-10 devstack@c-api.service[121909]: /usr/local/lib/python3.8/dist-packages/webob/acceptparse.py:1047: DeprecationWarning: The behavior of AcceptValidHeader.best_match is currently being maintained for backward compatibility, but it will be deprecated in the future, as it does not conform to the RFC.
Nov 22 22:57:58.486302 n-d-808199-10 devstack@c-api.service[121909]: warnings.warn(
Nov 22 22:57:58.486980 n-d-808199-10 devstack@c-api.service[121909]: DEBUG cinder.api.openstack.wsgi [req-61c66535-1b5d-453f-9712-9e8e6092df55 req-a6e84350-2a73-470b-9a82-a87fb69f40b7 tempest-TaggedBootDevicesTest_v242-2078147305 tempest-TaggedBootDevicesTest_v242-2078147305-project] Calling method 'all' {{(pid=121909) _process_stack /opt/stack/cinder/cinder/api/openstack/wsgi.py:856}}
Nov 22 22:57:58.488662 n-d-808199-10 devstack@c-api.service[121909]: INFO cinder.api.openstack.wsgi [req-61c66535-1b5d-453f-9712-9e8e6092df55 req-a6e84350-2a73-470b-9a82-a87fb69f40b7 tempest-TaggedBootDevicesTest_v242-2078147305 tempest-TaggedBootDevicesTest_v242-2078147305-project] http://10.222.0.47/volume// returned with HTTP 300
Nov 22 22:57:58.489646 n-d-808199-10 devstack@c-api.service[121909]: [pid: 121909|app: 0|req: 146/284] 10.222.0.47 () {58 vars in 1299 bytes} [Mon Nov 22 22:57:58 2021] GET /volume/ => generated 386 bytes in 5 msecs (HTTP/1.1 300) 5 headers in 169 bytes (1 switches on core 0)
Nov 22 22:57:58.494742 n-d-808199-10 devstack@c-api.service[121910]: INFO cinder.api.openstack.wsgi [None req-4521d552-cd3c-4e70-b168-c2e467bc8b70 tempest-LiveMigrationTest-43802080 tempest-LiveMigrationTest-43802080-project] http://10.222.0.47/volume/v3/a8f2b64146c44cebac833d1686772fd5/volumes/78fbcd1d-016e-412a-886a-e11cb2609b75 returned with HTTP 200
Nov 22 22:57:58.515080 n-d-808199-10 devstack@c-api.service[121909]: INFO cinder.api.openstack.wsgi [req-61c66535-1b5d-453f-9712-9e8e6092df55 req-1b654692-aac5-4b44-b0a5-dc177f7f709b tempest-TaggedBootDevicesTest_v242-2078147305 tempest-TaggedBootDevicesTest_v242-2078147305-project] POST http://10.222.0.47/volume/v3/e4eb5a7b15024773ac19bf1e97202a15/attachments
Nov 22 22:57:58.516146 n-d-808199-10 devstack@c-api.service[121909]: DEBUG cinder.api.openstack.wsgi [req-61c66535-1b5d-453f-9712-9e8e6092df55 req-1b654692-aac5-4b44-b0a5-dc177f7f709b tempest-TaggedBootDevicesTest_v242-2078147305 tempest-TaggedBootDevicesTest_v242-2078147305-project] Action: 'create', calling method: version_select, body: {"attachment": {"volume_uuid": "0ed3314f-2320-43c2-9816-aa300b063cfa", "connector": null, "instance_uuid": "48c42c74-0dfe-4dcb-afda-219c4592a82d"}} {{(pid=121909) _process_stack /opt/stack/cinder/cinder/api/openstack/wsgi.py:854}}
Nov 22 22:57:58.519393 n-d-808199-10 devstack@c-api.service[121910]: [pid: 121910|app: 0|req: 139/285] 10.222.0.47 () {58 vars in 1324 bytes} [Mon Nov 22 22:57:58 2021] GET /volume/v3/a8f2b64146c44cebac833d1686772fd5/volumes/78fbcd1d-016e-412a-886a-e11cb2609b75 => generated 913 bytes in 106 msecs (HTTP/1.1 200) 7 headers in 285 bytes (1 switches on core 0)
Nov 22 22:57:58.541236 n-d-808199-10 devstack@c-api.service[121909]: /usr/local/lib/python3.8/dist-packages/oslo_context/context.py:105: DeprecationWarning: Policy enforcement is depending on the value of is_admin. This key is deprecated. Please update your policy file to use the standard policy values.
Nov 22 22:57:58.541236 n-d-808199-10 devstack@c-api.service[121909]: warnings.warn('Policy enforcement is depending on the value of '
Nov 22 22:57:58.598559 n-d-808199-10 devstack@c-api.service[121909]: INFO cinder.api.openstack.wsgi [req-61c66535-1b5d-453f-9712-9e8e6092df55 req-1b654692-aac5-4b44-b0a5-dc177f7f709b tempest-TaggedBootDevicesTest_v242-2078147305 tempest-TaggedBootDevicesTest_v242-2078147305-project] http://10.222.0.47/volume/v3/e4eb5a7b15024773ac19bf1e97202a15/attachments returned with HTTP 200
Nov 22 22:57:58.599818 n-d-808199-10 devstack@c-api.service[121909]: [pid: 121909|app: 0|req: 147/286] 10.222.0.47 () {66 vars in 1574 bytes} [Mon Nov 22 22:57:58 2021] POST /volume/v3/e4eb5a7b15024773ac19bf1e97202a15/attachments => generated 273 bytes in 93 msecs (HTTP/1.1 200) 7 headers in 286 bytes (1 switches on core 0)
Nov 22 22:57:58.606491 n-d-808199-10 devstack@c-api.service[121910]: INFO cinder.api.openstack.wsgi [None req-4521d552-cd3c-4e70-b168-c2e467bc8b70 tempest-LiveMigrationTest-43802080 tempest-LiveMigrationTest-43802080-project] GET http://10.222.0.47/volume//
Nov 22 22:57:58.607397 n-d-808199-10 devstack@c-api.service[121910]: DEBUG cinder.api.openstack.wsgi [None req-4521d552-cd3c-4e70-b168-c2e467bc8b70 tempest-LiveMigrationTest-43802080 tempest-LiveMigrationTest-43802080-project] Empty body provided in request {{(pid=121910) get_body /opt/stack/cinder/cinder/api/openstack/wsgi.py:703}}
Nov 22 22:57:58.607677 n-d-808199-10 devstack@c-api.service[121910]: /usr/local/lib/python3.8/dist-packages/webob/acceptparse.py:1047: DeprecationWarning: The behavior of AcceptValidHeader.best_match is currently being maintained for backward compatibility, but it will be deprecated in the future, as it does not conform to the RFC.
Nov 22 22:57:58.607677 n-d-808199-10 devstack@c-api.service[121910]: warnings.warn(
Nov 22 22:57:58.607998 n-d-808199-10 devstack@c-api.service[121910]: DEBUG cinder.api.openstack.wsgi [None req-4521d552-cd3c-4e70-b168-c2e467bc8b70 tempest-LiveMigrationTest-43802080 tempest-LiveMigrationTest-43802080-project] Calling method 'all' {{(pid=121910) _process_stack /opt/stack/cinder/cinder/api/openstack/wsgi.py:856}}
Nov 22 22:57:58.608731 n-d-808199-10 devstack@c-api.service[121910]: INFO cinder.api.openstack.wsgi [None req-4521d552-cd3c-4e70-b168-c2e467bc8b70 tempest-LiveMigrationTest-43802080 tempest-LiveMigrationTest-43802080-project] http://10.222.0.47/volume// returned with HTTP 300
Nov 22 22:57:58.609244 n-d-808199-10 devstack@c-api.service[121910]: [pid: 121910|app: 0|req: 140/287] 10.222.0.47 () {58 vars in 1299 bytes} [Mon Nov 22 22:57:58 2021] GET /volume/ => generated 386 bytes in 3 msecs (HTTP/1.1 300) 5 headers in 169 bytes (1 switches on core 0)
Nov 22 22:57:58.624700 n-d-808199-10 devstack@c-api.service[121909]: INFO cinder.api.openstack.wsgi [req-61c66535-1b5d-453f-9712-9e8e6092df55 req-5e8f17b6-d60b-4fbd-801e-eb7eaa22bbfc tempest-TaggedBootDevicesTest_v242-2078147305 tempest-TaggedBootDevicesTest_v242-2078147305-project] POST http://10.222.0.47/volume/v3/e4eb5a7b15024773ac19bf1e97202a15/attachments
Nov 22 22:57:58.625221 n-d-808199-10 devstack@c-api.service[121909]: /usr/local/lib/python3.8/dist-packages/webob/acceptparse.py:1047: DeprecationWarning: The behavior of AcceptValidHeader.best_match is currently being maintained for backward compatibility, but it will be deprecated in the future, as it does not conform to the RFC.
Nov 22 22:57:58.625221 n-d-808199-10 devstack@c-api.service[121909]: warnings.warn(
Nov 22 22:57:58.625796 n-d-808199-10 devstack@c-api.service[121909]: DEBUG cinder.api.openstack.wsgi [req-61c66535-1b5d-453f-9712-9e8e6092df55 req-5e8f17b6-d60b-4fbd-801e-eb7eaa22bbfc tempest-TaggedBootDevicesTest_v242-2078147305 tempest-TaggedBootDevicesTest_v242-2078147305-project] Action: 'create', calling method: version_select, body: {"attachment": {"volume_uuid": "8cddc9ea-1163-4fda-85a6-e159961058ec", "connector": null, "instance_uuid": "48c42c74-0dfe-4dcb-afda-219c4592a82d"}} {{(pid=121909) _process_stack /opt/stack/cinder/cinder/api/openstack/wsgi.py:854}}
Nov 22 22:57:58.648648 n-d-808199-10 devstack@c-api.service[121909]: /usr/local/lib/python3.8/dist-packages/oslo_context/context.py:105: DeprecationWarning: Policy enforcement is depending on the value of is_admin. This key is deprecated. Please update your policy file to use the standard policy values.
Nov 22 22:57:58.648648 n-d-808199-10 devstack@c-api.service[121909]: warnings.warn('Policy enforcement is depending on the value of '
Nov 22 22:57:58.703446 n-d-808199-10 devstack@c-api.service[121909]: INFO cinder.api.openstack.wsgi [req-61c66535-1b5d-453f-9712-9e8e6092df55 req-5e8f17b6-d60b-4fbd-801e-eb7eaa22bbfc tempest-TaggedBootDevicesTest_v242-2078147305 tempest-TaggedBootDevicesTest_v242-2078147305-project] http://10.222.0.47/volume/v3/e4eb5a7b15024773ac19bf1e97202a15/attachments returned with HTTP 200
Nov 22 22:57:58.704868 n-d-808199-10 devstack@c-api.service[121909]: [pid: 121909|app: 0|req: 148/288] 10.222.0.47 () {66 vars in 1574 bytes} [Mon Nov 22 22:57:58 2021] POST /volume/v3/e4eb5a7b15024773ac19bf1e97202a15/attachments => generated 273 bytes in 89 msecs (HTTP/1.1 200) 7 headers in 286 bytes (1 switches on core 0)
Nov 22 22:57:58.712555 n-d-808199-10 devstack@c-api.service[121910]: INFO cinder.api.openstack.wsgi [None req-4521d552-cd3c-4e70-b168-c2e467bc8b70 tempest-LiveMigrationTest-43802080 tempest-LiveMigrationTest-43802080-project] GET http://10.222.0.47/volume//
Nov 22 22:57:58.713334 n-d-808199-10 devstack@c-api.service[121910]: DEBUG cinder.api.openstack.wsgi [None req-4521d552-cd3c-4e70-b168-c2e467bc8b70 tempest-LiveMigrationTest-43802080 tempest-LiveMigrationTest-43802080-project] Empty body provided in request {{(pid=121910) get_body /opt/stack/cinder/cinder/api/openstack/wsgi.py:703}}
Nov 22 22:57:58.714011 n-d-808199-10 devstack@c-api.service[121910]: DEBUG cinder.api.openstack.wsgi [None req-4521d552-cd3c-4e70-b168-c2e467bc8b70 tempest-LiveMigrationTest-43802080 tempest-LiveMigrationTest-43802080-project] Calling method 'all' {{(pid=121910) _process_stack /opt/stack/cinder/cinder/api/openstack/wsgi.py:856}}
Nov 22 22:57:58.714836 n-d-808199-10 devstack@c-api.service[121910]: INFO cinder.api.openstack.wsgi [None req-4521d552-cd3c-4e70-b168-c2e467bc8b70 tempest-LiveMigrationTest-43802080 tempest-LiveMigrationTest-43802080-project] http://10.222.0.47/volume// returned with HTTP 300
Nov 22 22:57:58.715431 n-d-808199-10 devstack@c-api.service[121910]: [pid: 121910|app: 0|req: 141/289] 10.222.0.47 () {58 vars in 1299 bytes} [Mon Nov 22 22:57:58 2021] GET /volume/ => generated 386 bytes in 4 msecs (HTTP/1.1 300) 5 headers in 169 bytes (1 switches on core 0)
Nov 22 22:57:58.727040 n-d-808199-10 devstack@c-api.service[121909]: INFO cinder.api.openstack.wsgi [req-61c66535-1b5d-453f-9712-9e8e6092df55 req-a105cfd1-6c34-4202-bd3f-bdec8ddefc76 tempest-TaggedBootDevicesTest_v242-2078147305 tempest-TaggedBootDevicesTest_v242-2078147305-project] POST http://10.222.0.47/volume/v3/e4eb5a7b15024773ac19bf1e97202a15/attachments
Nov 22 22:57:58.727504 n-d-808199-10 devstack@c-api.service[121909]: /usr/local/lib/python3.8/dist-packages/webob/acceptparse.py:1047: DeprecationWarning: The behavior of AcceptValidHeader.best_match is currently being maintained for backward compatibility, but it will be deprecated in the future, as it does not conform to the RFC.
Nov 22 22:57:58.727504 n-d-808199-10 devstack@c-api.service[121909]: warnings.warn(
Nov 22 22:57:58.727860 n-d-808199-10 devstack@c-api.service[121909]: DEBUG cinder.api.openstack.wsgi [req-61c66535-1b5d-453f-9712-9e8e6092df55 req-a105cfd1-6c34-4202-bd3f-bdec8ddefc76 tempest-TaggedBootDevicesTest_v242-2078147305 tempest-TaggedBootDevicesTest_v242-2078147305-project] Action: 'create', calling method: version_select, body: {"attachment": {"volume_uuid": "ac1bb272-ba17-4246-9ef1-ed5b46267f13", "connector": null, "instance_uuid": "48c42c74-0dfe-4dcb-afda-219c4592a82d"}} {{(pid=121909) _process_stack /opt/stack/cinder/cinder/api/openstack/wsgi.py:854}}
Nov 22 22:57:58.749650 n-d-808199-10 devstack@c-api.service[121909]: /usr/local/lib/python3.8/dist-packages/oslo_context/context.py:105: DeprecationWarning: Policy enforcement is depending on the value of is_admin. This key is deprecated. Please update your policy file to use the standard policy values.
Nov 22 22:57:58.749650 n-d-808199-10 devstack@c-api.service[121909]: warnings.warn('Policy enforcement is depending on the value of '
Nov 22 22:57:58.834758 n-d-808199-10 devstack@c-api.service[121909]: INFO cinder.api.openstack.wsgi [req-61c66535-1b5d-453f-9712-9e8e6092df55 req-a105cfd1-6c34-4202-bd3f-bdec8ddefc76 tempest-TaggedBootDevicesTest_v242-2078147305 tempest-TaggedBootDevicesTest_v242-2078147305-project] http://10.222.0.47/volume/v3/e4eb5a7b15024773ac19bf1e97202a15/attachments returned with HTTP 200
Nov 22 22:57:58.836817 n-d-808199-10 devstack@c-api.service[121909]: [pid: 121909|app: 0|req: 149/290] 10.222.0.47 () {66 vars in 1574 bytes} [Mon Nov 22 22:57:58 2021] POST /volume/v3/e4eb5a7b15024773ac19bf1e97202a15/attachments => generated 273 bytes in 115 msecs (HTTP/1.1 200) 7 headers in 286 bytes (1 switches on core 0)
Nov 22 22:57:59.301186 n-d-808199-10 devstack@c-api.service[121910]: INFO cinder.api.openstack.wsgi [None req-e74aab88-48fd-465d-8c41-84195a1d77b1 tempest-LiveAutoBlockMigrationV225Test-538420915 tempest-LiveAutoBlockMigrationV225Test-538420915-project] DELETE http://10.222.0.47/volume/v3/a617efdc8d3f43d888106e5e6c18f260/volumes/635d6aad-5c1d-435d-bb6c-5f51117a3212
Nov 22 22:57:59.301616 n-d-808199-10 devstack@c-api.service[121910]: DEBUG cinder.api.openstack.wsgi [None req-e74aab88-48fd-465d-8c41-84195a1d77b1 tempest-LiveAutoBlockMigrationV225Test-538420915 tempest-LiveAutoBlockMigrationV225Test-538420915-project] Empty body provided in request {{(pid=121910) get_body /opt/stack/cinder/cinder/api/openstack/wsgi.py:703}}
Nov 22 22:57:59.302015 n-d-808199-10 devstack@c-api.service[121910]: DEBUG cinder.api.openstack.wsgi [None req-e74aab88-48fd-465d-8c41-84195a1d77b1 tempest-LiveAutoBlockMigrationV225Test-538420915 tempest-LiveAutoBlockMigrationV225Test-538420915-project] Calling method 'delete' {{(pid=121910) _process_stack /opt/stack/cinder/cinder/api/openstack/wsgi.py:856}}
Nov 22 22:57:59.302395 n-d-808199-10 devstack@c-api.service[121910]: INFO cinder.api.v3.volumes [None req-e74aab88-48fd-465d-8c41-84195a1d77b1 tempest-LiveAutoBlockMigrationV225Test-538420915 tempest-LiveAutoBlockMigrationV225Test-538420915-project] Delete volume with id: 635d6aad-5c1d-435d-bb6c-5f51117a3212
Nov 22 22:57:59.335659 n-d-808199-10 devstack@c-api.service[121910]: /usr/local/lib/python3.8/dist-packages/oslo_context/context.py:105: DeprecationWarning: Policy enforcement is depending on the value of is_admin. This key is deprecated. Please update your policy file to use the standard policy values.
Nov 22 22:57:59.335659 n-d-808199-10 devstack@c-api.service[121910]: warnings.warn('Policy enforcement is depending on the value of '
Nov 22 22:57:59.341300 n-d-808199-10 devstack@c-api.service[121910]: INFO cinder.volume.api [None req-e74aab88-48fd-465d-8c41-84195a1d77b1 tempest-LiveAutoBlockMigrationV225Test-538420915 tempest-LiveAutoBlockMigrationV225Test-538420915-project] Volume info retrieved successfully.
Nov 22 22:57:59.411866 n-d-808199-10 devstack@c-api.service[121910]: INFO cinder.volume.api [None req-e74aab88-48fd-465d-8c41-84195a1d77b1 tempest-LiveAutoBlockMigrationV225Test-538420915 tempest-LiveAutoBlockMigrationV225Test-538420915-project] Delete volume request issued successfully.
Nov 22 22:57:59.412875 n-d-808199-10 devstack@c-api.service[121910]: INFO cinder.api.openstack.wsgi [None req-e74aab88-48fd-465d-8c41-84195a1d77b1 tempest-LiveAutoBlockMigrationV225Test-538420915 tempest-LiveAutoBlockMigrationV225Test-538420915-project] http://10.222.0.47/volume/v3/a617efdc8d3f43d888106e5e6c18f260/volumes/635d6aad-5c1d-435d-bb6c-5f51117a3212 returned with HTTP 202
Nov 22 22:57:59.417840 n-d-808199-10 devstack@c-api.service[121910]: [pid: 121910|app: 0|req: 142/291] 10.222.0.47 () {58 vars in 1327 bytes} [Mon Nov 22 22:57:59 2021] DELETE /volume/v3/a617efdc8d3f43d888106e5e6c18f260/volumes/635d6aad-5c1d-435d-bb6c-5f51117a3212 => generated 0 bytes in 118 msecs (HTTP/1.1 202) 6 headers in 233 bytes (1 switches on core 0)
Nov 22 22:57:59.426281 n-d-808199-10 devstack@c-api.service[121909]: INFO cinder.api.openstack.wsgi [None req-1d01802c-86a3-44b7-b355-05a72d378ca6 tempest-LiveAutoBlockMigrationV225Test-538420915 tempest-LiveAutoBlockMigrationV225Test-538420915-project] GET http://10.222.0.47/volume/v3/a617efdc8d3f43d888106e5e6c18f260/volumes/635d6aad-5c1d-435d-bb6c-5f51117a3212
Nov 22 22:57:59.426768 n-d-808199-10 devstack@c-api.service[121909]: DEBUG cinder.api.openstack.wsgi [None req-1d01802c-86a3-44b7-b355-05a72d378ca6 tempest-LiveAutoBlockMigrationV225Test-538420915 tempest-LiveAutoBlockMigrationV225Test-538420915-project] Empty body provided in request {{(pid=121909) get_body /opt/stack/cinder/cinder/api/openstack/wsgi.py:703}}
Nov 22 22:57:59.427486 n-d-808199-10 devstack@c-api.service[121909]: /usr/local/lib/python3.8/dist-packages/webob/acceptparse.py:1047: DeprecationWarning: The behavior of AcceptValidHeader.best_match is currently being maintained for backward compatibility, but it will be deprecated in the future, as it does not conform to the RFC.
Nov 22 22:57:59.427486 n-d-808199-10 devstack@c-api.service[121909]: warnings.warn(
Nov 22 22:57:59.427486 n-d-808199-10 devstack@c-api.service[121909]: DEBUG cinder.api.openstack.wsgi [None req-1d01802c-86a3-44b7-b355-05a72d378ca6 tempest-LiveAutoBlockMigrationV225Test-538420915 tempest-LiveAutoBlockMigrationV225Test-538420915-project] Calling method 'show' {{(pid=121909) _process_stack /opt/stack/cinder/cinder/api/openstack/wsgi.py:856}}
Nov 22 22:57:59.460767 n-d-808199-10 devstack@c-api.service[121909]: /usr/local/lib/python3.8/dist-packages/oslo_context/context.py:105: DeprecationWarning: Policy enforcement is depending on the value of is_admin. This key is deprecated. Please update your policy file to use the standard policy values.
Nov 22 22:57:59.460767 n-d-808199-10 devstack@c-api.service[121909]: warnings.warn('Policy enforcement is depending on the value of '
Nov 22 22:57:59.481231 n-d-808199-10 devstack@c-api.service[121909]: INFO cinder.volume.api [None req-1d01802c-86a3-44b7-b355-05a72d378ca6 tempest-LiveAutoBlockMigrationV225Test-538420915 tempest-LiveAutoBlockMigrationV225Test-538420915-project] Volume info retrieved successfully.
Nov 22 22:57:59.507790 n-d-808199-10 devstack@c-api.service[121909]: INFO cinder.api.openstack.wsgi [None req-1d01802c-86a3-44b7-b355-05a72d378ca6 tempest-LiveAutoBlockMigrationV225Test-538420915 tempest-LiveAutoBlockMigrationV225Test-538420915-project] http://10.222.0.47/volume/v3/a617efdc8d3f43d888106e5e6c18f260/volumes/635d6aad-5c1d-435d-bb6c-5f51117a3212 returned with HTTP 200
Nov 22 22:57:59.509107 n-d-808199-10 devstack@c-api.service[121909]: [pid: 121909|app: 0|req: 150/292] 10.222.0.47 () {58 vars in 1324 bytes} [Mon Nov 22 22:57:59 2021] GET /volume/v3/a617efdc8d3f43d888106e5e6c18f260/volumes/635d6aad-5c1d-435d-bb6c-5f51117a3212 => generated 922 bytes in 90 msecs (HTTP/1.1 200) 7 headers in 285 bytes (1 switches on core 0)
Nov 22 22:57:59.512869 n-d-808199-10 devstack@c-api.service[121910]: INFO cinder.api.openstack.wsgi [None req-b5187ffa-aaed-48c4-81f7-48f25aab7d0f tempest-LiveMigrationTest-43802080 tempest-LiveMigrationTest-43802080-project] GET http://10.222.0.47/volume/v3/a8f2b64146c44cebac833d1686772fd5/volumes/78fbcd1d-016e-412a-886a-e11cb2609b75
Nov 22 22:57:59.513986 n-d-808199-10 devstack@c-api.service[121910]: DEBUG cinder.api.openstack.wsgi [None req-b5187ffa-aaed-48c4-81f7-48f25aab7d0f tempest-LiveMigrationTest-43802080 tempest-LiveMigrationTest-43802080-project] Empty body provided in request {{(pid=121910) get_body /opt/stack/cinder/cinder/api/openstack/wsgi.py:703}}
Nov 22 22:57:59.514660 n-d-808199-10 devstack@c-api.service[121910]: /usr/local/lib/python3.8/dist-packages/webob/acceptparse.py:1047: DeprecationWarning: The behavior of AcceptValidHeader.best_match is currently being maintained for backward compatibility, but it will be deprecated in the future, as it does not conform to the RFC.
Nov 22 22:57:59.514660 n-d-808199-10 devstack@c-api.service[121910]: warnings.warn(
Nov 22 22:57:59.515356 n-d-808199-10 devstack@c-api.service[121910]: DEBUG cinder.api.openstack.wsgi [None req-b5187ffa-aaed-48c4-81f7-48f25aab7d0f tempest-LiveMigrationTest-43802080 tempest-LiveMigrationTest-43802080-project] Calling method 'show' {{(pid=121910) _process_stack /opt/stack/cinder/cinder/api/openstack/wsgi.py:856}}
Nov 22 22:57:59.551455 n-d-808199-10 devstack@c-api.service[121910]: /usr/local/lib/python3.8/dist-packages/oslo_context/context.py:105: DeprecationWarning: Policy enforcement is depending on the value of is_admin. This key is deprecated. Please update your policy file to use the standard policy values.
Nov 22 22:57:59.551455 n-d-808199-10 devstack@c-api.service[121910]: warnings.warn('Policy enforcement is depending on the value of '
Nov 22 22:57:59.570436 n-d-808199-10 devstack@c-api.service[121910]: INFO cinder.volume.api [None req-b5187ffa-aaed-48c4-81f7-48f25aab7d0f tempest-LiveMigrationTest-43802080 tempest-LiveMigrationTest-43802080-project] Volume info retrieved successfully.
Nov 22 22:57:59.588116 n-d-808199-10 devstack@c-api.service[121910]: INFO cinder.api.openstack.wsgi [None req-b5187ffa-aaed-48c4-81f7-48f25aab7d0f tempest-LiveMigrationTest-43802080 tempest-LiveMigrationTest-43802080-project] http://10.222.0.47/volume/v3/a8f2b64146c44cebac833d1686772fd5/volumes/78fbcd1d-016e-412a-886a-e11cb2609b75 returned with HTTP 200
Nov 22 22:57:59.592516 n-d-808199-10 devstack@c-api.service[121910]: [pid: 121910|app: 0|req: 143/293] 10.222.0.47 () {58 vars in 1324 bytes} [Mon Nov 22 22:57:59 2021] GET /volume/v3/a8f2b64146c44cebac833d1686772fd5/volumes/78fbcd1d-016e-412a-886a-e11cb2609b75 => generated 913 bytes in 84 msecs (HTTP/1.1 200) 7 headers in 285 bytes (1 switches on core 0)
Nov 22 22:58:00.524299 n-d-808199-10 devstack@c-api.service[121909]: INFO cinder.api.openstack.wsgi [None req-ea408b9f-3763-4e2b-b3d3-de3aaf679688 tempest-LiveAutoBlockMigrationV225Test-538420915 tempest-LiveAutoBlockMigrationV225Test-538420915-project] GET http://10.222.0.47/volume/v3/a617efdc8d3f43d888106e5e6c18f260/volumes/635d6aad-5c1d-435d-bb6c-5f51117a3212
Nov 22 22:58:00.525478 n-d-808199-10 devstack@c-api.service[121909]: DEBUG cinder.api.openstack.wsgi [None req-ea408b9f-3763-4e2b-b3d3-de3aaf679688 tempest-LiveAutoBlockMigrationV225Test-538420915 tempest-LiveAutoBlockMigrationV225Test-538420915-project] Empty body provided in request {{(pid=121909) get_body /opt/stack/cinder/cinder/api/openstack/wsgi.py:703}}
Nov 22 22:58:00.525843 n-d-808199-10 devstack@c-api.service[121909]: /usr/local/lib/python3.8/dist-packages/webob/acceptparse.py:1047: DeprecationWarning: The behavior of AcceptValidHeader.best_match is currently being maintained for backward compatibility, but it will be deprecated in the future, as it does not conform to the RFC.
Nov 22 22:58:00.525843 n-d-808199-10 devstack@c-api.service[121909]: warnings.warn(
Nov 22 22:58:00.534709 n-d-808199-10 devstack@c-api.service[121909]: DEBUG cinder.api.openstack.wsgi [None req-ea408b9f-3763-4e2b-b3d3-de3aaf679688 tempest-LiveAutoBlockMigrationV225Test-538420915 tempest-LiveAutoBlockMigrationV225Test-538420915-project] Calling method 'show' {{(pid=121909) _process_stack /opt/stack/cinder/cinder/api/openstack/wsgi.py:856}}
Nov 22 22:58:00.588835 n-d-808199-10 devstack@c-api.service[121909]: /usr/local/lib/python3.8/dist-packages/oslo_context/context.py:105: DeprecationWarning: Policy enforcement is depending on the value of is_admin. This key is deprecated. Please update your policy file to use the standard policy values.
Nov 22 22:58:00.588835 n-d-808199-10 devstack@c-api.service[121909]: warnings.warn('Policy enforcement is depending on the value of '
Nov 22 22:58:00.607831 n-d-808199-10 devstack@c-api.service[121910]: INFO cinder.api.openstack.wsgi [None req-9164065a-e538-4035-b39e-54213d5635e2 tempest-LiveMigrationTest-43802080 tempest-LiveMigrationTest-43802080-project] GET http://10.222.0.47/volume/v3/a8f2b64146c44cebac833d1686772fd5/volumes/78fbcd1d-016e-412a-886a-e11cb2609b75
Nov 22 22:58:00.608983 n-d-808199-10 devstack@c-api.service[121910]: DEBUG cinder.api.openstack.wsgi [None req-9164065a-e538-4035-b39e-54213d5635e2 tempest-LiveMigrationTest-43802080 tempest-LiveMigrationTest-43802080-project] Empty body provided in request {{(pid=121910) get_body /opt/stack/cinder/cinder/api/openstack/wsgi.py:703}}
Nov 22 22:58:00.609361 n-d-808199-10 devstack@c-api.service[121910]: /usr/local/lib/python3.8/dist-packages/webob/acceptparse.py:1047: DeprecationWarning: The behavior of AcceptValidHeader.best_match is currently being maintained for backward compatibility, but it will be deprecated in the future, as it does not conform to the RFC.
Nov 22 22:58:00.609361 n-d-808199-10 devstack@c-api.service[121910]: warnings.warn(
Nov 22 22:58:00.609975 n-d-808199-10 devstack@c-api.service[121910]: DEBUG cinder.api.openstack.wsgi [None req-9164065a-e538-4035-b39e-54213d5635e2 tempest-LiveMigrationTest-43802080 tempest-LiveMigrationTest-43802080-project] Calling method 'show' {{(pid=121910) _process_stack /opt/stack/cinder/cinder/api/openstack/wsgi.py:856}}
Nov 22 22:58:00.644680 n-d-808199-10 devstack@c-api.service[121909]: INFO cinder.volume.api [None req-ea408b9f-3763-4e2b-b3d3-de3aaf679688 tempest-LiveAutoBlockMigrationV225Test-538420915 tempest-LiveAutoBlockMigrationV225Test-538420915-project] Volume info retrieved successfully.
Nov 22 22:58:00.648826 n-d-808199-10 devstack@c-api.service[121910]: /usr/local/lib/python3.8/dist-packages/oslo_context/context.py:105: DeprecationWarning: Policy enforcement is depending on the value of is_admin. This key is deprecated. Please update your policy file to use the standard policy values.
Nov 22 22:58:00.648826 n-d-808199-10 devstack@c-api.service[121910]: warnings.warn('Policy enforcement is depending on the value of '
Nov 22 22:58:00.689652 n-d-808199-10 devstack@c-api.service[121909]: INFO cinder.api.openstack.wsgi [None req-ea408b9f-3763-4e2b-b3d3-de3aaf679688 tempest-LiveAutoBlockMigrationV225Test-538420915 tempest-LiveAutoBlockMigrationV225Test-538420915-project] http://10.222.0.47/volume/v3/a617efdc8d3f43d888106e5e6c18f260/volumes/635d6aad-5c1d-435d-bb6c-5f51117a3212 returned with HTTP 200
Nov 22 22:58:00.694982 n-d-808199-10 devstack@c-api.service[121910]: INFO cinder.volume.api [None req-9164065a-e538-4035-b39e-54213d5635e2 tempest-LiveMigrationTest-43802080 tempest-LiveMigrationTest-43802080-project] Volume info retrieved successfully.
Nov 22 22:58:00.695647 n-d-808199-10 devstack@c-api.service[121909]: [pid: 121909|app: 0|req: 151/294] 10.222.0.47 () {58 vars in 1324 bytes} [Mon Nov 22 22:58:00 2021] GET /volume/v3/a617efdc8d3f43d888106e5e6c18f260/volumes/635d6aad-5c1d-435d-bb6c-5f51117a3212 => generated 922 bytes in 175 msecs (HTTP/1.1 200) 7 headers in 285 bytes (1 switches on core 0)
Nov 22 22:58:00.728676 n-d-808199-10 devstack@c-api.service[121910]: INFO cinder.api.openstack.wsgi [None req-9164065a-e538-4035-b39e-54213d5635e2 tempest-LiveMigrationTest-43802080 tempest-LiveMigrationTest-43802080-project] http://10.222.0.47/volume/v3/a8f2b64146c44cebac833d1686772fd5/volumes/78fbcd1d-016e-412a-886a-e11cb2609b75 returned with HTTP 200
Nov 22 22:58:00.735316 n-d-808199-10 devstack@c-api.service[121910]: [pid: 121910|app: 0|req: 144/295] 10.222.0.47 () {58 vars in 1324 bytes} [Mon Nov 22 22:58:00 2021] GET /volume/v3/a8f2b64146c44cebac833d1686772fd5/volumes/78fbcd1d-016e-412a-886a-e11cb2609b75 => generated 971 bytes in 131 msecs (HTTP/1.1 200) 7 headers in 285 bytes (2 switches on core 0)
Nov 22 22:58:00.952402 n-d-808199-10 devstack@c-api.service[121909]: INFO cinder.api.openstack.wsgi [None req-ea408b9f-3763-4e2b-b3d3-de3aaf679688 tempest-LiveAutoBlockMigrationV225Test-538420915 tempest-LiveAutoBlockMigrationV225Test-538420915-project] GET http://10.222.0.47/volume//
Nov 22 22:58:00.952932 n-d-808199-10 devstack@c-api.service[121909]: DEBUG cinder.api.openstack.wsgi [None req-ea408b9f-3763-4e2b-b3d3-de3aaf679688 tempest-LiveAutoBlockMigrationV225Test-538420915 tempest-LiveAutoBlockMigrationV225Test-538420915-project] Empty body provided in request {{(pid=121909) get_body /opt/stack/cinder/cinder/api/openstack/wsgi.py:703}}
Nov 22 22:58:00.953209 n-d-808199-10 devstack@c-api.service[121909]: /usr/local/lib/python3.8/dist-packages/webob/acceptparse.py:1047: DeprecationWarning: The behavior of AcceptValidHeader.best_match is currently being maintained for backward compatibility, but it will be deprecated in the future, as it does not conform to the RFC.
Nov 22 22:58:00.953209 n-d-808199-10 devstack@c-api.service[121909]: warnings.warn(
Nov 22 22:58:00.953683 n-d-808199-10 devstack@c-api.service[121909]: DEBUG cinder.api.openstack.wsgi [None req-ea408b9f-3763-4e2b-b3d3-de3aaf679688 tempest-LiveAutoBlockMigrationV225Test-538420915 tempest-LiveAutoBlockMigrationV225Test-538420915-project] Calling method 'all' {{(pid=121909) _process_stack /opt/stack/cinder/cinder/api/openstack/wsgi.py:856}}
Nov 22 22:58:00.954768 n-d-808199-10 devstack@c-api.service[121909]: INFO cinder.api.openstack.wsgi [None req-ea408b9f-3763-4e2b-b3d3-de3aaf679688 tempest-LiveAutoBlockMigrationV225Test-538420915 tempest-LiveAutoBlockMigrationV225Test-538420915-project] http://10.222.0.47/volume// returned with HTTP 300
Nov 22 22:58:00.955204 n-d-808199-10 devstack@c-api.service[121909]: [pid: 121909|app: 0|req: 152/296] 10.222.0.72 () {56 vars in 1098 bytes} [Mon Nov 22 22:58:00 2021] GET /volume/ => generated 386 bytes in 3 msecs (HTTP/1.1 300) 5 headers in 169 bytes (1 switches on core 0)
Nov 22 22:58:00.965646 n-d-808199-10 devstack@c-api.service[121910]: INFO cinder.api.openstack.wsgi [req-61c66535-1b5d-453f-9712-9e8e6092df55 req-f1c64df0-af90-4ac0-a115-49729706d17a tempest-TaggedBootDevicesTest_v242-2078147305 tempest-TaggedBootDevicesTest_v242-2078147305-project] GET http://10.222.0.47/volume/v3/e4eb5a7b15024773ac19bf1e97202a15/volumes/0ed3314f-2320-43c2-9816-aa300b063cfa
Nov 22 22:58:00.966281 n-d-808199-10 devstack@c-api.service[121910]: DEBUG cinder.api.openstack.wsgi [req-61c66535-1b5d-453f-9712-9e8e6092df55 req-f1c64df0-af90-4ac0-a115-49729706d17a tempest-TaggedBootDevicesTest_v242-2078147305 tempest-TaggedBootDevicesTest_v242-2078147305-project] Empty body provided in request {{(pid=121910) get_body /opt/stack/cinder/cinder/api/openstack/wsgi.py:703}}
Nov 22 22:58:00.966543 n-d-808199-10 devstack@c-api.service[121910]: /usr/local/lib/python3.8/dist-packages/webob/acceptparse.py:1047: DeprecationWarning: The behavior of AcceptValidHeader.best_match is currently being maintained for backward compatibility, but it will be deprecated in the future, as it does not conform to the RFC.
Nov 22 22:58:00.966543 n-d-808199-10 devstack@c-api.service[121910]: warnings.warn(
Nov 22 22:58:00.967008 n-d-808199-10 devstack@c-api.service[121910]: DEBUG cinder.api.openstack.wsgi [req-61c66535-1b5d-453f-9712-9e8e6092df55 req-f1c64df0-af90-4ac0-a115-49729706d17a tempest-TaggedBootDevicesTest_v242-2078147305 tempest-TaggedBootDevicesTest_v242-2078147305-project] Calling method 'show' {{(pid=121910) _process_stack /opt/stack/cinder/cinder/api/openstack/wsgi.py:856}}
Nov 22 22:58:00.998967 n-d-808199-10 devstack@c-api.service[121910]: /usr/local/lib/python3.8/dist-packages/oslo_context/context.py:105: DeprecationWarning: Policy enforcement is depending on the value of is_admin. This key is deprecated. Please update your policy file to use the standard policy values.
Nov 22 22:58:00.998967 n-d-808199-10 devstack@c-api.service[121910]: warnings.warn('Policy enforcement is depending on the value of '
Nov 22 22:58:01.017696 n-d-808199-10 devstack@c-api.service[121910]: INFO cinder.volume.api [req-61c66535-1b5d-453f-9712-9e8e6092df55 req-f1c64df0-af90-4ac0-a115-49729706d17a tempest-TaggedBootDevicesTest_v242-2078147305 tempest-TaggedBootDevicesTest_v242-2078147305-project] Volume info retrieved successfully.
Nov 22 22:58:01.033981 n-d-808199-10 devstack@c-api.service[121910]: INFO cinder.api.openstack.wsgi [req-61c66535-1b5d-453f-9712-9e8e6092df55 req-f1c64df0-af90-4ac0-a115-49729706d17a tempest-TaggedBootDevicesTest_v242-2078147305 tempest-TaggedBootDevicesTest_v242-2078147305-project] http://10.222.0.47/volume/v3/e4eb5a7b15024773ac19bf1e97202a15/volumes/0ed3314f-2320-43c2-9816-aa300b063cfa returned with HTTP 200
Nov 22 22:58:01.042915 n-d-808199-10 devstack@c-api.service[121910]: [pid: 121910|app: 0|req: 145/297] 10.222.0.72 () {60 vars in 1412 bytes} [Mon Nov 22 22:58:00 2021] GET /volume/v3/e4eb5a7b15024773ac19bf1e97202a15/volumes/0ed3314f-2320-43c2-9816-aa300b063cfa => generated 1465 bytes in 80 msecs (HTTP/1.1 200) 7 headers in 287 bytes (1 switches on core 0)
Nov 22 22:58:01.061767 n-d-808199-10 devstack@c-api.service[121909]: INFO cinder.api.openstack.wsgi [req-61c66535-1b5d-453f-9712-9e8e6092df55 req-34cd39d2-130a-44eb-aaf4-362ad79849a9 tempest-TaggedBootDevicesTest_v242-2078147305 tempest-TaggedBootDevicesTest_v242-2078147305-project] PUT http://10.222.0.47/volume/v3/e4eb5a7b15024773ac19bf1e97202a15/attachments/02a3d2e4-171e-4e72-ac26-41504b5f567e
Nov 22 22:58:01.062772 n-d-808199-10 devstack@c-api.service[121909]: DEBUG cinder.api.openstack.wsgi [req-61c66535-1b5d-453f-9712-9e8e6092df55 req-34cd39d2-130a-44eb-aaf4-362ad79849a9 tempest-TaggedBootDevicesTest_v242-2078147305 tempest-TaggedBootDevicesTest_v242-2078147305-project] Action: 'update', calling method: version_select, body: {"attachment": {"connector": {"platform": "AMD64", "os_type": "win32", "ip": "10.222.0.72", "host": "n-h1-808199-10", "multipath": false, "initiator": "iqn.1991-05.com.microsoft:n-h1-808199-10.cbci-808199-10.local", "mountpoint": "/dev/sda"}}} {{(pid=121909) _process_stack /opt/stack/cinder/cinder/api/openstack/wsgi.py:854}}
Nov 22 22:58:01.098040 n-d-808199-10 devstack@c-api.service[121909]: /usr/local/lib/python3.8/dist-packages/tenacity/__init__.py:333: DeprecationWarning: "retry" function must accept single "retry_state" parameter, please update tooz._retry.retry..
Nov 22 22:58:01.098040 n-d-808199-10 devstack@c-api.service[121909]: return self(f, *args, **kw)
Nov 22 22:58:01.098653 n-d-808199-10 devstack@c-api.service[121909]: DEBUG cinder.coordination [req-61c66535-1b5d-453f-9712-9e8e6092df55 req-34cd39d2-130a-44eb-aaf4-362ad79849a9 tempest-TaggedBootDevicesTest_v242-2078147305 tempest-TaggedBootDevicesTest_v242-2078147305-project] Lock "b'cinder-attachment_update-0ed3314f-2320-43c2-9816-aa300b063cfa-n-h1-808199-10'" acquired by "attachment_update" :: waited 0.013s {{(pid=121909) _synchronized /opt/stack/cinder/cinder/coordination.py:186}}
Nov 22 22:58:01.100953 n-d-808199-10 devstack@c-api.service[121909]: /usr/local/lib/python3.8/dist-packages/oslo_context/context.py:105: DeprecationWarning: Policy enforcement is depending on the value of is_admin. This key is deprecated. Please update your policy file to use the standard policy values.
Nov 22 22:58:01.100953 n-d-808199-10 devstack@c-api.service[121909]: warnings.warn('Policy enforcement is depending on the value of '
Nov 22 22:58:01.712160 n-d-808199-10 devstack@c-api.service[121910]: INFO cinder.api.openstack.wsgi [None req-f5bbc3c8-7063-4c34-86d1-4ff7b104a542 tempest-LiveAutoBlockMigrationV225Test-538420915 tempest-LiveAutoBlockMigrationV225Test-538420915-project] GET http://10.222.0.47/volume/v3/a617efdc8d3f43d888106e5e6c18f260/volumes/635d6aad-5c1d-435d-bb6c-5f51117a3212
Nov 22 22:58:01.712755 n-d-808199-10 devstack@c-api.service[121910]: DEBUG cinder.api.openstack.wsgi [None req-f5bbc3c8-7063-4c34-86d1-4ff7b104a542 tempest-LiveAutoBlockMigrationV225Test-538420915 tempest-LiveAutoBlockMigrationV225Test-538420915-project] Empty body provided in request {{(pid=121910) get_body /opt/stack/cinder/cinder/api/openstack/wsgi.py:703}}
Nov 22 22:58:01.712755 n-d-808199-10 devstack@c-api.service[121910]: /usr/local/lib/python3.8/dist-packages/webob/acceptparse.py:1047: DeprecationWarning: The behavior of AcceptValidHeader.best_match is currently being maintained for backward compatibility, but it will be deprecated in the future, as it does not conform to the RFC.
Nov 22 22:58:01.712755 n-d-808199-10 devstack@c-api.service[121910]: warnings.warn(
Nov 22 22:58:01.713029 n-d-808199-10 devstack@c-api.service[121910]: DEBUG cinder.api.openstack.wsgi [None req-f5bbc3c8-7063-4c34-86d1-4ff7b104a542 tempest-LiveAutoBlockMigrationV225Test-538420915 tempest-LiveAutoBlockMigrationV225Test-538420915-project] Calling method 'show' {{(pid=121910) _process_stack /opt/stack/cinder/cinder/api/openstack/wsgi.py:856}}
Nov 22 22:58:01.759433 n-d-808199-10 devstack@c-api.service[121910]: /usr/local/lib/python3.8/dist-packages/oslo_context/context.py:105: DeprecationWarning: Policy enforcement is depending on the value of is_admin. This key is deprecated. Please update your policy file to use the standard policy values.
Nov 22 22:58:01.759433 n-d-808199-10 devstack@c-api.service[121910]: warnings.warn('Policy enforcement is depending on the value of '
Nov 22 22:58:01.776396 n-d-808199-10 devstack@c-api.service[121910]: INFO cinder.volume.api [None req-f5bbc3c8-7063-4c34-86d1-4ff7b104a542 tempest-LiveAutoBlockMigrationV225Test-538420915 tempest-LiveAutoBlockMigrationV225Test-538420915-project] Volume info retrieved successfully.
Nov 22 22:58:01.807130 n-d-808199-10 devstack@c-api.service[121910]: INFO cinder.api.openstack.wsgi [None req-f5bbc3c8-7063-4c34-86d1-4ff7b104a542 tempest-LiveAutoBlockMigrationV225Test-538420915 tempest-LiveAutoBlockMigrationV225Test-538420915-project] http://10.222.0.47/volume/v3/a617efdc8d3f43d888106e5e6c18f260/volumes/635d6aad-5c1d-435d-bb6c-5f51117a3212 returned with HTTP 200
Nov 22 22:58:01.823313 n-d-808199-10 devstack@c-api.service[121910]: [pid: 121910|app: 0|req: 146/298] 10.222.0.47 () {58 vars in 1324 bytes} [Mon Nov 22 22:58:01 2021] GET /volume/v3/a617efdc8d3f43d888106e5e6c18f260/volumes/635d6aad-5c1d-435d-bb6c-5f51117a3212 => generated 922 bytes in 116 msecs (HTTP/1.1 200) 7 headers in 285 bytes (1 switches on core 0)
Nov 22 22:58:01.827779 n-d-808199-10 devstack@c-api.service[121910]: INFO cinder.api.openstack.wsgi [None req-01e0ba4b-713b-4178-9be4-4843f991bb3d tempest-LiveMigrationTest-43802080 tempest-LiveMigrationTest-43802080-project] GET http://10.222.0.47/volume/v3/a8f2b64146c44cebac833d1686772fd5/volumes/78fbcd1d-016e-412a-886a-e11cb2609b75
Nov 22 22:58:01.828565 n-d-808199-10 devstack@c-api.service[121910]: DEBUG cinder.api.openstack.wsgi [None req-01e0ba4b-713b-4178-9be4-4843f991bb3d tempest-LiveMigrationTest-43802080 tempest-LiveMigrationTest-43802080-project] Empty body provided in request {{(pid=121910) get_body /opt/stack/cinder/cinder/api/openstack/wsgi.py:703}}
Nov 22 22:58:01.828894 n-d-808199-10 devstack@c-api.service[121910]: /usr/local/lib/python3.8/dist-packages/webob/acceptparse.py:1047: DeprecationWarning: The behavior of AcceptValidHeader.best_match is currently being maintained for backward compatibility, but it will be deprecated in the future, as it does not conform to the RFC.
Nov 22 22:58:01.828894 n-d-808199-10 devstack@c-api.service[121910]: warnings.warn(
Nov 22 22:58:01.830112 n-d-808199-10 devstack@c-api.service[121910]: DEBUG cinder.api.openstack.wsgi [None req-01e0ba4b-713b-4178-9be4-4843f991bb3d tempest-LiveMigrationTest-43802080 tempest-LiveMigrationTest-43802080-project] Calling method 'show' {{(pid=121910) _process_stack /opt/stack/cinder/cinder/api/openstack/wsgi.py:856}}
Nov 22 22:58:01.845884 n-d-808199-10 devstack@c-api.service[121910]: /usr/local/lib/python3.8/dist-packages/oslo_context/context.py:105: DeprecationWarning: Policy enforcement is depending on the value of is_admin. This key is deprecated. Please update your policy file to use the standard policy values.
Nov 22 22:58:01.845884 n-d-808199-10 devstack@c-api.service[121910]: warnings.warn('Policy enforcement is depending on the value of '
Nov 22 22:58:01.855448 n-d-808199-10 devstack@c-api.service[121910]: INFO cinder.volume.api [None req-01e0ba4b-713b-4178-9be4-4843f991bb3d tempest-LiveMigrationTest-43802080 tempest-LiveMigrationTest-43802080-project] Volume info retrieved successfully.
Nov 22 22:58:01.866789 n-d-808199-10 devstack@c-api.service[121910]: INFO cinder.api.openstack.wsgi [None req-01e0ba4b-713b-4178-9be4-4843f991bb3d tempest-LiveMigrationTest-43802080 tempest-LiveMigrationTest-43802080-project] http://10.222.0.47/volume/v3/a8f2b64146c44cebac833d1686772fd5/volumes/78fbcd1d-016e-412a-886a-e11cb2609b75 returned with HTTP 200
Nov 22 22:58:01.868087 n-d-808199-10 devstack@c-api.service[121910]: [pid: 121910|app: 0|req: 147/299] 10.222.0.47 () {58 vars in 1324 bytes} [Mon Nov 22 22:58:01 2021] GET /volume/v3/a8f2b64146c44cebac833d1686772fd5/volumes/78fbcd1d-016e-412a-886a-e11cb2609b75 => generated 974 bytes in 44 msecs (HTTP/1.1 200) 7 headers in 285 bytes (1 switches on core 0)
Nov 22 22:58:02.835627 n-d-808199-10 devstack@c-api.service[121910]: INFO cinder.api.openstack.wsgi [None req-02ccb436-7d4c-43c1-aaa1-068145147863 tempest-LiveAutoBlockMigrationV225Test-538420915 tempest-LiveAutoBlockMigrationV225Test-538420915-project] GET http://10.222.0.47/volume/v3/a617efdc8d3f43d888106e5e6c18f260/volumes/635d6aad-5c1d-435d-bb6c-5f51117a3212
Nov 22 22:58:02.838185 n-d-808199-10 devstack@c-api.service[121910]: DEBUG cinder.api.openstack.wsgi [None req-02ccb436-7d4c-43c1-aaa1-068145147863 tempest-LiveAutoBlockMigrationV225Test-538420915 tempest-LiveAutoBlockMigrationV225Test-538420915-project] Empty body provided in request {{(pid=121910) get_body /opt/stack/cinder/cinder/api/openstack/wsgi.py:703}}
Nov 22 22:58:02.838541 n-d-808199-10 devstack@c-api.service[121910]: /usr/local/lib/python3.8/dist-packages/webob/acceptparse.py:1047: DeprecationWarning: The behavior of AcceptValidHeader.best_match is currently being maintained for backward compatibility, but it will be deprecated in the future, as it does not conform to the RFC.
Nov 22 22:58:02.838541 n-d-808199-10 devstack@c-api.service[121910]: warnings.warn(
Nov 22 22:58:02.839750 n-d-808199-10 devstack@c-api.service[121910]: DEBUG cinder.api.openstack.wsgi [None req-02ccb436-7d4c-43c1-aaa1-068145147863 tempest-LiveAutoBlockMigrationV225Test-538420915 tempest-LiveAutoBlockMigrationV225Test-538420915-project] Calling method 'show' {{(pid=121910) _process_stack /opt/stack/cinder/cinder/api/openstack/wsgi.py:856}}
Nov 22 22:58:02.864096 n-d-808199-10 devstack@c-api.service[121910]: /usr/local/lib/python3.8/dist-packages/oslo_context/context.py:105: DeprecationWarning: Policy enforcement is depending on the value of is_admin. This key is deprecated. Please update your policy file to use the standard policy values.
Nov 22 22:58:02.864096 n-d-808199-10 devstack@c-api.service[121910]: warnings.warn('Policy enforcement is depending on the value of '
Nov 22 22:58:02.874051 n-d-808199-10 devstack@c-api.service[121910]: INFO cinder.volume.api [None req-02ccb436-7d4c-43c1-aaa1-068145147863 tempest-LiveAutoBlockMigrationV225Test-538420915 tempest-LiveAutoBlockMigrationV225Test-538420915-project] Volume info retrieved successfully.
Nov 22 22:58:02.885776 n-d-808199-10 devstack@c-api.service[121910]: INFO cinder.api.openstack.wsgi [None req-02ccb436-7d4c-43c1-aaa1-068145147863 tempest-LiveAutoBlockMigrationV225Test-538420915 tempest-LiveAutoBlockMigrationV225Test-538420915-project] http://10.222.0.47/volume/v3/a617efdc8d3f43d888106e5e6c18f260/volumes/635d6aad-5c1d-435d-bb6c-5f51117a3212 returned with HTTP 200
Nov 22 22:58:02.887182 n-d-808199-10 devstack@c-api.service[121910]: [pid: 121910|app: 0|req: 148/300] 10.222.0.47 () {58 vars in 1324 bytes} [Mon Nov 22 22:58:02 2021] GET /volume/v3/a617efdc8d3f43d888106e5e6c18f260/volumes/635d6aad-5c1d-435d-bb6c-5f51117a3212 => generated 922 bytes in 55 msecs (HTTP/1.1 200) 7 headers in 285 bytes (1 switches on core 0)
Nov 22 22:58:02.891332 n-d-808199-10 devstack@c-api.service[121910]: INFO cinder.api.openstack.wsgi [None req-8f5ebda2-bc91-46be-b518-02d4123460a1 tempest-LiveMigrationTest-43802080 tempest-LiveMigrationTest-43802080-project] GET http://10.222.0.47/volume/v3/a8f2b64146c44cebac833d1686772fd5/volumes/78fbcd1d-016e-412a-886a-e11cb2609b75
Nov 22 22:58:02.893060 n-d-808199-10 devstack@c-api.service[121910]: DEBUG cinder.api.openstack.wsgi [None req-8f5ebda2-bc91-46be-b518-02d4123460a1 tempest-LiveMigrationTest-43802080 tempest-LiveMigrationTest-43802080-project] Empty body provided in request {{(pid=121910) get_body /opt/stack/cinder/cinder/api/openstack/wsgi.py:703}}
Nov 22 22:58:02.893406 n-d-808199-10 devstack@c-api.service[121910]: /usr/local/lib/python3.8/dist-packages/webob/acceptparse.py:1047: DeprecationWarning: The behavior of AcceptValidHeader.best_match is currently being maintained for backward compatibility, but it will be deprecated in the future, as it does not conform to the RFC.
Nov 22 22:58:02.893406 n-d-808199-10 devstack@c-api.service[121910]: warnings.warn(
Nov 22 22:58:02.893995 n-d-808199-10 devstack@c-api.service[121910]: DEBUG cinder.api.openstack.wsgi [None req-8f5ebda2-bc91-46be-b518-02d4123460a1 tempest-LiveMigrationTest-43802080 tempest-LiveMigrationTest-43802080-project] Calling method 'show' {{(pid=121910) _process_stack /opt/stack/cinder/cinder/api/openstack/wsgi.py:856}}
Nov 22 22:58:02.912485 n-d-808199-10 devstack@c-api.service[121910]: /usr/local/lib/python3.8/dist-packages/oslo_context/context.py:105: DeprecationWarning: Policy enforcement is depending on the value of is_admin. This key is deprecated. Please update your policy file to use the standard policy values.
Nov 22 22:58:02.912485 n-d-808199-10 devstack@c-api.service[121910]: warnings.warn('Policy enforcement is depending on the value of '
Nov 22 22:58:02.924906 n-d-808199-10 devstack@c-api.service[121910]: INFO cinder.volume.api [None req-8f5ebda2-bc91-46be-b518-02d4123460a1 tempest-LiveMigrationTest-43802080 tempest-LiveMigrationTest-43802080-project] Volume info retrieved successfully.
Nov 22 22:58:02.937096 n-d-808199-10 devstack@c-api.service[121910]: INFO cinder.api.openstack.wsgi [None req-8f5ebda2-bc91-46be-b518-02d4123460a1 tempest-LiveMigrationTest-43802080 tempest-LiveMigrationTest-43802080-project] http://10.222.0.47/volume/v3/a8f2b64146c44cebac833d1686772fd5/volumes/78fbcd1d-016e-412a-886a-e11cb2609b75 returned with HTTP 200
Nov 22 22:58:02.938098 n-d-808199-10 devstack@c-api.service[121910]: [pid: 121910|app: 0|req: 149/301] 10.222.0.47 () {58 vars in 1324 bytes} [Mon Nov 22 22:58:02 2021] GET /volume/v3/a8f2b64146c44cebac833d1686772fd5/volumes/78fbcd1d-016e-412a-886a-e11cb2609b75 => generated 974 bytes in 50 msecs (HTTP/1.1 200) 7 headers in 285 bytes (1 switches on core 0)
Nov 22 22:58:03.905559 n-d-808199-10 devstack@c-api.service[121910]: INFO cinder.api.openstack.wsgi [None req-f088d7eb-59ad-4f33-bd1c-590d69ae2625 tempest-LiveAutoBlockMigrationV225Test-538420915 tempest-LiveAutoBlockMigrationV225Test-538420915-project] GET http://10.222.0.47/volume/v3/a617efdc8d3f43d888106e5e6c18f260/volumes/635d6aad-5c1d-435d-bb6c-5f51117a3212
